08-09 12:12:51.383  4472  4552 I Finsky:background: [46] RM: getStatus resourceRequestId=9fb9e231-b8b7-4081-aaf8-317c25f2b8d5 requestId=16 package=com.devsisters.ck artifact=UnityDataAssetPack isid=MwjtIzqJS4aCel_65UiosQ
08-09 12:12:51.383  4472  4552 I Finsky:background: [46] DSC: reviveDownload(16)
08-09 12:12:51.384  4472  4552 I Finsky:background: [46] DS: reviveDownload(request_id=16)
08-09 12:12:51.427  4472  9098 I Finsky:background: [161] DS: DS: onReviveDownload(request_id=16, files_to_download=[UnityDataAssetPack(size:332028638)], context[group_id=com.devsisters.ck:MwjtIzqJS4aCel_65UiosQ], display_data[invisible=false, title=CookieRun: Kingdom], network_restrictions=ANY_NETWORK status=running, bytes_downloaded=260161050, total_bytes=332028638, retry[count=0, next_retry=n/a])
08-09 12:12:51.434  4472  4472 I Finsky:background: [2] RF: onProgress request_id=16 isid=MwjtIzqJS4aCel_65UiosQ
08-09 12:12:51.434  4472  4472 I Finsky:background: [2] RF: resourceStatus for request_id=16 group=com.devsisters.ck artifact=UnityDataAssetPack collectedBytes= 260161050 / 332028638
08-09 12:12:51.434  4472  4472 I Finsky:background: [2] RF: Group=com.devsisters.ck totalBytesDownloaded= 394237285 / 466104873 for 4 artifacts
08-09 12:12:51.449  4472  4472 I Finsky:background: [2] Updated time lastBroadcast=2026-08-09T05:12:49.122Z current=2026-08-09T05:12:51.449Z
08-09 12:12:51.451  4472  4472 I Finsky:background: [2] bytesCompleted/bytesTotal/ratio = 394237285 / 466104873 / 0.845812
08-09 12:12:51.456  4472  9118 I Finsky:background: [167] IV2: onTaskProgress com.devsisters.ck[iid:2] [isid:MwjtIzqJS4aCel_65UiosQ] status:RESOURCE_FETCH_PROGRESS, size: 394237285/466104873
08-09 12:12:51.462  4472  9112 I Finsky:background: [163] IQ: Notifying installation update. [Package:com.devsisters.ck, isid:MwjtIzqJS4aCel_65UiosQ] state:DOWNLOADING, status=DOWNLOADING, status_code=0, reason=bulk_update, tsc=PT16M5.88S, attempt=0
08-09 12:12:51.478  4472  4472 I Finsky:background: [2] PIM: Ignore install package event for: com.devsisters.ck, isid: MwjtIzqJS4aCel_65UiosQ
08-09 12:12:51.482  8911  9027 I Finsky  : [109] Install States emitted for 9 apps
08-09 12:12:51.489   327  6237 D FakeWifi: Faking wifi for com.android.vending
08-09 12:12:51.489   327  6237 D FakeWifi: Faking wifi for com.android.vending
08-09 12:12:51.490  8911  8993 D FakeWifi: Faking wifi for com.android.vending
08-09 12:12:51.492  8911  8993 D FakeWifi: Faking wifi for com.android.vending
08-09 12:12:51.492  8911  8993 D FakeWifi: Faking wifi for com.android.vending
08-09 12:12:51.492  8911  8993 D FakeWifi: Faking wifi for com.android.vending
08-09 12:12:51.492  8911  8993 D FakeWifi: Faking wifi for com.android.vending
08-09 12:12:51.504   327  6244 D FakeWifi: Faking wifi for com.android.vending
08-09 12:12:51.504   327  6244 D FakeWifi: Faking wifi for com.android.vending
08-09 12:12:51.505  8911  8993 D FakeWifi: Faking wifi for com.android.vending
08-09 12:12:51.506  8911  8993 D FakeWifi: Faking wifi for com.android.vending
08-09 12:12:51.506  8911  8993 D FakeWifi: Faking wifi for com.android.vending
08-09 12:12:51.507  8911  8993 D FakeWifi: Faking wifi for com.android.vending
08-09 12:12:51.507  8911  8993 D FakeWifi: Faking wifi for com.android.vending
08-09 12:12:51.852  8597  8644 D LocalImageResolver: Couldn't use ImageDecoder for drawable, falling back to non-resized load.
08-09 12:12:51.853  8597  8644 D LocalImageResolver: Couldn't use ImageDecoder for drawable, falling back to non-resized load.
08-09 12:12:53.385  4472  9098 I Finsky:background: [161] DSC::L: Update all listeners for download <16:RUNNING:78%[78%]> in group com.devsisters.ck:MwjtIzqJS4aCel_65UiosQ
08-09 12:12:53.385  4472  9098 I Finsky:background: [161] DSC::L: Updating listener DownloadServiceManagerListener::aqfz@5163067 for download <16:RUNNING:78%[78%]>
08-09 12:12:53.385  4472  9098 I Finsky:background: [161] DS: Received onProgress request_id=16
08-09 12:12:53.386  4472  9098 I Finsky:background: [161] RM: receive resource status onProgress download_request_id=16, group_id=UnityDataAssetPack reason: bulk_update isid: MwjtIzqJS4aCel_65UiosQ, status_code=RESOURCE_STATUS_IN_PROGRESS, legacy_status_code=192, size: 261804834/332028638
08-09 12:12:53.386  4472  9098 I Finsky:background: [161] DSC::L: Updating listener wro@4233c05 for download <16:RUNNING:78%[78%]>
08-09 12:12:53.386  4472  9098 I Finsky:background: [161] DSC::L: Updating listener DownloadServiceManagerListener::ukd@c13eb7c for download <16:RUNNING:78%[78%]>
08-09 12:12:53.388  4472  4559 I Finsky:background: [51] RM: getStatus resourceRequestId=9fb9e231-b8b7-4081-aaf8-317c25f2b8d5 requestId=16 package=com.devsisters.ck artifact=UnityDataAssetPack isid=MwjtIzqJS4aCel_65UiosQ
08-09 12:12:53.388  4472  4559 I Finsky:background: [51] DSC: reviveDownload(16)
08-09 12:12:53.389  4472  4559 I Finsky:background: [51] DS: reviveDownload(request_id=16)
08-09 12:12:53.398  4472  9098 I Finsky:background: [161] DS: DS: onReviveDownload(request_id=16, files_to_download=[UnityDataAssetPack(size:332028638)], context[group_id=com.devsisters.ck:MwjtIzqJS4aCel_65UiosQ], display_data[invisible=false, title=CookieRun: Kingdom], network_restrictions=ANY_NETWORK status=running, bytes_downloaded=261804834, total_bytes=332028638, retry[count=0, next_retry=n/a])
08-09 12:12:53.403  4472  4472 I Finsky:background: [2] RF: onProgress request_id=16 isid=MwjtIzqJS4aCel_65UiosQ
08-09 12:12:53.403  4472  4472 I Finsky:background: [2] RF: resourceStatus for request_id=16 group=com.devsisters.ck artifact=UnityDataAssetPack collectedBytes= 261804834 / 332028638
08-09 12:12:53.403  4472  4472 I Finsky:background: [2] RF: Group=com.devsisters.ck totalBytesDownloaded= 395881069 / 466104873 for 4 artifacts
08-09 12:12:53.407  4472  4472 I Finsky:background: [2] RF: Preventing total bytes update to listeners
08-09 12:12:53.817  8597  8644 D LocalImageResolver: Couldn't use ImageDecoder for drawable, falling back to non-resized load.
08-09 12:12:53.820  8597  8644 D LocalImageResolver: Couldn't use ImageDecoder for drawable, falling back to non-resized load.
08-09 12:12:55.425  4472  9098 I Finsky:background: [161] DSC::L: Update all listeners for download <16:RUNNING:79%[79%]> in group com.devsisters.ck:MwjtIzqJS4aCel_65UiosQ
08-09 12:12:55.425  4472  9098 I Finsky:background: [161] DSC::L: Updating listener DownloadServiceManagerListener::aqfz@5163067 for download <16:RUNNING:79%[79%]>
08-09 12:12:55.425  4472  9098 I Finsky:background: [161] DS: Received onProgress request_id=16
08-09 12:12:55.426  4472  9098 I Finsky:background: [161] RM: receive resource status onProgress download_request_id=16, group_id=UnityDataAssetPack reason: bulk_update isid: MwjtIzqJS4aCel_65UiosQ, status_code=RESOURCE_STATUS_IN_PROGRESS, legacy_status_code=192, size: 262864418/332028638
08-09 12:12:55.426  4472  9098 I Finsky:background: [161] DSC::L: Updating listener wro@4233c05 for download <16:RUNNING:79%[79%]>
08-09 12:12:55.426  4472  9098 I Finsky:background: [161] DSC::L: Updating listener DownloadServiceManagerListener::ukd@c13eb7c for download <16:RUNNING:79%[79%]>
08-09 12:12:55.427  4472  4559 I Finsky:background: [51] RM: getStatus resourceRequestId=9fb9e231-b8b7-4081-aaf8-317c25f2b8d5 requestId=16 package=com.devsisters.ck artifact=UnityDataAssetPack isid=MwjtIzqJS4aCel_65UiosQ
08-09 12:12:55.427  4472  4559 I Finsky:background: [51] DSC: reviveDownload(16)
08-09 12:12:55.428  4472  4552 I Finsky:background: [46] DS: reviveDownload(request_id=16)
08-09 12:12:55.435  4472  9098 I Finsky:background: [161] DS: DS: onReviveDownload(request_id=16, files_to_download=[UnityDataAssetPack(size:332028638)], context[group_id=com.devsisters.ck:MwjtIzqJS4aCel_65UiosQ], display_data[invisible=false, title=CookieRun: Kingdom], network_restrictions=ANY_NETWORK status=running, bytes_downloaded=262864418, total_bytes=332028638, retry[count=0, next_retry=n/a])
08-09 12:12:55.441  4472  4472 I Finsky:background: [2] RF: onProgress request_id=16 isid=MwjtIzqJS4aCel_65UiosQ
08-09 12:12:55.441  4472  4472 I Finsky:background: [2] RF: resourceStatus for request_id=16 group=com.devsisters.ck artifact=UnityDataAssetPack collectedBytes= 262864418 / 332028638
08-09 12:12:55.441  4472  4472 I Finsky:background: [2] RF: Group=com.devsisters.ck totalBytesDownloaded= 396940653 / 466104873 for 4 artifacts
08-09 12:12:55.443  4472  4472 I Finsky:background: [2] Updated time lastBroadcast=2026-08-09T05:12:51.450Z current=2026-08-09T05:12:55.443Z
08-09 12:12:55.443  4472  4472 I Finsky:background: [2] bytesCompleted/bytesTotal/ratio = 396940653 / 466104873 / 0.851612
08-09 12:12:55.447  4472  9118 I Finsky:background: [167] IV2: onTaskProgress com.devsisters.ck[iid:2] [isid:MwjtIzqJS4aCel_65UiosQ] status:RESOURCE_FETCH_PROGRESS, size: 396940653/466104873
08-09 12:12:55.450  4472  9112 I Finsky:background: [163] IQ: Notifying installation update. [Package:com.devsisters.ck, isid:MwjtIzqJS4aCel_65UiosQ] state:DOWNLOADING, status=DOWNLOADING, status_code=0, reason=bulk_update, tsc=PT16M9.868S, attempt=0
08-09 12:12:55.465  4472  4472 I Finsky:background: [2] PIM: Ignore install package event for: com.devsisters.ck, isid: MwjtIzqJS4aCel_65UiosQ
08-09 12:12:55.466  8911  9025 I Finsky  : [110] Install States emitted for 9 apps
08-09 12:12:55.475   327  6244 D FakeWifi: Faking wifi for com.android.vending
08-09 12:12:55.475   327  6244 D FakeWifi: Faking wifi for com.android.vending
08-09 12:12:55.476  8911  9027 D FakeWifi: Faking wifi for com.android.vending
08-09 12:12:55.477  8911  9027 D FakeWifi: Faking wifi for com.android.vending
08-09 12:12:55.477  8911  9027 D FakeWifi: Faking wifi for com.android.vending
08-09 12:12:55.477  8911  9027 D FakeWifi: Faking wifi for com.android.vending
08-09 12:12:55.477  8911  9027 D FakeWifi: Faking wifi for com.android.vending
08-09 12:12:55.482   327  6244 D FakeWifi: Faking wifi for com.android.vending
08-09 12:12:55.482   327  6244 D FakeWifi: Faking wifi for com.android.vending
08-09 12:12:55.483  8911  9027 D FakeWifi: Faking wifi for com.android.vending
08-09 12:12:55.483  8911  9027 D FakeWifi: Faking wifi for com.android.vending
08-09 12:12:55.483  8911  9027 D FakeWifi: Faking wifi for com.android.vending
08-09 12:12:55.483  8911  9027 D FakeWifi: Faking wifi for com.android.vending
08-09 12:12:55.483  8911  9027 D FakeWifi: Faking wifi for com.android.vending
08-09 12:12:55.868  8597  8644 D LocalImageResolver: Couldn't use ImageDecoder for drawable, falling back to non-resized load.
08-09 12:12:55.869  8597  8644 D LocalImageResolver: Couldn't use ImageDecoder for drawable, falling back to non-resized load.
08-09 12:12:57.425  4472  9098 I Finsky:background: [161] DSC::L: Update all listeners for download <16:RUNNING:79%[79%]> in group com.devsisters.ck:MwjtIzqJS4aCel_65UiosQ
08-09 12:12:57.425  4472  9098 I Finsky:background: [161] DSC::L: Updating listener DownloadServiceManagerListener::aqfz@5163067 for download <16:RUNNING:79%[79%]>
08-09 12:12:57.425  4472  9098 I Finsky:background: [161] DS: Received onProgress request_id=16
08-09 12:12:57.425  4472  9098 I Finsky:background: [161] RM: receive resource status onProgress download_request_id=16, group_id=UnityDataAssetPack reason: bulk_update isid: MwjtIzqJS4aCel_65UiosQ, status_code=RESOURCE_STATUS_IN_PROGRESS, legacy_status_code=192, size: 264213133/332028638
08-09 12:12:57.426  4472  9098 I Finsky:background: [161] DSC::L: Updating listener wro@4233c05 for download <16:RUNNING:79%[79%]>
08-09 12:12:57.426  4472  9098 I Finsky:background: [161] DSC::L: Updating listener DownloadServiceManagerListener::ukd@c13eb7c for download <16:RUNNING:79%[79%]>
08-09 12:12:57.427  4472  4559 I Finsky:background: [51] RM: getStatus resourceRequestId=9fb9e231-b8b7-4081-aaf8-317c25f2b8d5 requestId=16 package=com.devsisters.ck artifact=UnityDataAssetPack isid=MwjtIzqJS4aCel_65UiosQ
08-09 12:12:57.427  4472  4559 I Finsky:background: [51] DSC: reviveDownload(16)
08-09 12:12:57.428  4472  4552 I Finsky:background: [46] DS: reviveDownload(request_id=16)
08-09 12:12:57.432  4472  9098 I Finsky:background: [161] DS: DS: onReviveDownload(request_id=16, files_to_download=[UnityDataAssetPack(size:332028638)], context[group_id=com.devsisters.ck:MwjtIzqJS4aCel_65UiosQ], display_data[invisible=false, title=CookieRun: Kingdom], network_restrictions=ANY_NETWORK status=running, bytes_downloaded=264213133, total_bytes=332028638, retry[count=0, next_retry=n/a])
08-09 12:12:57.433  4472  4472 I Finsky:background: [2] RF: onProgress request_id=16 isid=MwjtIzqJS4aCel_65UiosQ
08-09 12:12:57.433  4472  4472 I Finsky:background: [2] RF: resourceStatus for request_id=16 group=com.devsisters.ck artifact=UnityDataAssetPack collectedBytes= 264213133 / 332028638
08-09 12:12:57.433  4472  4472 I Finsky:background: [2] RF: Group=com.devsisters.ck totalBytesDownloaded= 398289368 / 466104873 for 4 artifacts
08-09 12:12:57.438  4472  4472 I Finsky:background: [2] RF: Preventing total bytes update to listeners
08-09 12:12:57.868  8597  8644 D LocalImageResolver: Couldn't use ImageDecoder for drawable, falling back to non-resized load.
08-09 12:12:57.869  8597  8644 D LocalImageResolver: Couldn't use ImageDecoder for drawable, falling back to non-resized load.
08-09 12:12:59.557  4472  9098 I Finsky:background: [161] DSC::L: Update all listeners for download <16:RUNNING:80%[80%]> in group com.devsisters.ck:MwjtIzqJS4aCel_65UiosQ
08-09 12:12:59.557  4472  9098 I Finsky:background: [161] DSC::L: Updating listener DownloadServiceManagerListener::aqfz@5163067 for download <16:RUNNING:80%[80%]>
08-09 12:12:59.557  4472  9098 I Finsky:background: [161] DS: Received onProgress request_id=16
08-09 12:12:59.557  4472  9098 I Finsky:background: [161] RM: receive resource status onProgress download_request_id=16, group_id=UnityDataAssetPack reason: bulk_update isid: MwjtIzqJS4aCel_65UiosQ, status_code=RESOURCE_STATUS_IN_PROGRESS, legacy_status_code=192, size: 265724679/332028638
08-09 12:12:59.557  4472  9098 I Finsky:background: [161] DSC::L: Updating listener wro@4233c05 for download <16:RUNNING:80%[80%]>
08-09 12:12:59.558  4472  9098 I Finsky:background: [161] DSC::L: Updating listener DownloadServiceManagerListener::ukd@c13eb7c for download <16:RUNNING:80%[80%]>
08-09 12:12:59.558  4472  4631 I Finsky:background: [59] RM: getStatus resourceRequestId=9fb9e231-b8b7-4081-aaf8-317c25f2b8d5 requestId=16 package=com.devsisters.ck artifact=UnityDataAssetPack isid=MwjtIzqJS4aCel_65UiosQ
08-09 12:12:59.558  4472  4631 I Finsky:background: [59] DSC: reviveDownload(16)
08-09 12:12:59.559  4472  4631 I Finsky:background: [59] DS: reviveDownload(request_id=16)
08-09 12:12:59.574  4472  9098 I Finsky:background: [161] DS: DS: onReviveDownload(request_id=16, files_to_download=[UnityDataAssetPack(size:332028638)], context[group_id=com.devsisters.ck:MwjtIzqJS4aCel_65UiosQ], display_data[invisible=false, title=CookieRun: Kingdom], network_restrictions=ANY_NETWORK status=running, bytes_downloaded=265724679, total_bytes=332028638, retry[count=0, next_retry=n/a])
08-09 12:12:59.576  4472  4472 I Finsky:background: [2] RF: onProgress request_id=16 isid=MwjtIzqJS4aCel_65UiosQ
08-09 12:12:59.576  4472  4472 I Finsky:background: [2] RF: resourceStatus for request_id=16 group=com.devsisters.ck artifact=UnityDataAssetPack collectedBytes= 265724679 / 332028638
08-09 12:12:59.576  4472  4472 I Finsky:background: [2] RF: Group=com.devsisters.ck totalBytesDownloaded= 399800914 / 466104873 for 4 artifacts
08-09 12:12:59.579  4472  4472 I Finsky:background: [2] Updated time lastBroadcast=2026-08-09T05:12:55.443Z current=2026-08-09T05:12:59.579Z
08-09 12:12:59.579  4472  4472 I Finsky:background: [2] bytesCompleted/bytesTotal/ratio = 399800914 / 466104873 / 0.857749
08-09 12:12:59.580  4472  9118 I Finsky:background: [167] IV2: onTaskProgress com.devsisters.ck[iid:2] [isid:MwjtIzqJS4aCel_65UiosQ] status:RESOURCE_FETCH_PROGRESS, size: 399800914/466104873
08-09 12:12:59.582  4472  9112 I Finsky:background: [163] IQ: Notifying installation update. [Package:com.devsisters.ck, isid:MwjtIzqJS4aCel_65UiosQ] state:DOWNLOADING, status=DOWNLOADING, status_code=0, reason=bulk_update, tsc=PT16M14S, attempt=0
08-09 12:12:59.591  4472  4472 I Finsky:background: [2] PIM: Ignore install package event for: com.devsisters.ck, isid: MwjtIzqJS4aCel_65UiosQ
08-09 12:12:59.593  8911  8994 I Finsky  : [90] Install States emitted for 9 apps
08-09 12:12:59.596   327  3961 D FakeWifi: Faking wifi for com.android.vending
08-09 12:12:59.596   327  3961 D FakeWifi: Faking wifi for com.android.vending
08-09 12:12:59.596  8911  9025 D FakeWifi: Faking wifi for com.android.vending
08-09 12:12:59.596  8911  9025 D FakeWifi: Faking wifi for com.android.vending
08-09 12:12:59.596  8911  9025 D FakeWifi: Faking wifi for com.android.vending
08-09 12:12:59.598  8911  9025 D FakeWifi: Faking wifi for com.android.vending
08-09 12:12:59.598  8911  9025 D FakeWifi: Faking wifi for com.android.vending
08-09 12:12:59.601   327  6244 D FakeWifi: Faking wifi for com.android.vending
08-09 12:12:59.601   327  6244 D FakeWifi: Faking wifi for com.android.vending
08-09 12:12:59.602  8911  8994 D FakeWifi: Faking wifi for com.android.vending
08-09 12:12:59.602  8911  8994 D FakeWifi: Faking wifi for com.android.vending
08-09 12:12:59.603  8911  8994 D FakeWifi: Faking wifi for com.android.vending
08-09 12:12:59.603  8911  8994 D FakeWifi: Faking wifi for com.android.vending
08-09 12:12:59.603  8911  8994 D FakeWifi: Faking wifi for com.android.vending
08-09 12:13:00.001  8597  8644 D LocalImageResolver: Couldn't use ImageDecoder for drawable, falling back to non-resized load.
08-09 12:13:00.002  8597  8644 D LocalImageResolver: Couldn't use ImageDecoder for drawable, falling back to non-resized load.
08-09 12:13:01.571  4472  9098 I Finsky:background: [161] DSC::L: Update all listeners for download <16:RUNNING:80%[80%]> in group com.devsisters.ck:MwjtIzqJS4aCel_65UiosQ
08-09 12:13:01.572  4472  9098 I Finsky:background: [161] DSC::L: Updating listener DownloadServiceManagerListener::aqfz@5163067 for download <16:RUNNING:80%[80%]>
08-09 12:13:01.572  4472  9098 I Finsky:background: [161] DS: Received onProgress request_id=16
08-09 12:13:01.573  4472  9098 I Finsky:background: [161] RM: receive resource status onProgress download_request_id=16, group_id=UnityDataAssetPack reason: bulk_update isid: MwjtIzqJS4aCel_65UiosQ, status_code=RESOURCE_STATUS_IN_PROGRESS, legacy_status_code=192, size: 267329202/332028638
08-09 12:13:01.573  4472  9098 I Finsky:background: [161] DSC::L: Updating listener wro@4233c05 for download <16:RUNNING:80%[80%]>
08-09 12:13:01.574  4472  9098 I Finsky:background: [161] DSC::L: Updating listener DownloadServiceManagerListener::ukd@c13eb7c for download <16:RUNNING:80%[80%]>
08-09 12:13:01.575  4472  4631 I Finsky:background: [59] RM: getStatus resourceRequestId=9fb9e231-b8b7-4081-aaf8-317c25f2b8d5 requestId=16 package=com.devsisters.ck artifact=UnityDataAssetPack isid=MwjtIzqJS4aCel_65UiosQ
08-09 12:13:01.575  4472  4631 I Finsky:background: [59] DSC: reviveDownload(16)
08-09 12:13:01.576  4472  4552 I Finsky:background: [46] DS: reviveDownload(request_id=16)
08-09 12:13:01.584  4472  9098 I Finsky:background: [161] DS: DS: onReviveDownload(request_id=16, files_to_download=[UnityDataAssetPack(size:332028638)], context[group_id=com.devsisters.ck:MwjtIzqJS4aCel_65UiosQ], display_data[invisible=false, title=CookieRun: Kingdom], network_restrictions=ANY_NETWORK status=running, bytes_downloaded=267329202, total_bytes=332028638, retry[count=0, next_retry=n/a])
08-09 12:13:01.586  4472  4472 I Finsky:background: [2] RF: onProgress request_id=16 isid=MwjtIzqJS4aCel_65UiosQ
08-09 12:13:01.586  4472  4472 I Finsky:background: [2] RF: resourceStatus for request_id=16 group=com.devsisters.ck artifact=UnityDataAssetPack collectedBytes= 267329202 / 332028638
08-09 12:13:01.586  4472  4472 I Finsky:background: [2] RF: Group=com.devsisters.ck totalBytesDownloaded= 401405437 / 466104873 for 4 artifacts
08-09 12:13:01.590  4472  4472 I Finsky:background: [2] Updated time lastBroadcast=2026-08-09T05:12:59.579Z current=2026-08-09T05:13:01.590Z
08-09 12:13:01.590  4472  4472 I Finsky:background: [2] bytesCompleted/bytesTotal/ratio = 401405437 / 466104873 / 0.861191
08-09 12:13:01.592  4472  9118 I Finsky:background: [167] IV2: onTaskProgress com.devsisters.ck[iid:2] [isid:MwjtIzqJS4aCel_65UiosQ] status:RESOURCE_FETCH_PROGRESS, size: 401405437/466104873
08-09 12:13:01.594  4472  9112 I Finsky:background: [163] IQ: Notifying installation update. [Package:com.devsisters.ck, isid:MwjtIzqJS4aCel_65UiosQ] state:DOWNLOADING, status=DOWNLOADING, status_code=0, reason=bulk_update, tsc=PT16M16.012S, attempt=0
08-09 12:13:01.601  4472  4472 I Finsky:background: [2] PIM: Ignore install package event for: com.devsisters.ck, isid: MwjtIzqJS4aCel_65UiosQ
08-09 12:13:01.602  8911  9027 I Finsky  : [109] Install States emitted for 9 apps
08-09 12:13:01.603   327  6244 D FakeWifi: Faking wifi for com.android.vending
08-09 12:13:01.603   327  6244 D FakeWifi: Faking wifi for com.android.vending
08-09 12:13:01.604  8911  8993 D FakeWifi: Faking wifi for com.android.vending
08-09 12:13:01.604  8911  8993 D FakeWifi: Faking wifi for com.android.vending
08-09 12:13:01.604  8911  8993 D FakeWifi: Faking wifi for com.android.vending
08-09 12:13:01.605  8911  8993 D FakeWifi: Faking wifi for com.android.vending
08-09 12:13:01.606  8911  8993 D FakeWifi: Faking wifi for com.android.vending
08-09 12:13:01.613   327  6244 D FakeWifi: Faking wifi for com.android.vending
08-09 12:13:01.613   327  6244 D FakeWifi: Faking wifi for com.android.vending
08-09 12:13:01.613  8911  9027 D FakeWifi: Faking wifi for com.android.vending
08-09 12:13:01.613  8911  9027 D FakeWifi: Faking wifi for com.android.vending
08-09 12:13:01.613  8911  9027 D FakeWifi: Faking wifi for com.android.vending
08-09 12:13:01.613  8911  9027 D FakeWifi: Faking wifi for com.android.vending
08-09 12:13:01.613  8911  9027 D FakeWifi: Faking wifi for com.android.vending
08-09 12:13:02.017  8597  8644 D LocalImageResolver: Couldn't use ImageDecoder for drawable, falling back to non-resized load.
08-09 12:13:02.018  8597  8644 D LocalImageResolver: Couldn't use ImageDecoder for drawable, falling back to non-resized load.
08-09 12:13:03.567  4472  9098 I Finsky:background: [161] DSC::L: Update all listeners for download <16:RUNNING:80%[80%]> in group com.devsisters.ck:MwjtIzqJS4aCel_65UiosQ
08-09 12:13:03.567  4472  9098 I Finsky:background: [161] DSC::L: Updating listener DownloadServiceManagerListener::aqfz@5163067 for download <16:RUNNING:80%[80%]>
08-09 12:13:03.568  4472  9098 I Finsky:background: [161] DS: Received onProgress request_id=16
08-09 12:13:03.568  4472  9098 I Finsky:background: [161] RM: receive resource status onProgress download_request_id=16, group_id=UnityDataAssetPack reason: bulk_update isid: MwjtIzqJS4aCel_65UiosQ, status_code=RESOURCE_STATUS_IN_PROGRESS, legacy_status_code=192, size: 268716992/332028638
08-09 12:13:03.568  4472  9098 I Finsky:background: [161] DSC::L: Updating listener wro@4233c05 for download <16:RUNNING:80%[80%]>
08-09 12:13:03.568  4472  9098 I Finsky:background: [161] DSC::L: Updating listener DownloadServiceManagerListener::ukd@c13eb7c for download <16:RUNNING:80%[80%]>
08-09 12:13:03.569  4472  4559 I Finsky:background: [51] RM: getStatus resourceRequestId=9fb9e231-b8b7-4081-aaf8-317c25f2b8d5 requestId=16 package=com.devsisters.ck artifact=UnityDataAssetPack isid=MwjtIzqJS4aCel_65UiosQ
08-09 12:13:03.569  4472  4559 I Finsky:background: [51] DSC: reviveDownload(16)
08-09 12:13:03.570  4472  4631 I Finsky:background: [59] DS: reviveDownload(request_id=16)
08-09 12:13:03.579  4472  9098 I Finsky:background: [161] DS: DS: onReviveDownload(request_id=16, files_to_download=[UnityDataAssetPack(size:332028638)], context[group_id=com.devsisters.ck:MwjtIzqJS4aCel_65UiosQ], display_data[invisible=false, title=CookieRun: Kingdom], network_restrictions=ANY_NETWORK status=running, bytes_downloaded=268716992, total_bytes=332028638, retry[count=0, next_retry=n/a])
08-09 12:13:03.580  4472  4472 I Finsky:background: [2] RF: onProgress request_id=16 isid=MwjtIzqJS4aCel_65UiosQ
08-09 12:13:03.580  4472  4472 I Finsky:background: [2] RF: resourceStatus for request_id=16 group=com.devsisters.ck artifact=UnityDataAssetPack collectedBytes= 268716992 / 332028638
08-09 12:13:03.580  4472  4472 I Finsky:background: [2] RF: Group=com.devsisters.ck totalBytesDownloaded= 402793227 / 466104873 for 4 artifacts
08-09 12:13:03.582  4472  4472 I Finsky:background: [2] RF: Preventing total bytes update to listeners
08-09 12:13:04.000  8597  8644 D LocalImageResolver: Couldn't use ImageDecoder for drawable, falling back to non-resized load.
08-09 12:13:04.001  8597  8644 D LocalImageResolver: Couldn't use ImageDecoder for drawable, falling back to non-resized load.
08-09 12:13:05.584  4472  9098 I Finsky:background: [161] DSC::L: Update all listeners for download <16:RUNNING:81%[81%]> in group com.devsisters.ck:MwjtIzqJS4aCel_65UiosQ
08-09 12:13:05.584  4472  9098 I Finsky:background: [161] DSC::L: Updating listener DownloadServiceManagerListener::aqfz@5163067 for download <16:RUNNING:81%[81%]>
08-09 12:13:05.584  4472  9098 I Finsky:background: [161] DS: Received onProgress request_id=16
08-09 12:13:05.584  4472  9098 I Finsky:background: [161] RM: receive resource status onProgress download_request_id=16, group_id=UnityDataAssetPack reason: bulk_update isid: MwjtIzqJS4aCel_65UiosQ, status_code=RESOURCE_STATUS_IN_PROGRESS, legacy_status_code=192, size: 270117035/332028638
08-09 12:13:05.584  4472  9098 I Finsky:background: [161] DSC::L: Updating listener wro@4233c05 for download <16:RUNNING:81%[81%]>
08-09 12:13:05.584  4472  9098 I Finsky:background: [161] DSC::L: Updating listener DownloadServiceManagerListener::ukd@c13eb7c for download <16:RUNNING:81%[81%]>
08-09 12:13:05.585  4472  4559 I Finsky:background: [51] RM: getStatus resourceRequestId=9fb9e231-b8b7-4081-aaf8-317c25f2b8d5 requestId=16 package=com.devsisters.ck artifact=UnityDataAssetPack isid=MwjtIzqJS4aCel_65UiosQ
08-09 12:13:05.585  4472  4559 I Finsky:background: [51] DSC: reviveDownload(16)
08-09 12:13:05.586  4472  4631 I Finsky:background: [59] DS: reviveDownload(request_id=16)
08-09 12:13:05.595  4472  9098 I Finsky:background: [161] DS: DS: onReviveDownload(request_id=16, files_to_download=[UnityDataAssetPack(size:332028638)], context[group_id=com.devsisters.ck:MwjtIzqJS4aCel_65UiosQ], display_data[invisible=false, title=CookieRun: Kingdom], network_restrictions=ANY_NETWORK status=running, bytes_downloaded=270117035, total_bytes=332028638, retry[count=0, next_retry=n/a])
08-09 12:13:05.596  4472  4472 I Finsky:background: [2] RF: onProgress request_id=16 isid=MwjtIzqJS4aCel_65UiosQ
08-09 12:13:05.596  4472  4472 I Finsky:background: [2] RF: resourceStatus for request_id=16 group=com.devsisters.ck artifact=UnityDataAssetPack collectedBytes= 270117035 / 332028638
08-09 12:13:05.596  4472  4472 I Finsky:background: [2] RF: Group=com.devsisters.ck totalBytesDownloaded= 404193270 / 466104873 for 4 artifacts
08-09 12:13:05.598  4472  4472 I Finsky:background: [2] Updated time lastBroadcast=2026-08-09T05:13:01.590Z current=2026-08-09T05:13:05.598Z
08-09 12:13:05.599  4472  4472 I Finsky:background: [2] bytesCompleted/bytesTotal/ratio = 404193270 / 466104873 / 0.867172
08-09 12:13:05.602  4472  9118 I Finsky:background: [167] IV2: onTaskProgress com.devsisters.ck[iid:2] [isid:MwjtIzqJS4aCel_65UiosQ] status:RESOURCE_FETCH_PROGRESS, size: 404193270/466104873
08-09 12:13:05.607  4472  9112 I Finsky:background: [163] IQ: Notifying installation update. [Package:com.devsisters.ck, isid:MwjtIzqJS4aCel_65UiosQ] state:DOWNLOADING, status=DOWNLOADING, status_code=0, reason=bulk_update, tsc=PT16M20.025S, attempt=0
08-09 12:13:05.614  4472  4472 I Finsky:background: [2] PIM: Ignore install package event for: com.devsisters.ck, isid: MwjtIzqJS4aCel_65UiosQ
08-09 12:13:05.615  8911  8993 I Finsky  : [89] Install States emitted for 9 apps
08-09 12:13:05.616   327   514 D FakeWifi: Faking wifi for com.android.vending
08-09 12:13:05.616   327   514 D FakeWifi: Faking wifi for com.android.vending
08-09 12:13:05.616  8911  8993 D FakeWifi: Faking wifi for com.android.vending
08-09 12:13:05.617  8911  8993 D FakeWifi: Faking wifi for com.android.vending
08-09 12:13:05.617  8911  8993 D FakeWifi: Faking wifi for com.android.vending
08-09 12:13:05.617  8911  8993 D FakeWifi: Faking wifi for com.android.vending
08-09 12:13:05.617  8911  8993 D FakeWifi: Faking wifi for com.android.vending
08-09 12:13:05.620   327  5966 D FakeWifi: Faking wifi for com.android.vending
08-09 12:13:05.620   327  5966 D FakeWifi: Faking wifi for com.android.vending
08-09 12:13:05.620  8911  9027 D FakeWifi: Faking wifi for com.android.vending
08-09 12:13:05.620  8911  9027 D FakeWifi: Faking wifi for com.android.vending
08-09 12:13:05.620  8911  9027 D FakeWifi: Faking wifi for com.android.vending
08-09 12:13:05.621  8911  9027 D FakeWifi: Faking wifi for com.android.vending
08-09 12:13:05.621  8911  9027 D FakeWifi: Faking wifi for com.android.vending
08-09 12:13:06.017  8597  8644 D LocalImageResolver: Couldn't use ImageDecoder for drawable, falling back to non-resized load.
08-09 12:13:06.018  8597  8644 D LocalImageResolver: Couldn't use ImageDecoder for drawable, falling back to non-resized load.
08-09 12:13:07.847  4472  9098 I Finsky:background: [161] DSC::L: Update all listeners for download <16:RUNNING:81%[81%]> in group com.devsisters.ck:MwjtIzqJS4aCel_65UiosQ
08-09 12:13:07.847  4472  9098 I Finsky:background: [161] DSC::L: Updating listener DownloadServiceManagerListener::aqfz@5163067 for download <16:RUNNING:81%[81%]>
08-09 12:13:07.847  4472  9098 I Finsky:background: [161] DS: Received onProgress request_id=16
08-09 12:13:07.848  4472  9098 I Finsky:background: [161] RM: receive resource status onProgress download_request_id=16, group_id=UnityDataAssetPack reason: bulk_update isid: MwjtIzqJS4aCel_65UiosQ, status_code=RESOURCE_STATUS_IN_PROGRESS, legacy_status_code=192, size: 271676231/332028638
08-09 12:13:07.848  4472  9098 I Finsky:background: [161] DSC::L: Updating listener wro@4233c05 for download <16:RUNNING:81%[81%]>
08-09 12:13:07.848  4472  9098 I Finsky:background: [161] DSC::L: Updating listener DownloadServiceManagerListener::ukd@c13eb7c for download <16:RUNNING:81%[81%]>
08-09 12:13:07.849  4472  4552 I Finsky:background: [46] RM: getStatus resourceRequestId=9fb9e231-b8b7-4081-aaf8-317c25f2b8d5 requestId=16 package=com.devsisters.ck artifact=UnityDataAssetPack isid=MwjtIzqJS4aCel_65UiosQ
08-09 12:13:07.849  4472  4552 I Finsky:background: [46] DSC: reviveDownload(16)
08-09 12:13:07.850  4472  4559 I Finsky:background: [51] DS: reviveDownload(request_id=16)
08-09 12:13:07.858  4472  9098 I Finsky:background: [161] DS: DS: onReviveDownload(request_id=16, files_to_download=[UnityDataAssetPack(size:332028638)], context[group_id=com.devsisters.ck:MwjtIzqJS4aCel_65UiosQ], display_data[invisible=false, title=CookieRun: Kingdom], network_restrictions=ANY_NETWORK status=running, bytes_downloaded=271676231, total_bytes=332028638, retry[count=0, next_retry=n/a])
08-09 12:13:07.859  4472  4472 I Finsky:background: [2] RF: onProgress request_id=16 isid=MwjtIzqJS4aCel_65UiosQ
08-09 12:13:07.859  4472  4472 I Finsky:background: [2] RF: resourceStatus for request_id=16 group=com.devsisters.ck artifact=UnityDataAssetPack collectedBytes= 271676231 / 332028638
08-09 12:13:07.859  4472  4472 I Finsky:background: [2] RF: Group=com.devsisters.ck totalBytesDownloaded= 405752466 / 466104873 for 4 artifacts
08-09 12:13:07.862  4472  4472 I Finsky:background: [2] Updated time lastBroadcast=2026-08-09T05:13:05.598Z current=2026-08-09T05:13:07.862Z
08-09 12:13:07.863  4472  4472 I Finsky:background: [2] bytesCompleted/bytesTotal/ratio = 405752466 / 466104873 / 0.870518
08-09 12:13:07.866  4472  9118 I Finsky:background: [167] IV2: onTaskProgress com.devsisters.ck[iid:2] [isid:MwjtIzqJS4aCel_65UiosQ] status:RESOURCE_FETCH_PROGRESS, size: 405752466/466104873
08-09 12:13:07.867  4472  9112 I Finsky:background: [163] IQ: Notifying installation update. [Package:com.devsisters.ck, isid:MwjtIzqJS4aCel_65UiosQ] state:DOWNLOADING, status=DOWNLOADING, status_code=0, reason=bulk_update, tsc=PT16M22.285S, attempt=0
08-09 12:13:07.875  4472  4472 I Finsky:background: [2] PIM: Ignore install package event for: com.devsisters.ck, isid: MwjtIzqJS4aCel_65UiosQ
08-09 12:13:07.877  8911  9025 I Finsky  : [110] Install States emitted for 9 apps
08-09 12:13:07.878   327  6244 D FakeWifi: Faking wifi for com.android.vending
08-09 12:13:07.879   327  6244 D FakeWifi: Faking wifi for com.android.vending
08-09 12:13:07.879  8911  9025 D FakeWifi: Faking wifi for com.android.vending
08-09 12:13:07.879  8911  9025 D FakeWifi: Faking wifi for com.android.vending
08-09 12:13:07.879  8911  9025 D FakeWifi: Faking wifi for com.android.vending
08-09 12:13:07.879  8911  9025 D FakeWifi: Faking wifi for com.android.vending
08-09 12:13:07.879  8911  9025 D FakeWifi: Faking wifi for com.android.vending
08-09 12:13:07.883   327  3961 D FakeWifi: Faking wifi for com.android.vending
08-09 12:13:07.883   327  3961 D FakeWifi: Faking wifi for com.android.vending
08-09 12:13:07.883  8911  9027 D FakeWifi: Faking wifi for com.android.vending
08-09 12:13:07.883  8911  9027 D FakeWifi: Faking wifi for com.android.vending
08-09 12:13:07.883  8911  9027 D FakeWifi: Faking wifi for com.android.vending
08-09 12:13:07.883  8911  9027 D FakeWifi: Faking wifi for com.android.vending
08-09 12:13:07.884  8911  9027 D FakeWifi: Faking wifi for com.android.vending
08-09 12:13:08.284  8597  8644 D LocalImageResolver: Couldn't use ImageDecoder for drawable, falling back to non-resized load.
08-09 12:13:08.285  8597  8644 D LocalImageResolver: Couldn't use ImageDecoder for drawable, falling back to non-resized load.
08-09 12:13:09.850  4472  9098 I Finsky:background: [161] DSC::L: Update all listeners for download <16:RUNNING:82%[82%]> in group com.devsisters.ck:MwjtIzqJS4aCel_65UiosQ
08-09 12:13:09.850  4472  9098 I Finsky:background: [161] DSC::L: Updating listener DownloadServiceManagerListener::aqfz@5163067 for download <16:RUNNING:82%[82%]>
08-09 12:13:09.850  4472  9098 I Finsky:background: [161] DS: Received onProgress request_id=16
08-09 12:13:09.850  4472  9098 I Finsky:background: [161] RM: receive resource status onProgress download_request_id=16, group_id=UnityDataAssetPack reason: bulk_update isid: MwjtIzqJS4aCel_65UiosQ, status_code=RESOURCE_STATUS_IN_PROGRESS, legacy_status_code=192, size: 273212355/332028638
08-09 12:13:09.850  4472  9098 I Finsky:background: [161] DSC::L: Updating listener wro@4233c05 for download <16:RUNNING:82%[82%]>
08-09 12:13:09.850  4472  9098 I Finsky:background: [161] DSC::L: Updating listener DownloadServiceManagerListener::ukd@c13eb7c for download <16:RUNNING:82%[82%]>
08-09 12:13:09.852  4472  4631 I Finsky:background: [59] RM: getStatus resourceRequestId=9fb9e231-b8b7-4081-aaf8-317c25f2b8d5 requestId=16 package=com.devsisters.ck artifact=UnityDataAssetPack isid=MwjtIzqJS4aCel_65UiosQ
08-09 12:13:09.852  4472  4631 I Finsky:background: [59] DSC: reviveDownload(16)
08-09 12:13:09.853  4472  4631 I Finsky:background: [59] DS: reviveDownload(request_id=16)
08-09 12:13:09.859  4472  9098 I Finsky:background: [161] DS: DS: onReviveDownload(request_id=16, files_to_download=[UnityDataAssetPack(size:332028638)], context[group_id=com.devsisters.ck:MwjtIzqJS4aCel_65UiosQ], display_data[invisible=false, title=CookieRun: Kingdom], network_restrictions=ANY_NETWORK status=running, bytes_downloaded=273212355, total_bytes=332028638, retry[count=0, next_retry=n/a])
08-09 12:13:09.861  4472  4472 I Finsky:background: [2] RF: onProgress request_id=16 isid=MwjtIzqJS4aCel_65UiosQ
08-09 12:13:09.861  4472  4472 I Finsky:background: [2] RF: resourceStatus for request_id=16 group=com.devsisters.ck artifact=UnityDataAssetPack collectedBytes= 273212355 / 332028638
08-09 12:13:09.861  4472  4472 I Finsky:background: [2] RF: Group=com.devsisters.ck totalBytesDownloaded= 407288590 / 466104873 for 4 artifacts
08-09 12:13:09.862  4472  4472 I Finsky:background: [2] RF: Preventing total bytes update to listeners
08-09 12:13:10.284  8597  8644 D LocalImageResolver: Couldn't use ImageDecoder for drawable, falling back to non-resized load.
08-09 12:13:10.285  8597  8644 D LocalImageResolver: Couldn't use ImageDecoder for drawable, falling back to non-resized load.
08-09 12:13:12.041  4472  9098 I Finsky:background: [161] DSC::L: Update all listeners for download <16:RUNNING:82%[82%]> in group com.devsisters.ck:MwjtIzqJS4aCel_65UiosQ
08-09 12:13:12.042  4472  9098 I Finsky:background: [161] DSC::L: Updating listener DownloadServiceManagerListener::aqfz@5163067 for download <16:RUNNING:82%[82%]>
08-09 12:13:12.042  4472  9098 I Finsky:background: [161] DS: Received onProgress request_id=16
08-09 12:13:12.042  4472  9098 I Finsky:background: [161] RM: receive resource status onProgress download_request_id=16, group_id=UnityDataAssetPack reason: bulk_update isid: MwjtIzqJS4aCel_65UiosQ, status_code=RESOURCE_STATUS_IN_PROGRESS, legacy_status_code=192, size: 274628350/332028638
08-09 12:13:12.042  4472  9098 I Finsky:background: [161] DSC::L: Updating listener wro@4233c05 for download <16:RUNNING:82%[82%]>
08-09 12:13:12.042  4472  9098 I Finsky:background: [161] DSC::L: Updating listener DownloadServiceManagerListener::ukd@c13eb7c for download <16:RUNNING:82%[82%]>
08-09 12:13:12.044  4472  4552 I Finsky:background: [46] RM: getStatus resourceRequestId=9fb9e231-b8b7-4081-aaf8-317c25f2b8d5 requestId=16 package=com.devsisters.ck artifact=UnityDataAssetPack isid=MwjtIzqJS4aCel_65UiosQ
08-09 12:13:12.044  4472  4552 I Finsky:background: [46] DSC: reviveDownload(16)
08-09 12:13:12.044  4472  4559 I Finsky:background: [51] DS: reviveDownload(request_id=16)
08-09 12:13:12.049  4472  9098 I Finsky:background: [161] DS: DS: onReviveDownload(request_id=16, files_to_download=[UnityDataAssetPack(size:332028638)], context[group_id=com.devsisters.ck:MwjtIzqJS4aCel_65UiosQ], display_data[invisible=false, title=CookieRun: Kingdom], network_restrictions=ANY_NETWORK status=running, bytes_downloaded=274628350, total_bytes=332028638, retry[count=0, next_retry=n/a])
08-09 12:13:12.049  4472  4472 I Finsky:background: [2] RF: onProgress request_id=16 isid=MwjtIzqJS4aCel_65UiosQ
08-09 12:13:12.049  4472  4472 I Finsky:background: [2] RF: resourceStatus for request_id=16 group=com.devsisters.ck artifact=UnityDataAssetPack collectedBytes= 274628350 / 332028638
08-09 12:13:12.049  4472  4472 I Finsky:background: [2] RF: Group=com.devsisters.ck totalBytesDownloaded= 408704585 / 466104873 for 4 artifacts
08-09 12:13:12.053  4472  4472 I Finsky:background: [2] Updated time lastBroadcast=2026-08-09T05:13:07.863Z current=2026-08-09T05:13:12.053Z
08-09 12:13:12.053  4472  4472 I Finsky:background: [2] bytesCompleted/bytesTotal/ratio = 408704585 / 466104873 / 0.876851
08-09 12:13:12.056  4472  9118 I Finsky:background: [167] IV2: onTaskProgress com.devsisters.ck[iid:2] [isid:MwjtIzqJS4aCel_65UiosQ] status:RESOURCE_FETCH_PROGRESS, size: 408704585/466104873
08-09 12:13:12.058  4472  9112 I Finsky:background: [163] IQ: Notifying installation update. [Package:com.devsisters.ck, isid:MwjtIzqJS4aCel_65UiosQ] state:DOWNLOADING, status=DOWNLOADING, status_code=0, reason=bulk_update, tsc=PT16M26.476S, attempt=0
08-09 12:13:12.065  4472  4472 I Finsky:background: [2] PIM: Ignore install package event for: com.devsisters.ck, isid: MwjtIzqJS4aCel_65UiosQ
08-09 12:13:12.067  8911  9027 I Finsky  : [109] Install States emitted for 9 apps
08-09 12:13:12.068   327  5966 D FakeWifi: Faking wifi for com.android.vending
08-09 12:13:12.068   327  5966 D FakeWifi: Faking wifi for com.android.vending
08-09 12:13:12.068  8911  9025 D FakeWifi: Faking wifi for com.android.vending
08-09 12:13:12.068  8911  9025 D FakeWifi: Faking wifi for com.android.vending
08-09 12:13:12.069  8911  9025 D FakeWifi: Faking wifi for com.android.vending
08-09 12:13:12.069  8911  9025 D FakeWifi: Faking wifi for com.android.vending
08-09 12:13:12.069  8911  9025 D FakeWifi: Faking wifi for com.android.vending
08-09 12:13:12.074   327  3961 D FakeWifi: Faking wifi for com.android.vending
08-09 12:13:12.074   327  3961 D FakeWifi: Faking wifi for com.android.vending
08-09 12:13:12.074  8911  8994 D FakeWifi: Faking wifi for com.android.vending
08-09 12:13:12.074  8911  8994 D FakeWifi: Faking wifi for com.android.vending
08-09 12:13:12.075  8911  8994 D FakeWifi: Faking wifi for com.android.vending
08-09 12:13:12.075  8911  8994 D FakeWifi: Faking wifi for com.android.vending
08-09 12:13:12.075  8911  8994 D FakeWifi: Faking wifi for com.android.vending
08-09 12:13:12.484  8597  8644 D LocalImageResolver: Couldn't use ImageDecoder for drawable, falling back to non-resized load.
08-09 12:13:12.484  8597  8644 D LocalImageResolver: Couldn't use ImageDecoder for drawable, falling back to non-resized load.
08-09 12:13:14.063  4472  9098 I Finsky:background: [161] DSC::L: Update all listeners for download <16:RUNNING:82%[82%]> in group com.devsisters.ck:MwjtIzqJS4aCel_65UiosQ
08-09 12:13:14.063  4472  9098 I Finsky:background: [161] DSC::L: Updating listener DownloadServiceManagerListener::aqfz@5163067 for download <16:RUNNING:82%[82%]>
08-09 12:13:14.063  4472  9098 I Finsky:background: [161] DS: Received onProgress request_id=16
08-09 12:13:14.063  4472  9098 I Finsky:background: [161] RM: receive resource status onProgress download_request_id=16, group_id=UnityDataAssetPack reason: bulk_update isid: MwjtIzqJS4aCel_65UiosQ, status_code=RESOURCE_STATUS_IN_PROGRESS, legacy_status_code=192, size: 275360873/332028638
08-09 12:13:14.063  4472  9098 I Finsky:background: [161] DSC::L: Updating listener wro@4233c05 for download <16:RUNNING:82%[82%]>
08-09 12:13:14.063  4472  9098 I Finsky:background: [161] DSC::L: Updating listener DownloadServiceManagerListener::ukd@c13eb7c for download <16:RUNNING:82%[82%]>
08-09 12:13:14.064  4472  4559 I Finsky:background: [51] RM: getStatus resourceRequestId=9fb9e231-b8b7-4081-aaf8-317c25f2b8d5 requestId=16 package=com.devsisters.ck artifact=UnityDataAssetPack isid=MwjtIzqJS4aCel_65UiosQ
08-09 12:13:14.064  4472  4559 I Finsky:background: [51] DSC: reviveDownload(16)
08-09 12:13:14.064  4472  4559 I Finsky:background: [51] DS: reviveDownload(request_id=16)
08-09 12:13:14.075  4472  9098 I Finsky:background: [161] DS: DS: onReviveDownload(request_id=16, files_to_download=[UnityDataAssetPack(size:332028638)], context[group_id=com.devsisters.ck:MwjtIzqJS4aCel_65UiosQ], display_data[invisible=false, title=CookieRun: Kingdom], network_restrictions=ANY_NETWORK status=running, bytes_downloaded=275360873, total_bytes=332028638, retry[count=0, next_retry=n/a])
08-09 12:13:14.077  4472  4472 I Finsky:background: [2] RF: onProgress request_id=16 isid=MwjtIzqJS4aCel_65UiosQ
08-09 12:13:14.077  4472  4472 I Finsky:background: [2] RF: resourceStatus for request_id=16 group=com.devsisters.ck artifact=UnityDataAssetPack collectedBytes= 275360873 / 332028638
08-09 12:13:14.077  4472  4472 I Finsky:background: [2] RF: Group=com.devsisters.ck totalBytesDownloaded= 409437108 / 466104873 for 4 artifacts
08-09 12:13:14.078  4472  4472 I Finsky:background: [2] Updated time lastBroadcast=2026-08-09T05:13:12.053Z current=2026-08-09T05:13:14.078Z
08-09 12:13:14.079  4472  4472 I Finsky:background: [2] bytesCompleted/bytesTotal/ratio = 409437108 / 466104873 / 0.878423
08-09 12:13:14.080  4472  9118 I Finsky:background: [167] IV2: onTaskProgress com.devsisters.ck[iid:2] [isid:MwjtIzqJS4aCel_65UiosQ] status:RESOURCE_FETCH_PROGRESS, size: 409437108/466104873
08-09 12:13:14.081  4472  9112 I Finsky:background: [163] IQ: Notifying installation update. [Package:com.devsisters.ck, isid:MwjtIzqJS4aCel_65UiosQ] state:DOWNLOADING, status=DOWNLOADING, status_code=0, reason=bulk_update, tsc=PT16M28.499S, attempt=0
08-09 12:13:14.093  4472  4472 I Finsky:background: [2] PIM: Ignore install package event for: com.devsisters.ck, isid: MwjtIzqJS4aCel_65UiosQ
08-09 12:13:14.094  8911  8993 I Finsky  : [89] Install States emitted for 9 apps
08-09 12:13:14.095   327   514 D FakeWifi: Faking wifi for com.android.vending
08-09 12:13:14.095   327   514 D FakeWifi: Faking wifi for com.android.vending
08-09 12:13:14.095  8911  9027 D FakeWifi: Faking wifi for com.android.vending
08-09 12:13:14.096  8911  9027 D FakeWifi: Faking wifi for com.android.vending
08-09 12:13:14.096  8911  9027 D FakeWifi: Faking wifi for com.android.vending
08-09 12:13:14.096  8911  9027 D FakeWifi: Faking wifi for com.android.vending
08-09 12:13:14.096  8911  9027 D FakeWifi: Faking wifi for com.android.vending
08-09 12:13:14.104   327   514 D FakeWifi: Faking wifi for com.android.vending
08-09 12:13:14.104   327   514 D FakeWifi: Faking wifi for com.android.vending
08-09 12:13:14.105  8911  9027 D FakeWifi: Faking wifi for com.android.vending
08-09 12:13:14.105  8911  9027 D FakeWifi: Faking wifi for com.android.vending
08-09 12:13:14.106  8911  9027 D FakeWifi: Faking wifi for com.android.vending
08-09 12:13:14.106  8911  9027 D FakeWifi: Faking wifi for com.android.vending
08-09 12:13:14.106  8911  9027 D FakeWifi: Faking wifi for com.android.vending
08-09 12:13:14.500  8597  8644 D LocalImageResolver: Couldn't use ImageDecoder for drawable, falling back to non-resized load.
08-09 12:13:14.501  8597  8644 D LocalImageResolver: Couldn't use ImageDecoder for drawable, falling back to non-resized load.
08-09 12:13:16.110  4472  9098 I Finsky:background: [161] DSC::L: Update all listeners for download <16:RUNNING:83%[83%]> in group com.devsisters.ck:MwjtIzqJS4aCel_65UiosQ
08-09 12:13:16.110  4472  9098 I Finsky:background: [161] DSC::L: Updating listener DownloadServiceManagerListener::aqfz@5163067 for download <16:RUNNING:83%[83%]>
08-09 12:13:16.110  4472  9098 I Finsky:background: [161] DS: Received onProgress request_id=16
08-09 12:13:16.110  4472  9098 I Finsky:background: [161] RM: receive resource status onProgress download_request_id=16, group_id=UnityDataAssetPack reason: bulk_update isid: MwjtIzqJS4aCel_65UiosQ, status_code=RESOURCE_STATUS_IN_PROGRESS, legacy_status_code=192, size: 276454703/332028638
08-09 12:13:16.110  4472  9098 I Finsky:background: [161] DSC::L: Updating listener wro@4233c05 for download <16:RUNNING:83%[83%]>
08-09 12:13:16.110  4472  9098 I Finsky:background: [161] DSC::L: Updating listener DownloadServiceManagerListener::ukd@c13eb7c for download <16:RUNNING:83%[83%]>
08-09 12:13:16.111  4472  4631 I Finsky:background: [59] RM: getStatus resourceRequestId=9fb9e231-b8b7-4081-aaf8-317c25f2b8d5 requestId=16 package=com.devsisters.ck artifact=UnityDataAssetPack isid=MwjtIzqJS4aCel_65UiosQ
08-09 12:13:16.111  4472  4631 I Finsky:background: [59] DSC: reviveDownload(16)
08-09 12:13:16.112  4472  4552 I Finsky:background: [46] DS: reviveDownload(request_id=16)
08-09 12:13:16.115  4472  9098 I Finsky:background: [161] DS: DS: onReviveDownload(request_id=16, files_to_download=[UnityDataAssetPack(size:332028638)], context[group_id=com.devsisters.ck:MwjtIzqJS4aCel_65UiosQ], display_data[invisible=false, title=CookieRun: Kingdom], network_restrictions=ANY_NETWORK status=running, bytes_downloaded=276454703, total_bytes=332028638, retry[count=0, next_retry=n/a])
08-09 12:13:16.116  4472  4472 I Finsky:background: [2] RF: onProgress request_id=16 isid=MwjtIzqJS4aCel_65UiosQ
08-09 12:13:16.116  4472  4472 I Finsky:background: [2] RF: resourceStatus for request_id=16 group=com.devsisters.ck artifact=UnityDataAssetPack collectedBytes= 276454703 / 332028638
08-09 12:13:16.116  4472  4472 I Finsky:background: [2] RF: Group=com.devsisters.ck totalBytesDownloaded= 410530938 / 466104873 for 4 artifacts
08-09 12:13:16.121  4472  4472 I Finsky:background: [2] Updated time lastBroadcast=2026-08-09T05:13:14.078Z current=2026-08-09T05:13:16.121Z
08-09 12:13:16.122  4472  4472 I Finsky:background: [2] bytesCompleted/bytesTotal/ratio = 410530938 / 466104873 / 0.880769
08-09 12:13:16.125  4472  9118 I Finsky:background: [167] IV2: onTaskProgress com.devsisters.ck[iid:2] [isid:MwjtIzqJS4aCel_65UiosQ] status:RESOURCE_FETCH_PROGRESS, size: 410530938/466104873
08-09 12:13:16.128  4472  9112 I Finsky:background: [163] IQ: Notifying installation update. [Package:com.devsisters.ck, isid:MwjtIzqJS4aCel_65UiosQ] state:DOWNLOADING, status=DOWNLOADING, status_code=0, reason=bulk_update, tsc=PT16M30.546S, attempt=0
08-09 12:13:16.134  4472  4472 I Finsky:background: [2] PIM: Ignore install package event for: com.devsisters.ck, isid: MwjtIzqJS4aCel_65UiosQ
08-09 12:13:16.135  8911  8993 I Finsky  : [89] Install States emitted for 9 apps
08-09 12:13:16.136   327  3961 D FakeWifi: Faking wifi for com.android.vending
08-09 12:13:16.136   327  3961 D FakeWifi: Faking wifi for com.android.vending
08-09 12:13:16.136  8911  8993 D FakeWifi: Faking wifi for com.android.vending
08-09 12:13:16.136  8911  8993 D FakeWifi: Faking wifi for com.android.vending
08-09 12:13:16.137  8911  8993 D FakeWifi: Faking wifi for com.android.vending
08-09 12:13:16.137  8911  8993 D FakeWifi: Faking wifi for com.android.vending
08-09 12:13:16.137  8911  8993 D FakeWifi: Faking wifi for com.android.vending
08-09 12:13:16.145   327   514 D FakeWifi: Faking wifi for com.android.vending
08-09 12:13:16.145   327   514 D FakeWifi: Faking wifi for com.android.vending
08-09 12:13:16.146  8911  8994 D FakeWifi: Faking wifi for com.android.vending
08-09 12:13:16.146  8911  8994 D FakeWifi: Faking wifi for com.android.vending
08-09 12:13:16.146  8911  8994 D FakeWifi: Faking wifi for com.android.vending
08-09 12:13:16.146  8911  8994 D FakeWifi: Faking wifi for com.android.vending
