08-09 11:52:06.127  7223  7223 V SystemUIBootTiming: StartServices took to complete: 1180ms
08-09 11:52:06.133  7223  7223 W ActivityThread: getPackageInfo() called with an older ApplicationInfo than the cached version for package com.android.systemui
08-09 11:52:06.139  7223  7223 W ActivityThread: getPackageInfo() called with an older ApplicationInfo than the cached version for package com.android.systemui
08-09 11:52:06.143   327   327 D WallpaperManagerService: WPMS.onServiceConnected-ComponentInfo{com.android.systemui/com.android.systemui.wallpapers.ImageWallpaper}
08-09 11:52:06.143   327   327 D WallpaperManagerService: WPMS.attachServiceLocked
08-09 11:52:06.143   327   327 D WallpaperManagerService: WPMS.connectLocked-ComponentInfo{com.android.systemui/com.android.systemui.wallpapers.ImageWallpaper}
08-09 11:52:06.144   327   327 W WindowManager: addWindowToken: Attempted to add binder token: android.os.Binder@33c3a4b for already created window token: WallpaperWindowToken{b69dc28 token=android.os.Binder@33c3a4b} displayId=0
08-09 11:52:06.145  7223  7223 V WindowManagerShell: Display added: 0
08-09 11:52:06.145   327   327 V WallpaperManagerService: WPMS.connectLocked-ComponentInfo{com.android.systemui/com.android.systemui.wallpapers.ImageWallpaper} took to complete: 1ms
08-09 11:52:06.145   327   327 V WallpaperManagerService: WPMS.attachServiceLocked took to complete: 2ms
08-09 11:52:06.145   327   327 D WallpaperManagerService: WPMS.saveSettingsLocked-0
08-09 11:52:06.159   327   327 V WallpaperManagerService: WPMS.saveSettingsLocked-0 took to complete: 15ms
08-09 11:52:06.159   327   327 V WallpaperManagerService: WPMS.onServiceConnected-ComponentInfo{com.android.systemui/com.android.systemui.wallpapers.ImageWallpaper} took to complete: 17ms
08-09 11:52:06.160   327   327 D WallpaperManagerService: WPMS.onServiceConnected-ComponentInfo{com.android.systemui/com.android.systemui.wallpapers.ImageWallpaper}
08-09 11:52:06.160   327   327 D WallpaperManagerService: WPMS.attachServiceLocked
08-09 11:52:06.160   327   327 V WallpaperManagerService: WPMS.attachServiceLocked took to complete: 0ms
08-09 11:52:06.160   327   327 V WallpaperManagerService: WPMS.onServiceConnected-ComponentInfo{com.android.systemui/com.android.systemui.wallpapers.ImageWallpaper} took to complete: 0ms
08-09 11:52:06.172   327  6239 D CoreBackPreview: Window{b8b2a6f u0 ShellDropTarget}: Setting back callback OnBackInvokedCallbackInfo{mCallback=android.window.IOnBackInvokedCallback$Stub$Proxy@549fe8b, mPriority=0}
08-09 11:52:06.273   327   327 W Looper  : Slow dispatch took 109ms main h=android.service.notification.NotificationListenerService$MyHandler c=null m=1
08-09 11:52:06.412   327   327 W Looper  : Slow dispatch took 135ms main h=android.service.notification.NotificationListenerService$MyHandler c=null m=1
08-09 11:52:06.744  7223  7223 V WindowManagerShell: Display changed: 0
08-09 11:52:06.811  7223  7223 V WindowManagerShell: Display changed: 0
08-09 11:52:06.843   327   371 W BroadcastQueue: Background execution not allowed: receiving Intent { act=android.intent.action.USER_PRESENT flg=0x24200010 } to com.google.android.gms/.auth.setup.devicesignals.LockScreenReceiver
08-09 11:52:06.843   327   371 W BroadcastQueue: Background execution not allowed: receiving Intent { act=android.intent.action.USER_PRESENT flg=0x24200010 } to com.google.android.gms/.chimera.GmsIntentOperationService$PersistentTrustedReceiver
08-09 11:52:06.920   327  6244 D PackageManager: Ignoring attempt to set enabled state of disabled component com.google.android.gms/com.google.android.gms.update.OtaSuggestionSummaryProvider
08-09 11:52:06.920   327  6239 D PackageManager: Ignoring attempt to set enabled state of disabled component com.google.android.gms/com.google.android.gms.update.SystemUpdateActivity
08-09 11:52:06.984   327  1380 D SystemServerTiming: getUserSwitchability-0
08-09 11:52:06.984   327  1380 D SystemServerTiming: TM.isInCall
08-09 11:52:06.984   327  1380 V SystemServerTiming: TM.isInCall took to complete: 0ms
08-09 11:52:06.984   327  1380 D SystemServerTiming: hasUserRestriction-DISALLOW_USER_SWITCH
08-09 11:52:06.984   327  1380 V SystemServerTiming: hasUserRestriction-DISALLOW_USER_SWITCH took to complete: 0ms
08-09 11:52:06.984   327  1380 D SystemServerTiming: getInt-ALLOW_USER_SWITCHING_WHEN_SYSTEM_USER_LOCKED
08-09 11:52:06.984   327  1380 V SystemServerTiming: getInt-ALLOW_USER_SWITCHING_WHEN_SYSTEM_USER_LOCKED took to complete: 0ms
08-09 11:52:06.984   327  1380 D SystemServerTiming: isUserUnlocked-USER_SYSTEM
08-09 11:52:06.984   327  1380 V SystemServerTiming: isUserUnlocked-USER_SYSTEM took to complete: 0ms
08-09 11:52:06.984   327  1380 V SystemServerTiming: getUserSwitchability-0 took to complete: 0ms
08-09 11:52:07.207   327   361 I ActivityTaskManager: Config changes=80000000 {1.0 ?mcc?mnc [en_US] ldltr sw656dp w1214dp h580dp 180dpi lrg long land night finger qwerty/v/v dpad/v winConfig={ mBounds=Rect(0, 0 - 1366, 738) mAppBounds=Rect(0, 0 - 1366, 684) mMaxBounds=Rect(0, 0 - 1366, 738) mDisplayRotation=ROTATION_0 mWindowingMode=fullscreen mDisplayWindowingMode=fullscreen mActivityType=undefined mAlwaysOnTop=undefined mRotation=ROTATION_0} as.5 s.792 fontWeightAdjustment=0}
08-09 11:52:07.298   327   361 I WindowManager: Override config changes=80000000 {1.0 ?mcc?mnc [en_US] ldltr sw656dp w1214dp h580dp 180dpi lrg long land night finger qwerty/v/v dpad/v winConfig={ mBounds=Rect(0, 0 - 1366, 738) mAppBounds=Rect(0, 0 - 1366, 684) mMaxBounds=Rect(0, 0 - 1366, 738) mDisplayRotation=ROTATION_0 mWindowingMode=fullscreen mDisplayWindowingMode=fullscreen mActivityType=undefined mAlwaysOnTop=undefined mRotation=ROTATION_0} as.5 s.792 fontWeightAdjustment=0} for displayId=0
08-09 11:52:08.060   327   327 W Looper  : Slow dispatch took 724ms main h=com.android.server.notification.NotificationManagerService$WorkerHandler c=com.android.server.notification.NotificationManagerService$PostNotificationRunnable$$ExternalSyntheticLambda1@c1e9550 m=0
08-09 11:52:08.102   327   361 W Looper  : Slow dispatch took 916ms android.fg h=android.os.Handler c=com.android.server.om.OverlayManagerService$$ExternalSyntheticLambda1@ed9744e m=0
08-09 11:52:08.362   327   327 W Looper  : Slow delivery took 725ms main h=android.service.notification.NotificationListenerService$MyHandler c=null m=1
08-09 11:52:08.362   327   327 W Looper  : Slow dispatch took 302ms main h=android.service.notification.NotificationListenerService$MyHandler c=null m=1
08-09 11:52:08.364   327   327 W Looper  : Drained
08-09 11:52:08.377   713  5951 V ActivityThread: getPackageInfo() caused update to cached ApplicationInfo for package com.google.android.gms
08-09 11:52:08.431  7223  7223 V ActivityThread: getPackageInfo() caused update to cached ApplicationInfo for package com.google.android.gms
08-09 11:52:08.479   327  6244 D OomAdjuster: Not killing cached processes
08-09 11:52:08.494   327  6239 D CoreBackPreview: Window{e913571 u0 com.android.launcher3/com.android.launcher3.uioverrides.QuickstepLauncher}: Setting back callback null
08-09 11:52:08.546  7223  7223 W ActivityThread: getPackageInfo() called with an older ApplicationInfo than the cached version for package com.google.android.gms
08-09 11:52:08.564   327   327 I Telecom : DefaultDialerCache: Refreshing default dialer for user 0: now null: DDC.oR@AMs
08-09 11:52:08.648   327  1275 W BackupTransportManager: Package android enabled setting: 0
08-09 11:52:08.652   327   364 V WindowManager: Unknown focus tokens, dropping reportFocusChanged
08-09 11:52:08.684   327   327 W JobScheduler: Job didn't exist in JobStore: 1fad48c #1000/100033 com.android.contacts/com.google/sayyid.azzam.mufhadol@gmail.com:android
08-09 11:52:08.933  7223  7223 V WindowManagerShell: Display changed: 0
08-09 11:52:08.956   327  6240 D SystemServerTiming: getUserSwitchability-0
08-09 11:52:08.956   327  6240 D SystemServerTiming: TM.isInCall
08-09 11:52:08.957   327  6240 V SystemServerTiming: TM.isInCall took to complete: 1ms
08-09 11:52:08.957   327  6240 D SystemServerTiming: hasUserRestriction-DISALLOW_USER_SWITCH
08-09 11:52:08.957   327  6240 V SystemServerTiming: hasUserRestriction-DISALLOW_USER_SWITCH took to complete: 0ms
08-09 11:52:08.957   327  6240 D SystemServerTiming: getInt-ALLOW_USER_SWITCHING_WHEN_SYSTEM_USER_LOCKED
08-09 11:52:08.957   327  6240 V SystemServerTiming: getInt-ALLOW_USER_SWITCHING_WHEN_SYSTEM_USER_LOCKED took to complete: 0ms
08-09 11:52:08.957   327  6240 D SystemServerTiming: isUserUnlocked-USER_SYSTEM
08-09 11:52:08.957   327  6240 V SystemServerTiming: isUserUnlocked-USER_SYSTEM took to complete: 0ms
08-09 11:52:08.957   327  6240 V SystemServerTiming: getUserSwitchability-0 took to complete: 1ms
08-09 11:52:08.973  7223  7223 W ActivityThread: getPackageInfo() called with an older ApplicationInfo than the cached version for package com.google.android.gms
08-09 11:52:08.974  7223  7223 W ActivityThread: getPackageInfo() called with an older ApplicationInfo than the cached version for package com.google.android.gms
08-09 11:52:08.975  7223  7223 W ActivityThread: getPackageInfo() called with an older ApplicationInfo than the cached version for package com.google.android.gms
08-09 11:52:08.975  7223  7223 W ActivityThread: getPackageInfo() called with an older ApplicationInfo than the cached version for package com.google.android.gms
08-09 11:52:08.975  7223  7223 W ActivityThread: getPackageInfo() called with an older ApplicationInfo than the cached version for package com.google.android.gms
08-09 11:52:09.305  7223  7223 W ActivityThread: getPackageInfo() called with an older ApplicationInfo than the cached version for package com.google.android.gms
08-09 11:52:09.308  7223  7223 W ActivityThread: getPackageInfo() called with an older ApplicationInfo than the cached version for package com.google.android.gms
08-09 11:52:09.308  7223  7223 W ActivityThread: getPackageInfo() called with an older ApplicationInfo than the cached version for package com.google.android.gms
08-09 11:52:09.309  7223  7223 W ActivityThread: getPackageInfo() called with an older ApplicationInfo than the cached version for package com.google.android.gms
08-09 11:52:09.309  7223  7223 W ActivityThread: getPackageInfo() called with an older ApplicationInfo than the cached version for package com.google.android.gms
08-09 11:52:09.309  7223  7223 W ActivityThread: getPackageInfo() called with an older ApplicationInfo than the cached version for package com.google.android.gms
08-09 11:52:09.385   327  6241 D SystemServerTiming: getUserSwitchability-0
08-09 11:52:09.385   327  6241 D SystemServerTiming: TM.isInCall
08-09 11:52:09.385   327  6241 V SystemServerTiming: TM.isInCall took to complete: 1ms
08-09 11:52:09.385   327  6241 D SystemServerTiming: hasUserRestriction-DISALLOW_USER_SWITCH
08-09 11:52:09.385   327  6241 V SystemServerTiming: hasUserRestriction-DISALLOW_USER_SWITCH took to complete: 0ms
08-09 11:52:09.385   327  6241 D SystemServerTiming: getInt-ALLOW_USER_SWITCHING_WHEN_SYSTEM_USER_LOCKED
08-09 11:52:09.386   327  6241 V SystemServerTiming: getInt-ALLOW_USER_SWITCHING_WHEN_SYSTEM_USER_LOCKED took to complete: 0ms
08-09 11:52:09.386   327  6241 D SystemServerTiming: isUserUnlocked-USER_SYSTEM
08-09 11:52:09.386   327  6241 V SystemServerTiming: isUserUnlocked-USER_SYSTEM took to complete: 0ms
08-09 11:52:09.386   327  6241 V SystemServerTiming: getUserSwitchability-0 took to complete: 1ms
08-09 11:52:09.394   914   914 V ActivityThread: getPackageInfo() caused update to cached ApplicationInfo for package com.google.android.googlequicksearchbox
08-09 11:52:09.411   914   914 V ActivityThread: getPackageInfo() caused update to cached ApplicationInfo for package com.android.deskclock
08-09 11:52:09.450   327  6241 D SystemServerTiming: getUserSwitchability-0
08-09 11:52:09.450   327  6241 D SystemServerTiming: TM.isInCall
08-09 11:52:09.450   327  6241 V SystemServerTiming: TM.isInCall took to complete: 0ms
08-09 11:52:09.450   327  6241 D SystemServerTiming: hasUserRestriction-DISALLOW_USER_SWITCH
08-09 11:52:09.450   327  6241 V SystemServerTiming: hasUserRestriction-DISALLOW_USER_SWITCH took to complete: 0ms
08-09 11:52:09.450   327  6241 D SystemServerTiming: getInt-ALLOW_USER_SWITCHING_WHEN_SYSTEM_USER_LOCKED
08-09 11:52:09.450   327  6241 V SystemServerTiming: getInt-ALLOW_USER_SWITCHING_WHEN_SYSTEM_USER_LOCKED took to complete: 0ms
08-09 11:52:09.450   327  6241 D SystemServerTiming: isUserUnlocked-USER_SYSTEM
08-09 11:52:09.450   327  6241 V SystemServerTiming: isUserUnlocked-USER_SYSTEM took to complete: 0ms
08-09 11:52:09.450   327  6241 V SystemServerTiming: getUserSwitchability-0 took to complete: 1ms
08-09 11:52:09.453   327  6241 D SystemServerTiming: getUserSwitchability-0
08-09 11:52:09.453   327  3961 D SystemServerTiming: getUserSwitchability-0
08-09 11:52:09.453   327  3961 D SystemServerTiming: TM.isInCall
08-09 11:52:09.453   327  6241 D SystemServerTiming: TM.isInCall
08-09 11:52:09.453   327  6241 V SystemServerTiming: TM.isInCall took to complete: 1ms
08-09 11:52:09.453   327  6241 D SystemServerTiming: hasUserRestriction-DISALLOW_USER_SWITCH
08-09 11:52:09.453   327  6241 V SystemServerTiming: hasUserRestriction-DISALLOW_USER_SWITCH took to complete: 0ms
08-09 11:52:09.454   327  6241 D SystemServerTiming: getInt-ALLOW_USER_SWITCHING_WHEN_SYSTEM_USER_LOCKED
08-09 11:52:09.454   327  6241 V SystemServerTiming: getInt-ALLOW_USER_SWITCHING_WHEN_SYSTEM_USER_LOCKED took to complete: 0ms
08-09 11:52:09.454   327  6241 D SystemServerTiming: isUserUnlocked-USER_SYSTEM
08-09 11:52:09.454   327  6241 V SystemServerTiming: isUserUnlocked-USER_SYSTEM took to complete: 0ms
08-09 11:52:09.454   327  6241 V SystemServerTiming: getUserSwitchability-0 took to complete: 1ms
08-09 11:52:09.454   327  3961 V SystemServerTiming: TM.isInCall took to complete: 1ms
08-09 11:52:09.454   327  3961 D SystemServerTiming: hasUserRestriction-DISALLOW_USER_SWITCH
08-09 11:52:09.454   327  3961 V SystemServerTiming: hasUserRestriction-DISALLOW_USER_SWITCH took to complete: 0ms
08-09 11:52:09.454   327  3961 D SystemServerTiming: getInt-ALLOW_USER_SWITCHING_WHEN_SYSTEM_USER_LOCKED
08-09 11:52:09.454   327  3961 V SystemServerTiming: getInt-ALLOW_USER_SWITCHING_WHEN_SYSTEM_USER_LOCKED took to complete: 0ms
08-09 11:52:09.454   327  3961 D SystemServerTiming: isUserUnlocked-USER_SYSTEM
08-09 11:52:09.454   327  3961 V SystemServerTiming: isUserUnlocked-USER_SYSTEM took to complete: 0ms
08-09 11:52:09.454   327  3961 V SystemServerTiming: getUserSwitchability-0 took to complete: 1ms
08-09 11:52:09.578   327  6241 D CoreBackPreview: Window{97737ed u0 com.android.launcher3/com.android.launcher3.uioverrides.QuickstepLauncher}: Setting back callback OnBackInvokedCallbackInfo{mCallback=android.window.IOnBackInvokedCallback$Stub$Proxy@b6098b3, mPriority=0}
08-09 11:52:09.687   327  6241 I WindowManager: finishDrawing of relaunch: Window{97737ed u0 com.android.launcher3/com.android.launcher3.uioverrides.QuickstepLauncher} 1668ms
08-09 11:52:09.703   327   365 E WindowManager: Performed 6 layouts in a row. Skipping
08-09 11:52:09.854   327  6241 D CoreBackPreview: Window{27947f7 u0 com.android.launcher3/com.android.launcher3.uioverrides.QuickstepLauncher}: Setting back callback OnBackInvokedCallbackInfo{mCallback=android.window.IOnBackInvokedCallback$Stub$Proxy@ecf0cc9, mPriority=0}
08-09 11:52:10.017   327   364 W WindowManager: App freeze timeout expired.
08-09 11:52:10.020   327   364 W WindowManager: Window freeze timeout expired.
08-09 11:52:10.021   327   364 W WindowManager: Force clearing orientation change: Window{d6e4c3d u0 com.android.launcher3/com.android.launcher3.uioverrides.QuickstepLauncher}
08-09 11:52:10.031   327   365 I WindowManager: Screen frozen for +2s483ms due to Window{d6e4c3d u0 com.android.launcher3/com.android.launcher3.uioverrides.QuickstepLauncher}
08-09 11:52:10.482   327  6244 D CoreBackPreview: Window{d6e4c3d u0 com.android.launcher3/com.android.launcher3.uioverrides.QuickstepLauncher}: Setting back callback null
08-09 11:52:11.062   327   327 W Looper  : Slow dispatch took 111ms main h=android.service.notification.NotificationListenerService$MyHandler c=null m=1
08-09 11:52:13.811   327  6241 D OomAdjuster: Not killing cached processes
08-09 11:52:14.249   327   327 W Looper  : Slow dispatch took 215ms main h=com.android.server.notification.NotificationManagerService$WorkerHandler c=com.android.server.notification.NotificationManagerService$NotificationListeners$$ExternalSyntheticLambda6@66688a7 m=0
08-09 11:52:14.249   327   327 W Looper  : Slow delivery took 215ms main h=com.android.server.notification.NotificationManagerService$WorkerHandler c=com.android.server.notification.NotificationManagerService$NotificationListeners$$ExternalSyntheticLambda6@f754154 m=0
08-09 11:52:14.310   327   327 W Looper  : Drained
08-09 11:52:17.383  7223  7223 D VRI[NavigationBar0]: updatePointerIcon called with position out of bounds
08-09 11:52:17.947   327  6244 I ActivityTaskManager: START u0 {act=android.intent.action.MAIN cat=[android.intent.category.LAUNCHER] flg=0x10200000 cmp=com.android.settings/.Settings bnds=[953,460][1089,618]} from uid 10120
08-09 11:52:18.007   327  6244 D CompatibilityChangeReporter: Compat change id reported: 265464455; UID 1000; state: DISABLED
08-09 11:52:18.007   327  6244 D CompatibilityChangeReporter: Compat change id reported: 265452344; UID 1000; state: DISABLED
08-09 11:52:18.007   327  6244 D CompatibilityChangeReporter: Compat change id reported: 266124927; UID 1000; state: DISABLED
08-09 11:52:18.008   327  6244 D CompatibilityChangeReporter: Compat change id reported: 265451093; UID 1000; state: DISABLED
08-09 11:52:18.008   327  6244 D CompatibilityChangeReporter: Compat change id reported: 265456536; UID 1000; state: DISABLED
08-09 11:52:18.008   327  6244 D CompatibilityChangeReporter: Compat change id reported: 255940284; UID 1000; state: DISABLED
08-09 11:52:18.008   327  6244 D CompatibilityChangeReporter: Compat change id reported: 236283604; UID 1000; state: DISABLED
08-09 11:52:18.008   327  6244 D CompatibilityChangeReporter: Compat change id reported: 263959004; UID 1000; state: DISABLED
08-09 11:52:18.008   327  6244 D CompatibilityChangeReporter: Compat change id reported: 264304459; UID 1000; state: DISABLED
08-09 11:52:18.008   327  6244 D CompatibilityChangeReporter: Compat change id reported: 264301586; UID 1000; state: DISABLED
08-09 11:52:18.008   327  6244 D CompatibilityChangeReporter: Compat change id reported: 254631730; UID 1000; state: DISABLED
08-09 11:52:18.009   327  6244 D CompatibilityChangeReporter: Compat change id reported: 273509367; UID 1000; state: DISABLED
08-09 11:52:18.009   327  6244 D CompatibilityChangeReporter: Compat change id reported: 263259275; UID 1000; state: DISABLED
08-09 11:52:18.530   327  6244 D CompatibilityChangeReporter: Compat change id reported: 194480991; UID 1000; state: ENABLED
08-09 11:52:18.543   327  6244 D CompatibilityChangeReporter: Compat change id reported: 174042980; UID 1000; state: DISABLED
08-09 11:52:18.552   327  6244 D CompatibilityChangeReporter: Compat change id reported: 197654537; UID 1000; state: ENABLED
08-09 11:52:18.554   327  6244 D CompatibilityChangeReporter: Compat change id reported: 205907456; UID 1000; state: ENABLED
08-09 11:52:18.572   327  6244 D CompatibilityChangeReporter: Compat change id reported: 194833441; UID 1000; state: ENABLED
08-09 11:52:18.806   327  3961 W ActivityTaskManager: Tried to set launchTime (0) < mLastActivityLaunchTime (59216942)
08-09 11:52:18.833   327  3961 D CompatibilityChangeReporter: Compat change id reported: 181136395; UID 1000; state: DISABLED
08-09 11:52:18.834   327  3961 D CompatibilityChangeReporter: Compat change id reported: 174042936; UID 1000; state: DISABLED
08-09 11:52:18.839   327   886 D OomAdjuster: Not killing cached processes
08-09 11:52:19.319   327   361 W Looper  : Slow dispatch took 354ms android.fg h=android.os.Handler c=com.android.server.om.IdmapDaemon$Connection$$ExternalSyntheticLambda0@ceb840 m=0
08-09 11:52:19.776   327   327 W Looper  : Slow dispatch took 150ms main h=android.service.notification.NotificationListenerService$MyHandler c=null m=1
08-09 11:52:20.118   327   886 W ActivityTaskManager: setResumedActivity on non-leaf task fragment Task{1a99a2f #46 type=standard A=1000:com.android.settings.root}
08-09 11:52:20.120   327   886 I ActivityTaskManager: START u0 {cmp=com.android.settings/.Settings$NetworkDashboardActivity (has extras)} from uid 1000
08-09 11:52:20.124   327   886 W ActivityTaskManager: Tried to set launchTime (0) < mLastActivityLaunchTime (59693987)
08-09 11:52:20.143   327   886 W WindowManager: Unable to find process with pid=689 uid=1000
08-09 11:52:20.177   327  6243 E UserRestrictionsUtils: Unknown restriction queried by uid 1000 (com.android.location.fused et al): null
08-09 11:52:20.619   327   364 W ActivityTaskManager: Activity top resumed state loss timeout for ActivityRecord{8ea99c5 u0 com.android.settings/.Settings} t46}
08-09 11:52:20.933   327   377 W BatteryExternalStatsWorker: error reading Bluetooth stats: 9
08-09 11:52:21.054   327   327 W Looper  : Slow dispatch took 658ms main h=android.service.notification.NotificationListenerService$MyHandler c=null m=1
08-09 11:52:21.054   327   327 W Looper  : Slow delivery took 659ms main h=android.service.notification.NotificationListenerService$MyHandler c=null m=1
08-09 11:52:21.066   327  6243 W BatteryExternalStatsWorker: error reading modem stats:ERROR_INVALID_INFO_RECEIVED
08-09 11:52:21.066   327   377 E KernelCpuSpeedReader: Failed to read cpu-freq: /sys/devices/system/cpu/cpu0/cpufreq/stats/time_in_state: open failed: ENOENT (No such file or directory)
08-09 11:52:21.072   327  6243 D CoreBackPreview: Window{5e7c37e u0 com.android.settings/com.android.settings.Settings}: Setting back callback OnBackInvokedCallbackInfo{mCallback=android.window.IOnBackInvokedCallback$Stub$Proxy@d41112c, mPriority=-1}
08-09 11:52:21.214   327   327 W Looper  : Drained
08-09 11:52:21.345   327   357 E UserRestrictionsUtils: Unknown restriction queried by uid 1000 (com.android.location.fused et al): null
08-09 11:52:21.345   327   357 E UserRestrictionsUtils: Unknown restriction queried by uid 1000 (com.android.location.fused et al): null
08-09 11:52:21.425   327  6243 D CompatibilityChangeReporter: Compat change id reported: 202110963; UID 1000; state: ENABLED
08-09 11:52:21.425   327   886 D CompatibilityChangeReporter: Compat change id reported: 202110963; UID 1000; state: ENABLED
08-09 11:52:21.474   327   357 D CoreBackPreview: Window{b3ec26d u0 com.android.settings/com.android.settings.Settings$NetworkDashboardActivity}: Setting back callback OnBackInvokedCallbackInfo{mCallback=android.window.IOnBackInvokedCallback$Stub$Proxy@2e9438f, mPriority=-1}
08-09 11:52:21.611   327   357 D CompatibilityChangeReporter: Compat change id reported: 214016041; UID 1000; state: ENABLED
08-09 11:52:23.910   327   693 D OomAdjuster: Not killing cached processes
08-09 11:52:25.738  7223  7223 D VRI[NavigationBar0]: updatePointerIcon called with position out of bounds
08-09 11:52:25.922   327   693 I ActivityTaskManager: START u0 {act=android.intent.action.MAIN cmp=com.android.settings/.SubSettings (has extras)} from uid 1000
08-09 11:52:25.943   327   693 W ActivityTaskManager: Tried to set launchTime (0) < mLastActivityLaunchTime (59695303)
08-09 11:52:25.994   327   693 E UserRestrictionsUtils: Unknown restriction queried by uid 1000 (com.android.location.fused et al): null
08-09 11:52:26.447   327   364 W ActivityTaskManager: Activity top resumed state loss timeout for ActivityRecord{8ea99c5 u0 com.android.settings/.Settings} t46}
08-09 11:52:26.710   327   357 D CoreBackPreview: Window{d119a7b u0 com.android.settings/com.android.settings.SubSettings}: Setting back callback OnBackInvokedCallbackInfo{mCallback=android.window.IOnBackInvokedCallback$Stub$Proxy@ed870f1, mPriority=-1}
08-09 11:52:26.830   327   365 W WindowManager: Unable to find process with pid=689 uid=1000
08-09 11:52:27.283   327  6244 W WindowManager: Unable to find process with pid=689 uid=1000
08-09 11:52:29.198   327  6244 D OomAdjuster: Not killing cached processes
08-09 11:52:31.838  7223  7223 D VRI[NavigationBar0]: updatePointerIcon called with position out of bounds
08-09 11:52:31.925    38  7384 I keystore2: keystore2::watchdog: Watchdog thread idle -> terminating. Have a great day.
08-09 11:52:32.077   327  3961 W ActivityTaskManager: Duplicate finish request for r=ActivityRecord{e547b4a u0 com.android.settings/.SubSettings} t46 f}}
08-09 11:52:32.093   327  3961 I ActivityTaskManager: START u0 {act=android.intent.action.MAIN cmp=com.android.settings/.SubSettings (has extras)} from uid 1000
08-09 11:52:32.132   327   357 D CoreBackPreview: Window{b3ec26d u0 com.android.settings/com.android.settings.Settings$NetworkDashboardActivity}: Setting back callback null
08-09 11:52:32.153   327   370 W UsageStatsService: Unexpected activity event reported! (com.android.settings/com.android.settings.Settings$NetworkDashboardActivity event : 23 instanceId : 998604)
08-09 11:52:32.159   327  6244 W ActivityTaskManager: Tried to set launchTime (0) < mLastActivityLaunchTime (59701122)
08-09 11:52:32.170   689   689 W TransactionExecutor: tId:875360587 Skip pre-destroyed transaction:
08-09 11:52:32.170   689   689 W TransactionExecutor: tId:875360587 ClientTransaction{
08-09 11:52:32.170   689   689 W TransactionExecutor: tId:875360587   callbacks=[]
08-09 11:52:32.170   689   689 W TransactionExecutor: tId:875360587   stateRequest=DestroyActivityItem{finished=true,mConfigChanges=0}
08-09 11:52:32.170   689   689 W TransactionExecutor: tId:875360587 }
08-09 11:52:32.170   689   689 W TransactionExecutor: tId:875360587 Target activity: Not found for token: android.os.BinderProxy@956cad8
08-09 11:52:32.419   327  6244 I SystemUpdateManagerService: No existing info file /data/system/system-update-info.xml
08-09 11:52:32.437   327  6244 D CoreBackPreview: Window{9b7cf8a u0 com.android.settings/com.android.settings.SubSettings}: Setting back callback OnBackInvokedCallbackInfo{mCallback=android.window.IOnBackInvokedCallback$Stub$Proxy@c6d3a18, mPriority=-1}
08-09 11:52:32.512   327   365 W WindowManager: Unable to find process with pid=689 uid=1000
08-09 11:52:32.928   327  3961 W WindowManager: Unable to find process with pid=689 uid=1000
08-09 11:52:32.950   327  6244 D CoreBackPreview: Window{d119a7b u0 com.android.settings/com.android.settings.SubSettings}: Setting back callback null
08-09 11:52:32.956   327  3961 D ActivityTaskManager: Remove task fragment: removeLastChild ActivityRecord{e547b4a u0 com.android.settings/.SubSettings} t-1 f}}
08-09 11:52:34.249   327  6244 D OomAdjuster: Not killing cached processes
08-09 11:52:36.979  7223  7223 D VRI[NavigationBar0]: updatePointerIcon called with position out of bounds
08-09 11:52:37.206   327  3961 W ActivityTaskManager: Duplicate finish request for r=ActivityRecord{2d32bef u0 com.android.settings/.SubSettings} t46 f}}
08-09 11:52:37.226   327  3961 I ActivityTaskManager: START u0 {act=android.intent.action.MAIN cmp=com.android.settings/.SubSettings (has extras)} from uid 1000
08-09 11:52:37.283   327  6244 W ActivityTaskManager: Tried to set launchTime (0) < mLastActivityLaunchTime (59707338)
08-09 11:52:37.458   327  6244 E UserRestrictionsUtils: Unknown restriction queried by uid 1000 (com.android.location.fused et al): null
08-09 11:52:37.564   327  3961 D CoreBackPreview: Window{4168b09 u0 com.android.settings/com.android.settings.SubSettings}: Setting back callback OnBackInvokedCallbackInfo{mCallback=android.window.IOnBackInvokedCallback$Stub$Proxy@e70872f, mPriority=-1}
08-09 11:52:37.636   327   365 W WindowManager: Unable to find process with pid=689 uid=1000
08-09 11:52:38.046   327   357 W WindowManager: Unable to find process with pid=689 uid=1000
08-09 11:52:38.094   327   357 D CoreBackPreview: Window{9b7cf8a u0 com.android.settings/com.android.settings.SubSettings}: Setting back callback null
08-09 11:52:38.113   327   693 D ActivityTaskManager: Remove task fragment: removeLastChild ActivityRecord{2d32bef u0 com.android.settings/.SubSettings} t-1 f}}
08-09 11:52:39.250  7223  7223 D VRI[NavigationBar0]: updatePointerIcon called with position out of bounds
08-09 11:52:39.449   327   357 I ActivityTaskManager: START u0 {act=android.settings.ADD_ACCOUNT_SETTINGS cmp=com.android.settings/.accounts.AddAccountSettings (has extras)} from uid 1000
08-09 11:52:39.455   327   364 D OomAdjuster: Not killing cached processes
08-09 11:52:39.469   327   357 W ActivityTaskManager: Tried to set launchTime (0) < mLastActivityLaunchTime (59712462)
08-09 11:52:39.506   327   693 I ActivityTaskManager: START u0 {cmp=com.android.settings/.Settings$ChooseAccountActivity (has extras)} from uid 1000
08-09 11:52:39.562   327   693 D CoreBackPreview: Window{5c0711b u0 com.android.settings/com.android.settings.accounts.AddAccountSettings}: Setting back callback OnBackInvokedCallbackInfo{mCallback=android.window.IOnBackInvokedCallback$Stub$Proxy@ceab891, mPriority=-1}
08-09 11:52:39.582   327   357 W ActivityTaskManager: Tried to set launchTime (0) < mLastActivityLaunchTime (59714648)
08-09 11:52:39.685   327   357 I ActivityTaskManager: Activity reported stop, but no longer stopping: ActivityRecord{8c8dd9c u0 com.android.settings/.accounts.AddAccountSettings} t46} RESUMED
08-09 11:52:39.697   327  3961 W WindowManager: Unable to find process with pid=689 uid=1000
08-09 11:52:39.756   327   357 I ActivityTaskManager: START u0 {act=com.google.android.gms.ui.UNPACKING_REDIRECT dat=intent://com.google.android.gms.auth.uiflows.common/... flg=0x10008000 pkg=com.google.android.gms cmp=com.google.android.gms/.auth.uiflows.common.UnpackingRedirectActivity clip={text/plain {}} (has extras)} from uid 1000
08-09 11:52:39.757   327   357 D CompatibilityChangeReporter: Compat change id reported: 265464455; UID 10095; state: DISABLED
08-09 11:52:39.757   327   357 D CompatibilityChangeReporter: Compat change id reported: 265452344; UID 10095; state: DISABLED
08-09 11:52:39.757   327   357 D CompatibilityChangeReporter: Compat change id reported: 266124927; UID 10095; state: DISABLED
08-09 11:52:39.757   327   357 D CompatibilityChangeReporter: Compat change id reported: 265451093; UID 10095; state: DISABLED
08-09 11:52:39.757   327   357 D CompatibilityChangeReporter: Compat change id reported: 265456536; UID 10095; state: DISABLED
08-09 11:52:39.757   327   357 D CompatibilityChangeReporter: Compat change id reported: 255940284; UID 10095; state: DISABLED
08-09 11:52:39.757   327   357 D CompatibilityChangeReporter: Compat change id reported: 236283604; UID 10095; state: DISABLED
08-09 11:52:39.757   327   357 D CompatibilityChangeReporter: Compat change id reported: 263959004; UID 10095; state: DISABLED
08-09 11:52:39.757   327   357 D CompatibilityChangeReporter: Compat change id reported: 264304459; UID 10095; state: DISABLED
08-09 11:52:39.757   327   357 D CompatibilityChangeReporter: Compat change id reported: 264301586; UID 10095; state: DISABLED
08-09 11:52:39.757   327   357 D CompatibilityChangeReporter: Compat change id reported: 254631730; UID 10095; state: DISABLED
08-09 11:52:39.758   327   357 D CompatibilityChangeReporter: Compat change id reported: 273509367; UID 10095; state: DISABLED
08-09 11:52:39.758   327   357 D CompatibilityChangeReporter: Compat change id reported: 263259275; UID 10095; state: DISABLED
08-09 11:52:39.768   327   357 D CompatibilityChangeReporter: Compat change id reported: 194480991; UID 10095; state: ENABLED
08-09 11:52:39.770   327   357 W ActivityTaskManager: Activity is launching as a new task, so cancelling activity result.
08-09 11:52:39.777   327   357 D CompatibilityChangeReporter: Compat change id reported: 205907456; UID 10095; state: ENABLED
08-09 11:52:39.793   327   364 D CompatibilityChangeReporter: Compat change id reported: 135634846; UID 10095; state: DISABLED
08-09 11:52:39.795   327   372 D CompatibilityChangeReporter: Compat change id reported: 143937733; UID 10095; state: ENABLED
08-09 11:52:39.829   327   372 I ActivityManager: Start proc 7433:com.google.android.gms.ui/u0a95 for next-top-activity {com.google.android.gms/com.google.android.gms.auth.uiflows.common.UnpackingRedirectActivity}
08-09 11:52:40.115   327   693 W WindowManager: Unable to find process with pid=689 uid=1000
08-09 11:52:40.401   327  6244 D CompatibilityChangeReporter: Compat change id reported: 161145287; UID 10095; state: DISABLED
08-09 11:52:40.663   327  6244 D CompatibilityChangeReporter: Compat change id reported: 201794303; UID 10095; state: ENABLED
08-09 11:52:40.692   327   357 I ActivityTaskManager: START u0 {act=com.google.android.accounts.AccountIntro cat=[FLAG_ACTIVITY_FORWARD_RESULT,categoryhack:sessionid=6f50d097-958c-4b2c-91e2-17317036edda,defaultPendingIntent] flg=0x2000000 cmp=com.google.android.gms/.auth.uiflows.addaccount.AccountIntroActivity (has extras)} from uid 10095
08-09 11:52:40.694   327   357 D CompatibilityChangeReporter: Compat change id reported: 265464455; UID 10095; state: DISABLED
08-09 11:52:40.694   327   357 D CompatibilityChangeReporter: Compat change id reported: 265452344; UID 10095; state: DISABLED
08-09 11:52:40.694   327   357 D CompatibilityChangeReporter: Compat change id reported: 266124927; UID 10095; state: DISABLED
08-09 11:52:40.694   327   357 D CompatibilityChangeReporter: Compat change id reported: 265451093; UID 10095; state: DISABLED
08-09 11:52:40.694   327   357 D CompatibilityChangeReporter: Compat change id reported: 265456536; UID 10095; state: DISABLED
08-09 11:52:40.694   327   357 D CompatibilityChangeReporter: Compat change id reported: 255940284; UID 10095; state: DISABLED
08-09 11:52:40.695   327   357 D CompatibilityChangeReporter: Compat change id reported: 236283604; UID 10095; state: DISABLED
08-09 11:52:40.695   327   357 D CompatibilityChangeReporter: Compat change id reported: 263959004; UID 10095; state: DISABLED
08-09 11:52:40.696   327   357 D CompatibilityChangeReporter: Compat change id reported: 264304459; UID 10095; state: DISABLED
08-09 11:52:40.696   327   357 D CompatibilityChangeReporter: Compat change id reported: 264301586; UID 10095; state: DISABLED
08-09 11:52:40.698   327   357 D CompatibilityChangeReporter: Compat change id reported: 254631730; UID 10095; state: DISABLED
08-09 11:52:40.699   327   357 D CompatibilityChangeReporter: Compat change id reported: 273509367; UID 10095; state: DISABLED
08-09 11:52:40.699   327   357 D CompatibilityChangeReporter: Compat change id reported: 263259275; UID 10095; state: DISABLED
08-09 11:52:40.699   327   357 D CompatibilityChangeReporter: Compat change id reported: 194480991; UID 10095; state: ENABLED
08-09 11:52:40.703   327   357 D CompatibilityChangeReporter: Compat change id reported: 174042980; UID 10095; state: DISABLED
08-09 11:52:40.705   327   357 D CompatibilityChangeReporter: Compat change id reported: 184838306; UID 10095; state: DISABLED
08-09 11:52:40.707   327   357 D CompatibilityChangeReporter: Compat change id reported: 185004937; UID 10095; state: DISABLED
08-09 11:52:40.708   327   357 D CompatibilityChangeReporter: Compat change id reported: 181136395; UID 10095; state: DISABLED
08-09 11:52:40.708   327   357 D CompatibilityChangeReporter: Compat change id reported: 174042936; UID 10095; state: DISABLED
08-09 11:52:40.714   327   693 D CompatibilityChangeReporter: Compat change id reported: 168419799; UID 10095; state: DISABLED
08-09 11:52:40.716   327   693 D CompatibilityChangeReporter: Compat change id reported: 273564678; UID 10095; state: DISABLED
08-09 11:52:40.792   327   693 W ActivityTaskManager: Tried to set launchTime (0) < mLastActivityLaunchTime (59715089)
08-09 11:52:40.929   327   357 I ActivityTaskManager: START u0 {flg=0x2000000 cmp=com.google.android.gms/.auth.uiflows.addaccount.WrapperControlledActivity (has extras)} from uid 10095
08-09 11:52:40.953   327   357 W ActivityTaskManager: Tried to set launchTime (0) < mLastActivityLaunchTime (59715973)
08-09 11:52:41.226   327   357 I ActivityTaskManager: START u0 {act=com.google.android.gms.auth.addaccount.PRE_ADD_ACCOUNT cmp=com.google.android.gms/.auth.uiflows.addaccount.PreAddAccountActivity (has extras)} from uid 10095
08-09 11:52:41.256   327   357 D CoreBackPreview: Window{2ee32c6 u0 com.google.android.gms/com.google.android.gms.auth.uiflows.addaccount.WrapperControlledActivity}: Setting back callback OnBackInvokedCallbackInfo{mCallback=android.window.IOnBackInvokedCallback$Stub$Proxy@f6605b4, mPriority=0}
08-09 11:52:41.266   327   693 W ActivityTaskManager: Tried to set launchTime (0) < mLastActivityLaunchTime (59716132)
08-09 11:52:41.470   327   693 W ActivityManager: Unable to start service Intent { act=com.google.android.gms.enterprise.service.START pkg=com.google.android.gms } U=0: not found
08-09 11:52:41.471   327   693 W ActivityManager: Unbind failed: could not find connection for android.os.BinderProxy@337c920
08-09 11:52:41.504   327   357 D CoreBackPreview: Window{50ed976 u0 com.google.android.gms/com.google.android.gms.auth.uiflows.addaccount.PreAddAccountActivity}: Setting back callback OnBackInvokedCallbackInfo{mCallback=android.window.IOnBackInvokedCallback$Stub$Proxy@e7043e4, mPriority=0}
08-09 11:52:41.602   327   357 D CompatibilityChangeReporter: Compat change id reported: 214016041; UID 10095; state: ENABLED
08-09 11:52:41.639   327   693 D CoreBackPreview: Window{5c0711b u0 com.android.settings/com.android.settings.accounts.AddAccountSettings}: Setting back callback null
08-09 11:52:42.573   327   693 I ActivityTaskManager: START u0 {flg=0x2000000 cmp=com.google.android.gms/.auth.uiflows.minutemaid.MinuteMaidActivity (has extras)} from uid 10095
08-09 11:52:42.622   327   693 W ActivityTaskManager: Tried to set launchTime (0) < mLastActivityLaunchTime (59716445)
08-09 11:52:43.309   327   693 D CompatibilityChangeReporter: Compat change id reported: 135634846; UID 99001; state: DISABLED
08-09 11:52:43.310   327   372 D CompatibilityChangeReporter: Compat change id reported: 143937733; UID 10095; state: ENABLED
08-09 11:52:43.400   327   372 E ActivityManager: Unable to create process group for com.google.android.webview:sandboxed_process0:org.chromium.content.app.SandboxedProcessService0:0 (7502)
08-09 11:52:43.400   327   372 W ActivityManager: Slow operation: 91ms so far, now at startProcess: returned from zygote!
08-09 11:52:43.400   327   372 W ActivityManager: Slow operation: 91ms so far, now at startProcess: done updating battery stats
08-09 11:52:43.400   327   372 W ActivityManager: Slow operation: 91ms so far, now at startProcess: building log message
08-09 11:52:43.400   327   372 I ActivityManager: Start proc 7502:com.google.android.webview:sandboxed_process0:org.chromium.content.app.SandboxedProcessService0:0/u0i1 for  {com.google.android.gms/org.chromium.content.app.SandboxedProcessService0:0}
08-09 11:52:43.400   327   372 W ActivityManager: Slow operation: 91ms so far, now at startProcess: starting to update pids map
08-09 11:52:43.400   327   372 W ActivityManager: Slow operation: 91ms so far, now at startProcess: done updating pids map
08-09 11:52:43.738   327   693 D CompatibilityChangeReporter: Compat change id reported: 168419799; UID 10111; state: DISABLED
08-09 11:52:43.738   327   693 D CompatibilityChangeReporter: Compat change id reported: 273564678; UID 10111; state: DISABLED
08-09 11:52:43.938   327   357 D CoreBackPreview: Window{94b73d0 u0 com.google.android.gms/com.google.android.gms.auth.uiflows.minutemaid.MinuteMaidActivity}: Setting back callback OnBackInvokedCallbackInfo{mCallback=android.window.IOnBackInvokedCallback$Stub$Proxy@119b6ce, mPriority=0}
08-09 11:52:44.172   327  6244 D CoreBackPreview: Window{2ee32c6 u0 com.google.android.gms/com.google.android.gms.auth.uiflows.addaccount.WrapperControlledActivity}: Setting back callback null
08-09 11:52:44.209   327  3961 D CoreBackPreview: Window{50ed976 u0 com.google.android.gms/com.google.android.gms.auth.uiflows.addaccount.PreAddAccountActivity}: Setting back callback null
08-09 11:52:44.219   327  6244 D CompatibilityChangeReporter: Compat change id reported: 214016041; UID 10095; state: ENABLED
08-09 11:52:44.643   327  6244 D OomAdjuster: Not killing cached processes
08-09 11:52:50.480   327  3961 D OomAdjuster: Not killing cached processes
08-09 11:52:51.245  7223  7223 D VRI[NavigationBar0]: updatePointerIcon called with position out of bounds
08-09 11:52:51.333   327   357 D AutofillSession: createPendingIntent for request 5
08-09 11:52:51.418   327   327 W Looper  : Slow dispatch took 285ms main h=android.service.notification.NotificationListenerService$MyHandler c=null m=1
08-09 11:52:51.418   327   327 W Looper  : Slow delivery took 289ms main h=android.service.notification.NotificationListenerService$MyHandler c=null m=1
08-09 11:52:51.419   327   327 W Looper  : Drained
08-09 11:52:51.662   327  6244 D CoreBackPreview: Window{94b73d0 u0 com.google.android.gms/com.google.android.gms.auth.uiflows.minutemaid.MinuteMaidActivity}: Setting back callback OnBackInvokedCallbackInfo{mCallback=android.window.IOnBackInvokedCallback$Stub$Proxy@90e7fb2, mPriority=0}
08-09 11:52:52.797   327   327 D AutofillSession: Service did not request to wait for delayed fill response.
08-09 11:52:55.954   327   370 D OomAdjuster: Not killing cached processes
08-09 11:52:57.622   327  6244 D CoreBackPreview: Window{94b73d0 u0 com.google.android.gms/com.google.android.gms.auth.uiflows.minutemaid.MinuteMaidActivity}: Setting back callback OnBackInvokedCallbackInfo{mCallback=android.window.IOnBackInvokedCallback$Stub$Proxy@28ca907, mPriority=0}
08-09 11:53:00.602   327   693 W PresentationStatsEventLogger: Shouldn't be logging AutofillPresentationEventReported again for same event
08-09 11:53:00.616   327  6244 D AutofillSession: createPendingIntent for request 6
08-09 11:53:00.961   327  6244 D OomAdjuster: Not killing cached processes
08-09 11:53:01.060   327   327 D AutofillSession: Service did not request to wait for delayed fill response.
08-09 11:53:01.245   327   362 D CoreBackPreview: Window{be9048c u0 Autofill UI}: Setting back callback OnBackInvokedCallbackInfo{mCallback=android.window.WindowOnBackInvokedDispatcher$OnBackInvokedCallbackWrapper@a04e390, mPriority=0}
08-09 11:53:01.612   327   357 D CoreBackPreview: Window{94b73d0 u0 com.google.android.gms/com.google.android.gms.auth.uiflows.minutemaid.MinuteMaidActivity}: Setting back callback OnBackInvokedCallbackInfo{mCallback=android.window.IOnBackInvokedCallback$Stub$Proxy@895cbf2, mPriority=0}
08-09 11:53:01.807   327   362 W Looper  : Slow dispatch took 558ms android.ui h=android.view.Choreographer$FrameHandler c=android.view.Choreographer$FrameDisplayEventReceiver@aa673ec m=0
08-09 11:53:01.807   327   362 W Looper  : Slow delivery took 572ms android.ui h=com.android.server.wm.DisplayPolicy$PolicyHandler c=com.android.server.wm.DisplayPolicy$$ExternalSyntheticLambda13@e3d36bb m=0
08-09 11:53:01.902   327   362 W Looper  : Drained
08-09 11:53:02.172   327   362 D CoreBackPreview: Window{be9048c u0 Autofill UI}: Setting back callback null
08-09 11:53:02.197   327   364 V WindowManager: Unknown focus tokens, dropping reportFocusChanged
08-09 11:53:02.231   327  6244 D CoreBackPreview: Window{94b73d0 u0 com.google.android.gms/com.google.android.gms.auth.uiflows.minutemaid.MinuteMaidActivity}: Setting back callback OnBackInvokedCallbackInfo{mCallback=android.window.IOnBackInvokedCallback$Stub$Proxy@5dda226, mPriority=0}
08-09 11:53:02.232   327  6244 D CoreBackPreview: Window{94b73d0 u0 com.google.android.gms/com.google.android.gms.auth.uiflows.minutemaid.MinuteMaidActivity}: Setting back callback OnBackInvokedCallbackInfo{mCallback=android.window.IOnBackInvokedCallback$Stub$Proxy@629ce67, mPriority=0}
08-09 11:53:04.048   327   362 W Looper  : Slow dispatch took 342ms android.ui h=android.os.Handler c=com.android.server.autofill.ui.AutoFillUI$$ExternalSyntheticLambda0@70d0a44 m=0
08-09 11:53:04.599   327   370 W ContentProviderHelper: Slow operation: 99ms so far, now at getContentProviderImpl: done!
08-09 11:53:07.137   327  3961 D OomAdjuster: Not killing cached processes
08-09 11:53:07.138   327   327 W Looper  : Slow dispatch took 1393ms main h=android.app.ActivityThread$H c=null m=131
08-09 11:53:07.544   327   327 W Looper  : Slow delivery took 1078ms main h=android.os.Handler c=ServiceConnector@986(Intent { act=android.service.autofill.AutofillService cmp=com.google.android.gms/.autofill.service.AutofillService }, user: 0)[Unbinding...] m=0
08-09 11:53:07.545   327  6245 W ContentProviderHelper: Slow operation: 401ms so far, now at getContentProviderImpl: after updateOomAdj
08-09 11:53:07.547   327  6245 W ContentProviderHelper: Slow operation: 403ms so far, now at getContentProviderImpl: done!
08-09 11:53:08.276   327   327 W Looper  : Slow dispatch took 731ms main h=android.os.Handler c=com.android.internal.infra.ServiceConnector$Impl$$ExternalSyntheticLambda1@e592b86 m=0
08-09 11:53:08.276   327   327 W Looper  : Drained
08-09 11:53:08.686   327   327 W Looper  : Slow dispatch took 207ms main h=com.android.server.notification.NotificationManagerService$WorkerHandler c=com.android.server.notification.NotificationManagerService$PostNotificationRunnable$$ExternalSyntheticLambda1@6de8c47 m=0
08-09 11:53:08.769   327   327 W Looper  : Slow delivery took 209ms main h=android.service.notification.NotificationListenerService$MyHandler c=null m=1
08-09 11:53:09.300   327   327 W Looper  : Drained
08-09 11:53:09.771   327   886 W ContentProviderHelper: Slow operation: 94ms so far, now at getContentProviderImpl: done!
08-09 11:53:11.313   327   693 D CoreBackPreview: Window{94b73d0 u0 com.google.android.gms/com.google.android.gms.auth.uiflows.minutemaid.MinuteMaidActivity}: Setting back callback OnBackInvokedCallbackInfo{mCallback=android.window.IOnBackInvokedCallback$Stub$Proxy@34255e, mPriority=0}
08-09 11:53:12.004   327   327 W Looper  : Slow dispatch took 194ms main h=android.os.Handler c=android.app.AlarmManager$ListenerWrapper@761027f m=0
08-09 11:53:12.108   327   327 W Looper  : Slow dispatch took 104ms main h=com.android.server.job.JobSchedulerService$JobHandler c=null m=8
08-09 11:53:12.146   327   327 D OomAdjuster: Not killing cached processes
08-09 11:53:12.146   327   327 W JobScheduler: Job didn't exist in JobStore: 7a90772 #1000/100033 com.android.contacts/com.google/sayyid.azzam.mufhadol@gmail.com:android
08-09 11:53:12.846   327   357 W PresentationStatsEventLogger: Shouldn't be logging AutofillPresentationEventReported again for same event
08-09 11:53:13.121   327   886 D CoreBackPreview: Window{94b73d0 u0 com.google.android.gms/com.google.android.gms.auth.uiflows.minutemaid.MinuteMaidActivity}: Setting back callback OnBackInvokedCallbackInfo{mCallback=android.window.IOnBackInvokedCallback$Stub$Proxy@3c0e47a, mPriority=0}
08-09 11:53:15.202   327   327 W Looper  : Slow dispatch took 488ms main h=android.service.notification.NotificationListenerService$MyHandler c=null m=1
08-09 11:53:15.202   327   327 W Looper  : Slow delivery took 489ms main h=android.service.notification.NotificationListenerService$MyHandler c=null m=1
08-09 11:53:15.404   327   327 W Looper  : Drained
08-09 11:53:16.003   327   327 W Looper  : Slow dispatch took 596ms main h=android.service.notification.NotificationListenerService$MyHandler c=null m=1
08-09 11:53:16.003   327   327 W Looper  : Slow delivery took 600ms main h=android.service.notification.NotificationListenerService$MyHandler c=null m=1
08-09 11:53:16.165   327   327 W Looper  : Drained
08-09 11:53:16.333   327   327 W Looper  : Slow dispatch took 128ms main h=android.service.notification.NotificationListenerService$MyHandler c=null m=1
08-09 11:53:17.237   327  6245 D OomAdjuster: Not killing cached processes
08-09 11:53:20.953   327   327 W Looper  : Slow dispatch took 1042ms main h=android.service.notification.NotificationListenerService$MyHandler c=null m=1
08-09 11:53:20.953   327   327 W Looper  : Slow delivery took 1043ms main h=android.service.notification.NotificationListenerService$MyHandler c=null m=1
08-09 11:53:20.953   327   327 W Looper  : Drained
08-09 11:53:21.028  7223  7223 D VRI[NavigationBar0]: updatePointerIcon called with position out of bounds
08-09 11:53:21.509   327   377 W BatteryExternalStatsWorker: error reading Bluetooth stats: 9
08-09 11:53:22.350   327  6245 D OomAdjuster: Not killing cached processes
08-09 11:53:24.188   327  4101 D CoreBackPreview: Window{94b73d0 u0 com.google.android.gms/com.google.android.gms.auth.uiflows.minutemaid.MinuteMaidActivity}: Setting back callback OnBackInvokedCallbackInfo{mCallback=android.window.IOnBackInvokedCallback$Stub$Proxy@38135bb, mPriority=0}
08-09 11:53:27.354   327  4101 D OomAdjuster: Not killing cached processes
08-09 11:53:29.283  7223  7223 D VRI[NavigationBar0]: updatePointerIcon called with position out of bounds
08-09 11:53:30.541   327   327 W Looper  : Slow dispatch took 114ms main h=com.android.server.notification.NotificationManagerService$WorkerHandler c=com.android.server.notification.NotificationManagerService$PostNotificationRunnable@ad4f98 m=0
08-09 11:53:30.660   327  4101 W PresentationStatsEventLogger: Shouldn't be logging AutofillPresentationEventReported again for same event
08-09 11:53:30.771   327  4101 D AutofillSession: createPendingIntent for request 7
