08-09 11:55:24.951   327   370 I PackageWatchdog: Syncing state, reason: observing new packages
08-09 11:55:24.951   327   370 D PackageWatchdog: rescue-party-observer added the following packages to monitor [android]
08-09 11:55:24.951   327   370 I PackageWatchdog: Syncing state, reason: updated observers
08-09 11:55:24.951   327   370 I PackageWatchdog: Not pruning observers, elapsed time: 0ms
08-09 11:55:24.951   327   370 I PackageWatchdog: Saving observer state to file
08-09 11:55:24.956   327   327 I PackageWatchdog: Syncing health check requests for packages: {}
08-09 11:55:24.956   327   327 I ExplicitHealthCheckController: Service not ready to get health check supported packages. Binding...
08-09 11:55:24.963   327   327 I ExplicitHealthCheckController: Explicit health check service is bound
08-09 11:55:24.965   327   327 I ExplicitHealthCheckController: Explicit health check service is connected ComponentInfo{android.ext.services/android.ext.services.watchdog.ExplicitHealthCheckServiceImpl}
08-09 11:55:24.966   327   327 I ExplicitHealthCheckController: Service initialized, syncing requests
08-09 11:55:24.966   327   327 I PackageWatchdog: Syncing health check requests for packages: {}
08-09 11:55:24.968   327   327 D ExplicitHealthCheckController: Getting health check supported packages
08-09 11:55:24.972   327   693 I ExplicitHealthCheckController: Explicit health check supported packages [PackageConfig{com.android.networkstack, 86400000}]
08-09 11:55:24.972   327   693 D PackageWatchdog: Received supported packages [PackageConfig{com.android.networkstack, 86400000}]
08-09 11:55:24.972   327   693 D ExplicitHealthCheckController: Getting health check requested packages
08-09 11:55:24.975   327   693 I ExplicitHealthCheckController: Explicit health check requested packages []
08-09 11:55:24.975   327   693 I ExplicitHealthCheckController: No more health check requests, unbinding...
08-09 11:55:24.979   327   693 I ExplicitHealthCheckController: Explicit health check service is unbound
08-09 11:55:25.224   327  3961 I RescueParty: Starting to observe: [android], updated namespace: display_manager
08-09 11:55:25.224   327   370 I PackageWatchdog: Syncing state, reason: observing new packages
08-09 11:55:25.224   327   370 D PackageWatchdog: rescue-party-observer added the following packages to monitor [android]
08-09 11:55:25.224   327   370 I PackageWatchdog: Syncing state, reason: updated observers
08-09 11:55:25.226   327   370 I PackageWatchdog: Saving observer state to file
08-09 11:55:25.226   327   327 I PackageWatchdog: Syncing health check requests for packages: {}
08-09 11:55:25.227   327   327 I ExplicitHealthCheckController: Service not ready to get health check supported packages. Binding...
08-09 11:55:25.241   327   327 I ExplicitHealthCheckController: Explicit health check service is bound
08-09 11:55:25.255   327   327 I PackageWatchdog: Syncing health check requests for packages: {}
08-09 11:55:25.255   327   327 I ExplicitHealthCheckController: Service not ready to get health check supported packages. Binding...
08-09 11:55:25.255   327   327 I ExplicitHealthCheckController: Not binding to service, service already connecting
08-09 11:55:25.263   327   383 W BrightnessThrottler: DeviceConfig BrightnessThrottlingData is null
08-09 11:55:25.263   327   383 W BrightnessThrottler: DeviceConfig BrightnessThrottlingData is null
08-09 11:55:25.265   327   327 I ExplicitHealthCheckController: Explicit health check service is connected ComponentInfo{android.ext.services/android.ext.services.watchdog.ExplicitHealthCheckServiceImpl}
08-09 11:55:25.265   327   327 I ExplicitHealthCheckController: Service initialized, syncing requests
08-09 11:55:25.265   327   327 I PackageWatchdog: Syncing health check requests for packages: {}
08-09 11:55:25.265   327   327 D ExplicitHealthCheckController: Getting health check supported packages
08-09 11:55:25.281   327  3961 I ExplicitHealthCheckController: Explicit health check supported packages [PackageConfig{com.android.networkstack, 86400000}]
08-09 11:55:25.281   327  3961 D PackageWatchdog: Received supported packages [PackageConfig{com.android.networkstack, 86400000}]
08-09 11:55:25.282   327  3961 D ExplicitHealthCheckController: Getting health check requested packages
08-09 11:55:25.287   327   693 I ExplicitHealthCheckController: Explicit health check requested packages []
08-09 11:55:25.287   327   693 I ExplicitHealthCheckController: No more health check requests, unbinding...
08-09 11:55:25.288   327   693 I ExplicitHealthCheckController: Explicit health check service is unbound
08-09 11:55:25.950   327  3961 W BroadcastQueue: Background execution not allowed: receiving Intent { act=android.intent.action.DROPBOX_ENTRY_ADDED flg=0x10 (has extras) } to com.google.android.gms/.stats.service.DropBoxEntryAddedReceiver
08-09 11:55:26.270   327  6245 I ActivityManager: Background started FGS: Allowed [callingPackage: org.lineageos.etar; callingUid: 10107; uidState: RCVR; intent: Intent { cmp=org.lineageos.etar/com.android.calendar.alerts.AlertService (has extras) }; code:SYSTEM_ALLOW_LISTED; tempAllowListReason:<,reasonCode:SYSTEM_ALLOW_LISTED,duration:9223372036854775807,callingUid:-1>; targetSdkVersion:33; callerTargetSdkVersion:33; startForegroundCount:0; bindFromPackage:null]
08-09 11:55:26.433   327  6245 W ActivityManager: Foreground service started from background can not have location/camera/microphone access: service org.lineageos.etar/com.android.calendar.alerts.AlertService
08-09 11:55:27.106   327   362 W Looper  : Slow dispatch took 334ms android.ui h=android.view.ViewRootImpl$ViewRootHandler c=android.view.View$PerformClick@943923b m=0
08-09 11:55:27.118   327   362 W Looper  : Slow delivery took 346ms android.ui h=android.view.ViewRootImpl$ViewRootHandler c=android.view.View$UnsetPressedState@cf56d58 m=0
08-09 11:55:27.555   327   362 I ActivityManager: Killing 7223:com.android.systemui/u0a125 (adj -800): user request after error
08-09 11:55:27.581   327   362 D CoreBackPreview: Window{385d41f u0 Application Not Responding: com.android.systemui}: Setting back callback null
08-09 11:55:28.024   327   327 W Looper  : Slow dispatch took 1398ms main h=com.android.providers.settings.SettingsProvider$SettingsRegistry$MyHandler c=null m=1
08-09 11:55:28.025   327   327 W Looper  : Slow delivery took 1400ms main h=com.android.providers.settings.SettingsProvider$SettingsRegistry$MyHandler c=null m=2
08-09 11:55:28.031   327   327 W Looper  : Drained
08-09 11:55:28.042   327  1389 D DisplayAreaOrganizerController: Organizer died before sending onDisplayAreaVanished
08-09 11:55:28.053   327  1378 D DisplayAreaOrganizerController: Organizer died before sending onDisplayAreaVanished
08-09 11:55:28.084   327  1389 I MR2ServiceImpl: unregisterManager | package: com.android.systemui, user: 0, manager: 4
08-09 11:55:28.500   327  1380 I StatusBarManagerService: binder died for pkg=com.android.systemui
08-09 11:55:28.501   327   796 D NotificationListeners: Removing active service ComponentInfo{com.android.systemui/com.android.systemui.statusbar.NotificationListener}
08-09 11:55:28.511   327   327 W Looper  : Slow dispatch took 410ms main h=android.app.ActivityThread$H c=android.app.LoadedApk$ServiceDispatcher$RunConnection@5446c1e m=0
08-09 11:55:28.960   327   327 W WallpaperManagerService: Wallpaper service gone: ComponentInfo{com.android.systemui/com.android.systemui.wallpapers.ImageWallpaper}
08-09 11:55:29.010   327  1378 I WindowManager: WIN DEATH: Window{99a08ce u0 ScreenDecorOverlay}
08-09 11:55:29.023   327  1658 I WindowManager: WIN DEATH: Window{c6dcdcc u0 NavigationBar0}
08-09 11:55:29.038   327  1658 W WindowManager: Failed to report 'resized' to Window{45b8f30 u0 StatusBar} due to android.os.DeadObjectException
08-09 11:55:29.040   327   327 W Looper  : Slow delivery took 411ms main h=android.app.ActivityThread$H c=android.app.LoadedApk$ServiceDispatcher$RunConnection@cf783ef m=0
08-09 11:55:29.040   327   327 W Looper  : Slow dispatch took 528ms main h=android.app.ActivityThread$H c=android.app.LoadedApk$ServiceDispatcher$RunConnection@cf783ef m=0
08-09 11:55:29.041   327   327 W WallpaperManagerService: Wallpaper service gone: ComponentInfo{com.android.systemui/com.android.systemui.wallpapers.ImageWallpaper}
08-09 11:55:29.078   327  6245 I ActivityManager: Process com.android.systemui (pid 7223) has died: pers PER 
08-09 11:55:29.088   327   327 W Looper  : Drained
08-09 11:55:29.100   327   796 I RescueParty: Starting to observe: [android], updated namespace: tethering
08-09 11:55:29.170   327  1658 I ActivityTaskManager: Config changes=20000400 {1.0 ?mcc?mnc [en_US] ldltr sw656dp w1214dp h628dp 180dpi lrg long land night finger qwerty/v/v dpad/v winConfig={ mBounds=Rect(0, 0 - 1366, 738) mAppBounds=Rect(0, 0 - 1366, 738) mMaxBounds=Rect(0, 0 - 1366, 738) mDisplayRotation=ROTATION_0 mWindowingMode=fullscreen mDisplayWindowingMode=fullscreen mActivityType=undefined mAlwaysOnTop=undefined mRotation=ROTATION_0} as.5 s.850 fontWeightAdjustment=0}
08-09 11:55:31.896   327  1658 E ActivityTaskManager: Failed to schedule configuration change: ProcessRecord{311ea96 7223:com.android.systemui/u0a125}
08-09 11:55:31.896   327  1658 E ActivityTaskManager: android.os.DeadObjectException
08-09 11:55:31.896   327  1658 E ActivityTaskManager: 	at android.os.BinderProxy.transactNative(Native Method)
08-09 11:55:31.896   327  1658 E ActivityTaskManager: 	at android.os.BinderProxy.transact(BinderProxy.java:584)
08-09 11:55:31.896   327  1658 E ActivityTaskManager: 	at android.app.IApplicationThread$Stub$Proxy.scheduleTransaction(IApplicationThread.java:1900)
08-09 11:55:31.896   327  1658 E ActivityTaskManager: 	at android.app.servertransaction.ClientTransaction.schedule(ClientTransaction.java:136)
08-09 11:55:31.896   327  1658 E ActivityTaskManager: 	at com.android.server.wm.ClientLifecycleManager.scheduleTransaction(ClientLifecycleManager.java:47)
08-09 11:55:31.896   327  1658 E ActivityTaskManager: 	at com.android.server.wm.ClientLifecycleManager.scheduleTransaction(ClientLifecycleManager.java:100)
08-09 11:55:31.896   327  1658 E ActivityTaskManager: 	at com.android.server.wm.WindowProcessController.scheduleConfigurationChange(WindowProcessController.java:1478)
08-09 11:55:31.896   327  1658 E ActivityTaskManager: 	at com.android.server.wm.WindowProcessController.dispatchConfiguration(WindowProcessController.java:1466)
08-09 11:55:31.896   327  1658 E ActivityTaskManager: 	at com.android.server.wm.WindowProcessController.onConfigurationChanged(WindowProcessController.java:1413)
08-09 11:55:31.896   327  1658 E ActivityTaskManager: 	at com.android.server.wm.ActivityTaskManagerService.updateGlobalConfigurationLocked(ActivityTaskManagerService.java:4494)
08-09 11:55:31.896   327  1658 E ActivityTaskManager: 	at com.android.server.wm.DisplayContent.updateDisplayOverrideConfigurationLocked(DisplayContent.java:6105)
08-09 11:55:31.896   327  1658 E ActivityTaskManager: 	at com.android.server.wm.DisplayContent.updateDisplayOverrideConfigurationLocked(DisplayContent.java:6082)
08-09 11:55:31.896   327  1658 E ActivityTaskManager: 	at com.android.server.wm.DisplayContent.sendNewConfiguration(DisplayContent.java:1586)
08-09 11:55:31.896   327  1658 E ActivityTaskManager: 	at com.android.server.wm.WindowState.removeIfPossible(WindowState.java:2652)
08-09 11:55:31.896   327  1658 E ActivityTaskManager: 	at com.android.server.wm.WindowState.-$$Nest$mremoveIfPossible(Unknown Source:0)
08-09 11:55:31.896   327  1658 E ActivityTaskManager: 	at com.android.server.wm.WindowState$DeathRecipient.binderDied(WindowState.java:3139)
08-09 11:55:31.896   327  1658 E ActivityTaskManager: 	at android.os.IBinder$DeathRecipient.binderDied(IBinder.java:317)
08-09 11:55:31.896   327  1658 E ActivityTaskManager: 	at android.os.BinderProxy.sendDeathNotice(BinderProxy.java:704)
08-09 11:55:31.903   327  1658 I WindowManager: Override config changes=20000400 {1.0 ?mcc?mnc [en_US] ldltr sw656dp w1214dp h628dp 180dpi lrg long land night finger qwerty/v/v dpad/v winConfig={ mBounds=Rect(0, 0 - 1366, 738) mAppBounds=Rect(0, 0 - 1366, 738) mMaxBounds=Rect(0, 0 - 1366, 738) mDisplayRotation=ROTATION_0 mWindowingMode=fullscreen mDisplayWindowingMode=fullscreen mActivityType=undefined mAlwaysOnTop=undefined mRotation=ROTATION_0} as.5 s.850 fontWeightAdjustment=0} for displayId=0
08-09 11:55:31.931   327  1658 W WindowManager: Could not report config changes to the window token client.
08-09 11:55:31.959   327  1658 W WindowManager: Could not report config changes to the window token client.
08-09 11:55:31.978   327  1658 W WindowManager: Failed to report 'resized' to Window{45b8f30 u0 StatusBar} due to android.os.DeadObjectException
08-09 11:55:31.979   327  4416 I WindowManager: WIN DEATH: Window{c1ca0fb u0 NotificationShade}
08-09 11:55:31.987   327  1389 I WindowManager: WIN DEATH: Window{45b8f30 u0 StatusBar}
08-09 11:55:32.030   327  1389 I ActivityTaskManager: Config changes=400 {1.0 ?mcc?mnc [en_US] ldltr sw656dp w1214dp h656dp 180dpi lrg long land night finger qwerty/v/v dpad/v winConfig={ mBounds=Rect(0, 0 - 1366, 738) mAppBounds=Rect(0, 0 - 1366, 738) mMaxBounds=Rect(0, 0 - 1366, 738) mDisplayRotation=ROTATION_0 mWindowingMode=fullscreen mDisplayWindowingMode=fullscreen mActivityType=undefined mAlwaysOnTop=undefined mRotation=ROTATION_0} as.5 s.891 fontWeightAdjustment=0}
08-09 11:55:32.050   327  1389 E ActivityTaskManager: Failed to schedule configuration change: ProcessRecord{311ea96 7223:com.android.systemui/u0a125}
08-09 11:55:32.050   327  1389 E ActivityTaskManager: android.os.DeadObjectException
08-09 11:55:32.050   327  1389 E ActivityTaskManager: 	at android.os.BinderProxy.transactNative(Native Method)
08-09 11:55:32.050   327  1389 E ActivityTaskManager: 	at android.os.BinderProxy.transact(BinderProxy.java:584)
08-09 11:55:32.050   327  1389 E ActivityTaskManager: 	at android.app.IApplicationThread$Stub$Proxy.scheduleTransaction(IApplicationThread.java:1900)
08-09 11:55:32.050   327  1389 E ActivityTaskManager: 	at android.app.servertransaction.ClientTransaction.schedule(ClientTransaction.java:136)
08-09 11:55:32.050   327  1389 E ActivityTaskManager: 	at com.android.server.wm.ClientLifecycleManager.scheduleTransaction(ClientLifecycleManager.java:47)
08-09 11:55:32.050   327  1389 E ActivityTaskManager: 	at com.android.server.wm.ClientLifecycleManager.scheduleTransaction(ClientLifecycleManager.java:100)
08-09 11:55:32.050   327  1389 E ActivityTaskManager: 	at com.android.server.wm.WindowProcessController.scheduleConfigurationChange(WindowProcessController.java:1478)
08-09 11:55:32.050   327  1389 E ActivityTaskManager: 	at com.android.server.wm.WindowProcessController.dispatchConfiguration(WindowProcessController.java:1466)
08-09 11:55:32.050   327  1389 E ActivityTaskManager: 	at com.android.server.wm.WindowProcessController.onConfigurationChanged(WindowProcessController.java:1413)
08-09 11:55:32.050   327  1389 E ActivityTaskManager: 	at com.android.server.wm.ActivityTaskManagerService.updateGlobalConfigurationLocked(ActivityTaskManagerService.java:4494)
08-09 11:55:32.050   327  1389 E ActivityTaskManager: 	at com.android.server.wm.DisplayContent.updateDisplayOverrideConfigurationLocked(DisplayContent.java:6105)
08-09 11:55:32.050   327  1389 E ActivityTaskManager: 	at com.android.server.wm.DisplayContent.updateDisplayOverrideConfigurationLocked(DisplayContent.java:6082)
08-09 11:55:32.050   327  1389 E ActivityTaskManager: 	at com.android.server.wm.DisplayContent.sendNewConfiguration(DisplayContent.java:1586)
08-09 11:55:32.050   327  1389 E ActivityTaskManager: 	at com.android.server.wm.WindowState.removeIfPossible(WindowState.java:2652)
08-09 11:55:32.050   327  1389 E ActivityTaskManager: 	at com.android.server.wm.WindowState.-$$Nest$mremoveIfPossible(Unknown Source:0)
08-09 11:55:32.050   327  1389 E ActivityTaskManager: 	at com.android.server.wm.WindowState$DeathRecipient.binderDied(WindowState.java:3139)
08-09 11:55:32.050   327  1389 E ActivityTaskManager: 	at android.os.IBinder$DeathRecipient.binderDied(IBinder.java:317)
08-09 11:55:32.050   327  1389 E ActivityTaskManager: 	at android.os.BinderProxy.sendDeathNotice(BinderProxy.java:704)
08-09 11:55:32.065   327  1389 I WindowManager: Override config changes=400 {1.0 ?mcc?mnc [en_US] ldltr sw656dp w1214dp h656dp 180dpi lrg long land night finger qwerty/v/v dpad/v winConfig={ mBounds=Rect(0, 0 - 1366, 738) mAppBounds=Rect(0, 0 - 1366, 738) mMaxBounds=Rect(0, 0 - 1366, 738) mDisplayRotation=ROTATION_0 mWindowingMode=fullscreen mDisplayWindowingMode=fullscreen mActivityType=undefined mAlwaysOnTop=undefined mRotation=ROTATION_0} as.5 s.891 fontWeightAdjustment=0} for displayId=0
08-09 11:55:32.069   327  1389 W WindowManager: Could not report config changes to the window token client.
08-09 11:55:32.070   327  1389 W WindowManager: Could not report config changes to the window token client.
08-09 11:55:32.074   327  4414 I WindowManager: WIN DEATH: Window{b8b2a6f u0 ShellDropTarget}
08-09 11:55:32.082   327  4363 I WindowManager: WIN DEATH: Window{b22bf63 u0 com.android.systemui.wallpapers.ImageWallpaper}
08-09 11:55:32.089   327  5966 I WindowManager: WIN DEATH: Window{af7300 u0 ScreenDecorOverlayBottom}
08-09 11:55:32.193   327   422 I WindowManager: ANR in input window owned by pid=327. Reason: 385d41f Application Not Responding: com.android.systemui (server) is not responding. Waited 5003ms for MotionEvent
08-09 11:55:32.220   327  6245 W ActivityManager: Scheduling restart of crashed service com.android.systemui/.dump.SystemUIAuxiliaryDumpService in 0ms for persistent
08-09 11:55:32.221   327  6245 W ActivityManager: Scheduling restart of crashed service com.android.systemui/.keyguard.KeyguardService in 0ms for persistent
08-09 11:55:32.221   327  6245 W ActivityManager: Scheduling restart of crashed service com.android.systemui/.SystemUIService in 0ms for persistent
08-09 11:55:32.221   327  6245 W ActivityManager: Scheduling restart of crashed service com.android.systemui/.wallpapers.ImageWallpaper in 0ms for persistent
08-09 11:55:32.265   327   327 W Looper  : Slow dispatch took 3164ms main h=com.android.providers.settings.SettingsProvider$SettingsRegistry$MyHandler c=null m=1
08-09 11:55:32.268   327   327 W Looper  : Slow delivery took 3165ms main h=com.android.providers.settings.SettingsProvider$SettingsRegistry$MyHandler c=null m=2
08-09 11:55:32.272   327  6245 W ActivityManager: Re-adding persistent process ProcessRecord{311ea96 7223:com.android.systemui/u0a125}
08-09 11:55:32.289   327  6245 D CompatibilityChangeReporter: Compat change id reported: 135634846; UID 10125; state: DISABLED
08-09 11:55:32.289   327  6245 D CompatibilityChangeReporter: Compat change id reported: 177438394; UID 10125; state: DISABLED
08-09 11:55:32.289   327  6245 D CompatibilityChangeReporter: Compat change id reported: 135772972; UID 10125; state: DISABLED
08-09 11:55:32.290   327  6245 D CompatibilityChangeReporter: Compat change id reported: 135754954; UID 10125; state: ENABLED
08-09 11:55:32.303   327   370 I PackageWatchdog: Syncing state, reason: observing new packages
08-09 11:55:32.303   327   370 D PackageWatchdog: rescue-party-observer added the following packages to monitor [android]
08-09 11:55:32.303   327   370 I PackageWatchdog: Syncing state, reason: updated observers
08-09 11:55:32.303   327   370 I PackageWatchdog: Not pruning observers, elapsed time: 0ms
08-09 11:55:32.314   327   327 I PackageWatchdog: Syncing health check requests for packages: {}
08-09 11:55:32.314   327   327 I ExplicitHealthCheckController: Service not ready to get health check supported packages. Binding...
08-09 11:55:32.336   327   372 W ActivityManager: Slow operation: 62ms so far, now at startProcess: asking zygote to start proc
08-09 11:55:32.338   327   372 D CompatibilityChangeReporter: Compat change id reported: 143937733; UID 10125; state: ENABLED
08-09 11:55:32.382   327   362 W Looper  : Slow dispatch took 5264ms android.ui h=com.android.server.am.AppNotRespondingDialog$1 c=null m=1
08-09 11:55:32.438   327   327 I ExplicitHealthCheckController: Explicit health check service is bound
08-09 11:55:32.438   327   327 W Looper  : Slow dispatch took 124ms main h=android.os.Handler c=com.android.server.PackageWatchdog$$ExternalSyntheticLambda5@8214f1e m=0
08-09 11:55:32.448   327   327 W Looper  : Drained
08-09 11:55:32.476   327   327 I ExplicitHealthCheckController: Explicit health check service is connected ComponentInfo{android.ext.services/android.ext.services.watchdog.ExplicitHealthCheckServiceImpl}
08-09 11:55:32.477   327   327 I ExplicitHealthCheckController: Service initialized, syncing requests
08-09 11:55:32.477   327   327 I PackageWatchdog: Syncing health check requests for packages: {}
08-09 11:55:32.477   327   327 D ExplicitHealthCheckController: Getting health check supported packages
08-09 11:55:32.505   327   357 I ExplicitHealthCheckController: Explicit health check supported packages [PackageConfig{com.android.networkstack, 86400000}]
08-09 11:55:32.505   327   357 D PackageWatchdog: Received supported packages [PackageConfig{com.android.networkstack, 86400000}]
08-09 11:55:32.505   327   357 D ExplicitHealthCheckController: Getting health check requested packages
08-09 11:55:32.528   327   886 I ExplicitHealthCheckController: Explicit health check requested packages []
08-09 11:55:32.528   327   886 I ExplicitHealthCheckController: No more health check requests, unbinding...
08-09 11:55:32.536   327   364 W ActivityManager: setHasOverlayUi called on unknown pid: 7223
08-09 11:55:32.550   327   886 I ExplicitHealthCheckController: Explicit health check service is unbound
08-09 11:55:32.585   327   370 I PackageWatchdog: Saving observer state to file
08-09 11:55:32.595   327  6239 I ActivityManager: Killing 1393:com.android.keychain/1000 (adj 965): empty #17
08-09 11:55:32.645   327   372 W ActivityManager: Slow operation: 374ms so far, now at startProcess: returned from zygote!
08-09 11:55:32.646   327   372 W ActivityManager: Slow operation: 374ms so far, now at startProcess: done updating battery stats
08-09 11:55:32.717   327   372 W ActivityManager: Slow operation: 445ms so far, now at startProcess: building log message
08-09 11:55:32.717   327   372 I ActivityManager: Start proc 8597:com.android.systemui/u0a125 for restart com.android.systemui
08-09 11:55:32.717   327   372 W ActivityManager: Slow operation: 445ms so far, now at startProcess: starting to update pids map
08-09 11:55:32.906   327   362 D ActivityTaskManager: Top Process State changed to PROCESS_STATE_TOP_SLEEPING
08-09 11:55:32.960   327   362 W Looper  : Slow dispatch took 424ms android.ui h=android.os.Handler c=com.android.server.policy.keyguard.KeyguardServiceDelegate$1$$ExternalSyntheticLambda0@de50fbb m=0
08-09 11:55:32.961   327   362 W Looper  : Drained
08-09 11:55:32.971   327   372 W ActivityManager: Slow operation: 699ms so far, now at startProcess: done updating pids map
08-09 11:55:33.063   327   364 V WindowManager: Unknown focus tokens, dropping reportFocusChanged
08-09 11:55:33.148   327  3961 D CompatibilityChangeReporter: Compat change id reported: 168419799; UID 10125; state: DISABLED
08-09 11:55:33.148   327  3961 D CompatibilityChangeReporter: Compat change id reported: 273564678; UID 10125; state: DISABLED
08-09 11:55:33.209   327  8612 I ActivityManager: dumpStackTraces pids={689=true, 713=true, 861=true, 914=true, 1060=true, 1072=true, 1203=true, 1239=true, 1254=true, 1308=true, 1427=true, 1452=true, 1532=true, 1570=true, 1739=true, 1936=true, 2362=true, 2461=true, 2697=true, 2840=true, 2893=true, 3041=true, 3094=true, 3156=true, 4041=true, 4471=true, 4472=true, 4604=true, 4747=true, 6583=true, 6855=true, 7433=true, 8107=true} nativepids=[31, 38, 71, 72, 96, 99, 125, 129, 130, 131, 144, 153]
08-09 11:55:33.576   327  8612 I ActivityManager: Skipping next CPU consuming process, not a java proc: 327
08-09 11:55:33.576   327  8612 I ActivityManager: Skipping next CPU consuming process, not a java proc: 18
08-09 11:55:33.576   327  8612 I ActivityManager: Skipping next CPU consuming process, not a java proc: 128
08-09 11:55:33.576   327  8612 I ActivityManager: Skipping next CPU consuming process, not a java proc: 71
08-09 11:55:33.576   327  8612 I ActivityManager: Skipping next CPU consuming process, not a java proc: 76
08-09 11:55:33.672   327  8612 I ActivityManager: Dumping to /data/anr/anr_2026-08-09-11-55-33-671
08-09 11:55:33.672   327  8612 I ActivityManager: Collecting stacks for pid 327
08-09 11:55:34.170  8597  8597 V WindowManagerShell: Adding init callback for DisplayChangeController
08-09 11:55:34.171  8597  8597 V WindowManagerShell: Adding init callback for DisplayController
08-09 11:55:34.171  8597  8597 V WindowManagerShell: Adding init callback for DisplayInsetsController
08-09 11:55:34.173  8597  8597 V WindowManagerShell: Adding init callback for DisplayImeController
08-09 11:55:34.173  8597  8597 V WindowManagerShell: Adding init callback for ShellController
08-09 11:55:34.176  8597  8597 V WindowManagerShell: Adding init callback for DragAndDropController
08-09 11:55:34.185  8597  8597 V WindowManagerShell: Adding init callback for CompatUIController
08-09 11:55:34.187  8597  8597 V WindowManagerShell: Adding init callback for RecentTasksController
08-09 11:55:34.191  8597  8597 V WindowManagerShell: Adding init callback for ShellTaskOrganizer
08-09 11:55:34.232  8597  8597 V WindowManagerShell: Adding init callback for OneHandedController
08-09 11:55:34.258  8597  8597 V WindowManagerShell: Adding init callback for DefaultTransitionHandler
08-09 11:55:34.258  8597  8597 V WindowManagerShell: addHandler: Default
08-09 11:55:34.258  8597  8597 V WindowManagerShell: addHandler: Remote
08-09 11:55:34.258  8597  8597 V WindowManagerShell: Adding init callback for Transitions
08-09 11:55:34.266  8597  8597 V WindowManagerShell: Adding init callback for BubbleController
08-09 11:55:34.279  8597  8597 V WindowManagerShell: Adding init callback for SplitScreenController
08-09 11:55:34.283   327  3961 D CompatibilityChangeReporter: Compat change id reported: 161145287; UID 10125; state: DISABLED
08-09 11:55:34.291  8597  8597 V WindowManagerShell: Adding init callback for PipTouchHandler
08-09 11:55:34.292  8597  8597 V WindowManagerShell: Adding init callback for DevicePostureController
08-09 11:55:34.292  8597  8597 V WindowManagerShell: Adding init callback for TabletopModeController
08-09 11:55:34.293  8597  8597 V WindowManagerShell: Adding init callback for PipController
08-09 11:55:34.295  8597  8597 V WindowManagerShell: Adding init callback for FullscreenTaskListener
08-09 11:55:34.297  8597  8597 V WindowManagerShell: Adding init callback for FreeformTaskListener
08-09 11:55:34.302  8597  8597 V WindowManagerShell: Adding init callback for StartingWindowController
08-09 11:55:34.304  8597  8597 V WindowManagerShell: Adding init callback for ProtoLogController
08-09 11:55:34.306  8597  8597 V WindowManagerShell: Adding init callback for KidsModeTaskOrganizer
08-09 11:55:34.315  8597  8597 V WindowManagerShell: Adding init callback for BackAnimationController
08-09 11:55:34.321  8597  8597 V WindowManagerShell: Initializing Shell Components: 24
08-09 11:55:34.323  8597  8597 V WindowManagerShell: 	DisplayChangeController init took 3ms
08-09 11:55:34.338  8597  8597 V WindowManagerShell: 	DisplayController init took 14ms
08-09 11:55:34.339  8597  8597 V WindowManagerShell: 	DisplayInsetsController init took 1ms
08-09 11:55:34.339  8597  8597 V WindowManagerShell: 	DisplayImeController init took 0ms
08-09 11:55:34.339  8597  8597 V WindowManagerShell: Adding dump callback for ShellController
08-09 11:55:34.339  8597  8597 V WindowManagerShell: 	ShellController init took 1ms
08-09 11:55:34.340  8597  8597 V WindowManagerShell: 	DragAndDropController init took 0ms
08-09 11:55:34.340  8597  8597 V WindowManagerShell: Adding command class compatui for CompatUIShellCommandHandler
08-09 11:55:34.340  8597  8597 V WindowManagerShell: 	CompatUIController init took 0ms
08-09 11:55:34.340  8597  8597 V WindowManagerShell: Adding external interface from RecentTasksController with key extra_shell_recent_tasks
08-09 11:55:34.340  8597  8597 V WindowManagerShell: Adding dump callback for RecentTasksController
08-09 11:55:34.340  8597  8597 V WindowManagerShell: 	RecentTasksController init took 1ms
08-09 11:55:34.341  8597  8597 V WindowManagerShell: Adding dump callback for ShellTaskOrganizer
08-09 11:55:34.343  8597  8597 V WindowManagerShell: 	ShellTaskOrganizer init took 2ms
08-09 11:55:34.343  8597  8597 V WindowManagerShell: Adding dump callback for OneHandedController
08-09 11:55:34.349   327  6245 I RescueParty: Starting to observe: [com.android.launcher3], updated namespace: launcher
08-09 11:55:34.350   327   370 I PackageWatchdog: Syncing state, reason: observing new packages
08-09 11:55:34.350   327   370 D PackageWatchdog: rescue-party-observer added the following packages to monitor [com.android.launcher3]
08-09 11:55:34.350   327   370 I PackageWatchdog: Syncing state, reason: updated observers
08-09 11:55:34.350   327   370 I PackageWatchdog: Not pruning observers, elapsed time: 0ms
08-09 11:55:34.350   327   370 I PackageWatchdog: Saving observer state to file
08-09 11:55:34.350  8597  8597 V WindowManagerShell: Adding external interface from OneHandedController with key extra_shell_one_handed
08-09 11:55:34.350  8597  8597 V WindowManagerShell: 	OneHandedController init took 8ms
08-09 11:55:34.357   327   327 I PackageWatchdog: Syncing health check requests for packages: {}
08-09 11:55:34.357   327   327 I ExplicitHealthCheckController: Service not ready to get health check supported packages. Binding...
08-09 11:55:34.360   327   327 I ExplicitHealthCheckController: Explicit health check service is bound
08-09 11:55:34.361   327   327 I ExplicitHealthCheckController: Explicit health check service is connected ComponentInfo{android.ext.services/android.ext.services.watchdog.ExplicitHealthCheckServiceImpl}
08-09 11:55:34.361   327   327 I ExplicitHealthCheckController: Service initialized, syncing requests
08-09 11:55:34.361   327   327 I PackageWatchdog: Syncing health check requests for packages: {}
08-09 11:55:34.361   327   327 D ExplicitHealthCheckController: Getting health check supported packages
08-09 11:55:34.361  8597  8597 V WindowManagerShell: 	DefaultTransitionHandler init took 11ms
08-09 11:55:34.362  8597  8597 V WindowManagerShell: Adding external interface from Transitions with key extra_shell_shell_transitions
08-09 11:55:34.364  8597  8597 V WindowManagerShell: 	Transitions init took 2ms
08-09 11:55:34.365   327  6245 I ExplicitHealthCheckController: Explicit health check supported packages [PackageConfig{com.android.networkstack, 86400000}]
08-09 11:55:34.366   327  6245 D PackageWatchdog: Received supported packages [PackageConfig{com.android.networkstack, 86400000}]
08-09 11:55:34.366   327  6245 D ExplicitHealthCheckController: Getting health check requested packages
08-09 11:55:34.366   327  6243 I ExplicitHealthCheckController: Explicit health check requested packages []
08-09 11:55:34.366   327  6243 I ExplicitHealthCheckController: No more health check requests, unbinding...
08-09 11:55:34.369   327  6243 I ExplicitHealthCheckController: Explicit health check service is unbound
08-09 11:55:34.371  8597  8597 V WindowManagerShell: Adding dump callback for BubbleController
08-09 11:55:34.371  8597  8597 V WindowManagerShell: 	BubbleController init took 7ms
08-09 11:55:34.371  8597  8597 V WindowManagerShell: Adding dump callback for SplitScreenController
08-09 11:55:34.371  8597  8597 V WindowManagerShell: Adding command class splitscreen for SplitScreenController
08-09 11:55:34.371  8597  8597 V WindowManagerShell: Adding external interface from SplitScreenController with key extra_shell_split_screen
08-09 11:55:34.392  8597  8597 V WindowManagerShell: addHandler: StageCoordinator
08-09 11:55:34.393  8597  8597 V WindowManagerShell: 	SplitScreenController init took 23ms
08-09 11:55:34.406   327  3961 I RescueParty: Starting to observe: [android, com.android.systemui], updated namespace: window_manager
08-09 11:55:34.413   327   370 I PackageWatchdog: Syncing state, reason: observing new packages
08-09 11:55:34.413   327   370 D PackageWatchdog: rescue-party-observer added the following packages to monitor [android, com.android.systemui]
08-09 11:55:34.413   327   370 I PackageWatchdog: Syncing state, reason: updated observers
08-09 11:55:34.413   327   370 I PackageWatchdog: Not pruning observers, elapsed time: 0ms
08-09 11:55:34.413   327   370 I PackageWatchdog: Saving observer state to file
08-09 11:55:34.425  8597  8597 V WindowManagerShell: 	PipTouchHandler init took 31ms
08-09 11:55:34.425  8597  8597 V WindowManagerShell: 	DevicePostureController init took 1ms
08-09 11:55:34.425  8597  8597 V WindowManagerShell: 	TabletopModeController init took 0ms
08-09 11:55:34.426  8597  8597 V WindowManagerShell: Adding dump callback for PipController
08-09 11:55:34.427   327   327 I PackageWatchdog: Syncing health check requests for packages: {}
08-09 11:55:34.427   327   327 I ExplicitHealthCheckController: Service not ready to get health check supported packages. Binding...
08-09 11:55:34.431   327   327 I ExplicitHealthCheckController: Explicit health check service is bound
08-09 11:55:34.435   327   327 I ExplicitHealthCheckController: Explicit health check service is connected ComponentInfo{android.ext.services/android.ext.services.watchdog.ExplicitHealthCheckServiceImpl}
08-09 11:55:34.435   327   327 I ExplicitHealthCheckController: Service initialized, syncing requests
08-09 11:55:34.435   327   327 I PackageWatchdog: Syncing health check requests for packages: {}
08-09 11:55:34.435   327   327 D ExplicitHealthCheckController: Getting health check supported packages
08-09 11:55:34.440  8597  8597 V WindowManagerShell: Adding external interface from PipController with key extra_shell_pip
08-09 11:55:34.440  8597  8597 V WindowManagerShell: 	PipController init took 14ms
08-09 11:55:34.441  8597  8597 V WindowManagerShell: 	FullscreenTaskListener init took 0ms
08-09 11:55:34.441  8597  8597 V WindowManagerShell: 	FreeformTaskListener init took 0ms
08-09 11:55:34.442  8597  8597 V WindowManagerShell: Adding external interface from StartingWindowController with key extra_shell_starting_window
08-09 11:55:34.442  8597  8597 V WindowManagerShell: 	StartingWindowController init took 0ms
08-09 11:55:34.442  8597  8597 V WindowManagerShell: Adding command class protolog for ProtoLogController
08-09 11:55:34.442  8597  8597 V WindowManagerShell: 	ProtoLogController init took 0ms
08-09 11:55:34.442  8597  8597 V WindowManagerShell: Adding dump callback for KidsModeTaskOrganizer
08-09 11:55:34.442   327  6243 I ExplicitHealthCheckController: Explicit health check supported packages [PackageConfig{com.android.networkstack, 86400000}]
08-09 11:55:34.442   327  6243 D PackageWatchdog: Received supported packages [PackageConfig{com.android.networkstack, 86400000}]
08-09 11:55:34.442   327  6243 D ExplicitHealthCheckController: Getting health check requested packages
08-09 11:55:34.444  8597  8597 V WindowManagerShell: 	KidsModeTaskOrganizer init took 2ms
08-09 11:55:34.444   327  6243 I ExplicitHealthCheckController: Explicit health check requested packages []
08-09 11:55:34.444   327  6243 I ExplicitHealthCheckController: No more health check requests, unbinding...
08-09 11:55:34.446   327  6243 I ExplicitHealthCheckController: Explicit health check service is unbound
08-09 11:55:34.448  8597  8597 D ShellBackPreview: Back animation enabled=false
08-09 11:55:34.448  8597  8597 V WindowManagerShell: Adding external interface from BackAnimationController with key extra_shell_back_animation
08-09 11:55:34.448  8597  8597 V WindowManagerShell: 	BackAnimationController init took 5ms
08-09 11:55:34.500   327  8612 I ActivityManager: Collecting stacks for pid 1139
08-09 11:55:34.562   327  3961 I RescueParty: Starting to observe: [android], updated namespace: activity_manager_native_boot
08-09 11:55:34.566   327   370 I PackageWatchdog: Syncing state, reason: observing new packages
08-09 11:55:34.570   327   370 D PackageWatchdog: rescue-party-observer added the following packages to monitor [android]
08-09 11:55:34.570   327   370 I PackageWatchdog: Syncing state, reason: updated observers
08-09 11:55:34.570   327   370 I PackageWatchdog: Saving observer state to file
08-09 11:55:34.570   327   327 I PackageWatchdog: Syncing health check requests for packages: {}
08-09 11:55:34.570   327   327 I ExplicitHealthCheckController: Service not ready to get health check supported packages. Binding...
08-09 11:55:34.573   327   327 I ExplicitHealthCheckController: Explicit health check service is bound
08-09 11:55:34.583   327  6243 D CompatibilityChangeReporter: Compat change id reported: 157233955; UID 10125; state: ENABLED
08-09 11:55:34.586   327   327 D TrustManagerService: Removing dead TrustListener.
08-09 11:55:34.586   327   327 I PackageWatchdog: Syncing health check requests for packages: {}
08-09 11:55:34.586   327   327 I ExplicitHealthCheckController: Service not ready to get health check supported packages. Binding...
08-09 11:55:34.586   327   327 I ExplicitHealthCheckController: Not binding to service, service already connecting
08-09 11:55:34.588   327   327 I ExplicitHealthCheckController: Explicit health check service is connected ComponentInfo{android.ext.services/android.ext.services.watchdog.ExplicitHealthCheckServiceImpl}
08-09 11:55:34.588   327   327 I ExplicitHealthCheckController: Service initialized, syncing requests
08-09 11:55:34.588   327   327 I PackageWatchdog: Syncing health check requests for packages: {}
08-09 11:55:34.588   327   327 D ExplicitHealthCheckController: Getting health check supported packages
08-09 11:55:34.591   327  6243 I ExplicitHealthCheckController: Explicit health check supported packages [PackageConfig{com.android.networkstack, 86400000}]
08-09 11:55:34.591   327  6243 D PackageWatchdog: Received supported packages [PackageConfig{com.android.networkstack, 86400000}]
08-09 11:55:34.591   327  6243 D ExplicitHealthCheckController: Getting health check requested packages
08-09 11:55:34.592   327   796 I ExplicitHealthCheckController: Explicit health check requested packages []
08-09 11:55:34.592   327   796 I ExplicitHealthCheckController: No more health check requests, unbinding...
08-09 11:55:34.593   327   796 I ExplicitHealthCheckController: Explicit health check service is unbound
08-09 11:55:34.711   327  4412 I MR2ServiceImpl: registerManager | uid: 10125, pid: 8597, package: com.android.systemui, user: 0
08-09 11:55:34.842  8597  8597 V SystemUIBootTiming: DependencyInjection took to complete: 0ms
08-09 11:55:34.846  8597  8597 W ActivityThread: getPackageInfo() called with an older ApplicationInfo than the cached version for package com.android.systemui
08-09 11:55:34.848  8597  8597 W ActivityThread: getPackageInfo() called with an older ApplicationInfo than the cached version for package com.android.systemui
08-09 11:55:34.851  8597  8597 V SystemUIBootTiming: StartServices com.android.keyguard.KeyguardBiometricLockoutLogger took to complete: 1ms
08-09 11:55:34.851  8597  8597 V SystemUIBootTiming: StartServices com.android.systemui.ChooserSelector took to complete: 1ms
08-09 11:55:34.852  8597  8597 V SystemUIBootTiming: StartServices com.android.systemui.LatencyTester took to complete: 0ms
08-09 11:55:34.863   327  8612 I ActivityManager: Collecting stacks for pid 661
08-09 11:55:34.866  8597  8597 V SystemUIBootTiming: StartServices com.android.systemui.ScreenDecorations took to complete: 13ms
08-09 11:55:34.866  8597  8597 V SystemUIBootTiming: StartServices com.android.systemui.SliceBroadcastRelayHandler took to complete: 0ms
08-09 11:55:34.892   327  4412 D CoreBackPreview: Window{ed3be9c u0 ScreenDecorOverlay}: Setting back callback OnBackInvokedCallbackInfo{mCallback=android.window.IOnBackInvokedCallback$Stub$Proxy@171c7a, mPriority=0}
08-09 11:55:34.905   327  4412 D CoreBackPreview: Window{9e8b007 u0 ScreenDecorOverlayBottom}: Setting back callback OnBackInvokedCallbackInfo{mCallback=android.window.IOnBackInvokedCallback$Stub$Proxy@9e7f5d, mPriority=0}
08-09 11:55:35.103   327  8612 I ActivityManager: Collecting stacks for pid 636
08-09 11:55:35.579   327  8612 I ActivityManager: Collecting stacks for pid 653
08-09 11:55:35.638  8597  8597 V SystemUIBootTiming: StartServices com.android.systemui.accessibility.SystemActions took to complete: 772ms
08-09 11:55:35.638  8597  8597 V SystemUIBootTiming: StartServices com.android.systemui.accessibility.WindowMagnification took to complete: 0ms
08-09 11:55:35.640  8597  8597 V SystemUIBootTiming: StartServices com.android.systemui.biometrics.AuthController took to complete: 2ms
08-09 11:55:35.640  8597  8597 V SystemUIBootTiming: StartServices com.android.systemui.broadcast.BroadcastDispatcherStartable took to complete: 0ms
08-09 11:55:35.642  8597  8597 V SystemUIBootTiming: StartServices com.android.systemui.clipboardoverlay.ClipboardListener took to complete: 2ms
08-09 11:55:35.642  8597  8597 V SystemUIBootTiming: StartServices com.android.systemui.controls.start.ControlsStartable took to complete: 0ms
08-09 11:55:35.644  8597  8597 V SystemUIBootTiming: StartServices com.android.systemui.dreams.DreamMonitor took to complete: 2ms
08-09 11:55:35.647  8597  8597 V SystemUIBootTiming: StartServices com.android.systemui.flags.FeatureFlagsDebugStartable took to complete: 3ms
08-09 11:55:35.664   327   371 I DropBoxManagerService: add tag=system_server_wtf isTagEnabled=true flags=0x2
08-09 11:55:35.673   327  6243 I RescueParty: Starting to observe: [android], updated namespace: battery_saver
08-09 11:55:35.674   327   370 I PackageWatchdog: Syncing state, reason: observing new packages
08-09 11:55:35.683  8597  8597 V SystemUIBootTiming: StartServices com.android.systemui.globalactions.GlobalActionsComponent took to complete: 36ms
08-09 11:55:35.684  8597  8597 V SystemUIBootTiming: StartServices com.android.systemui.keyboard.KeyboardUI took to complete: 1ms
08-09 11:55:35.691  8597  8597 V SystemUIBootTiming: StartServices com.android.systemui.keyboard.PhysicalKeyboardCoreStartable took to complete: 7ms
08-09 11:55:35.691   327   370 D PackageWatchdog: rescue-party-observer added the following packages to monitor [android]
08-09 11:55:35.691   327   370 I PackageWatchdog: Syncing state, reason: updated observers
08-09 11:55:35.691   327   370 I PackageWatchdog: Saving observer state to file
08-09 11:55:35.706   327   327 I PackageWatchdog: Syncing health check requests for packages: {}
08-09 11:55:35.706   327   327 I ExplicitHealthCheckController: Service not ready to get health check supported packages. Binding...
08-09 11:55:35.709   327   327 I ExplicitHealthCheckController: Explicit health check service is bound
08-09 11:55:35.710   327   796 D ActivityTaskManager: Top Process State changed to PROCESS_STATE_TOP
08-09 11:55:35.719   327   327 I ExplicitHealthCheckController: Explicit health check service is connected ComponentInfo{android.ext.services/android.ext.services.watchdog.ExplicitHealthCheckServiceImpl}
08-09 11:55:35.720   327   327 I ExplicitHealthCheckController: Service initialized, syncing requests
08-09 11:55:35.720   327   327 I PackageWatchdog: Syncing health check requests for packages: {}
08-09 11:55:35.720   327   327 D ExplicitHealthCheckController: Getting health check supported packages
08-09 11:55:35.730   327   796 I ExplicitHealthCheckController: Explicit health check supported packages [PackageConfig{com.android.networkstack, 86400000}]
08-09 11:55:35.730   327   796 D PackageWatchdog: Received supported packages [PackageConfig{com.android.networkstack, 86400000}]
08-09 11:55:35.730   327   796 D ExplicitHealthCheckController: Getting health check requested packages
08-09 11:55:35.738   327  6243 I ExplicitHealthCheckController: Explicit health check requested packages []
08-09 11:55:35.738   327  6243 I ExplicitHealthCheckController: No more health check requests, unbinding...
08-09 11:55:35.741   327  6243 I ExplicitHealthCheckController: Explicit health check service is unbound
08-09 11:55:35.752  8597  8597 V SystemUIBootTiming: StartServices com.android.systemui.keyguard.KeyguardViewMediator took to complete: 61ms
08-09 11:55:35.773  8597  8597 V SystemUIBootTiming: StartServices com.android.systemui.keyguard.data.quickaffordance.MuteQuickAffordanceCoreStartable took to complete: 21ms
08-09 11:55:35.799  8597  8597 V SystemUIBootTiming: StartServices com.android.systemui.keyguard.domain.interactor.KeyguardTransitionCoreStartable took to complete: 26ms
08-09 11:55:35.799  8597  8597 V SystemUIBootTiming: StartServices com.android.systemui.log.SessionTracker took to complete: 0ms
08-09 11:55:35.803  8597  8597 V SystemUIBootTiming: StartServices com.android.systemui.media.RingtonePlayer took to complete: 3ms
08-09 11:55:35.803  8597  8597 V SystemUIBootTiming: StartServices com.android.systemui.media.dialog.MediaOutputSwitcherDialogUI took to complete: 0ms
08-09 11:55:35.804  8597  8597 V SystemUIBootTiming: StartServices com.android.systemui.media.taptotransfer.MediaTttCommandLineHelper took to complete: 1ms
08-09 11:55:35.809  8597  8597 V SystemUIBootTiming: StartServices com.android.systemui.media.taptotransfer.receiver.MediaTttChipControllerReceiver took to complete: 5ms
08-09 11:55:35.811  8597  8597 V SystemUIBootTiming: StartServices com.android.systemui.media.taptotransfer.sender.MediaTttSenderCoordinator took to complete: 3ms
08-09 11:55:35.816  8597  8597 V SystemUIBootTiming: StartServices com.android.systemui.motiontool.MotionToolStartable took to complete: 4ms
08-09 11:55:35.843  8597  8597 V SystemUIBootTiming: StartServices com.android.systemui.power.PowerUI took to complete: 27ms
08-09 11:55:35.843  8597  8597 V SystemUIBootTiming: StartServices com.android.systemui.reardisplay.RearDisplayDialogController took to complete: 0ms
08-09 11:55:35.843  8597  8597 V SystemUIBootTiming: StartServices com.android.systemui.recents.Recents took to complete: 0ms
08-09 11:55:35.843  8597  8597 V SystemUIBootTiming: StartServices com.android.systemui.settings.UserFileManagerImpl took to complete: 0ms
08-09 11:55:35.848  8597  8597 V SystemUIBootTiming: StartServices com.android.systemui.shortcut.ShortcutKeyDispatcher took to complete: 5ms
08-09 11:55:35.849  8597  8597 V SystemUIBootTiming: StartServices com.android.systemui.statusbar.notification.InstantAppNotifier took to complete: 1ms
08-09 11:55:35.849  8597  8597 V SystemUIBootTiming: StartServices com.android.systemui.statusbar.notification.fsi.FsiChromeRepo took to complete: 1ms
08-09 11:55:35.876  8597  8597 V SystemUIBootTiming: StartServices com.android.systemui.statusbar.notification.fsi.FsiChromeViewBinder took to complete: 27ms
08-09 11:55:35.877  8597  8597 V SystemUIBootTiming: StartServices com.android.systemui.statusbar.notification.fsi.FsiChromeViewModelFactory took to complete: 0ms
08-09 11:55:35.881  8597  8597 V SystemUIBootTiming: StartServices com.android.systemui.statusbar.notification.interruption.KeyguardNotificationVisibilityProvider took to complete: 4ms
08-09 11:55:35.895   327  3961 I StatusBarManagerService: registerStatusBar bar=com.android.internal.statusbar.IStatusBar$Stub$Proxy@fd79347
08-09 11:55:35.982   327  6243 I RescueParty: Starting to observe: [android], updated namespace: wifi
08-09 11:55:35.984   327   370 I PackageWatchdog: Syncing state, reason: observing new packages
08-09 11:55:35.984   327   370 D PackageWatchdog: rescue-party-observer added the following packages to monitor [android]
08-09 11:55:35.984   327   370 I PackageWatchdog: Syncing state, reason: updated observers
08-09 11:55:35.984   327   370 I PackageWatchdog: Not pruning observers, elapsed time: 0ms
08-09 11:55:35.984   327   370 I PackageWatchdog: Saving observer state to file
08-09 11:55:35.993   327  8612 I ActivityManager: Collecting stacks for native pid 31
08-09 11:55:36.008   327   327 I PackageWatchdog: Syncing health check requests for packages: {}
08-09 11:55:36.008   327   327 I ExplicitHealthCheckController: Service not ready to get health check supported packages. Binding...
08-09 11:55:36.029   327   327 I ExplicitHealthCheckController: Explicit health check service is bound
08-09 11:55:36.037   327   327 I ExplicitHealthCheckController: Explicit health check service is connected ComponentInfo{android.ext.services/android.ext.services.watchdog.ExplicitHealthCheckServiceImpl}
08-09 11:55:36.037   327   327 I ExplicitHealthCheckController: Service initialized, syncing requests
08-09 11:55:36.037   327   327 I PackageWatchdog: Syncing health check requests for packages: {}
08-09 11:55:36.037   327   327 D ExplicitHealthCheckController: Getting health check supported packages
08-09 11:55:36.054   327   796 I RescueParty: Starting to observe: [android, com.android.phone], updated namespace: telephony
08-09 11:55:36.060   327   370 I PackageWatchdog: Syncing state, reason: observing new packages
08-09 11:55:36.060   327   327 I PackageWatchdog: Syncing health check requests for packages: {}
08-09 11:55:36.060   327   327 D ExplicitHealthCheckController: Getting health check supported packages
08-09 11:55:36.062   327   370 D PackageWatchdog: rescue-party-observer added the following packages to monitor [android, com.android.phone]
08-09 11:55:36.062   327   370 I PackageWatchdog: Syncing state, reason: updated observers
08-09 11:55:36.062   327  6243 I ExplicitHealthCheckController: Explicit health check supported packages [PackageConfig{com.android.networkstack, 86400000}]
