08-09 11:48:08.326   327   383 I DisplayPowerController[0]: BrightnessEvent: disp=0, physDisp=local:0, brt=0.39763778, initBrt=0.05, rcmdBrt=NaN, preBrt=NaN, lux=0.0, preLux=0.0, hbmMax=1.0, hbmMode=off, rbcStrength=50, powerFactor=1.0, thrmMax=1.0, wasShortTermModelActive=false, flags=, reason=manual, autoBrightness=false
08-09 11:48:08.462   551   551 D VRI[NavigationBar0]: updatePointerIcon called with position out of bounds
08-09 11:48:08.967   327   383 I DisplayPowerController[0]: BrightnessEvent: disp=0, physDisp=local:0, brt=0.39763778, initBrt=0.39763778, rcmdBrt=NaN, preBrt=NaN, lux=0.0, preLux=0.0, hbmMax=1.0, hbmMode=off, rbcStrength=50, powerFactor=1.0, thrmMax=1.0, wasShortTermModelActive=false, flags=, reason=manual, autoBrightness=false
08-09 11:48:13.110   327   358 D OomAdjuster: Not killing cached processes
08-09 11:48:13.686   551   551 D VRI[NavigationBar0]: updatePointerIcon called with position out of bounds
08-09 11:48:15.115   551   551 D VRI[NavigationBar0]: updatePointerIcon called with position out of bounds
08-09 11:48:17.097   327  1390 D AutofillSession: createPendingIntent for request 4
08-09 11:48:17.556   327   327 E RemoteAugmentedAutofillService: Bad service name for flags 1048704: com.google.android.as/com.google.android.apps.miphone.aiai.app.AiAiAugmentedAutofillService
08-09 11:48:17.558   327   327 D AutofillSession: clearPendingIntentLocked
08-09 11:48:17.624   327  1390 D CoreBackPreview: Window{fb5b643 u0 com.google.android.gms/com.google.android.gms.auth.uiflows.minutemaid.MinuteMaidActivity}: Setting back callback OnBackInvokedCallbackInfo{mCallback=android.window.IOnBackInvokedCallback$Stub$Proxy@a1f56b5, mPriority=0}
08-09 11:48:18.147   327   371 D OomAdjuster: Not killing cached processes
08-09 11:48:27.922   327  1390 D OomAdjuster: Not killing cached processes
08-09 11:48:33.037   327  1389 D OomAdjuster: Not killing cached processes
08-09 11:48:35.139   551   551 D VRI[NavigationBar0]: updatePointerIcon called with position out of bounds
08-09 11:48:37.959   551   551 D VRI[NavigationBar0]: updatePointerIcon called with position out of bounds
08-09 11:48:38.198   327  1390 D OomAdjuster: Not killing cached processes
08-09 11:48:41.801   551   551 D VRI[NavigationBar0]: updatePointerIcon called with position out of bounds
08-09 11:48:43.208   551   551 D VRI[NavigationBar0]: updatePointerIcon called with position out of bounds
08-09 11:48:43.404   327   370 D OomAdjuster: Not killing cached processes
08-09 11:48:44.845   551   551 D VRI[NavigationBar0]: updatePointerIcon called with position out of bounds
08-09 11:48:49.083   551   551 D VRI[NavigationBar0]: updatePointerIcon called with position out of bounds
08-09 11:48:50.107   327  1390 D OomAdjuster: Not killing cached processes
08-09 11:48:50.206   327  1057 D CoreBackPreview: Window{fb5b643 u0 com.google.android.gms/com.google.android.gms.auth.uiflows.minutemaid.MinuteMaidActivity}: Setting back callback OnBackInvokedCallbackInfo{mCallback=android.window.IOnBackInvokedCallback$Stub$Proxy@52fd920, mPriority=0}
08-09 11:48:54.918   551   551 D VRI[NavigationBar0]: updatePointerIcon called with position out of bounds
08-09 11:48:55.199   327  1057 D OomAdjuster: Not killing cached processes
08-09 11:48:58.751    38  5196 W keystore2: keystore2::watchdog: ### Keystore Watchdog report - BEGIN ###
08-09 11:48:58.751    38  5196 W keystore2: keystore2::watchdog: When extracting from a bug report, please include this header
08-09 11:48:58.751    38  5196 W keystore2: keystore2::watchdog: and all 1 records below.
08-09 11:48:58.751    38  5196 W keystore2: keystore2::watchdog: ThreadId(10) KeystoreDB::store_new_key Pending: 892.519391ms Overdue 392.52251ms
08-09 11:48:58.751    38  5196 W keystore2: keystore2::watchdog: ### Keystore Watchdog report - END ###
08-09 11:48:59.751    38  5196 W keystore2: keystore2::watchdog: ### Keystore Watchdog report - BEGIN ###
08-09 11:48:59.752    38  5196 W keystore2: keystore2::watchdog: When extracting from a bug report, please include this header
08-09 11:48:59.752    38  5196 W keystore2: keystore2::watchdog: and all 1 records below.
08-09 11:48:59.752    38  5196 W keystore2: keystore2::watchdog: ThreadId(10) KeystoreDB::store_new_key Pending: 1.893359569s Overdue 1.393362718s
08-09 11:48:59.752    38  5196 W keystore2: keystore2::watchdog: ### Keystore Watchdog report - END ###
08-09 11:49:00.216   327  1057 D OomAdjuster: Not killing cached processes
08-09 11:49:00.754    38  5196 W keystore2: keystore2::watchdog: ### Keystore Watchdog report - BEGIN ###
08-09 11:49:00.754    38  5196 W keystore2: keystore2::watchdog: When extracting from a bug report, please include this header
08-09 11:49:00.754    38  5196 W keystore2: keystore2::watchdog: and all 1 records below.
08-09 11:49:00.754    38  5196 W keystore2: keystore2::watchdog: ThreadId(10) KeystoreDB::store_new_key Pending: 2.896044169s Overdue 2.396047224s
08-09 11:49:00.754    38  5196 W keystore2: keystore2::watchdog: ### Keystore Watchdog report - END ###
08-09 11:49:03.033   327  1389 D CompatibilityChangeReporter: Compat change id reported: 201794303; UID 10095; state: ENABLED
08-09 11:49:03.109   327   815 D CompatibilityChangeReporter: Compat change id reported: 201794303; UID 10063; state: ENABLED
08-09 11:49:03.353   327   520 D CompatibilityChangeReporter: Compat change id reported: 194532703; UID 1000; state: ENABLED
08-09 11:49:03.494   327   520 E SyncManager: Couldn't find backoff values for Account {name=xxxxxx.xxxxx.xxxxxxxx@xxxxx.xxx, type=com.google}/com.google.android.gms.fitness:u0
08-09 11:49:03.627   327   520 E SyncManager: Couldn't find backoff values for Account {name=xxxxxx.xxxxx.xxxxxxxx@xxxxx.xxx, type=com.google}/com.google.android.location.reporting:u0
08-09 11:49:03.657   327   520 E SyncManager: Couldn't find backoff values for Account {name=xxxxxx.xxxxx.xxxxxxxx@xxxxx.xxx, type=com.google}/com.google.android.gms.people:u0
08-09 11:49:03.678   327   520 E SyncManager: Couldn't find backoff values for Account {name=xxxxxx.xxxxx.xxxxxxxx@xxxxx.xxx, type=com.google}/com.android.contacts:u0
08-09 11:49:03.810   327   520 E SyncManager: Couldn't find backoff values for Account {name=xxxxxx.xxxxx.xxxxxxxx@xxxxx.xxx, type=com.google}/com.google.android.gms.reminders:u0
08-09 11:49:03.828   327   520 E SyncManager: Couldn't find backoff values for Account {name=xxxxxx.xxxxx.xxxxxxxx@xxxxx.xxx, type=com.google}/com.google.android.gms.games.background:u0
08-09 11:49:03.870   327   520 E SyncManager: Couldn't find backoff values for Account {name=xxxxxx.xxxxx.xxxxxxxx@xxxxx.xxx, type=com.google}/com.google.android.gms.subscribedfeeds:u0
08-09 11:49:03.905   327   520 E SyncManager: SYNC_OP_STATE_INVALID: disallowed by settings/network
08-09 11:49:03.928   327   520 E SyncManager: Couldn't find backoff values for Account {name=xxxxxx.xxxxx.xxxxxxxx@xxxxx.xxx, type=com.google}/com.google.android.gms.games:u0
08-09 11:49:04.002   327   520 W SyncManager: Clock is valid now.
08-09 11:49:04.297   327   327 W JobScheduler: Job didn't exist in JobStore: ae1658d #1000/100011 com.android.contacts/com.google/sayyid.azzam.mufhadol@gmail.com:android
08-09 11:49:04.312   327   520 E SyncManager: Couldn't find backoff values for Account {name=xxxxxx.xxxxx.xxxxxxxx@xxxxx.xxx, type=com.google}/com.android.calendar:u0
08-09 11:49:04.347   327   327 W JobScheduler: Job didn't exist in JobStore: 4cd8090 #1000/100012 com.google.android.gms.people/com.google/sayyid.azzam.mufhadol@gmail.com:android
08-09 11:49:04.380   327   327 W JobScheduler: Job didn't exist in JobStore: 80bcd89 #1000/100013 com.google.android.gms.reminders/com.google/sayyid.azzam.mufhadol@gmail.com:android
08-09 11:49:04.778   327   520 E SyncManager: SYNC_OP_STATE_INVALID: disallowed by settings/network
08-09 11:49:05.151   327   327 W JobScheduler: Job didn't exist in JobStore: 6b851e #1000/100030 com.google.android.location.reporting/com.google/sayyid.azzam.mufhadol@gmail.com:android
08-09 11:49:05.198   327   327 W JobScheduler: Job didn't exist in JobStore: 355affc #1000/100031 subscribedfeeds/com.google/sayyid.azzam.mufhadol@gmail.com:android
08-09 11:49:05.227   327   520 D OomAdjuster: Not killing cached processes
08-09 11:49:05.283   327   327 W JobScheduler: Job didn't exist in JobStore: 760dc5c #1000/100033 com.android.contacts/com.google/sayyid.azzam.mufhadol@gmail.com:android
08-09 11:49:05.515   327  3978 D CompatibilityChangeReporter: Compat change id reported: 201794303; UID 10099; state: ENABLED
08-09 11:49:05.659   327  1057 D CompatibilityChangeReporter: Compat change id reported: 143231523; UID 10099; state: DISABLED
08-09 11:49:05.781   327   327 W JobScheduler: Job didn't exist in JobStore: 72e1caf #1000/100036 com.android.calendar/com.google/sayyid.azzam.mufhadol@gmail.com:android
08-09 11:49:05.836   327   327 W JobScheduler: Job didn't exist in JobStore: d1c7bc1 #1000/100037 com.google.android.gms.reminders/com.google/sayyid.azzam.mufhadol@gmail.com:android
08-09 11:49:05.842   327   520 E SyncManager: Job params not found for 100037
08-09 11:49:06.933   327  1658 E AppOps  : Bad call made by uid 10095. Package "com.google.android.gms" does not belong to uid 10099.
08-09 11:49:07.602   327   815 W BackupManagerService: [UserID:0] dataChanged but no participant pkg='com.google.android.syncadapters.calendar' uid=10099
08-09 11:49:07.603   327   815 W BackupManagerService: [UserID:0] dataChanged but no participant pkg='com.google.android.syncadapters.calendar' uid=10099
08-09 11:49:08.399   327   815 D CompatibilityChangeReporter: Compat change id reported: 194532703; UID 10099; state: ENABLED
08-09 11:49:10.182   327   476 D CompatibilityChangeReporter: Compat change id reported: 143231523; UID 1000; state: DISABLED
08-09 11:49:10.195   327   476 D CompatibilityChangeReporter: Compat change id reported: 171306433; UID 1000; state: ENABLED
08-09 11:49:10.199   327   476 D CompatibilityChangeReporter: Compat change id reported: 218533173; UID 1000; state: ENABLED
08-09 11:49:10.259   327  1390 D OomAdjuster: Not killing cached processes
08-09 11:49:10.727   327  1389 D CompatibilityChangeReporter: Compat change id reported: 201794303; UID 10065; state: ENABLED
08-09 11:49:10.759   327   327 W JobScheduler: Job didn't exist in JobStore: 66d3138 #1000/100040 com.android.calendar/com.google/sayyid.azzam.mufhadol@gmail.com:android
08-09 11:49:11.211   327  1389 D BackupTransportManager: Transport com.google.android.gms/.backup.BackupTransportService updated its attributes
08-09 11:49:11.223   327   327 W Looper  : Slow dispatch took 463ms main h=com.android.server.job.controllers.ConnectivityController$CcHandler c=null m=0
08-09 11:49:11.235   327   327 W Looper  : Slow delivery took 465ms main h=android.app.job.JobServiceEngine$JobHandler c=null m=1
08-09 11:49:11.357   327   327 W JobScheduler: Job didn't exist in JobStore: e5c8113 #1000/100041 com.android.calendar/com.google/sayyid.azzam.mufhadol@gmail.com:android
08-09 11:49:11.358   327   327 W Looper  : Drained
08-09 11:49:11.459   327   327 W JobScheduler: Job didn't exist in JobStore: 5e0967 #1000/100042 com.android.calendar/com.google/sayyid.azzam.mufhadol@gmail.com:android
08-09 11:49:11.461   327   327 W JobScheduler: Job didn't exist in JobStore: db7d503 #1000/100043 com.android.calendar/com.google/sayyid.azzam.mufhadol@gmail.com:android
08-09 11:49:11.766   327  1390 W BackupManagerService: [UserID:0] dataChanged but no participant pkg='com.google.android.syncadapters.calendar' uid=10099
08-09 11:49:11.767   327  3978 W BackupManagerService: [UserID:0] dataChanged but no participant pkg='com.google.android.syncadapters.calendar' uid=10099
08-09 11:49:11.808   327   327 W JobScheduler: Job didn't exist in JobStore: 28e393c #1000/100043 com.android.calendar/com.google/sayyid.azzam.mufhadol@gmail.com:android
08-09 11:49:11.810   327   327 W JobScheduler: Job didn't exist in JobStore: 9e6af4b #1000/100040 com.android.calendar/com.google/sayyid.azzam.mufhadol@gmail.com:android
08-09 11:49:11.812   327   327 W JobScheduler: Job didn't exist in JobStore: 7782be6 #1000/100042 com.android.calendar/com.google/sayyid.azzam.mufhadol@gmail.com:android
08-09 11:49:12.749   551   551 D VRI[NavigationBar0]: updatePointerIcon called with position out of bounds
08-09 11:49:12.828   327  1658 W BackupManagerService: [UserID:0] dataChanged but no participant pkg='com.google.android.syncadapters.calendar' uid=10099
08-09 11:49:12.829   327  1658 W BackupManagerService: [UserID:0] dataChanged but no participant pkg='com.google.android.syncadapters.calendar' uid=10099
08-09 11:49:13.406   327   361 W Looper  : Slow dispatch took 118ms android.fg h=android.os.Handler c=android.app.LoadedApk$ReceiverDispatcher$Args$$ExternalSyntheticLambda0@b595dea m=0
08-09 11:49:13.407   327   361 W Looper  : Slow delivery took 204ms android.fg h=android.os.Handler c=android.app.LoadedApk$ReceiverDispatcher$Args$$ExternalSyntheticLambda0@ca678db m=0
08-09 11:49:13.494    38  5196 I keystore2: keystore2::watchdog: Watchdog thread idle -> terminating. Have a great day.
08-09 11:49:13.516   327   327 W Looper  : Slow dispatch took 214ms main h=android.os.Handler c=android.app.LoadedApk$ReceiverDispatcher$Args$$ExternalSyntheticLambda0@51168d m=0
08-09 11:49:13.525   327   327 W Looper  : Slow delivery took 315ms main h=android.app.ActivityThread$H c=android.app.LoadedApk$ReceiverDispatcher$Args$$ExternalSyntheticLambda0@be92853 m=0
08-09 11:49:13.545   327   361 W Looper  : Drained
08-09 11:49:13.580   327   327 I Telecom : DefaultDialerCache: Refreshing default dialer for user 0: now null: DDC.oR@ADE
08-09 11:49:13.736   327   327 W Looper  : Slow dispatch took 185ms main h=android.app.ActivityThread$H c=android.app.LoadedApk$ReceiverDispatcher$Args$$ExternalSyntheticLambda0@bb94c33 m=0
08-09 11:49:13.779   327   361 W Looper  : Slow dispatch took 112ms android.fg h=android.os.Handler c=<recycled PooledLambda@9e37bee> m=0
08-09 11:49:14.025   327   327 W Looper  : Slow dispatch took 251ms main h=com.android.server.media.MediaRouter2ServiceImpl$UserHandler c=com.android.server.media.MediaRoute2ProviderWatcher$$ExternalSyntheticLambda0@81404aa m=0
08-09 11:49:14.056   327   327 W Looper  : Drained
08-09 11:49:15.314   327   327 D OomAdjuster: Not killing cached processes
08-09 11:49:15.340   327   327 W JobScheduler: Job didn't exist in JobStore: 207421d #1000/100033 com.android.contacts/com.google/sayyid.azzam.mufhadol@gmail.com:android
08-09 11:49:16.935   327  3978 E AppOps  : Bad call made by uid 10095. Package "com.google.android.gms" does not belong to uid 10099.
08-09 11:49:17.676   327   327 W Looper  : Slow dispatch took 317ms main h=android.os.Handler c=com.android.server.job.controllers.ContentObserverController$TriggerRunnable@d7e7278 m=0
08-09 11:49:17.676   327   327 W Looper  : Slow delivery took 294ms main h=android.app.ActivityThread$H c=android.app.LoadedApk$ServiceDispatcher$RunConnection@d8539b6 m=0
08-09 11:49:17.713   327   327 W Looper  : Drained
08-09 11:49:17.805   327   361 W Looper  : Slow dispatch took 112ms android.fg h=android.os.Handler c=com.android.server.Watchdog$HandlerChecker@3bbe08b m=0
08-09 11:49:17.805   327   370 D AppWidgetServiceImpl: Provider info from ComponentInfo{com.android.vending/com.google.android.finsky.rubiks.cubes.widget.CubesAppWidgetProvider} won't be persisted.
08-09 11:49:17.805   327   370 D AppWidgetServiceImpl: Provider info from ComponentInfo{com.android.vending/com.google.android.finsky.rubiks.cubes.widget.ContentForwardWidgetProvider} won't be persisted.
08-09 11:49:17.859   327  3978 W BackupManagerService: [UserID:0] dataChanged but no participant pkg='com.google.android.syncadapters.calendar' uid=10099
08-09 11:49:17.863   327  1658 W BackupManagerService: [UserID:0] dataChanged but no participant pkg='com.google.android.syncadapters.calendar' uid=10099
08-09 11:49:17.994   327   327 W JobScheduler: Job didn't exist in JobStore: bc944dd #1000/100043 com.android.calendar/com.google/sayyid.azzam.mufhadol@gmail.com:android
08-09 11:49:18.011   327   327 W JobScheduler: Job didn't exist in JobStore: b1a51d9 #1000/100042 com.android.calendar/com.google/sayyid.azzam.mufhadol@gmail.com:android
08-09 11:49:18.461   327  1057 W ActivityManager: Unable to start service Intent { act=com.google.android.gms.lockbox.service.START pkg=com.google.android.gms } U=0: not found
08-09 11:49:18.462   327  3978 W ActivityManager: Unbind failed: could not find connection for android.os.BinderProxy@4e66177
08-09 11:49:18.876   327   358 W SoundTriggerHelper: listModules status=0, # of modules=0
08-09 11:49:18.934   327  1390 I SoundTriggerService: getModuleProperties()
08-09 11:49:19.165   327  1057 W JobScheduler: Job didn't exist in JobStore: 3bc5bff #u0a96/-121 com.google.android.googlequicksearchbox/com.google.android.apps.gsa.tasks.BackgroundTasksJobService
08-09 11:49:19.433   327  1389 W JobScheduler: Job didn't exist in JobStore: c735d2 #u0a96/-27 com.google.android.googlequicksearchbox/com.google.android.apps.gsa.tasks.BackgroundTasksJobService
08-09 11:49:19.483   327   358 D BackupTransportManager: Transport com.google.android.gms/.backup.BackupTransportService updated its attributes
08-09 11:49:20.134   327  4101 I ActivityManager: Background started FGS: Allowed [callingPackage: com.android.vending; callingUid: 10094; uidState: RCVR; intent: Intent { dat=vpaservice://installrequiredfornewaccount/... cmp=com.android.vending/com.google.android.finsky.setup.VpaService }; code:BACKGROUND_ACTIVITY_PERMISSION; tempAllowListReason:<,reasonCode:SYSTEM_ALLOW_LISTED,duration:9223372036854775807,callingUid:-1>; targetSdkVersion:37; callerTargetSdkVersion:37; startForegroundCount:0; bindFromPackage:null]
08-09 11:49:20.220   327  4410 D PackageManager: Ignoring attempt to set enabled state of disabled component com.android.vending/com.google.android.finsky.systemupdateactivity.SystemUpdateActivity
08-09 11:49:20.311   327  1389 W JobScheduler: Job didn't exist in JobStore: d2b7389 #u0a96/2000001001 com.google.android.googlequicksearchbox/com.google.android.libraries.notifications.entrypoints.scheduled.ScheduledTaskService
08-09 11:49:20.313   327  4412 D OomAdjuster: Not killing cached processes
08-09 11:49:20.737   327  4412 W JobScheduler: Job didn't exist in JobStore: 6a43536 #u0a96/2000001001 com.google.android.googlequicksearchbox/com.google.android.libraries.notifications.entrypoints.scheduled.ScheduledTaskService
08-09 11:49:20.864   327  4410 I ActivityManager: Background started FGS: Allowed [callingPackage: com.android.vending; callingUid: 10094; uidState: BTOP; intent: Intent { dat=restoreservicev2:/... cmp=com.android.vending/com.google.android.finsky.setup.RestoreServiceV2 (has extras) }; code:ACTIVITY_STARTER; tempAllowListReason:<,reasonCode:SYSTEM_ALLOW_LISTED,duration:9223372036854775807,callingUid:-1>; targetSdkVersion:37; callerTargetSdkVersion:37; startForegroundCount:0; bindFromPackage:null]
08-09 11:49:21.138   327   693 W JobScheduler: Job didn't exist in JobStore: 38499cc #u0a96/2000001001 com.google.android.googlequicksearchbox/com.google.android.libraries.notifications.entrypoints.scheduled.ScheduledTaskService
08-09 11:49:21.206   327   327 I NotificationService: Cannot find enqueued record for key: 0|com.android.vending|-555892993|null|10094
08-09 11:49:21.726   327   327 W NotificationHistory: Attempted to add notif for locked/gone/disabled user 0
08-09 11:49:24.948   327  3961 W ContentProviderHelper: Slow operation: 417ms so far, now at getContentProviderImpl: done!
08-09 11:49:25.458   327  4412 D OomAdjuster: Not killing cached processes
08-09 11:49:27.674   327  1378 D BiometricService: canAuthenticate: User=0, Caller=0, Authenticators=255
08-09 11:49:29.395   327  1378 D BiometricService/PreAuthInfo: getCanAuthenticateInternal Modality: 0 AuthenticatorStatus: 2
08-09 11:49:29.411   327  1378 D AuthService: canAuthenticate, userId: 0, callingUserId: 0, authenticators: 255, result: 12
08-09 11:49:29.471   327   422 I WindowManager: ANR in Window{2574a01 u0 StatusBar}. Reason:2574a01 StatusBar (server) is not responding. Waited 5002ms for MotionEvent
08-09 11:49:29.556   327  1378 W BackupManagerService: [UserID:0] dataChanged but no participant pkg='com.google.android.syncadapters.calendar' uid=10099
08-09 11:49:29.557   327  1378 W BackupManagerService: [UserID:0] dataChanged but no participant pkg='com.google.android.syncadapters.calendar' uid=10099
08-09 11:49:30.113   327   422 D CompatibilityChangeReporter: Compat change id reported: 174042980; UID 10095; state: DISABLED
08-09 11:49:30.117   327   422 D CompatibilityChangeReporter: Compat change id reported: 184838306; UID 10095; state: DISABLED
08-09 11:49:30.118   327   422 D CompatibilityChangeReporter: Compat change id reported: 185004937; UID 10095; state: DISABLED
08-09 11:49:30.205   327   362 W Looper  : Slow delivery took 795ms android.ui h=android.view.GestureDetector$GestureHandler c=null m=1
08-09 11:49:30.207   327   362 W Looper  : Drained
08-09 11:49:30.369   327  5990 I ActivityManager: dumpStackTraces pids={689=true, 713=true, 861=true, 914=true, 1060=true, 1072=true, 1175=true, 1203=true, 1210=true, 1239=true, 1254=true, 1308=true, 1331=true, 1353=true, 1369=true, 1393=true, 1416=true, 1427=true, 1452=true, 1488=true, 1532=true, 1570=true, 1589=true, 1601=true, 1708=true, 1739=true, 1855=true, 1885=true, 1901=true, 1936=true, 1970=true, 2031=true, 2148=true, 2362=true, 2461=true, 2697=true, 2800=true, 2840=true, 2893=true, 3041=true, 3094=true, 3156=true, 3338=true, 3375=true, 3893=true, 4018=true, 4041=true, 4471=true, 4472=true, 4604=true, 4747=true} nativepids=[31, 38, 71, 72, 96, 99, 125, 129, 130, 131, 144, 153]
08-09 11:49:30.469   327   886 D OomAdjuster: Not killing cached processes
08-09 11:49:30.719   551   551 D VRI[NavigationBar0]: updatePointerIcon called with position out of bounds
08-09 11:49:30.818   327  5990 I ActivityManager: Skipping next CPU consuming process, not a java proc: 327
08-09 11:49:30.827   327  5990 I ActivityManager: Dumping to /data/anr/anr_2026-08-09-11-49-30-827
08-09 11:49:30.827   327  5990 I ActivityManager: Collecting stacks for pid 551
08-09 11:49:31.751   327   327 W Looper  : Slow dispatch took 10020ms main h=android.service.notification.NotificationListenerService$MyHandler c=null m=1
08-09 11:49:31.752   327   327 W Looper  : Slow delivery took 10025ms main h=android.service.notification.NotificationListenerService$MyHandler c=null m=1
08-09 11:49:31.794   327   327 W JobScheduler: Job didn't exist in JobStore: 984fa1 #1000/100040 com.android.calendar/com.google/sayyid.azzam.mufhadol@gmail.com:android
08-09 11:49:31.927   327   327 W Looper  : Slow dispatch took 122ms main h=com.android.server.job.JobSchedulerService$JobHandler c=null m=4
08-09 11:49:32.045   327   327 W JobScheduler: Job didn't exist in JobStore: 2e51c96 #u0a96/288 com.google.android.googlequicksearchbox/androidx.work.impl.background.systemjob.SystemJobService
08-09 11:49:32.120   327   327 I Telecom : DefaultDialerCache: Refreshing default dialer for user 0: now null: DDC.oR@ADc
08-09 11:49:32.211   327  5990 I ActivityManager: Collecting stacks for pid 327
08-09 11:49:32.292   327   370 D AppWidgetServiceImpl: Provider info from ComponentInfo{com.google.android.googlequicksearchbox/com.google.android.apps.gsa.staticplugins.smartspace.widget.SmartspaceWidgetProvider} won't be persisted.
08-09 11:49:32.469   327   327 W Looper  : Slow dispatch took 112ms main h=android.service.notification.NotificationListenerService$MyHandler c=null m=1
08-09 11:49:32.564   327   327 W JobScheduler: Job didn't exist in JobStore: 60bfd86 #1000/100033 com.android.contacts/com.google/sayyid.azzam.mufhadol@gmail.com:android
08-09 11:49:32.618   327   327 W Looper  : Drained
08-09 11:49:32.924   327   327 W JobScheduler: Job didn't exist in JobStore: 7fcb5eb #1000/100044 com.google.android.gms.chromesync/com.google/sayyid.azzam.mufhadol@gmail.com:android
08-09 11:49:33.058   327   520 E SyncManager: Job params not found for 100044
08-09 11:49:34.468   327   327 W Looper  : Slow dispatch took 150ms main h=android.service.notification.NotificationListenerService$MyHandler c=null m=1
08-09 11:49:34.752   327   691 D BiometricService: canAuthenticate: User=0, Caller=0, Authenticators=255
08-09 11:49:34.783   327   691 D BiometricService/PreAuthInfo: getCanAuthenticateInternal Modality: 0 AuthenticatorStatus: 2
08-09 11:49:34.783   327   691 D AuthService: canAuthenticate, userId: 0, callingUserId: 0, authenticators: 255, result: 12
08-09 11:49:35.537   327  3961 D OomAdjuster: Not killing cached processes
08-09 11:49:35.955   327   327 W Looper  : Slow dispatch took 692ms main h=android.os.Handler c=android.app.AlarmManager$ListenerWrapper@7dc397f m=0
08-09 11:49:35.978   327   327 W Looper  : Slow delivery took 692ms main h=com.android.server.job.JobSchedulerService$JobHandler c=null m=0
08-09 11:49:35.979   327   327 W Looper  : Drained
08-09 11:49:38.494   551   551 D VRI[NavigationBar0]: updatePointerIcon called with position out of bounds
08-09 11:49:40.108   327   361 W Looper  : Slow dispatch took 3046ms android.fg h=android.os.Handler c=com.android.server.power.hint.HintManagerService$UidObserver$$ExternalSyntheticLambda1@cda1461 m=0
08-09 11:49:40.207   327   327 W Looper  : Slow dispatch took 3146ms main h=com.android.server.job.JobSchedulerService$JobHandler c=null m=4
08-09 11:49:40.207   327   327 W Looper  : Slow delivery took 2336ms main h=com.android.server.job.controllers.QuotaController$QcHandler c=null m=5
08-09 11:49:40.229   327   327 W Looper  : Drained
08-09 11:49:41.058   327   796 D OomAdjuster: Not killing cached processes
08-09 11:49:41.060   327   796 W JobScheduler: Job didn't exist in JobStore: 6877d51 #u0a96/-369 com.google.android.googlequicksearchbox/com.google.android.apps.gsa.tasks.BackgroundTasksJobService
08-09 11:49:41.355   327  3961 W JobScheduler: Job didn't exist in JobStore: 6cb70ed #u0a96/-121 com.google.android.googlequicksearchbox/com.google.android.apps.gsa.tasks.BackgroundTasksJobService
08-09 11:49:41.925   327  5990 I ActivityManager: Collecting stacks for pid 1139
08-09 11:49:42.378   327  5990 I ActivityManager: Collecting stacks for pid 661
08-09 11:49:42.551   551   551 D VRI[NavigationBar0]: updatePointerIcon called with position out of bounds
08-09 11:49:42.576  1308  1764 W KeyphraseEnrollmentInfo: No enrollment application supports the given keyphrase/locale: 'X Google'/in_ID
08-09 11:49:42.577  1308  1764 W KeyphraseEnrollmentInfo: No enrollment application supports the given keyphrase/locale: 'X Google'/in_ID
08-09 11:49:42.579  1308  1764 W KeyphraseEnrollmentInfo: No enrollment application supports the given keyphrase/locale: 'X Google'/ar_EG
08-09 11:49:42.579  1308  1764 W KeyphraseEnrollmentInfo: No enrollment application supports the given keyphrase/locale: 'X Google'/en_US
08-09 11:49:42.603   327  5990 I ActivityManager: Collecting stacks for pid 636
08-09 11:49:42.802   327  5990 I ActivityManager: Collecting stacks for pid 653
08-09 11:49:42.943   327  5990 I ActivityManager: Collecting stacks for native pid 31
08-09 11:49:43.029   327  5990 I ActivityManager: Collecting stacks for native pid 38
08-09 11:49:43.088    38  6002 I keystore2: keystore2::watchdog: Watchdog thread idle -> terminating. Have a great day.
08-09 11:49:43.212   327  4411 W JobScheduler: Job didn't exist in JobStore: a549fea #u0a96/-353 com.google.android.googlequicksearchbox/com.google.android.apps.gsa.tasks.BackgroundTasksJobService
08-09 11:49:43.225   327  5990 I ActivityManager: Collecting stacks for native pid 71
08-09 11:49:43.439   327  5990 I ActivityManager: Collecting stacks for native pid 72
08-09 11:49:43.695   327  5990 I ActivityManager: Collecting stacks for native pid 96
08-09 11:49:43.870   327  4414 W JobScheduler: Job didn't exist in JobStore: 221f63f #u0a96/-351 com.google.android.googlequicksearchbox/com.google.android.apps.gsa.tasks.BackgroundTasksJobService
08-09 11:49:43.877   327   327 W JobScheduler: Job didn't exist in JobStore: d6ddcd2 #1000/100042 com.android.calendar/com.google/sayyid.azzam.mufhadol@gmail.com:android
08-09 11:49:43.962   327  5990 I ActivityManager: Collecting stacks for native pid 99
08-09 11:49:44.376   551   551 D VRI[NavigationBar0]: updatePointerIcon called with position out of bounds
08-09 11:49:44.504   327  5990 I ActivityManager: Collecting stacks for native pid 125
08-09 11:49:44.588   327  4363 W BackupManagerService: [UserID:0] dataChanged but no participant pkg='com.google.android.syncadapters.calendar' uid=10099
08-09 11:49:44.605   327  4363 W BackupManagerService: [UserID:0] dataChanged but no participant pkg='com.google.android.syncadapters.calendar' uid=10099
08-09 11:49:44.726   327  5966 W JobScheduler: Job didn't exist in JobStore: 56dc07 #u0a96/-377 com.google.android.googlequicksearchbox/com.google.android.apps.gsa.tasks.BackgroundTasksJobService
08-09 11:49:45.097   327  5990 I ActivityManager: Collecting stacks for native pid 129
08-09 11:49:45.202   327   389 E PackageManager: ERROR: could not load root hash from incremental install
08-09 11:49:45.235   327  5990 I ActivityManager: Collecting stacks for native pid 130
08-09 11:49:45.236   327   389 I PackageManager: Integrity check passed for file:///data/app/vmdl569782182.tmp
08-09 11:49:45.424   327  5990 I ActivityManager: Collecting stacks for native pid 131
08-09 11:49:48.111   327  5990 I ActivityManager: Collecting stacks for native pid 144
08-09 11:49:50.471   327  4410 D OomAdjuster: Not killing cached processes
08-09 11:49:50.509   327  5990 I ActivityManager: Collecting stacks for native pid 153
08-09 11:49:50.584   327   361 W Looper  : Slow dispatch took 2470ms android.fg h=android.os.Handler c=com.android.server.Watchdog$HandlerChecker@3bbe08b m=0
08-09 11:49:50.635   327   327 W Looper  : Slow dispatch took 152ms main h=com.android.server.alarm.AlarmManagerService$AlarmHandler c=null m=7
08-09 11:49:50.846   327   327 W Looper  : Slow dispatch took 131ms main h=com.android.server.alarm.AlarmManagerService$AlarmHandler c=android.app.PendingIntent$FinishedDispatcher@5d99fad m=0
08-09 11:49:50.994   327   693 W BackupManagerService: [UserID:0] dataChanged but no participant pkg='com.google.android.syncadapters.calendar' uid=10099
08-09 11:49:50.995   327   691 W BackupManagerService: [UserID:0] dataChanged but no participant pkg='com.google.android.syncadapters.calendar' uid=10099
08-09 11:49:51.221   327  5990 E ActivityManager: Aborting stack trace dump (current native pid=153); deadline exceeded.
08-09 11:49:51.264   327  5990 E ActivityManager: ANR in com.android.systemui
08-09 11:49:51.264   327  5990 E ActivityManager: PID: 551
08-09 11:49:51.264   327  5990 E ActivityManager: Reason: Input dispatching timed out (2574a01 StatusBar (server) is not responding. Waited 5002ms for MotionEvent)
08-09 11:49:51.264   327  5990 E ActivityManager: ErrorId: 580942ae-a15f-44d4-99fc-d61867545d96
08-09 11:49:51.264   327  5990 E ActivityManager: Frozen: false
08-09 11:49:51.264   327  5990 E ActivityManager: Load: 16.2 / 23.7 / 20.06
08-09 11:49:51.264   327  5990 E ActivityManager: ----- Output from /proc/pressure/memory -----
08-09 11:49:51.264   327  5990 E ActivityManager: some avg10=48.54 avg60=26.87 avg300=23.40 total=2032155395
08-09 11:49:51.264   327  5990 E ActivityManager: full avg10=37.18 avg60=19.82 avg300=16.61 total=1602326417
08-09 11:49:51.264   327  5990 E ActivityManager: ----- End output from /proc/pressure/memory -----
08-09 11:49:51.264   327  5990 E ActivityManager: 
08-09 11:49:51.264   327  5990 E ActivityManager: CPU usage from 6206ms to 21019ms later (2026-08-09 11:49:36.409 to 2026-08-09 11:49:51.223):
08-09 11:49:51.264   327  5990 E ActivityManager:   21% 1060/com.google.android.gms.persistent: 17% user + 3.9% kernel / faults: 12437 minor 4911 major
08-09 11:49:51.264   327  5990 E ActivityManager:   17% 1203/com.google.android.gms: 13% user + 3.5% kernel / faults: 14737 minor 4158 major
08-09 11:49:51.264   327  5990 E ActivityManager:   17% 327/system_server: 12% user + 4.9% kernel / faults: 6506 minor 1626 major
08-09 11:49:51.264   327  5990 E ActivityManager:   16% 4018/com.google.android.webview:sandboxed_process0:org.chromium.content.app.SandboxedProcessService0:0: 14% user + 1.8% kernel / faults: 5857 minor 1351 major
08-09 11:49:51.264   327  5990 E ActivityManager:   10% 3893/com.google.android.gms.ui: 8.3% user + 2.3% kernel / faults: 1746 minor 401 major
08-09 11:49:51.264   327  5990 E ActivityManager:   10% 1532/com.google.android.googlequicksearchbox:search: 7.1% user + 3.3% kernel / faults: 12646 minor 8602 major
08-09 11:49:51.264   327  5990 E ActivityManager:   6.1% 1570/android.process.acore: 4.4% user + 1.6% kernel / faults: 3483 minor 4206 major
08-09 11:49:51.264   327  5990 E ActivityManager:   6% 99/surfaceflinger: 3.9% user + 2% kernel / faults: 7044 minor 77 major
08-09 11:49:51.264   327  5990 E ActivityManager:   5.3% 4471/com.android.vending: 3.8% user + 1.4% kernel / faults: 5572 minor 2926 major
08-09 11:49:51.264   327  5990 E ActivityManager:   5% 18/lmkd: 2.7% user + 2.2% kernel
08-09 11:49:51.264   327  5990 E ActivityManager:   4.6% 4472/com.android.vending:background: 3.2% user + 1.4% kernel / faults: 2386 minor 1186 major
08-09 11:49:51.264   327  5990 E ActivityManager:   2.6% 1308/com.google.android.googlequicksearchbox:interactor: 1.8% user + 0.7% kernel / faults: 2737 minor 1151 major
08-09 11:49:51.264   327  5990 E ActivityManager:   1.8% 77/android.hardware.graphics.composer@2.1-service: 0.9% user + 0.9% kernel / faults: 58 minor 4 major
08-09 11:49:51.264   327  5990 E ActivityManager:   1.8% 551/com.android.systemui: 1.1% user + 0.6% kernel / faults: 896 minor 1615 major
08-09 11:49:51.264   327  5990 E ActivityManager:   1.4% 125/cameraserver: 0.8% user + 0.6% kernel / faults: 4375 minor 57 major
08-09 11:49:51.264   327  5990 E ActivityManager:   1.2% 1739/com.google.android.gms.unstable: 1% user + 0.2% kernel / faults: 277 minor 687 major
08-09 11:49:51.264   327  5990 E ActivityManager:   1% 72/netd: 0.5% user + 0.4% kernel / faults: 2516 minor 81 major
08-09 11:49:51.264   327  5990 E ActivityManager:   0.7% 1139/com.android.inputmethod.latin: 0.4% user + 0.2% kernel / faults: 1192 minor 635 major
08-09 11:49:51.264   327  5990 E ActivityManager:   0.9% 71/statsd: 0.5% user + 0.4% kernel / faults: 1646 minor 57 major
08-09 11:49:51.264   327  5990 E ActivityManager:   0.7% 96/audioserver: 0.3% user + 0.4% kernel / faults: 2733 minor 92 major
08-09 11:49:51.264   327  5990 E ActivityManager:   0.6% 661/com.android.phone: 0.4% user + 0.2% kernel / faults: 852 minor 630 major
08-09 11:49:51.264   327  5990 E ActivityManager:   0.4% 1427/com.google.android.syncadapters.calendar: 0.2% user + 0.1% kernel / faults: 340 minor 822 major
08-09 11:49:51.264   327  5990 E ActivityManager:   0.6% 1/init: 0.2% user + 0.3% kernel / faults: 2 minor 1 major
08-09 11:49:51.264   327  5990 E ActivityManager:   0% 131/mediaserver: 0% user + 0% kernel / faults: 1470 minor 69 major
08-09 11:49:51.264   327  5990 E ActivityManager:   0% 144/media.codec: 0% user + 0% kernel / faults: 1271 minor 56 major
08-09 11:49:51.264   327  5990 E ActivityManager:   0% 153/media.swcodec: 0% user + 0% kernel / faults: 1980 minor 60 major
08-09 11:49:51.264   327  5990 E ActivityManager:   0.4% 636/com.android.networkstack.process: 0.2% user + 0.1% kernel / faults: 889 minor 626 major
08-09 11:49:51.264   327  5990 E ActivityManager:   0% 129/media.extractor: 0% user + 0% kernel / faults: 1364 minor 48 major
08-09 11:49:51.264   327  5990 E ActivityManager:   0.4% 1936/com.android.providers.calendar: 0.2% user + 0.1% kernel / faults: 135 minor 133 major
08-09 11:49:51.264   327  5990 E ActivityManager:   0.2% 130/media.metrics: 0.1% user + 0% kernel / faults: 1060 minor 57 major
08-09 11:49:51.264   327  5990 E ActivityManager:   0.2% 653/com.android.se: 0% user + 0.1% kernel / faults: 981 minor 385 major
08-09 11:49:51.264   327  5990 E ActivityManager:   0.3% 4747/com.android.vending:quick_launch: 0.2% user + 0% kernel / faults: 236 minor 484 major
08-09 11:49:51.264   327  5990 E ActivityManager:   0.2% 17/logd: 0.2% user + 0% kernel / faults: 165 minor 32 major
08-09 11:49:51.264   327  5990 E ActivityManager:   0.2% 38/keystore2: 0.2% user + 0% kernel / faults: 1015 minor 49 major
08-09 11:49:51.264   327  5990 E ActivityManager:   0.1% 31/vold: 0% user + 0% kernel / faults: 738 minor 63 major
08-09 11:49:51.264   327  5990 E ActivityManager:   0.1% 83/android.hardware.graphics.allocator@4.0-service.minigbm_gbm_mesa: 0% user + 0% kernel / faults: 28 minor 5 major
08-09 11:49:51.264   327  5990 E ActivityManager:   0.1% 1254/com.google.process.gservices: 0% user + 0% kernel / faults: 5 minor 30 major
08-09 11:49:51.264   327  5990 E ActivityManager:   0% 2893/com.google.android.partnersetup: 0% user + 0% kernel / faults: 37 minor 388 major
08-09 11:49:51.264   327  5990 E ActivityManager:   0% 108/adbd: 0% user + 0% kernel / faults: 2 minor
08-09 11:49:51.264   327  5990 E ActivityManager:  +0% 6149/dex2oat32: 0% user + 0% kernel
08-09 11:49:51.264   327  5990 E ActivityManager: 99% TOTAL: 30% user + 20% kernel + 45% iowait + 1.6% irq + 1.2% softirq
08-09 11:49:51.264   327  5990 E ActivityManager: CPU usage from 166ms to 568ms later (2026-08-09 11:49:30.369 to 2026-08-09 11:49:30.772):
08-09 11:49:51.264   327  5990 E ActivityManager:   58% 327/system_server: 33% user + 25% kernel / faults: 847 minor 151 major
08-09 11:49:51.264   327  5990 E ActivityManager:     28% 5990/AnrConsumer: 11% user + 16% kernel
08-09 11:49:51.264   327  5990 E ActivityManager:     5.6% 691/binder:327_5: 5.6% user + 0% kernel
08-09 11:49:51.264   327  5990 E ActivityManager:     5.6% 886/binder:327_9: 5.6% user + 0% kernel
08-09 11:49:51.264   327  5990 E ActivityManager:     5.6% 1389/binder:327_D: 5.6% user + 0% kernel
08-09 11:49:51.264   327  5990 E ActivityManager:     5.6% 4416/binder:327_18: 5.6% user + 0% kernel
08-09 11:49:51.264   327  5990 E ActivityManager:     2.8% 362/android.ui: 2.8% user + 0% kernel
08-09 11:49:51.264   327  5990 E ActivityManager:     2.8% 1315/pool-14-thread-: 0% user + 2.8% kernel
08-09 11:49:51.264   327  5990 E ActivityManager:     2.8% 3961/binder:327_10: 0% user + 2.8% kernel
08-09 11:49:51.264   327  5990 E ActivityManager:   31% 1308/com.google.android.googlequicksearchbox:interactor: 25% user + 6.3% kernel / faults: 578 minor 326 major
08-09 11:49:51.264   327  5990 E ActivityManager:     6.3% 1764/Lite Thread #0: 6.3% user + 0% kernel
08-09 11:49:51.264   327  5990 E ActivityManager:     6.3% 1765/Lite Thread #1: 6.3% user + 0% kernel
08-09 11:49:51.264   327  5990 E ActivityManager:     3.1% 1735/BG Thread #1: 3.1% user + 0% kernel
08-09 11:49:51.264   327  5990 E ActivityManager:    +0% 6001/SharedPreferenc: 0% user + 0% kernel
08-09 11:49:51.264   327  5990 E ActivityManager:   31% 4018/com.google.android.webview:sandboxed_process0:org.chromium.content.app.SandboxedProcessService0:0: 27% user + 3.9% kernel / faults: 116 minor 19 major
08-09 11:49:51.264   327  5990 E ActivityManager:     23% 4086/CrRendererMain: 19% user + 3.9% kernel
08-09 11:49:51.264   327  5990 E ActivityManager:   21% 1060/com.google.android.gms.persistent: 12% user + 9.1% kernel / faults: 547 minor 232 major
08-09 11:49:51.264   327  5990 E ActivityManager:     6.1% 1068/HeapTaskDaemon: 3% user + 3% kernel
08-09 11:49:51.264   327  5990 E ActivityManager:     3% 1301/lowpool[4]: 3% user + 0% kernel
08-09 11:49:51.264   327  5990 E ActivityManager:     3% 1447/netscheduler-qu: 3% user + 0% kernel
08-09 11:49:51.264   327  5990 E ActivityManager:     3% 3963/binder:1060_A: 3% user + 0% kernel
08-09 11:49:51.264   327  5990 E ActivityManager:     3% 5199/lowpool[47]: 3% user + 0% kernel
08-09 11:49:51.264   327  5990 E ActivityManager:     3% 5403/highpool[17]: 0% user + 3% kernel
08-09 11:49:51.264   327  5990 E ActivityManager:   23% 1532/com.google.android.googlequicksearchbox:search: 16% user + 6.6% kernel / faults: 427 minor 152 major
08-09 11:49:51.264   327  5990 E ActivityManager:     6.6% 1661/BG Thread #0: 6.6% user + 0% kernel
08-09 11:49:51.264   327  5990 E ActivityManager:     3.3% 1662/BG Thread #1: 3.3% user + 0% kernel
08-09 11:49:51.264   327  5990 E ActivityManager:     3.3% 1667/BG Thread #2: 3.3% user + 0% kernel
08-09 11:49:51.264   327  5990 E ActivityManager:     3.3% 1697/Lite Thread #0: 0% user + 3.3% kernel
08-09 11:49:51.264   327  5990 E ActivityManager:     3.3% 5854/Blocking Thread: 3.3% user + 0% kernel
08-09 11:49:51.264   327  5990 E ActivityManager:    +0% 5995/pool-19-thread-: 0% user + 0% kernel
08-09 11:49:51.264   327  5990 E ActivityManager:   24% 4472/com.android.vending:background: 16% user + 8% kernel / faults: 795 minor 268 major
08-09 11:49:51.264   327  5990 E ActivityManager:     8% 4501/HeapTaskDaemon: 4% user + 4% kernel
08-09 11:49:51.264   327  5990 E ActivityManager:     4% 4542/ValueStore-3: 0% user + 4% kernel
08-09 11:49:51.264   327  5990 E ActivityManager:     4% 4644/ThreadPoolForeg: 4% user + 0% kernel
08-09 11:49:51.264   327  5990 E ActivityManager:     4% 4649/CronetNet: 4% user + 0% kernel
08-09 11:49:51.264   327  5990 E ActivityManager:   19% 4471/com.android.vending: 11% user + 7.8% kernel / faults: 173 minor 15 major
08-09 11:49:51.264   327  5990 E ActivityManager:     3.9% 4512/binder:4471_1: 3.9% user + 0% kernel
08-09 11:49:51.264   327  5990 E ActivityManager:     3.9% 4525/LightweightExec: 3.9% user + 0% kernel
08-09 11:49:51.264   327  5990 E ActivityManager:     3.9% 4572/CronetNet: 0% user + 3.9% kernel
08-09 11:49:51.264   327  5990 E ActivityManager:     3.9% 4575/bgExecutor #2: 3.9% user + 0% kernel
08-09 11:49:51.264   327  5990 E ActivityManager:     3.9% 4576/bgExecutor #3: 3.9% user + 0% kernel
08-09 11:49:51.264   327  5990 E ActivityManager:     3.9% 4578/Thread-3: 3.9% user + 0% kernel
08-09 11:49:51.264   327  5990 E ActivityManager:   9.3% 1203/com.google.android.gms: 6.2% user + 3.1% kernel / faults: 174 minor 53 major
08-09 11:49:51.264   327  5990 E ActivityManager:     3.1% 5895/IN_START_ACTION: 0% user + 3.1% kernel
08-09 11:49:51.264   327  5990 E ActivityManager:     3.1% 5955/lowpool[17]: 3.1% user + 0% kernel
08-09 11:49:51.264   327  5990 E ActivityManager:   7.8% 3893/com.google.android.gms.ui: 3.9% user + 3.9% kernel / faults: 11 minor 379 major
08-09 11:49:51.264   327  5990 E ActivityManager:     7.8% 3909/Profile Saver: 0% user + 7.8% kernel
08-09 11:49:51.264   327  5990 E ActivityManager:     3.9% 3893/.android.gms.ui: 3.9% user + 0% kernel
08-09 11:49:51.264   327  5990 E ActivityManager:   2.4% 18/lmkd: 2.4% user + 0% kernel
08-09 11:49:51.264   327  5990 E ActivityManager:     2.4% 18/lmkd: 2.4% user + 0% kernel
08-09 11:49:51.264   327  5990 E ActivityManager:   2.5% 96/audioserver: 0% user + 2.5% kernel / faults: 23 minor 87 major
08-09 11:49:51.264   327  5990 E ActivityManager:   2.6% 99/surfaceflinger: 2.6% user + 0% kernel
08-09 11:49:51.264   327  5990 E ActivityManager:   2.6% 108/adbd: 2.6% user + 0% kernel
08-09 11:49:51.264   327  5990 E ActivityManager:   2.8% 551/com.android.systemui: 2.8% user + 0% kernel / faults: 111 minor 258 major
08-09 11:49:51.264   327  5990 E ActivityManager:   3.4% 1570/android.process.acore: 3.4% user + 0% kernel / faults: 49 minor
08-09 11:49:51.264   327  5990 E ActivityManager:     3.4% 1583/binder:1570_1: 3.4% user + 0% kernel
08-09 11:49:51.264   327  5990 E ActivityManager: 100% TOTAL: 45% user + 46% kernel + 1.8% iowait + 2.4% irq + 3.6% softirq
08-09 11:49:51.349   327  5990 D ActivityManager: Completed ANR of com.android.systemui in 21155ms, latency 2ms
08-09 11:49:51.351   327  6150 I DropBoxManagerService: add tag=system_app_anr isTagEnabled=true flags=0x6
08-09 11:49:51.466   327   362 W Looper  : Slow dispatch took 117ms android.ui h=com.android.server.am.ActivityManagerService$UiHandler c=null m=2
08-09 11:49:52.607   327   362 D CoreBackPreview: Window{e6d0b72 u0 Application Not Responding: com.android.systemui}: Setting back callback OnBackInvokedCallbackInfo{mCallback=android.window.WindowOnBackInvokedDispatcher$OnBackInvokedCallbackWrapper@9e3f03b, mPriority=0}
08-09 11:49:52.607   327   362 W Looper  : Slow dispatch took 1141ms android.ui h=com.android.server.am.ActivityManagerService$UiHandler c=com.android.server.am.ErrorDialogController$$ExternalSyntheticLambda5@6675596 m=0
08-09 11:49:52.628   327   362 W Looper  : Slow delivery took 1154ms android.ui h=com.android.server.am.ActivityManagerService$UiHandler c=null m=31
08-09 11:49:52.873   551   551 D VRI[NavigationBar0]: updatePointerIcon called with position out of bounds
08-09 11:49:52.951   327   327 W Looper  : Slow dispatch took 860ms main h=android.service.notification.NotificationListenerService$MyHandler c=null m=1
08-09 11:49:52.955   327   327 W Looper  : Slow delivery took 861ms main h=android.service.notification.NotificationListenerService$MyHandler c=null m=1
08-09 11:49:52.956   327   327 W Looper  : Drained
08-09 11:49:53.606   327   693 W JobScheduler: Job didn't exist in JobStore: 229d6b #u0a96/-151 com.google.android.googlequicksearchbox/com.google.android.apps.gsa.tasks.BackgroundTasksJobService
08-09 11:49:54.159   327   362 W Looper  : Slow dispatch took 1479ms android.ui h=android.view.Choreographer$FrameHandler c=android.view.Choreographer$FrameDisplayEventReceiver@aa673ec m=0
08-09 11:49:54.248   327   362 W Looper  : Drained
08-09 11:49:55.026   327   327 W Looper  : Slow dispatch took 106ms main h=android.service.notification.NotificationListenerService$MyHandler c=null m=1
08-09 11:49:55.470   327   370 D OomAdjuster: Not killing cached processes
08-09 11:49:56.145   327   362 D VRI[systemui]: updatePointerIcon called with position out of bounds
08-09 11:49:56.156   327   362 D VRI[systemui]: updatePointerIcon called with position out of bounds
08-09 11:49:56.252   327   362 D VRI[systemui]: updatePointerIcon called with position out of bounds
08-09 11:49:56.335   327   362 D VRI[systemui]: updatePointerIcon called with position out of bounds
08-09 11:49:56.348   327   362 D VRI[systemui]: updatePointerIcon called with position out of bounds
08-09 11:49:56.369   327   362 D VRI[systemui]: updatePointerIcon called with position out of bounds
08-09 11:49:57.366   327   389 V BackupManagerService: [UserID:0] restoreAtInstall pkg=android.autoinstalls.config.google.nexus token=2 restoreSet=0
08-09 11:49:57.497   327   389 V BackupManagerService: [UserID:0] Finishing install immediately
08-09 11:49:57.668   327  1658 W BroadcastQueue: Background execution not allowed: receiving Intent { act=android.intent.action.DROPBOX_ENTRY_ADDED flg=0x10 (has extras) } to com.google.android.gms/.stats.service.DropBoxEntryAddedReceiver
08-09 11:49:57.962   327   389 D PackageInstallerSession: Marking session 569782182 as applied
08-09 11:49:57.968   327   362 W Looper  : Slow dispatch took 467ms android.ui h=android.view.Choreographer$FrameHandler c=android.view.Choreographer$FrameDisplayEventReceiver@aa673ec m=0
08-09 11:49:58.140   327   327 W Looper  : Slow dispatch took 129ms main h=android.service.notification.NotificationListenerService$MyHandler c=null m=1
08-09 11:49:58.237   327   362 I ActivityManager: Killing 551:com.android.systemui/u0a125 (adj -800): user request after error
08-09 11:49:58.239   327   362 D CoreBackPreview: Window{e6d0b72 u0 Application Not Responding: com.android.systemui}: Setting back callback null
08-09 11:49:58.317   327   389 D CompatibilityChangeReporter: Compat change id reported: 168419799; UID 10151; state: DISABLED
08-09 11:49:58.322   327   389 D CompatibilityChangeReporter: Compat change id reported: 273564678; UID 10151; state: DISABLED
08-09 11:49:58.411   327   815 I StatusBarManagerService: binder died for pkg=com.android.systemui
08-09 11:49:58.428   327   327 W WallpaperManagerService: Wallpaper service gone: ComponentInfo{com.android.systemui/com.android.systemui.wallpapers.ImageWallpaper}
08-09 11:49:58.449   327   796 D NotificationListeners: Removing active service ComponentInfo{com.android.systemui/com.android.systemui.statusbar.NotificationListener}
08-09 11:49:58.466   327   371 W BroadcastQueue: Failed to schedule Intent { act=android.intent.action.PACKAGE_ADDED dat=package: flg=0x4000010 (has extras) } to android.content.IIntentReceiver$Stub$Proxy@cc07919 via ProcessRecord{311ea96 551:com.android.systemui/u0a125}: android.os.DeadObjectException
08-09 11:49:58.466   327   371 I ActivityManager: Killing 551:com.android.systemui/u0a125 (adj -800): Can't deliver broadcast
08-09 11:49:58.487   327   327 W Looper  : Slow dispatch took 149ms main h=android.app.ActivityThread$H c=android.app.LoadedApk$ServiceDispatcher$RunConnection@b78cbbf m=0
08-09 11:49:58.487   327   327 W WallpaperManagerService: Wallpaper service gone: ComponentInfo{com.android.systemui/com.android.systemui.wallpapers.ImageWallpaper}
08-09 11:49:58.499   327  6244 I MR2ServiceImpl: unregisterManager | package: com.android.systemui, user: 0, manager: 1
08-09 11:49:58.686   327   327 W Looper  : Slow dispatch took 190ms main h=android.os.Handler c=android.app.LoadedApk$ReceiverDispatcher$Args$$ExternalSyntheticLambda0@3f1cd66 m=0
08-09 11:49:58.686   327   327 W Looper  : Slow delivery took 314ms main h=android.app.ActivityThread$H c=android.app.LoadedApk$ReceiverDispatcher$Args$$ExternalSyntheticLambda0@d6db8a7 m=0
08-09 11:49:58.807   327   327 W Looper  : Slow dispatch took 121ms main h=android.app.ActivityThread$H c=android.app.LoadedApk$ReceiverDispatcher$Args$$ExternalSyntheticLambda0@a26a48f m=0
08-09 11:49:58.813   327   445 I NetworkPolicy: ACTION_PACKAGE_ADDED for uid=10151, no INTERNET
