08-09 12:22:07.102  9860  9996 I PlayCore: UID: [10146]  PID: [9860] AssetPackServiceImpl : Unbind from service.
08-09 12:22:07.145  7433  7433 W ProviderHelper: Unknown dynamite feature providerinstaller.dynamite
08-09 12:22:07.146  7433  7433 I DynamiteModule: Considering local module com.google.android.gms.providerinstaller.dynamite:1 and remote module com.google.android.gms.providerinstaller.dynamite:0
08-09 12:22:07.146  7433  7433 I DynamiteModule: Selected local version of com.google.android.gms.providerinstaller.dynamite
08-09 12:22:07.192   327   815 D FakeWifi: Faking wifi for com.google.android.gsf
08-09 12:22:07.193   327   815 D FakeWifi: Faking wifi for com.google.android.gsf
08-09 12:22:07.193  9219  9979 D FakeWifi: Faking wifi for com.google.android.gms
08-09 12:22:07.193  9219  9979 D FakeWifi: Faking wifi for com.google.android.gsf
08-09 12:22:07.193  9219  9979 D FakeWifi: Faking wifi for com.google.android.gsf
08-09 12:22:07.193  9219  9979 D FakeWifi: Faking wifi for com.google.android.gsf
08-09 12:22:07.279  1060  5900 I NetworkScheduler: Error inserting flex_time=3596000 job_id=-1 period=7193000 source=16 requires_charging=0 preferred_network_type=1 target_class=com.google.android.gms.measurement.PackageMeasurementTaskService user_id=0 target_package=com.google.android.gms tag=Measurement.PackageMeasurementTaskService.UPLOAD_TASK_TAG task_type=0 required_idleness_state=0 service_kind=0 source_version=262831000 persistence_level=1 preferred_charging_state=1 required_network_type=0 runtime=1786252927240 retry_strategy={"maximum_backoff_seconds":{"3600":0},"initial_backoff_seconds":{"30":0},"retry_policy":{"0":0}} last_runtime=0 [CONTEXT service_id=218 ]
08-09 12:22:07.339   327  4412 D FakeWifi: Faking wifi for com.google.android.gsf
08-09 12:22:07.339   327  4412 D FakeWifi: Faking wifi for com.google.android.gsf
08-09 12:22:07.340  9219  9979 D FakeWifi: Faking wifi for com.google.android.gms
08-09 12:22:07.342  9219  9979 D FakeWifi: Faking wifi for com.google.android.gsf
08-09 12:22:07.343  9219  9979 D FakeWifi: Faking wifi for com.google.android.gsf
08-09 12:22:07.343  9219  9979 D FakeWifi: Faking wifi for com.google.android.gsf
08-09 12:22:07.350  1060  5900 I NetworkScheduler: Error inserting flex_time=3595000 job_id=-1 period=7192000 source=16 requires_charging=0 preferred_network_type=1 target_class=com.google.android.gms.measurement.PackageMeasurementTaskService user_id=0 target_package=com.google.android.gms tag=Measurement.PackageMeasurementTaskService.UPLOAD_TASK_TAG task_type=0 required_idleness_state=0 service_kind=0 source_version=262831000 persistence_level=1 preferred_charging_state=1 required_network_type=0 runtime=1786252927348 retry_strategy={"maximum_backoff_seconds":{"3600":0},"initial_backoff_seconds":{"30":0},"retry_policy":{"0":0}} last_runtime=0 [CONTEXT service_id=218 ]
08-09 12:22:07.406  9219  9226 I gle.android.gms: Compiler allocated 5659KB to compile void dkph.ao(com.google.android.gms.measurement.internal.EventParcel, com.google.android.gms.measurement.internal.AppMetadata)
08-09 12:22:07.557  7433  7433 W ziparchive: Unable to open '/data/user_de/0/com.google.android.gms/app_chimera/m/00000004/dl-Games.optional_262831100000.dm': No such file or directory
08-09 12:22:07.792  7433  7433 I GmsModuleInitializer: Using ContainerGservicesDelegate
08-09 12:22:07.862  9219  9232 D CompatibilityChangeReporter: Compat change id reported: 150939131; UID 10095; state: ENABLED
08-09 12:22:07.952  7433  7433 I SignInChimeraActivity: New sign-in flow enabled: true [CONTEXT service_id=1 ]
08-09 12:22:08.028  7433  7433 I android_os_HwBinder: HwBinder: Starting hwbinderthread pool for getting: vendor.waydroid.window@1.1::IWaydroidWindow/default
08-09 12:22:08.068  7433  7433 I DynamiteModule: Considering local module com.google.android.gms.googlecertificates:7 and remote module com.google.android.gms.googlecertificates:7
08-09 12:22:08.068  7433  7433 I DynamiteModule: Selected local version of com.google.android.gms.googlecertificates
08-09 12:22:08.114  7433  7433 E PlayGamesServices[SignInClient]: Calling connect() while still connected, missing disconnect().
08-09 12:22:08.126  7433  7462 W Parcel  : Expecting binder but got null!
08-09 12:22:08.129   327  4412 D CoreBackPreview: Window{1437680 u0 com.google.android.gms/com.google.android.gms.games.ui.signinflow.SignInActivity}: Setting back callback OnBackInvokedCallbackInfo{mCallback=android.window.IOnBackInvokedCallback$Stub$Proxy@ad0b0fe, mPriority=0}
08-09 12:22:08.132  7433  7433 I SignInChimeraActivity: Transitioning from state [NONE] to [CHECK_CONNECTING_POPUP] [CONTEXT service_id=1 ]
08-09 12:22:08.132  7433  7433 I SignInChimeraActivity: Transitioning from state [CHECK_CONNECTING_POPUP] to [CHECK_ACCOUNT] [CONTEXT service_id=1 ]
08-09 12:22:08.133  7433  7433 I LegacyCheckAccountState: Attempt to preselect account (useDesiredAccount [true]) [CONTEXT service_id=1 ]
08-09 12:22:08.134  7433  7433 I LegacyCheckAccountState: No GMS Core selected account found. Attempt best effort account. [CONTEXT service_id=1 ]
08-09 12:22:08.140  7433  7433 I LegacyCheckAccountState: No best effort account found, launching account selector [CONTEXT service_id=1 ]
08-09 12:22:08.140  7433  7433 I SignInChimeraActivity: Transitioning from state [CHECK_ACCOUNT] to [SELECT_ACCOUNT] [CONTEXT service_id=1 ]
08-09 12:22:08.141  7433  7433 I SelectAccountState: No account is preselected [CONTEXT service_id=1 ]
08-09 12:22:08.141  7433  7433 I SelectAccountState: Choosing the first account on the device Account {name=sayyid.azzam.mufhadol@gmail.com, type=com.google} [CONTEXT service_id=1 ]
08-09 12:22:08.142  7433  7433 I StateMachineMemory: selectAccount Account {name=sayyid.azzam.mufhadol@gmail.com, type=com.google} [CONTEXT service_id=1 ]
08-09 12:22:08.142  7433  7433 I SelectAccountState: Preselected account Account {name=sayyid.azzam.mufhadol@gmail.com, type=com.google} [CONTEXT service_id=1 ]
08-09 12:22:08.143  7433  7433 I StateMachineMemory: selectAccount Account {name=sayyid.azzam.mufhadol@gmail.com, type=com.google} [CONTEXT service_id=1 ]
08-09 12:22:08.151  7433  7433 W OnBackInvokedCallback: OnBackInvokedCallback is not enabled for the application.
08-09 12:22:08.151  7433  7433 W OnBackInvokedCallback: Set 'android:enableOnBackInvokedCallback="true"' in the application manifest.
08-09 12:22:08.155    77    77 I hwcomposer: uninhibiting sleep for Waydroid#0
08-09 12:22:08.155    77    77 I hwcomposer: inhibiting sleep for Waydroid#0
08-09 12:22:08.162  7433  7462 E OpenGLRenderer: Unable to match the desired swap behavior.
08-09 12:22:08.166    83   156 V [minigbm:gbm_mesa_internals.cpp(382)]: Allocated: 1366x738, stride: 5504, map_stride: 0
08-09 12:22:08.176    77    77 I hwcomposer: uninhibiting sleep for Waydroid#0
08-09 12:22:08.178    77    77 I hwcomposer: inhibiting sleep for Waydroid#0
08-09 12:22:08.179    83   156 V [minigbm:gbm_mesa_internals.cpp(382)]: Allocated: 1366x738, stride: 5504, map_stride: 0
08-09 12:22:08.182    77    77 I hwcomposer: uninhibiting sleep for Waydroid#0
08-09 12:22:08.185    77    77 I hwcomposer: inhibiting sleep for Waydroid#0
08-09 12:22:08.186    99   190 W TransactionTracing: Could not find layer handle 0x7f16aa03a470
08-09 12:22:08.191    83    83 V [minigbm:gbm_mesa_internals.cpp(382)]: Allocated: 1366x738, stride: 5504, map_stride: 0
08-09 12:22:08.234    77    77 I hwcomposer: uninhibiting sleep for Waydroid#0
08-09 12:22:08.234    77    77 I hwcomposer: inhibiting sleep for Waydroid#0
08-09 12:22:08.240   327   361 I ActivityTaskManager: Displayed com.google.android.gms/.games.ui.signinflow.SignInActivity: +5s551ms
08-09 12:22:08.242    77    77 I hwcomposer: uninhibiting sleep for Waydroid#0
08-09 12:22:08.256  9860 10009 W OpenGLRenderer: Surface doesn't have any previously queued frames, nothing to readback from
08-09 12:22:08.264   327   815 D ConnectivityService: requestNetwork for uid/pid:10125/8597 asUid: 10095 activeRequest: null callbackRequest: 305 [NetworkRequest [ REQUEST id=306, [ Capabilities: INTERNET&NOT_RESTRICTED&TRUSTED&NOT_VCN_MANAGED Uid: 10095 RequestorUid: 10125 RequestorPkg: com.android.systemui UnderlyingNetworks: Null] ]] callback flags: 0 order: 2147483647
08-09 12:22:08.285   327   469 D ConnectivityService: NetReassign [306 : null → 100]
08-09 12:22:08.295   327   468 D EthernetNetworkFactory: eth0: onNetworkUnneeded for request: NetworkRequest [ REQUEST id=302, [ Capabilities: INTERNET&NOT_RESTRICTED&TRUSTED&NOT_VCN_MANAGED Uid: 10146 RequestorUid: 10125 RequestorPkg: com.android.systemui UnderlyingNetworks: Null] ]
08-09 12:22:08.301  9219  9219 D BoundBrokerSvc: onBind: Intent { act=com.google.android.gms.signin.service.START dat=chimera-action:/... cmp=com.google.android.gms/.chimera.GmsApiService }
08-09 12:22:08.301  9219  9219 D BoundBrokerSvc: Loading bound service for intent: Intent { act=com.google.android.gms.signin.service.START dat=chimera-action:/... cmp=com.google.android.gms/.chimera.GmsApiService }
08-09 12:22:08.303   327   458 D UntrustedWifiNetworkFactory: got request NetworkRequest [ REQUEST id=306, [ Capabilities: INTERNET&NOT_RESTRICTED&TRUSTED&NOT_VCN_MANAGED Uid: 10095 RequestorUid: 10125 RequestorPkg: com.android.systemui UnderlyingNetworks: Null] ]
08-09 12:22:08.303   327   468 D EthernetNetworkFactory: eth0: onNetworkNeeded for request: NetworkRequest [ REQUEST id=306, [ Capabilities: INTERNET&NOT_RESTRICTED&TRUSTED&NOT_VCN_MANAGED Uid: 10095 RequestorUid: 10125 RequestorPkg: com.android.systemui UnderlyingNetworks: Null] ]
08-09 12:22:08.303   327   468 D EthernetNetworkFactory: IpClient already started
08-09 12:22:08.303   327   458 D OemPaidWifiNetworkFactory: got request NetworkRequest [ REQUEST id=306, [ Capabilities: INTERNET&NOT_RESTRICTED&TRUSTED&NOT_VCN_MANAGED Uid: 10095 RequestorUid: 10125 RequestorPkg: com.android.systemui UnderlyingNetworks: Null] ]
08-09 12:22:08.303   327   458 D MultiInternetWifiNetworkFactory: got request NetworkRequest [ REQUEST id=306, [ Capabilities: INTERNET&NOT_RESTRICTED&TRUSTED&NOT_VCN_MANAGED Uid: 10095 RequestorUid: 10125 RequestorPkg: com.android.systemui UnderlyingNetworks: Null] ]
08-09 12:22:08.306   661   661 D PhoneSwitcherNetworkRequstListener: got request NetworkRequest [ REQUEST id=306, [ Capabilities: INTERNET&NOT_RESTRICTED&TRUSTED&NOT_VCN_MANAGED Uid: 10095 RequestorUid: 10125 RequestorPkg: com.android.systemui UnderlyingNetworks: Null] ]
08-09 12:22:08.359  9219  9290 I GoogleSignatureVerifier: package info is not set correctly
08-09 12:22:08.414  1060  2319 W GLSUser : [DeviceKeyStore] Cannot load key: Device key file not found.
08-09 12:22:08.432  7433  7433 W FontsContract: Platform version of downloadable fonts is deprecated. Please use androidx version instead.
08-09 12:22:08.437  1060  3963 I FontLog : Received query Google Sans:500, URI content://com.google.android.gms.fonts [CONTEXT service_id=132 ]
08-09 12:22:08.438  1060  3963 I FontLog : Query [Google Sans:500] resolved to {Google Sans, wdth 100.0, wght 500, ital 0.0, bestEffort false}, isVf false} [CONTEXT service_id=132 ]
08-09 12:22:08.442  1060  3963 I FontLog : Font PFD returned from cache for {Google Sans, wdth 100.0, wght 500, ital 0.0, bestEffort false}, isVf false} [CONTEXT service_id=132 ]
08-09 12:22:08.442  1060  3963 I FontLog : Fetch {Google Sans, wdth 100.0, wght 500, ital 0.0, bestEffort false}, isVf false} end status Status{statusCode=SUCCESS, resolution=null} [CONTEXT service_id=132 ]
08-09 12:22:08.445  1060  3963 I FontLog : Pulling font file for id = 35, cache size = 5 [CONTEXT service_id=132 ]
08-09 12:22:08.472  1060  1325 I FontLog : Received query Google Sans:500, URI content://com.google.android.gms.fonts [CONTEXT service_id=132 ]
08-09 12:22:08.473  1060  1325 I FontLog : Query [Google Sans:500] resolved to {Google Sans, wdth 100.0, wght 500, ital 0.0, bestEffort false}, isVf false} [CONTEXT service_id=132 ]
08-09 12:22:08.477  1060  1325 I FontLog : Font PFD returned from cache for {Google Sans, wdth 100.0, wght 500, ital 0.0, bestEffort false}, isVf false} [CONTEXT service_id=132 ]
08-09 12:22:08.477  1060  1325 I FontLog : Fetch {Google Sans, wdth 100.0, wght 500, ital 0.0, bestEffort false}, isVf false} end status Status{statusCode=SUCCESS, resolution=null} [CONTEXT service_id=132 ]
08-09 12:22:08.483  1060  1325 I FontLog : Pulling font file for id = 36, cache size = 4 [CONTEXT service_id=132 ]
08-09 12:22:08.584   327   815 D CompatibilityChangeReporter: Compat change id reported: 214016041; UID 10095; state: ENABLED
08-09 12:22:08.740  1060  1757 D TrafficStats: tagSocket(90) with statsTag=0x4000401, statsUid=10095
08-09 12:22:08.983  1739  1756 D TrafficStats: tagSocket(103) with statsTag=0x1809, statsUid=-1
08-09 12:22:09.049  1060  3963 I Auth    : [GetTokenResponse] Decryption key=it success, service=oauth2:https://www.googleapis.com/auth/games.firstparty [CONTEXT service_id=343 ]
08-09 12:22:09.129  1060  1060 D BoundBrokerSvc: onRebind: Intent { act=com.google.android.gms.common.telemetry.service.START dat=chimera-action:/... cmp=com.google.android.gms/.chimera.PersistentApiService }
08-09 12:22:09.145  1060  2319 W GmsUrlRequestImpl: [https://android.googleapis.com/auth/devicekey] Content-Type header is overwritten.
08-09 12:22:09.193  9219  9290 I GoogleSignatureVerifier: package info is not set correctly
08-09 12:22:09.198  9219  9232 W PlayGamesServices[UiUtils]: AppVersion: Cannot find the installed destination app.
08-09 12:22:09.199  9219  9232 I GetServiceValidatorImpl: onGetService() from Client SDK version [262831000], Module version [262831032], PGA version [0], Account [Account {name=sayyid.azzam.mufhadol@gmail.com, type=com.google}], Calling package [com.google.android.gms], Game package [com.google.android.gms] [CONTEXT service_id=1 ]
08-09 12:22:09.201  9219  9232 I GetGamesServiceReqFacto: Parsing request with ignored arguments. signInOptionsBundle [Bundle[mParcelledData.dataSize=1320]], isRetryingSignIn [false], skipWelcomePopup [false], requireGooglePlus [false]
08-09 12:22:09.232  9219 10052 I SignInPerformer-4: Handling request [GetGamesServiceRequest{gamePackageName=com.google.android.gms, gameUid=10095, gamePlayServicesClientLibraryVersion=262831000, sdkVariation=1052947, requestedScopes=[https://www.googleapis.com/auth/games.firstparty], callingIdentity=CallingIdentity{uid=10095, pid=7433, packageName=com.google.android.gms, playServicesClientLibraryVersion=262831000}, requestedAccount=Optional.of(Account {name=sayyid.azzam.mufhadol@gmail.com, type=com.google}), forceResolveAccountKey=null, requestedServiceMode=1, initiatorCategory=1, signInType=Optional.absent()}], isFirstPartyCaller [true] [CONTEXT service_id=1 ]
08-09 12:22:09.233   327  4412 D FakeWifi: Faking wifi for com.google.android.gsf
08-09 12:22:09.234   327  4412 D FakeWifi: Faking wifi for com.google.android.gsf
08-09 12:22:09.249  9219 10052 D FakeWifi: Faking wifi for com.google.android.gms
08-09 12:22:09.252  9219 10052 D FakeWifi: Faking wifi for com.google.android.gsf
08-09 12:22:09.260  9219 10052 D FakeWifi: Faking wifi for com.google.android.gsf
08-09 12:22:09.261  9219 10052 D FakeWifi: Faking wifi for com.google.android.gsf
08-09 12:22:09.261  9219 10052 D FakeWifi: Faking wifi for com.google.android.gsf
08-09 12:22:09.264  9219 10052 I SignInPerformer-4: Successfully brokered first-party authenticated GamesService [CONTEXT service_id=1 ]
08-09 12:22:09.266   327   358 D FakeWifi: Faking wifi for com.google.android.gsf
08-09 12:22:09.267   327   358 D FakeWifi: Faking wifi for com.google.android.gsf
08-09 12:22:09.267  9219 10052 D FakeWifi: Faking wifi for com.google.android.gms
08-09 12:22:09.267  9219 10052 D FakeWifi: Faking wifi for com.google.android.gsf
08-09 12:22:09.267  9219 10052 D FakeWifi: Faking wifi for com.google.android.gsf
08-09 12:22:09.268  9219 10052 D FakeWifi: Faking wifi for com.google.android.gsf
08-09 12:22:09.269  9219 10052 D FakeWifi: Faking wifi for com.google.android.gsf
08-09 12:22:09.278  9219  9266 W PlayGamesServices[UiUtils]: AppVersion: Cannot find the installed destination app.
08-09 12:22:09.278  9219 10052 I GetGamesServiceV2Op: Successfully brokered GamesService for request gam{gamePackageName=com.google.android.gms, gameUid=10095, gamePlayServicesClientLibraryVersion=262831000, sdkVariation=1052947, requestedScopes=[https://www.googleapis.com/auth/games.firstparty], callingIdentity=CallingIdentity{uid=10095, pid=7433, packageName=com.google.android.gms, playServicesClientLibraryVersion=262831000}, requestedAccount=Account {name=sayyid.azzam.mufhadol@gmail.com, type=com.google}, forceResolveAccountKey=null, requestedServiceMode=1, initiatorCategory=1, signInType=Optional.absent()} [CONTEXT service_id=1 ]
08-09 12:22:09.282  9219  9266 W PlayGamesServices[UiUtils]: AppVersionName: Cannot find the installed destination app.
08-09 12:22:09.286  9219  9266 W PlayGamesServices[UiUtils]: AppVersion: Cannot find the installed destination app.
08-09 12:22:09.286  9219  9266 W PlayGamesServices[UiUtils]: AppVersionName: Cannot find the installed destination app.
08-09 12:22:09.315  1060  2319 W GLSUser : [AppCertManager] Exception while requesting key: 
08-09 12:22:09.315  1060  2319 W GLSUser : java.util.concurrent.ExecutionException: dcxa: Parsing Exception
08-09 12:22:09.315  1060  2319 W GLSUser : 	at hrho.j(:com.google.android.gms@262831032@26.28.31 (190800-947936219):21)
08-09 12:22:09.315  1060  2319 W GLSUser : 	at hrhx.t(:com.google.android.gms@262831032@26.28.31 (190800-947936219):73)
08-09 12:22:09.315  1060  2319 W GLSUser : 	at amoh.b(:com.google.android.gms@262831032@26.28.31 (190800-947936219):441)
08-09 12:22:09.315  1060  2319 W GLSUser : 	at amof.a(:com.google.android.gms@262831032@26.28.31 (190800-947936219):67)
08-09 12:22:09.315  1060  2319 W GLSUser : 	at amof.dispatchTransaction(:com.google.android.gms@262831032@26.28.31 (190800-947936219):16)
08-09 12:22:09.315  1060  2319 W GLSUser : 	at cenb.a(:com.google.android.gms@262831032@26.28.31 (190800-947936219):69)
08-09 12:22:09.315  1060  2319 W GLSUser : 	at aaed.onTransact(:com.google.android.gms@262831032@26.28.31 (190800-947936219):23)
08-09 12:22:09.315  1060  2319 W GLSUser : 	at android.os.Binder.transact(Binder.java:1164)
08-09 12:22:09.315  1060  2319 W GLSUser : 	at csdi.onTransact(:com.google.android.gms@262831032@26.28.31 (190800-947936219):12)
08-09 12:22:09.315  1060  2319 W GLSUser : 	at android.os.Binder.transact(Binder.java:1164)
08-09 12:22:09.315  1060  2319 W GLSUser : 	at cenq.onTransact(:com.google.android.gms@262831032@26.28.31 (190800-947936219):169)
08-09 12:22:09.315  1060  2319 W GLSUser : 	at android.os.Binder.execTransactInternal(Binder.java:1280)
08-09 12:22:09.315  1060  2319 W GLSUser : 	at android.os.Binder.execTransact(Binder.java:1244)
08-09 12:22:09.315  1060  2319 W GLSUser : Caused by: dcxa: Parsing Exception
08-09 12:22:09.315  1060  2319 W GLSUser : 	at dcye.kD(:com.google.android.gms@262831032@26.28.31 (190800-947936219):15)
08-09 12:22:09.315  1060  2319 W GLSUser : 	at hrkl.run(:com.google.android.gms@262831032@26.28.31 (190800-947936219):56)
08-09 12:22:09.315  1060  2319 W GLSUser : 	at bldv.c(:com.google.android.gms@262831032@26.28.31 (190800-947936219):50)
08-09 12:22:09.315  1060  2319 W GLSUser : 	at bldv.run(:com.google.android.gms@262831032@26.28.31 (190800-947936219):71)
08-09 12:22:09.315  1060  2319 W GLSUser : 	at java.util.concurrent.ThreadPoolExecutor.runWorker(ThreadPoolExecutor.java:1137)
08-09 12:22:09.315  1060  2319 W GLSUser : 	at java.util.concurrent.ThreadPoolExecutor$Worker.run(ThreadPoolExecutor.java:637)
08-09 12:22:09.315  1060  2319 W GLSUser : 	at bljp.run(:com.google.android.gms@262831032@26.28.31 (190800-947936219):8)
08-09 12:22:09.315  1060  2319 W GLSUser : 	at java.lang.Thread.run(Thread.java:1012)
08-09 12:22:09.315  1060  2319 W GLSUser : Caused by: jgin: Protocol message end-group tag did not match expected tag.
08-09 12:22:09.315  1060  2319 W GLSUser : 	at jgkf.a(:com.google.android.gms@262831032@26.28.31 (190800-947936219):57)
08-09 12:22:09.315  1060  2319 W GLSUser : 	at jgjd.i(:com.google.android.gms@262831032@26.28.31 (190800-947936219):440)
08-09 12:22:09.315  1060  2319 W GLSUser : 	at jgho.S(:com.google.android.gms@262831032@26.28.31 (190800-947936219):22)
08-09 12:22:09.315  1060  2319 W GLSUser : 	at jghj.q(:com.google.android.gms@262831032@26.28.31 (190800-947936219):3)
08-09 12:22:09.315  1060  2319 W GLSUser : 	at jgfi.e(:com.google.android.gms@262831032@26.28.31 (190800-947936219):7)
08-09 12:22:09.315  1060  2319 W GLSUser : 	at jgfi.b(:com.google.android.gms@262831032@26.28.31 (190800-947936219):1)
08-09 12:22:09.315  1060  2319 W GLSUser : 	at jgfi.m(:com.google.android.gms@262831032@26.28.31 (190800-947936219):1)
08-09 12:22:09.315  1060  2319 W GLSUser : 	at dcyd.a(:com.google.android.gms@262831032@26.28.31 (190800-947936219):11)
08-09 12:22:09.315  1060  2319 W GLSUser : 	at dcyi.call(:com.google.android.gms@262831032@26.28.31 (190800-947936219):8)
08-09 12:22:09.315  1060  2319 W GLSUser : 	at java.util.concurrent.FutureTask.run(FutureTask.java:264)
08-09 12:22:09.315  1060  2319 W GLSUser : 	... 6 more
08-09 12:22:09.317  1060  2319 W GLSUser : [DeviceKeyStore] Cannot load key: Device key file not found.
08-09 12:22:09.320  1060  7949 W GLSUser : [DeviceKeyStore] Cannot load key: Device key file not found.
08-09 12:22:09.320  1060  7949 W GLSUser : [DeviceKeyStore] Cannot load key: Device key file not found.
08-09 12:22:09.349  9219 10054 I GamesModuleInfoProvider: Retrieved module info: GamesModuleInfo{version=262831001} [CONTEXT service_id=1 ]
08-09 12:22:09.364  9219  9641 I GamesModuleInfoProvider: Retrieved module info: GamesModuleInfo{version=262831001} [CONTEXT service_id=1 ]
08-09 12:22:09.594  9219  9669 D TrafficStats: tagSocket(156) with statsTag=0x4000e00, statsUid=10095
08-09 12:22:09.594  9219 10064 D TrafficStats: tagSocket(158) with statsTag=0x4000e00, statsUid=10095
08-09 12:22:09.628  9219 10064 W ProviderHelper: Unknown dynamite feature providerinstaller.dynamite
08-09 12:22:09.629  9219 10064 I DynamiteModule: Considering local module com.google.android.gms.providerinstaller.dynamite:1 and remote module com.google.android.gms.providerinstaller.dynamite:0
08-09 12:22:09.629  9219 10064 I DynamiteModule: Selected local version of com.google.android.gms.providerinstaller.dynamite
08-09 12:22:09.632  9219  9669 W Conscrypt: Could not set socket write timeout: java.net.SocketException: Socket closed
08-09 12:22:09.632  9219  9669 W Conscrypt: 	at com.google.android.gms.org.conscrypt.Platform.setSocketWriteTimeout(:com.google.android.gms@262831032@26.28.31 (190800-947936219):204)
08-09 12:22:09.632  9219  9669 W Conscrypt: 	at com.google.android.gms.org.conscrypt.ConscryptFileDescriptorSocket.setSoWriteTimeout(:com.google.android.gms@262831032@26.28.31 (190800-947936219):4)
08-09 12:22:09.632  9219 10064 W Conscrypt: Could not set socket write timeout: java.net.SocketException: Socket closed
08-09 12:22:09.632  9219 10064 W Conscrypt: 	at com.google.android.gms.org.conscrypt.Platform.setSocketWriteTimeout(:com.google.android.gms@262831032@26.28.31 (190800-947936219):204)
08-09 12:22:09.632  9219 10064 W Conscrypt: 	at com.google.android.gms.org.conscrypt.ConscryptFileDescriptorSocket.setSoWriteTimeout(:com.google.android.gms@262831032@26.28.31 (190800-947936219):4)
08-09 12:22:09.664  9219 10064 W Conscrypt: Could not set socket write timeout: java.net.SocketException: Socket closed
08-09 12:22:09.664  9219 10064 W Conscrypt: 	at com.google.android.gms.org.conscrypt.Platform.setSocketWriteTimeout(:com.google.android.gms@262831032@26.28.31 (190800-947936219):204)
08-09 12:22:09.665  9219 10064 W Conscrypt: 	at com.google.android.gms.org.conscrypt.ConscryptFileDescriptorSocket.setSoWriteTimeout(:com.google.android.gms@262831032@26.28.31 (190800-947936219):4)
08-09 12:22:09.673  9219  9669 W Conscrypt: Could not set socket write timeout: java.net.SocketException: Socket closed
08-09 12:22:09.674  9219  9669 W Conscrypt: 	at com.google.android.gms.org.conscrypt.Platform.setSocketWriteTimeout(:com.google.android.gms@262831032@26.28.31 (190800-947936219):204)
08-09 12:22:09.674  9219  9669 W Conscrypt: 	at com.google.android.gms.org.conscrypt.ConscryptFileDescriptorSocket.setSoWriteTimeout(:com.google.android.gms@262831032@26.28.31 (190800-947936219):4)
08-09 12:22:09.711  9219  9232 W PlayGamesServices[UiUtils]: AppVersion: Cannot find the installed destination app.
08-09 12:22:09.711  9219  9232 I GetServiceValidatorImpl: onGetService() from Client SDK version [262831000], Module version [262831032], PGA version [0], Account [Account {name=leapofazzam@gmail.com, type=com.google}], Calling package [com.google.android.gms], Game package [com.google.android.gms] [CONTEXT service_id=1 ]
08-09 12:22:09.712  9219  9232 I GetGamesServiceReqFacto: Parsing request with ignored arguments. signInOptionsBundle [Bundle[mParcelledData.dataSize=1300]], isRetryingSignIn [false], skipWelcomePopup [false], requireGooglePlus [false]
08-09 12:22:09.720  9219 10052 I SignInPerformer-5: Handling request [GetGamesServiceRequest{gamePackageName=com.google.android.gms, gameUid=10095, gamePlayServicesClientLibraryVersion=262831000, sdkVariation=1052947, requestedScopes=[https://www.googleapis.com/auth/games.firstparty], callingIdentity=CallingIdentity{uid=10095, pid=7433, packageName=com.google.android.gms, playServicesClientLibraryVersion=262831000}, requestedAccount=Optional.of(Account {name=leapofazzam@gmail.com, type=com.google}), forceResolveAccountKey=null, requestedServiceMode=1, initiatorCategory=1, signInType=Optional.absent()}], isFirstPartyCaller [true] [CONTEXT service_id=1 ]
08-09 12:22:09.722   327  4412 D FakeWifi: Faking wifi for com.google.android.gsf
08-09 12:22:09.722   327  4412 D FakeWifi: Faking wifi for com.google.android.gsf
08-09 12:22:09.722  9219 10052 D FakeWifi: Faking wifi for com.google.android.gms
08-09 12:22:09.723  9219 10052 D FakeWifi: Faking wifi for com.google.android.gsf
08-09 12:22:09.723  9219 10052 D FakeWifi: Faking wifi for com.google.android.gsf
08-09 12:22:09.723  9219 10052 D FakeWifi: Faking wifi for com.google.android.gsf
08-09 12:22:09.723  9219 10052 D FakeWifi: Faking wifi for com.google.android.gsf
08-09 12:22:09.724  9219 10052 I SignInPerformer-5: Successfully brokered first-party authenticated GamesService [CONTEXT service_id=1 ]
08-09 12:22:09.725   327  4412 D FakeWifi: Faking wifi for com.google.android.gsf
08-09 12:22:09.725   327  4412 D FakeWifi: Faking wifi for com.google.android.gsf
08-09 12:22:09.725  9219 10052 D FakeWifi: Faking wifi for com.google.android.gms
08-09 12:22:09.726  9219 10052 D FakeWifi: Faking wifi for com.google.android.gsf
08-09 12:22:09.726  9219 10052 D FakeWifi: Faking wifi for com.google.android.gsf
08-09 12:22:09.726  9219 10052 D FakeWifi: Faking wifi for com.google.android.gsf
08-09 12:22:09.726  9219 10052 D FakeWifi: Faking wifi for com.google.android.gsf
08-09 12:22:09.727  9219  9266 W PlayGamesServices[UiUtils]: AppVersion: Cannot find the installed destination app.
08-09 12:22:09.727  9219  9266 W PlayGamesServices[UiUtils]: AppVersionName: Cannot find the installed destination app.
08-09 12:22:09.733  9219  9266 W PlayGamesServices[UiUtils]: AppVersion: Cannot find the installed destination app.
08-09 12:22:09.733  9219  9266 W PlayGamesServices[UiUtils]: AppVersionName: Cannot find the installed destination app.
08-09 12:22:09.745  9219 10052 I GetGamesServiceV2Op: Successfully brokered GamesService for request gam{gamePackageName=com.google.android.gms, gameUid=10095, gamePlayServicesClientLibraryVersion=262831000, sdkVariation=1052947, requestedScopes=[https://www.googleapis.com/auth/games.firstparty], callingIdentity=CallingIdentity{uid=10095, pid=7433, packageName=com.google.android.gms, playServicesClientLibraryVersion=262831000}, requestedAccount=Account {name=leapofazzam@gmail.com, type=com.google}, forceResolveAccountKey=null, requestedServiceMode=1, initiatorCategory=1, signInType=Optional.absent()} [CONTEXT service_id=1 ]
08-09 12:22:09.819  9219 10064 W m26.uhb : Primes not initialized, returning default (no-op) Primes instance which will ignore all calls. Please call Primes.initialize(...) before using any Primes API.
08-09 12:22:10.257  9860  9860 W Unity   : Timeout (2000 ms) while trying detaching primary window.
08-09 12:22:10.260    99   190 W TransactionTracing: Could not find layer handle 0x7f16aa03e1f0
08-09 12:22:10.260    99   190 W TransactionTracing: Could not find layer handle 0x7f16aa03bfd0
08-09 12:22:10.260    99   190 W TransactionTracing: Could not find layer handle 0x7f16aa040cb0
08-09 12:22:10.267  9860  9860 E BLASTBufferQueue: [VRI[OvenUnityPlayerActivity]#0](f:0,a:1) Applying pending transactions on dtor 1
08-09 12:22:10.285    99   190 W TransactionTracing: Could not find layer handle 0x7f16aa03ce10
08-09 12:22:10.310  9860  9860 I Choreographer: Skipped 122 frames!  The application may be doing too much work on its main thread.
08-09 12:22:10.342  9860  9954 I FA      : Application backgrounded at: timestamp_millis: 1786252927395
08-09 12:22:10.343    99   190 W TransactionTracing: Could not find layer handle 0x7f16aa03a890
08-09 12:22:10.368  9860  9973 I OpenGLRenderer: Davey! duration=2062ms; Flags=0, FrameTimelineVsyncId=866376, IntendedVsync=61483444313225, Vsync=61485477646477, InputEventId=0, HandleInputStart=61485488907384, AnimationStart=61485488908080, PerformTraversalsStart=61485489361468, DrawStart=61485489528742, FrameDeadline=61483464979891, FrameInterval=61485488860238, FrameStartTime=16666666, SyncQueued=61485489534472, SyncStart=61485490071555, IssueDrawCommandsStart=61485490116904, SwapBuffers=61485490905682, FrameCompleted=61485507438709, DequeueBufferDuration=18679, QueueBufferDuration=2498595, GpuCompleted=61485505923447, SwapBuffersCompleted=61485507438709, DisplayPresentTime=0, CommandSubmissionCompleted=61485490905682, 
08-09 12:22:10.432  9219 10054 I PlayGamesServices[PlayerAgent]: Fetched player profile from server with playerId=a_5393012662496991984 for account=Account {name=sayyid.azzam.mufhadol@gmail.com, type=com.google}
08-09 12:22:10.547  1060  3963 W GLSUser : [DeviceKeyStore] Cannot load key: Device key file not found.
08-09 12:22:10.548  1060  3963 W GLSUser : [DeviceKeyStore] Cannot load key: Device key file not found.
08-09 12:22:10.549   327   815 E AppOps  : package com.google.android.play.games not found, can't check for attributionTag null
08-09 12:22:10.549   327   815 E AppOps  : Bad call made by uid 10095. Package "com.google.android.play.games" does not belong to uid 10095.
08-09 12:22:10.549   327   815 E AppOps  : package com.google.android.play.games not found, can't check for attributionTag null
08-09 12:22:10.549   327   815 E AppOps  : Bad call made by uid 10095. Package "com.google.android.play.games" does not belong to uid 10095.
08-09 12:22:10.564  9219 10054 W ScopedIdsTransformer: Fetching game player id for (Account {name=sayyid.azzam.mufhadol@gmail.com, type=com.google}) (a_5393012662496991984) (null) failed
08-09 12:22:10.568  9219 10055 I GamesModuleInfoProvider: Retrieved module info: GamesModuleInfo{version=262831001} [CONTEXT service_id=1 ]
08-09 12:22:10.616  9219  9669 D TrafficStats: tagSocket(158) with statsTag=0x4000e00, statsUid=10095
08-09 12:22:10.775  9219  9669 W Conscrypt: Could not set socket write timeout: java.net.SocketException: Socket closed
08-09 12:22:10.775  9219  9669 W Conscrypt: 	at com.google.android.gms.org.conscrypt.Platform.setSocketWriteTimeout(:com.google.android.gms@262831032@26.28.31 (190800-947936219):204)
08-09 12:22:10.775  9219  9669 W Conscrypt: 	at com.google.android.gms.org.conscrypt.ConscryptFileDescriptorSocket.setSoWriteTimeout(:com.google.android.gms@262831032@26.28.31 (190800-947936219):4)
08-09 12:22:10.776  9219 10066 D TrafficStats: tagSocket(159) with statsTag=0xe00, statsUid=-1
08-09 12:22:10.776  9219 10070 D TrafficStats: tagSocket(162) with statsTag=0xe00, statsUid=-1
08-09 12:22:10.776  9219  9341 D TrafficStats: tagSocket(165) with statsTag=0xe00, statsUid=-1
08-09 12:22:10.777  9219 10065 D TrafficStats: tagSocket(164) with statsTag=0xe00, statsUid=-1
08-09 12:22:10.810  9219 10066 W Conscrypt: Could not set socket write timeout: java.net.SocketException: Socket closed
08-09 12:22:10.811  9219 10065 W Conscrypt: Could not set socket write timeout: java.net.SocketException: Socket closed
08-09 12:22:10.814  9219  9669 W Conscrypt: Could not set socket write timeout: java.net.SocketException: Socket closed
08-09 12:22:10.814  9219  9669 W Conscrypt: 	at com.google.android.gms.org.conscrypt.Platform.setSocketWriteTimeout(:com.google.android.gms@262831032@26.28.31 (190800-947936219):204)
08-09 12:22:10.814  9219  9669 W Conscrypt: 	at com.google.android.gms.org.conscrypt.ConscryptFileDescriptorSocket.setSoWriteTimeout(:com.google.android.gms@262831032@26.28.31 (190800-947936219):4)
08-09 12:22:10.815  9219 10070 W Conscrypt: Could not set socket write timeout: java.net.SocketException: Socket closed
08-09 12:22:10.815  9219 10065 W Conscrypt: 	at com.google.android.gms.org.conscrypt.Platform.setSocketWriteTimeout(:com.google.android.gms@262831032@26.28.31 (190800-947936219):204)
08-09 12:22:10.815  9219 10065 W Conscrypt: 	at com.google.android.gms.org.conscrypt.ConscryptFileDescriptorSocket.setSoWriteTimeout(:com.google.android.gms@262831032@26.28.31 (190800-947936219):4)
08-09 12:22:10.815  9219  9341 W Conscrypt: Could not set socket write timeout: java.net.SocketException: Socket closed
08-09 12:22:10.815  9219  9341 W Conscrypt: 	at com.google.android.gms.org.conscrypt.Platform.setSocketWriteTimeout(:com.google.android.gms@262831032@26.28.31 (190800-947936219):204)
08-09 12:22:10.816  9219  9341 W Conscrypt: 	at com.google.android.gms.org.conscrypt.ConscryptFileDescriptorSocket.setSoWriteTimeout(:com.google.android.gms@262831032@26.28.31 (190800-947936219):4)
08-09 12:22:10.816  9219 10066 W Conscrypt: 	at com.google.android.gms.org.conscrypt.Platform.setSocketWriteTimeout(:com.google.android.gms@262831032@26.28.31 (190800-947936219):204)
08-09 12:22:10.816  9219 10070 W Conscrypt: 	at com.google.android.gms.org.conscrypt.Platform.setSocketWriteTimeout(:com.google.android.gms@262831032@26.28.31 (190800-947936219):204)
08-09 12:22:10.816  9219 10070 W Conscrypt: 	at com.google.android.gms.org.conscrypt.ConscryptFileDescriptorSocket.setSoWriteTimeout(:com.google.android.gms@262831032@26.28.31 (190800-947936219):4)
08-09 12:22:10.816  9219 10066 W Conscrypt: 	at com.google.android.gms.org.conscrypt.ConscryptFileDescriptorSocket.setSoWriteTimeout(:com.google.android.gms@262831032@26.28.31 (190800-947936219):4)
08-09 12:22:10.925  9219  9341 W Conscrypt: Could not set socket write timeout: java.net.SocketException: Socket closed
08-09 12:22:10.925  9219  9341 W Conscrypt: 	at com.google.android.gms.org.conscrypt.Platform.setSocketWriteTimeout(:com.google.android.gms@262831032@26.28.31 (190800-947936219):204)
08-09 12:22:10.925  9219  9341 W Conscrypt: 	at com.google.android.gms.org.conscrypt.ConscryptFileDescriptorSocket.setSoWriteTimeout(:com.google.android.gms@262831032@26.28.31 (190800-947936219):4)
08-09 12:22:10.946  9219 10066 W Conscrypt: Could not set socket write timeout: java.net.SocketException: Socket closed
08-09 12:22:10.946  9219 10066 W Conscrypt: 	at com.google.android.gms.org.conscrypt.Platform.setSocketWriteTimeout(:com.google.android.gms@262831032@26.28.31 (190800-947936219):204)
08-09 12:22:10.946  9219 10066 W Conscrypt: 	at com.google.android.gms.org.conscrypt.ConscryptFileDescriptorSocket.setSoWriteTimeout(:com.google.android.gms@262831032@26.28.31 (190800-947936219):4)
08-09 12:22:10.957  9219 10070 W Conscrypt: Could not set socket write timeout: java.net.SocketException: Socket closed
08-09 12:22:10.957  9219 10070 W Conscrypt: 	at com.google.android.gms.org.conscrypt.Platform.setSocketWriteTimeout(:com.google.android.gms@262831032@26.28.31 (190800-947936219):204)
08-09 12:22:10.957  9219 10070 W Conscrypt: 	at com.google.android.gms.org.conscrypt.ConscryptFileDescriptorSocket.setSoWriteTimeout(:com.google.android.gms@262831032@26.28.31 (190800-947936219):4)
08-09 12:22:10.964  9219 10065 W Conscrypt: Could not set socket write timeout: java.net.SocketException: Socket closed
08-09 12:22:10.964  9219 10065 W Conscrypt: 	at com.google.android.gms.org.conscrypt.Platform.setSocketWriteTimeout(:com.google.android.gms@262831032@26.28.31 (190800-947936219):204)
08-09 12:22:10.964  9219 10065 W Conscrypt: 	at com.google.android.gms.org.conscrypt.ConscryptFileDescriptorSocket.setSoWriteTimeout(:com.google.android.gms@262831032@26.28.31 (190800-947936219):4)
08-09 12:22:11.475  9219 10055 I PlayGamesServices[PlayerAgent]: Fetched player profile from server with playerId=a_5393012662496991984 for account=Account {name=sayyid.azzam.mufhadol@gmail.com, type=com.google}
08-09 12:22:11.489   327  4412 E AppOps  : package com.google.android.play.games not found, can't check for attributionTag null
08-09 12:22:11.489   327  4412 E AppOps  : Bad call made by uid 10095. Package "com.google.android.play.games" does not belong to uid 10095.
08-09 12:22:11.489   327   358 E AppOps  : package com.google.android.play.games not found, can't check for attributionTag null
08-09 12:22:11.490   327   358 E AppOps  : Bad call made by uid 10095. Package "com.google.android.play.games" does not belong to uid 10095.
08-09 12:22:11.493  1060  3963 W GLSUser : [DeviceKeyStore] Cannot load key: Device key file not found.
08-09 12:22:11.493  1060  3963 W GLSUser : [DeviceKeyStore] Cannot load key: Device key file not found.
08-09 12:22:11.493  9219 10055 W ScopedIdsTransformer: Fetching game player id for (Account {name=sayyid.azzam.mufhadol@gmail.com, type=com.google}) (a_5393012662496991984) (null) failed
08-09 12:22:11.500  9219 10067 I GamesModuleInfoProvider: Retrieved module info: GamesModuleInfo{version=262831001} [CONTEXT service_id=1 ]
08-09 12:22:11.504  9219  9664 D TrafficStats: tagSocket(158) with statsTag=0x4000e00, statsUid=10095
08-09 12:22:11.524  9219  9664 W Conscrypt: Could not set socket write timeout: java.net.SocketException: Socket closed
08-09 12:22:11.524  9219  9664 W Conscrypt: 	at com.google.android.gms.org.conscrypt.Platform.setSocketWriteTimeout(:com.google.android.gms@262831032@26.28.31 (190800-947936219):204)
08-09 12:22:11.524  9219  9664 W Conscrypt: 	at com.google.android.gms.org.conscrypt.ConscryptFileDescriptorSocket.setSoWriteTimeout(:com.google.android.gms@262831032@26.28.31 (190800-947936219):4)
08-09 12:22:11.561  9219  9664 W Conscrypt: Could not set socket write timeout: java.net.SocketException: Socket closed
08-09 12:22:11.562  9219  9664 W Conscrypt: 	at com.google.android.gms.org.conscrypt.Platform.setSocketWriteTimeout(:com.google.android.gms@262831032@26.28.31 (190800-947936219):204)
08-09 12:22:11.562  9219  9664 W Conscrypt: 	at com.google.android.gms.org.conscrypt.ConscryptFileDescriptorSocket.setSoWriteTimeout(:com.google.android.gms@262831032@26.28.31 (190800-947936219):4)
08-09 12:22:12.279  9219 10067 I PlayGamesServices[PlayerAgent]: Fetched player profile from server with playerId=a_5096579142840862397 for account=Account {name=leapofazzam@gmail.com, type=com.google}
08-09 12:22:12.298   327  4412 E AppOps  : package com.google.android.play.games not found, can't check for attributionTag null
08-09 12:22:12.298   327  4412 E AppOps  : Bad call made by uid 10095. Package "com.google.android.play.games" does not belong to uid 10095.
08-09 12:22:12.299   327  4412 E AppOps  : package com.google.android.play.games not found, can't check for attributionTag null
08-09 12:22:12.299   327  4412 E AppOps  : Bad call made by uid 10095. Package "com.google.android.play.games" does not belong to uid 10095.
08-09 12:22:12.301  1060  7949 W GLSUser : [DeviceKeyStore] Cannot load key: Device key file not found.
08-09 12:22:12.301  9219 10067 W ScopedIdsTransformer: Fetching game player id for (Account {name=leapofazzam@gmail.com, type=com.google}) (a_5096579142840862397) (null) failed
08-09 12:22:12.303  1060  7949 W GLSUser : [DeviceKeyStore] Cannot load key: Device key file not found.
08-09 12:22:12.311  9219 10068 I GamesModuleInfoProvider: Retrieved module info: GamesModuleInfo{version=262831001} [CONTEXT service_id=1 ]
08-09 12:22:12.318  9219  9669 D TrafficStats: tagSocket(163) with statsTag=0x4000e00, statsUid=10095
08-09 12:22:12.406  9219  9669 W Conscrypt: Could not set socket write timeout: java.net.SocketException: Socket closed
08-09 12:22:12.406  9219  9669 W Conscrypt: 	at com.google.android.gms.org.conscrypt.Platform.setSocketWriteTimeout(:com.google.android.gms@262831032@26.28.31 (190800-947936219):204)
08-09 12:22:12.406  9219  9669 W Conscrypt: 	at com.google.android.gms.org.conscrypt.ConscryptFileDescriptorSocket.setSoWriteTimeout(:com.google.android.gms@262831032@26.28.31 (190800-947936219):4)
08-09 12:22:12.833  9219  9669 W Conscrypt: Could not set socket write timeout: java.net.SocketException: Socket closed
08-09 12:22:12.833  9219  9669 W Conscrypt: 	at com.google.android.gms.org.conscrypt.Platform.setSocketWriteTimeout(:com.google.android.gms@262831032@26.28.31 (190800-947936219):204)
08-09 12:22:12.833  9219  9669 W Conscrypt: 	at com.google.android.gms.org.conscrypt.ConscryptFileDescriptorSocket.setSoWriteTimeout(:com.google.android.gms@262831032@26.28.31 (190800-947936219):4)
08-09 12:22:13.211  9219 10068 I PlayGamesServices[PlayerAgent]: Fetched player profile from server with playerId=a_5096579142840862397 for account=Account {name=leapofazzam@gmail.com, type=com.google}
08-09 12:22:13.235   327   358 E AppOps  : package com.google.android.play.games not found, can't check for attributionTag null
08-09 12:22:13.235   327   358 E AppOps  : Bad call made by uid 10095. Package "com.google.android.play.games" does not belong to uid 10095.
08-09 12:22:13.236   327   358 E AppOps  : package com.google.android.play.games not found, can't check for attributionTag null
08-09 12:22:13.236   327   358 E AppOps  : Bad call made by uid 10095. Package "com.google.android.play.games" does not belong to uid 10095.
08-09 12:22:13.255  9219 10068 W ScopedIdsTransformer: Fetching game player id for (Account {name=leapofazzam@gmail.com, type=com.google}) (a_5096579142840862397) (null) failed
08-09 12:22:13.274  1060  3963 W GLSUser : [DeviceKeyStore] Cannot load key: Device key file not found.
08-09 12:22:13.274  1060  3963 W GLSUser : [DeviceKeyStore] Cannot load key: Device key file not found.
08-09 12:22:13.355  9219  9641 I GamesModuleInfoProvider: Retrieved module info: GamesModuleInfo{version=262831001} [CONTEXT service_id=1 ]
08-09 12:22:13.380  9219 10066 D TrafficStats: tagSocket(163) with statsTag=0x4000e00, statsUid=10095
08-09 12:22:13.442  9219 10066 W Conscrypt: Could not set socket write timeout: java.net.SocketException: Socket closed
08-09 12:22:13.447  9219 10066 W Conscrypt: 	at com.google.android.gms.org.conscrypt.Platform.setSocketWriteTimeout(:com.google.android.gms@262831032@26.28.31 (190800-947936219):204)
08-09 12:22:13.465  9219 10066 W Conscrypt: 	at com.google.android.gms.org.conscrypt.ConscryptFileDescriptorSocket.setSoWriteTimeout(:com.google.android.gms@262831032@26.28.31 (190800-947936219):4)
08-09 12:22:13.755  9219 10066 W Conscrypt: Could not set socket write timeout: java.net.SocketException: Socket closed
08-09 12:22:13.755  9219 10066 W Conscrypt: 	at com.google.android.gms.org.conscrypt.Platform.setSocketWriteTimeout(:com.google.android.gms@262831032@26.28.31 (190800-947936219):204)
08-09 12:22:13.756  9219 10066 W Conscrypt: 	at com.google.android.gms.org.conscrypt.ConscryptFileDescriptorSocket.setSoWriteTimeout(:com.google.android.gms@262831032@26.28.31 (190800-947936219):4)
08-09 12:22:13.761  9219  9227 I gle.android.gms: Background young concurrent copying GC freed 410883(17MB) AllocSpace objects, 56(3852KB) LOS objects, 56% free, 15MB/35MB, paused 99us,58us total 547.122ms
08-09 12:22:13.867   327   514 I WindowManager: WIN DEATH: Window{f9345d9 u0 com.devsisters.ck/com.google.android.gms.games.internal.v2.resolution.GamesResolutionActivity}
08-09 12:22:13.867   327   514 W InputManager-JNI: Input channel object 'f9345d9 com.devsisters.ck/com.google.android.gms.games.internal.v2.resolution.GamesResolutionActivity (client)' was disposed without first being removed with the input manager!
08-09 12:22:13.867   327   358 I ActivityManager: Process com.devsisters.ck (pid 9860) has died: vis+1 TOP 
08-09 12:22:13.869    99   190 W TransactionTracing: Could not find layer handle 0x7f16aa0424b0
08-09 12:22:13.869    99   190 W TransactionTracing: Could not find layer handle 0x7f16aa03bd30
08-09 12:22:13.870   327  5966 I WindowManager: WIN DEATH: Window{597713a u0 com.devsisters.ck/yb.a}
08-09 12:22:13.870   327  5966 W InputManager-JNI: Input channel object '597713a com.devsisters.ck/yb.a (client)' was disposed without first being removed with the input manager!
08-09 12:22:13.873   327   373 I libprocessgroup: Successfully killed process cgroup uid 10146 pid 9860 in 0ms
08-09 12:22:13.875   327  4411 I WindowManager: WIN DEATH: Window{4f3ffae u0 com.devsisters.ck/com.devsisters.plugin.OvenUnityPlayerActivity}
08-09 12:22:13.875    73    73 I Zygote  : Process 9860 exited due to signal 9 (Killed)
08-09 12:22:13.875   327  4411 W InputManager-JNI: Input channel object '4f3ffae com.devsisters.ck/com.devsisters.plugin.OvenUnityPlayerActivity (client)' was disposed without first being removed with the input manager!
08-09 12:22:13.879  9219  9219 D BoundBrokerSvc: onUnbind: Intent { act=com.google.android.gms.appset.service.START dat=chimera-action:/... cmp=com.google.android.gms/.chimera.GmsApiService }
08-09 12:22:13.879   327   362 V GameManagerService: Game power mode OFF (process remomved or state changed to background)
08-09 12:22:13.886    99   190 W TransactionTracing: Could not find layer handle 0x7f16aa041430
08-09 12:22:13.886    99   190 W TransactionTracing: Could not find layer handle 0x7f16aa038eb0
08-09 12:22:13.886    99   190 W TransactionTracing: Could not find layer handle 0x7f16aa0403b0
08-09 12:22:13.887    99    99 E BpTransactionCompletedListener: Failed to transact (-32)
08-09 12:22:13.899   327   358 W ActivityTaskManager: Force removing ActivityRecord{f5cf8ad u0 com.devsisters.ck/yb.a} t53}: app died, no saved state
08-09 12:22:13.902    99   190 W TransactionTracing: Could not find layer handle 0x7f16aa03e3d0
08-09 12:22:13.903   327   364 W ActivityManager: setHasOverlayUi called on unknown pid: 9860
08-09 12:22:13.904  9219  9219 D BoundBrokerSvc: onUnbind: Intent { act=com.google.android.gms.measurement.START pkg=com.google.android.gms }
08-09 12:22:13.908   327   370 W UsageStatsService: Unexpected activity event reported! (com.devsisters.ck/com.devsisters.plugin.OvenUnityPlayerActivity event : 23 instanceId : 104691284)
08-09 12:22:13.908   327   364 D CompatibilityChangeReporter: Compat change id reported: 135634846; UID 10146; state: DISABLED
08-09 12:22:13.908   327   364 D CompatibilityChangeReporter: Compat change id reported: 177438394; UID 10146; state: DISABLED
08-09 12:22:13.909   327   364 D CompatibilityChangeReporter: Compat change id reported: 135772972; UID 10146; state: DISABLED
08-09 12:22:13.909   327   364 D CompatibilityChangeReporter: Compat change id reported: 135754954; UID 10146; state: ENABLED
08-09 12:22:13.912   327   372 D CompatibilityChangeReporter: Compat change id reported: 143937733; UID 10146; state: ENABLED
08-09 12:22:13.924    73    73 D Zygote  : Forked child process 10086
08-09 12:22:13.924   327   372 I ActivityManager: Start proc 10086:com.devsisters.ck/u0a146 for activity {com.devsisters.ck/com.devsisters.plugin.OvenUnityPlayerActivity}
08-09 12:22:13.932 10086 10086 E libprocessgroup: Failed to make and chown /sys/fs/cgroup/uid_10146: Read-only file system
08-09 12:22:13.932 10086 10086 W Zygote  : createProcessGroup failed, kernel missing CONFIG_CGROUP_CPUACCT?
08-09 12:22:13.939 10086 10086 W m.devsisters.ck: Unexpected CPU variant for x86: x86_64.
08-09 12:22:13.939 10086 10086 W m.devsisters.ck: Known variants: atom, sandybridge, silvermont, kabylake, default
08-09 12:22:13.940 10086 10086 I houdini : [10086] Houdini now in android app mode
08-09 12:22:13.940 10086 10086 I houdini : [10086] Intel Bridge Technology for Google Play Games on Windows Only, Copyright(C) Intel Corp. 2012-2025.
08-09 12:22:13.940 10086 10086 I houdini : [10086] Use permitted only under a valid commercial software license agreement - all other rights reserved.
08-09 12:22:13.940 10086 10086 I houdini : [10086] Initialize library(version: 14.0.0_z.GoogleGame_com1.2 RELEASE)... successfully.
08-09 12:22:13.949 10086 10086 E m.devsisters.ck: Not starting debugger since process cannot load the jdwp agent.
08-09 12:22:13.975   327   362 V GameManagerService: Game power mode ON (process state was changed to foreground)
08-09 12:22:13.978 10086 10086 D CompatibilityChangeReporter: Compat change id reported: 171979766; UID 10146; state: ENABLED
08-09 12:22:14.037 10086 10086 W ziparchive: Unable to open '/data/app/~~LvDFVRQpKmGrD4mAbAAJIA==/com.devsisters.ck-JJ4TYgXvKtvwFHpTH244oA==/split_UnityDataAssetPack.dm': No such file or directory
08-09 12:22:14.037 10086 10086 W ziparchive: Unable to open '/data/app/~~LvDFVRQpKmGrD4mAbAAJIA==/com.devsisters.ck-JJ4TYgXvKtvwFHpTH244oA==/split_UnityDataAssetPack.dm': No such file or directory
08-09 12:22:14.038 10086 10086 W m.devsisters.ck: Entry not found
08-09 12:22:14.040 10086 10086 W ziparchive: Unable to open '/data/app/~~LvDFVRQpKmGrD4mAbAAJIA==/com.devsisters.ck-JJ4TYgXvKtvwFHpTH244oA==/split_config.arm64_v8a.dm': No such file or directory
