08-09 12:16:02.362  4472  4552 I Finsky:background: [46] RECEIVER_PACKAGE_MONITOR_BACKGROUND#logWorkEndAndFinishGoAsync: SUCCESS
08-09 12:16:02.380   327  5966 W BroadcastQueue: Background execution not allowed: receiving Intent { act=android.intent.action.PACKAGE_REPLACED dat=package: flg=0x4000010 (has extras) } to com.google.android.gms/.gass.chimera.PackageChangeBroadcastReceiver
08-09 12:16:02.383   327   371 W BroadcastQueue: Background execution not allowed: receiving Intent { act=android.intent.action.PACKAGE_REPLACED dat=package: flg=0x4000010 (has extras) } to com.google.android.gms/.chimera.GmsIntentOperationService$PersistentTrustedReceiver
08-09 12:16:02.385   327   371 W BroadcastQueue: Background execution not allowed: receiving Intent { act=android.intent.action.PACKAGE_REPLACED dat=package: flg=0x4000010 (has extras) } to com.google.android.googlequicksearchbox/com.google.android.apps.gsa.googlequicksearchbox.GelStubAppWatcher
08-09 12:16:02.402  4472  9753 I Finsky:background: [238] Wrote row to frosting DB: 225
08-09 12:16:02.405  4472  9784 I Finsky:background: [244] DS: DS: onRemove(request_id=16, files_to_download=[UnityDataAssetPack(size:332028638)], context[group_id=com.devsisters.ck:MwjtIzqJS4aCel_65UiosQ], display_data[invisible=false, title=CookieRun: Kingdom], network_restrictions=ANY_NETWORK status=succeeded, bytes_downloaded=332028638, total_bytes=332028638, retry[count=0, next_retry=n/a])
08-09 12:16:02.430  1072  9771 E RoleControllerServiceImpl: Default/fallback role holder package doesn't qualify for the role, package: com.google.android.gms.supervision, role: android.app.role.SYSTEM_SUPERVISION
08-09 12:16:02.431  1072  9771 W Role    : Default holder doesn't have required signing certificate: com.google.android.apps.work.clouddpc:23962F4B43B9857638EA66F4D419518EAE282491ACDA4B94707BD59003C45E58
08-09 12:16:02.441  4472  9784 I Finsky:background: [244] DS: DS: onRemove(request_id=15, files_to_download=[com.devsisters.ck.dm(size:451542)], context[group_id=com.devsisters.ck:MwjtIzqJS4aCel_65UiosQ], display_data[invisible=false, title=CookieRun: Kingdom], network_restrictions=ANY_NETWORK status=succeeded, bytes_downloaded=451542, total_bytes=451542, retry[count=0, next_retry=n/a])
08-09 12:16:02.441  1072  9771 W Role    : Cannot get ApplicationInfo for default holder: com.google.android.as
08-09 12:16:02.443  1072  1104 E UserSensitiveFlagsUtils: No packages associated with uid 10146, not updating flags
08-09 12:16:02.447  1072  9771 W Role    : Cannot get ApplicationInfo for default holder: com.android.bluetooth
08-09 12:16:02.449  4472  9753 I Finsky:background: [238] Wrote row to frosting DB: 226
08-09 12:16:02.450  4472  4556 W Finsky:background: [49] Failed to delete file: /storage/emulated/0/Android/obb/com.devsisters.ck/temp
08-09 12:16:02.474  1072  9771 W Role    : Cannot get ApplicationInfo for default holder: com.google.android.apps.wellbeing
08-09 12:16:02.475  1072  9771 W Role    : Cannot get ApplicationInfo for default holder: com.google.android.as
08-09 12:16:02.476  1072  9771 W Role    : Cannot get ApplicationInfo for default holder: com.google.android.as
08-09 12:16:02.483  4472  9784 I Finsky:background: [244] DS: DS: onRemove(request_id=17, files_to_download=[config.arm64_v8a(size:107815651)], context[group_id=com.devsisters.ck:MwjtIzqJS4aCel_65UiosQ], display_data[invisible=false, title=CookieRun: Kingdom], network_restrictions=ANY_NETWORK status=succeeded, bytes_downloaded=107815651, total_bytes=107815651, retry[count=0, next_retry=n/a])
08-09 12:16:02.528  4472  9784 I Finsky:background: [244] DS: DS: onRemove(request_id=14, files_to_download=[com.devsisters.ck.apk(size:25809042)], context[group_id=com.devsisters.ck:MwjtIzqJS4aCel_65UiosQ], display_data[invisible=false, title=CookieRun: Kingdom], network_restrictions=ANY_NETWORK status=succeeded, bytes_downloaded=25809042, total_bytes=25809042, retry[count=0, next_retry=n/a])
08-09 12:16:02.544  1072  9771 W Role    : Cannot get ApplicationInfo for default holder: com.google.android.as
08-09 12:16:02.553  4472  9776 I Finsky:background: [239] IV2: Finishing successful install for installId: 2
08-09 12:16:02.589  1072  9771 W Role    : Cannot get ApplicationInfo for default holder: com.google.android.as
08-09 12:16:02.595  4472  9788 I Finsky:background: [248] Session is stale, session is not alive: getNames not allowed after destruction
08-09 12:16:02.596  4472  9788 I Finsky:background: [248] SM: Session with Context {name=com.devsisters.ck versionCode=210604} was closed or abandoned in a consumer.
08-09 12:16:02.629  4472  9776 I Finsky:background: [239] SCU: Successfully abandon the session for com.devsisters.ck[iid:2] [isid:MwjtIzqJS4aCel_65UiosQ]
08-09 12:16:02.632  4472  9776 I Finsky:background: [239] IV2: stopping install timeout for 2
08-09 12:16:02.638  4472  9790 I Finsky:background: [250] IQ: Notifying installation update. [Package:com.devsisters.ck, isid:MwjtIzqJS4aCel_65UiosQ] state:INSTALLED, status=INSTALLED, status_code=0, reason=bulk_update, tsc=PT19M17.056S, attempt=0
08-09 12:16:02.648  1532  1792 W SearchServiceCore: Abort, client detached.
08-09 12:16:02.649  1532  1792 W SearchServiceCore: Abort, client detached.
08-09 12:16:02.649  1532  1792 W SearchServiceCore: Abort, client detached.
08-09 12:16:02.711  4472  4472 I Finsky:background: [2] PIM: Ignore install package event for: com.devsisters.ck, isid: MwjtIzqJS4aCel_65UiosQ
08-09 12:16:02.711  4472  4556 I Finsky:background: [49] RM::CM: Clearing artifacts for install of com.devsisters.ck
08-09 12:16:02.713  4472  4556 W Finsky:background: [49] Failed to delete file: /data/user/0/com.android.vending/files/phonesky-resource-cache/com.devsisters.ck:210604
08-09 12:16:02.723  4472  4551 I Finsky:background: [45] IQ: start evaluating install requests.
08-09 12:16:02.728  4472  4556 I Finsky:background: [49] IQ: Finishing job 14
08-09 12:16:02.728  4472  4556 I Finsky:background: [49] SCH: jobFinished: 3-14. TimeElapsed: 1155913ms.
08-09 12:16:02.728  4472  4556 I Finsky:background: [49] WM::SCH: Logging work end for 3-14
08-09 12:16:02.734  8911  8993 I Finsky  : [89] Install States emitted for 8 apps
08-09 12:16:02.739  4472  4551 I Finsky:background: [45] IQ: There are 0 installs pending for job 14: []
08-09 12:16:02.739  4472  4551 I Finsky:background: [45] IQ: No matching installs to run for jobs: [14]
08-09 12:16:02.744  4472  4551 I Finsky:background: [45] IQ: 0 scheduled install statuses found to proceed. 
08-09 12:16:02.791  4472  4553 I Finsky:background: [47] SCH: no pending jobs to schedule.
08-09 12:16:02.793  4472  9798 I Finsky:background: [252] SCH: job service finished with id 10056.
08-09 12:16:02.795  4472  4556 I Finsky:background: [49] SCH: no pending jobs to schedule.
08-09 12:16:02.795  4472  9798 I Finsky:background: [252] SCH: job service finished with id 10057.
08-09 12:16:03.035  1532  1671 I DeviceAppInfoWork: (REDACTED) remove existing package for update: %s
08-09 12:16:03.036  1532  1667 I DeviceAppInfoWork: (REDACTED) remove existing package for update: %s
08-09 12:16:03.123  1532  9791 I A       : (REDACTED) soft deleting data for %s
08-09 12:16:03.187  1532  1662 I A       : Scheduling deletion propagation for Geller data.
08-09 12:16:03.187  1532  1661 I A       : Scheduling deletion propagation for Geller data.
08-09 12:16:03.187  1532  9791 I A       : Performing deletion propagation for Geller data.
08-09 12:16:03.189  1532  9799 I A       : Performing deletion propagation for Geller data.
08-09 12:16:03.191  1532  9800 I A       : (REDACTED) Writing data of size=%d bytes with N=%d keys to Geller corpus %s at ts=%d
08-09 12:16:03.208  1532  1661 I DeviceAppInfoWork: refreshDeviceAppInfoForAccount done.
08-09 12:16:03.212  1532  1662 I DeviceAppInfoWork: refreshDeviceAppInfoForAccount done.
08-09 12:16:03.247  1532  1698 W DeviceAppInfoWork: missing version info.
08-09 12:16:03.579  1060  1068 I .gms.persistent: Background young concurrent copying GC freed 851213(35MB) AllocSpace objects, 37(3512KB) LOS objects, 53% free, 33MB/72MB, paused 1.780ms,1.958ms total 1.347s
08-09 12:16:03.579  1060  1068 W .gms.persistent: Reducing the number of considered missed Gc histogram windows from 110 to 100
08-09 12:16:12.274  1060  9693 I NetworkScheduler.Stats: Task com.google.android.gms/com.google.android.gms.games.chimera.GamesSyncServiceMainProxy started execution. cause:4 exec_start_elapsed_seconds: 61127 [CONTEXT service_id=218 ]
08-09 12:16:12.276  9219  9341 I PlayGamesServices[GamesSyncAdapter]: Starting sync for dac2a921
08-09 12:16:12.278  9219  9341 I PlayGamesServices[GamesSyncAdapter]: Sync duration for dac2a921: 1
08-09 12:16:12.283  1060  9806 I NetworkScheduler.Stats: Task com.google.android.gms/com.google.android.gms.games.chimera.GamesSyncServiceMainProxy finished executing. cause:4 result: 1 elapsed_millis: 26 uptime_millis: 26 exec_start_elapsed_seconds: 61127 [CONTEXT service_id=218 ]
08-09 12:16:12.290  9219  9266 W PlayGamesServices[UiUtils]: AppVersion: Cannot find the installed destination app.
08-09 12:16:12.290  9219  9266 I GetServiceValidatorImpl: onGetService() from Client SDK version [262831000], Module version [262831032], PGA version [0], Account [Account {name=<<default account>>, type=com.google}], Calling package [com.google.android.gms], Game package [com.google.android.gms] [CONTEXT service_id=1 ]
08-09 12:16:12.291  9219  9266 I GetGamesServiceReqFacto: Parsing request with ignored arguments. signInOptionsBundle [Bundle[{com.google.android.gms.signin.internal.serverClientId=null, com.google.android.gms.signin.internal.usePromptModeForAuthCode=true, com.google.android.gms.signin.internal.logSessionId=null, com.google.android.gms.signin.internal.hostedDomain=null, com.google.android.gms.signin.internal.offlineAccessRequested=false, com.google.android.gms.signin.internal.waitForAccessTokenRefresh=false, com.google.android.gms.signin.internal.clientRequestedAccount=Account {name=<<default account>>, type=com.google}, com.google.android.gms.signin.internal.idTokenRequested=false, com.google.android.gms.signin.internal.forceCodeForRefreshToken=false}]], isRetryingSignIn [false], skipWelcomePopup [false], requireGooglePlus [false]
08-09 12:16:12.291  9219  9266 I GetGamesServiceReqFacto: Replacing request for `games` scope with `games_lite`
08-09 12:16:12.298  9219  9808 I SignInPerformer-1: Handling request [GetGamesServiceRequest{gamePackageName=com.google.android.gms, gameUid=10095, gamePlayServicesClientLibraryVersion=262831000, sdkVariation=1052947, requestedScopes=[https://www.googleapis.com/auth/games_lite], callingIdentity=CallingIdentity{uid=10095, pid=9219, packageName=com.google.android.gms, playServicesClientLibraryVersion=262831000}, requestedAccount=Optional.absent(), forceResolveAccountKey=null, requestedServiceMode=2, initiatorCategory=1, signInType=Optional.absent()}], isFirstPartyCaller [true] [CONTEXT service_id=1 ]
08-09 12:16:12.299  9219  9808 I SignInPerformer-1: Successfully brokered first-party unauthenticated GamesService [CONTEXT service_id=1 ]
08-09 12:16:12.321  9219  9808 I GetGamesServiceV2Op: Successfully brokered GamesService for request gam{gamePackageName=com.google.android.gms, gameUid=10095, gamePlayServicesClientLibraryVersion=262831000, sdkVariation=1052947, requestedScopes=[https://www.googleapis.com/auth/games_lite], callingIdentity=CallingIdentity{uid=10095, pid=9219, packageName=com.google.android.gms, playServicesClientLibraryVersion=262831000}, requestedAccount=Optional.absent(), forceResolveAccountKey=null, requestedServiceMode=2, initiatorCategory=1, signInType=Optional.absent()} [CONTEXT service_id=1 ]
08-09 12:16:12.321  9219  9266 W PlayGamesServices[UiUtils]: AppVersion: Cannot find the installed destination app.
08-09 12:16:12.321  9219  9266 W PlayGamesServices[UiUtils]: AppVersionName: Cannot find the installed destination app.
08-09 12:16:12.329  1060  9747 I NetworkScheduler.Stats: Task com.google.android.gms/com.google.android.gms.ads.jams.NegotiationService started execution. cause:5 exec_start_elapsed_seconds: 61127 [CONTEXT service_id=218 ]
08-09 12:16:12.351  1060  9693 I NetworkScheduler.Stats: Task com.google.android.gms/com.google.android.gms.security.snet.SnetNormalTaskService started execution. cause:5 exec_start_elapsed_seconds: 61127 [CONTEXT service_id=218 ]
08-09 12:16:12.365  1060  9747 I NetworkScheduler.Stats: Task com.google.android.gms/com.google.android.gms.security.snet.SnetNormalTaskService finished executing. cause:5 result: 1 elapsed_millis: 29 uptime_millis: 29 exec_start_elapsed_seconds: 61127 [CONTEXT service_id=218 ]
08-09 12:16:12.428  1060  9747 I NetworkScheduler.Stats: Task com.google.android.gms/com.google.android.gms.games.chimera.GamesSyncServiceMainProxy started execution. cause:5 exec_start_elapsed_seconds: 61127 [CONTEXT service_id=218 ]
08-09 12:16:12.434  9219  9641 I PlayGamesServices[GamesSyncAdapter]: Starting sync for ddb5abdf
08-09 12:16:12.436  9219  9641 I PlayGamesServices[GamesSyncAdapter]: Sync duration for ddb5abdf: 1
08-09 12:16:12.438  9219  9266 W PlayGamesServices[UiUtils]: AppVersion: Cannot find the installed destination app.
08-09 12:16:12.438  9219  9266 W PlayGamesServices[UiUtils]: AppVersionName: Cannot find the installed destination app.
08-09 12:16:12.443  1060  9807 I NetworkScheduler.Stats: Task com.google.android.gms/com.google.android.gms.games.chimera.GamesSyncServiceMainProxy finished executing. cause:5 result: 1 elapsed_millis: 45 uptime_millis: 45 exec_start_elapsed_seconds: 61127 [CONTEXT service_id=218 ]
08-09 12:16:12.453  9219  9276 D TrafficStats: tagSocket(142) with statsTag=0x4000104, statsUid=-1
08-09 12:16:12.605  9219  9276 D TrafficStats: tagSocket(95) with statsTag=0x4000104, statsUid=-1
08-09 12:16:12.711  9219  9664 W Ads     : [JAMS] Got an invalid response
08-09 12:16:12.979  9219  9664 W Ads     : [JAMS] Got an invalid response
08-09 12:16:12.989  1060  9807 I NetworkScheduler.Stats: Task com.google.android.gms/com.google.android.gms.ads.jams.NegotiationService finished executing. cause:5 result: 1 elapsed_millis: 675 uptime_millis: 675 exec_start_elapsed_seconds: 61127 [CONTEXT service_id=218 ]
08-09 12:16:13.613  1060  9807 E hihr    : Trace multidevice-AccountChangeIntentOperation_init timed out after 1613516 ms. Complete trace: # hiik@be43a1d0
08-09 12:16:13.613  1060  9807 E hihr    : hiis: 
08-09 12:16:13.613  1060  9807 E hihr    : 	at tk_trace.ServicePostProcessing(Started After:0)
08-09 12:16:13.613  1060  9807 E hihr    : 	at tk_trace.AsyncOpImpl(Started After:0)
08-09 12:16:13.613  1060  9807 E hihr    : 	at tk_trace.AsyncOpTask(Started After:0)
08-09 12:16:13.613  1060  9807 E hihr    : 	at tk_trace.355-GetXdFeatureStatus(Started After:0)
08-09 12:16:13.613  1060  9807 E hihr    : 	at tk_trace.multidevice-AccountChangeIntentOperation_init(Started After:0)
08-09 12:16:13.614  1060  9807 E hihr    : Trace scheduler-SchedulerWakeupIntentOperation_onHandleIntentWithRedelivery timed out after 1112900 ms. Complete trace: # hiik@5550c2e4
08-09 12:16:13.614  1060  9807 E hihr    : hiis: 
08-09 12:16:13.614  1060  9807 E hihr    : 	at tk_trace.Flogger:INFO:218:Task %s/%s started execution. cause:%s exec_start_elapsed_seconds: %s(Started After:0)
08-09 12:16:13.614  1060  9807 E hihr    : 	at tk_trace.checkQueueLazily(Started After:0)
08-09 12:16:13.614  1060  9807 E hihr    : 	at tk_trace.NetworkScheduler_alarmUp(Started After:0)
08-09 12:16:13.614  1060  9807 E hihr    : 	at tk_trace.scheduler-SchedulerWakeupIntentOperation_onHandleIntentWithRedelivery(Started After:0)
08-09 12:16:13.615  1060  9807 E hihr    : Trace gcm-GcmChimeraService_onCreate timed out after 1893234 ms. Complete trace: # hiik@2835d6b
08-09 12:16:13.615  1060  9807 E hihr    : hiis: 
08-09 12:16:13.615  1060  9807 E hihr    : 	at tk_trace.Flogger:INFO:218:Task %s/%s started execution. cause:%s exec_start_elapsed_seconds: %s(Started After:4)
08-09 12:16:13.615  1060  9807 E hihr    : 	at tk_trace.checkQueueEagerly(Started After:1)
08-09 12:16:13.615  1060  9807 E hihr    : 	at tk_trace.scheduler-NetworkScheduler_onGcmUpstreamMessage(Started After:1)
08-09 12:16:13.615  1060  9807 E hihr    : 	at tk_trace.AsyncOpImpl(Started After:1)
08-09 12:16:13.615  1060  9807 E hihr    : 	at tk_trace.AsyncOpTask(Started After:1)
08-09 12:16:13.615  1060  9807 E hihr    : 	at tk_trace.218-HandleWakeupEvent(Started After:1)
08-09 12:16:13.615  1060  9807 E hihr    : 	at tk_trace.gcm-GcmChimeraService_onCreate(Started After:0)
08-09 12:16:13.616  1060  9807 E hihr    : Trace dtdi-LifecycleChimeraService_onStartCommand timed out after 1873634 ms. Complete trace: # hiik@c7cf3d5f
08-09 12:16:13.616  1060  9807 E hihr    : hiis: 
08-09 12:16:13.616  1060  9807 E hihr    : 	at tk_trace.Flogger:INFO:348:Multidevice Sync Response: %s(Started After:523)
08-09 12:16:13.616  1060  9807 E hihr    : 	at tk_trace.multidevice-FeatureSettingsApiService-IGmsServiceBroker_45(Started After:0)
08-09 12:16:13.616  1060  9807 E hihr    : 	at tk_trace.startSettingsDelegateBackground(Started After:0)
08-09 12:16:13.616  1060  9807 E hihr    : 	at tk_trace.dtdi-LifecycleChimeraService_onStartCommand(Started After:0)
08-09 12:16:13.617  1060  9807 E hihr    : Trace multidevice-AccountChangeIntentOperation_init timed out after 1347283 ms. Complete trace: # hiik@f04bff99
08-09 12:16:13.617  1060  9807 E hihr    : hiis: 
08-09 12:16:13.617  1060  9807 E hihr    : 	at tk_trace.ServicePostProcessing(Started After:0)
08-09 12:16:13.617  1060  9807 E hihr    : 	at tk_trace.AsyncOpImpl(Started After:0)
08-09 12:16:13.617  1060  9807 E hihr    : 	at tk_trace.AsyncOpTask(Started After:0)
08-09 12:16:13.617  1060  9807 E hihr    : 	at tk_trace.355-GetXdFeatureStatus(Started After:0)
08-09 12:16:13.617  1060  9807 E hihr    : 	at tk_trace.multidevice-AccountChangeIntentOperation_init(Started After:0)
08-09 12:16:13.617  1060  9807 E hihr    : Trace core-PhenotypeUpdateOperation_onHandleIntentWithRedelivery timed out after 1211874 ms. Complete trace: # hiik@bcd60910
08-09 12:16:13.617  1060  9807 E hihr    : hiis: 
08-09 12:16:13.617  1060  9807 E hihr    : 	at tk_trace.BinderCall_android.app.IActivityManager#startService(Started After:0)
08-09 12:16:13.617  1060  9807 E hihr    : 	at tk_trace.core-PhenotypeUpdateOperation_onHandleIntentWithRedelivery(Started After:0)
08-09 12:16:13.617  1060  9807 E hihr    : Trace location-SyncAdapter_com.google.android.location.reporting timed out after 1301601 ms. Complete trace: # hiik@82fff19a
08-09 12:16:13.617  1060  9807 E hihr    : hiis: 
08-09 12:16:13.617  1060  9807 E hihr    : 	at tk_trace.BinderCall_android.os.IUserManager#getApplicationRestrictionsForUser(Started After:1)
08-09 12:16:13.617  1060  9807 E hihr    : 	at tk_trace.location-SyncAdapter_com.google.android.location.reporting(Started After:0)
08-09 12:16:13.618  1060  9807 E hihr    : Trace gcm-HeartbeatChimeraAlarm_onReceive timed out after 921855 ms. Complete trace: # hiik@1baeb082
08-09 12:16:13.618  1060  9807 E hihr    : hiis: 
08-09 12:16:13.618  1060  9807 E hihr    : 	at tk_trace.MainThreadWork(Started After:2)
08-09 12:16:13.618  1060  9807 E hihr    : 	at tk_trace.gcm-HeartbeatChimeraAlarm_onReceive(Started After:0)
08-09 12:16:13.618  1060  9807 E hihr    : 	Suppressed: hiir: 
08-09 12:16:13.618  1060  9807 E hihr    : 		at tk_trace.PooledThread(unfinished)(Unknown Source:0)
08-09 12:16:13.618  1060  9807 E hihr    : 		at tk_trace.gcm-HeartbeatChimeraAlarm_onReceive 40 ms(Unknown Source:0)
08-09 12:16:13.620  1060  9807 E hihr    : Trace phenotype-HeterodyneSyncTaskChimeraService_onRunTaskAsync timed out after 1112828 ms. Complete trace: # hiik@67898c60
08-09 12:16:13.620  1060  9807 E hihr    : hiis: 
08-09 12:16:13.620  1060  9807 E hihr    : 	at tk_trace.AsyncOpImpl(Started After:2)
08-09 12:16:13.620  1060  9807 E hihr    : 	at tk_trace.AsyncOpTask(Started After:2)
08-09 12:16:13.620  1060  9807 E hihr    : 	at tk_trace.218-HandleSchedulerIntent(Started After:2)
08-09 12:16:13.620  1060  9807 E hihr    : 	at tk_trace.ScheduledTaskImpl(Started After:0)
08-09 12:16:13.620  1060  9807 E hihr    : 	at tk_trace.phenotype-HeterodyneSyncTaskChimeraService_onRunTaskAsync(Started After:0)
08-09 12:16:13.620  1060  9807 E hihr    : Trace container-GmsApiChimeraService_onBind timed out after 1872574 ms. Complete trace: # hiik@c0fb8f0d
08-09 12:16:13.620  1060  9807 E hihr    : hiis: 
08-09 12:16:13.620  1060  9807 E hihr    : 	at tk_trace.MainThreadWork(Started After:1)
08-09 12:16:13.620  1060  9807 E hihr    : 	at tk_trace.nearby-PresenceChimeraService_onCreate(Started After:0)
08-09 12:16:13.620  1060  9807 E hihr    : 	at tk_trace.container-GmsApiChimeraService_onBind(Started After:0)
08-09 12:16:35.677  9219  9219 D BoundBrokerSvc: onUnbind: Intent { act=com.google.android.gms.feedback.internal.IFeedbackService dat=chimera-action:/... cmp=com.google.android.gms/.chimera.GmsBoundBrokerService }
08-09 12:16:37.912   327  4412 D FakeWifi: Faking wifi for com.google.android.gsf
08-09 12:16:37.912   327  4412 D FakeWifi: Faking wifi for com.google.android.gsf
08-09 12:16:37.913  1060  9807 D FakeWifi: Faking wifi for com.google.android.gms
08-09 12:16:37.913  1060  9807 D FakeWifi: Faking wifi for com.google.android.gsf
08-09 12:16:37.914  1060  9807 D FakeWifi: Faking wifi for com.google.android.gsf
08-09 12:16:37.914  1060  9807 D FakeWifi: Faking wifi for com.google.android.gsf
08-09 12:16:41.869  7433  8039 I .android.gms.ui: Explicit concurrent copying GC freed 621(112KB) AllocSpace objects, 0(0B) LOS objects, 53% free, 7105KB/14MB, paused 175us,669us total 255.002ms
08-09 12:16:45.611  8911  8911 I Finsky  : [2] SCH: job service start with id 9953.
08-09 12:16:45.616  8911  9823 I Finsky  : [225] SCH: Satisfied jobs for 9953 are: 12-1
08-09 12:16:45.617  8911  9822 I Finsky  : [224] SCH: Job 12-1 starting
08-09 12:16:45.617  8911  8911 I Finsky  : [2] WM::SCH: Logging work start for 12-1
08-09 12:16:45.617  8911  8911 I Finsky  : [2] [ContentSync] job started
08-09 12:16:46.110  8911  8911 I Finsky  : [2] App states replicator found 3 unowned apps
08-09 12:16:46.114  8911  8947 D FakeWifi: Faking wifi for com.android.vending
08-09 12:16:46.114  8911  8947 D FakeWifi: Faking wifi for com.android.vending
08-09 12:16:46.121  8911  8956 D FakeWifi: Faking wifi for com.android.vending
08-09 12:16:46.121  8911  8956 D FakeWifi: Faking wifi for com.android.vending
08-09 12:16:46.136  8911  8952 D TrafficStats: tagSocket(92) with statsTag=0x4be64f9b, statsUid=-1
08-09 12:16:47.258  8911  9824 I Finsky  : [226] Completed 1 account content syncs with 1 successful.
08-09 12:16:47.258  8911  8911 I Finsky  : [2] [ContentSync] Installation state replication succeeded.
08-09 12:16:47.258  8911  8911 I Finsky  : [2] SCH: jobFinished: 12-1. TimeElapsed: 1642ms.
08-09 12:16:47.259  8911  8911 I Finsky  : [2] WM::SCH: Logging work end for 12-1
08-09 12:16:47.275  8911  8947 I Finsky  : [54] SCH: Scheduling phonesky job Id: 1-1337, CT: 1786251279398, Constraints: [{ L: 43022452, D: 86222452, C: CHARGING_NONE, I: IDLE_NONE, N: NET_ANY, B: BATTERY_ANY }]
08-09 12:16:47.275  8911  8947 I Finsky  : [54] SCH: Scheduling phonesky job Id: 34-10, CT: 1786251331993, Constraints: [{ L: 79198306, D: 1375198306, C: CHARGING_NONE, I: IDLE_NONE, N: NET_ANY, B: BATTERY_ANY }]
08-09 12:16:47.278  8911  8942 I Finsky  : [49] SCH: Scheduling 1 system job(s)
08-09 12:16:47.278  8911  8942 I Finsky  : [49] SCH: Scheduling system job Id: 9957, L: 41694572, D: 84894572, C: false, I: false, N: 1
08-09 12:16:47.281  8911  9822 I Finsky  : [224] SCH: job service finished with id 9953.
08-09 12:16:47.571  1060  1060 D BoundBrokerSvc: onUnbind: Intent { act=com.google.android.gms.libs.gmscorelogger.service.START dat=chimera-action:/... cmp=com.google.android.gms/.chimera.PersistentDirectBootAwareApiService }
08-09 12:17:01.689   327   377 W BatteryExternalStatsWorker: error reading Bluetooth stats: 9
08-09 12:17:02.159  9219  9219 D BoundBrokerSvc: onUnbind: Intent { act=com.google.android.gms.common.BIND_SHARED_PREFS pkg=com.google.android.gms }
08-09 12:17:07.733  4472  8052 I ding:background: oneway function results for code 2 on binder at 0x7fd2e868ac60 will be dropped but finished with status UNKNOWN_TRANSACTION
08-09 12:17:20.585  8911  8928 I Finsky  : [35] Stats for Executor: LightweightExecutor xos@db6c4c5[Running, pool size = 3, active threads = 0, queued tasks = 0, completed tasks = 52976]
08-09 12:17:20.605  8911  8928 I Finsky  : [35] Stats for Executor: BlockingExecutor xos@c23fe1a[Running, pool size = 0, active threads = 0, queued tasks = 0, completed tasks = 157]
08-09 12:17:20.658  8911  8928 I Finsky  : [35] Stats for Executor: bgExecutor xos@4db4d4b[Running, pool size = 4, active threads = 0, queued tasks = 0, completed tasks = 6182]
08-09 12:17:21.116  8911  8928 I Finsky  : [35] Stats for Executor: GrpcBackgroundExecutor xos@9cc5e79[Running, pool size = 4, active threads = 0, queued tasks = 0, completed tasks = 30]
08-09 12:17:43.746   327  4412 D FakeWifi: Faking wifi for com.google.android.gsf
08-09 12:17:43.746   327  4412 D FakeWifi: Faking wifi for com.google.android.gsf
08-09 12:17:43.746  1060  9807 D FakeWifi: Faking wifi for com.google.android.gms
08-09 12:17:43.747  1060  9807 D FakeWifi: Faking wifi for com.google.android.gsf
08-09 12:17:43.747  1060  9807 D FakeWifi: Faking wifi for com.google.android.gsf
08-09 12:17:43.748  1060  9807 D FakeWifi: Faking wifi for com.google.android.gsf
08-09 12:17:47.067  1060  9807 I AlarmManager: setExactAndAllowWhileIdle [name: GCM_HB_ALARM type: 2 triggerAtMillis: 61762245]
08-09 12:17:47.069  1060  9807 I AlarmManager: setExactAndAllowWhileIdle [name: GCM_HB_ALARM type: 2 triggerAtMillis: 61762247]
08-09 12:18:34.733  4472  4530 I Finsky:background: [36] Stats for Executor: bgExecutor xos@995aebc[Running, pool size = 4, active threads = 0, queued tasks = 0, completed tasks = 3982]
08-09 12:18:34.845  4472  4530 I Finsky:background: [36] Stats for Executor: LightweightExecutor xos@160de45[Running, pool size = 3, active threads = 0, queued tasks = 0, completed tasks = 17888]
08-09 12:18:35.247  4472  4530 I Finsky:background: [36] Stats for Executor: BlockingExecutor xos@855d99a[Running, pool size = 0, active threads = 0, queued tasks = 0, completed tasks = 214]
08-09 12:18:41.522  4747  4765 I Finsky:quick_launch: [36] Stats for Executor: bgExecutor xos@29c934f[Running, pool size = 4, active threads = 0, queued tasks = 0, completed tasks = 28]
08-09 12:18:41.522  4747  4765 I Finsky:quick_launch: [36] Stats for Executor: LightweightExecutor xos@fa6fadc[Running, pool size = 3, active threads = 0, queued tasks = 0, completed tasks = 29]
08-09 12:19:13.749   327  4412 D FakeWifi: Faking wifi for com.google.android.gsf
08-09 12:19:13.750   327  4412 D FakeWifi: Faking wifi for com.google.android.gsf
08-09 12:19:13.750  1060  9807 D FakeWifi: Faking wifi for com.google.android.gms
08-09 12:19:13.750  1060  9807 D FakeWifi: Faking wifi for com.google.android.gsf
08-09 12:19:13.750  1060  9807 D FakeWifi: Faking wifi for com.google.android.gsf
08-09 12:19:13.751  1060  9807 D FakeWifi: Faking wifi for com.google.android.gsf
08-09 12:19:40.910   327   371 I ActivityManager: Killing 3041:com.google.android.projection.gearhead:shared/u0a91 (adj 985): empty #17
08-09 12:19:40.917   327   373 I libprocessgroup: Successfully killed process cgroup uid 10091 pid 3041 in 2ms
08-09 12:19:40.936    73    73 I Zygote  : Process 3041 exited due to signal 9 (Killed)
08-09 12:20:24.328  4472  5953 I PlayCommon: [94] Preparing logs for uploading
08-09 12:20:24.329   327   815 D FakeWifi: Faking wifi for com.android.vending
08-09 12:20:24.329   327   815 D FakeWifi: Faking wifi for com.android.vending
08-09 12:20:24.329  4472  5953 D FakeWifi: Faking wifi for com.android.vending
08-09 12:20:24.329  4472  5953 D FakeWifi: Faking wifi for com.android.vending
08-09 12:20:24.330  4472  5953 D FakeWifi: Faking wifi for com.android.vending
08-09 12:20:24.330  4472  5953 D FakeWifi: Faking wifi for com.android.vending
08-09 12:20:24.331  4472  5953 D FakeWifi: Faking wifi for com.android.vending
08-09 12:20:24.335  4472  5953 I PlayCommon: [94] Connecting to server: https://play.googleapis.com/play/log?format=raw&proto_v2=true
08-09 12:20:24.374  4472  5953 D TrafficStats: tagSocket(107) with statsTag=0x6900, statsUid=-1
08-09 12:20:24.548  4472  5953 I PlayCommon: [94] Successfully uploaded logs.
08-09 12:20:43.745   327   815 D FakeWifi: Faking wifi for com.google.android.gsf
08-09 12:20:43.745   327   815 D FakeWifi: Faking wifi for com.google.android.gsf
08-09 12:20:43.745  1060  9807 D FakeWifi: Faking wifi for com.google.android.gms
08-09 12:20:43.746  1060  9807 D FakeWifi: Faking wifi for com.google.android.gsf
08-09 12:20:43.746  1060  9807 D FakeWifi: Faking wifi for com.google.android.gsf
08-09 12:20:43.746  1060  9807 D FakeWifi: Faking wifi for com.google.android.gsf
08-09 12:21:07.206  9219  9219 D BoundBrokerSvc: onUnbind: Intent { act=com.google.android.gms.onboardingconsent.api.ConsentManagerApiService.START dat=chimera-action:/... cmp=com.google.android.gms/.chimera.GmsApiService }
08-09 12:21:17.742  1060  1060 D BoundBrokerSvc: onUnbind: Intent { act=com.google.android.gms.auth.aang.events.services.START dat=chimera-action:/... cmp=com.google.android.gms/.chimera.PersistentApiService }
08-09 12:21:21.787   327   383 V DisplayPowerController[0]: Brightness [0.39763778] reason changing to: 'manual', previous reason: 'manual [ dim ]'.
08-09 12:21:21.788   327   383 I DisplayPowerController[0]: BrightnessEvent: disp=0, physDisp=local:0, brt=0.39763778, initBrt=0.05, rcmdBrt=NaN, preBrt=NaN, lux=0.0, preLux=0.0, hbmMax=1.0, hbmMode=off, rbcStrength=50, powerFactor=1.0, thrmMax=1.0, wasShortTermModelActive=false, flags=, reason=manual, autoBrightness=false
08-09 12:21:22.417   327   383 I DisplayPowerController[0]: BrightnessEvent: disp=0, physDisp=local:0, brt=0.39763778, initBrt=0.39763778, rcmdBrt=NaN, preBrt=NaN, lux=0.0, preLux=0.0, hbmMax=1.0, hbmMode=off, rbcStrength=50, powerFactor=1.0, thrmMax=1.0, wasShortTermModelActive=false, flags=, reason=manual, autoBrightness=false
08-09 12:21:27.003   327   362 I ActivityTaskManager: START u0 {act=android.intent.action.MAIN cat=[android.intent.category.HOME] flg=0x10000100 cmp=com.android.launcher3/.uioverrides.QuickstepLauncher (has extras)} from uid 0
08-09 12:21:27.092  8597  8597 I vol.VolumeDialogImpl: mDialog.dismiss() reason: volume_controller from: com.android.systemui.volume.VolumeDialogImpl$9.onDismissRequested:2
08-09 12:21:27.111   327   362 E CellBroadcastUtils: getDefaultCellBroadcastReceiverPackageName: no package found
08-09 12:21:27.193   327   362 W Looper  : Slow dispatch took 229ms android.ui h=com.android.server.policy.PhoneWindowManager$PolicyHandler c=com.android.server.policy.PhoneWindowManager$DisplayHomeButtonHandler$$ExternalSyntheticLambda0@5e735fb m=0
08-09 12:21:27.198   327   362 W Looper  : Slow delivery took 217ms android.ui h=android.os.Handler c=com.android.server.autofill.ui.AutoFillUI$$ExternalSyntheticLambda5@106a618 m=0
08-09 12:21:27.221   327   375 W libprocessgroup: Failed to open /dev/stune/top-app/cgroup.procs: No such file or directory
08-09 12:21:27.221   327   375 W libprocessgroup: Failed to open /dev/cpuset/top-app/cgroup.procs: No such file or directory
08-09 12:21:27.222   327   375 W libprocessgroup: Failed to open /dev/blkio//cgroup.procs: No such file or directory
08-09 12:21:27.223   327   362 W Looper  : Drained
08-09 12:21:27.248   327   375 W libprocessgroup: Failed to open /dev/stune/top-app/cgroup.procs: No such file or directory
08-09 12:21:27.248   327   375 W libprocessgroup: Failed to open /dev/cpuset/top-app/cgroup.procs: No such file or directory
08-09 12:21:27.248   327   375 W libprocessgroup: Failed to open /dev/blkio//cgroup.procs: No such file or directory
08-09 12:21:27.294  8597  8597 I vol.VolumeDialogImpl: mDialog.dismiss() reason: volume_controller from: com.android.systemui.volume.VolumeDialogImpl$9.onDismissRequested:2
08-09 12:21:27.294  8597  8597 D vol.VolumeDialogImpl: dismissH: skipping dismiss because isAnimatingDismiss is true and showingStateInconsistent is false
08-09 12:21:27.328  1532  1732 E OpenGLRenderer: Unable to match the desired swap behavior.
08-09 12:21:27.369    83   156 V [minigbm:gbm_mesa_internals.cpp(382)]: Allocated: 1366x738, stride: 5504, map_stride: 0
08-09 12:21:27.379    83   156 V [minigbm:gbm_mesa_internals.cpp(382)]: Allocated: 1366x738, stride: 5504, map_stride: 0
08-09 12:21:27.386    83   156 V [minigbm:gbm_mesa_internals.cpp(382)]: Allocated: 1366x738, stride: 5504, map_stride: 0
08-09 12:21:27.396    99   190 W TransactionTracing: Could not find layer handle 0x7f16aa03d4d0
08-09 12:21:27.397    99   190 W TransactionTracing: Could not find layer handle 0x7f16aa040830
08-09 12:21:27.407   914  1492 E OpenGLRenderer: Unable to match the desired swap behavior.
08-09 12:21:27.414    83   156 V [minigbm:gbm_mesa_internals.cpp(382)]: Allocated: 1366x738, stride: 5504, map_stride: 0
08-09 12:21:27.420    83   156 V [minigbm:gbm_mesa_internals.cpp(382)]: Allocated: 1366x738, stride: 5504, map_stride: 0
08-09 12:21:27.427    83   156 V [minigbm:gbm_mesa_internals.cpp(382)]: Allocated: 1366x738, stride: 5504, map_stride: 0
08-09 12:21:27.485   327   422 D InputDispatcher: No new touched window at (627, 680) in display 0
08-09 12:21:27.485   327   422 I InputDispatcher: Dropping event because there is no touchable window at (627, 680) on display 0.
08-09 12:21:27.491   327   422 D InputDispatcher: No new touched window at (612, 670) in display 0
08-09 12:21:27.491   327   422 I InputDispatcher: Dropping event because there is no touchable window at (612, 670) on display 0.
08-09 12:21:27.499   327   422 D InputDispatcher: No new touched window at (596, 659) in display 0
08-09 12:21:27.499   327   422 I InputDispatcher: Dropping event because there is no touchable window at (596, 659) on display 0.
08-09 12:21:27.507   327   422 D InputDispatcher: No new touched window at (580, 649) in display 0
08-09 12:21:27.507   327   422 I InputDispatcher: Dropping event because there is no touchable window at (580, 649) on display 0.
08-09 12:21:27.516   327   422 D InputDispatcher: No new touched window at (565, 637) in display 0
08-09 12:21:27.517   327   422 I InputDispatcher: Dropping event because there is no touchable window at (565, 637) on display 0.
08-09 12:21:27.522   327   422 D InputDispatcher: No new touched window at (549, 627) in display 0
08-09 12:21:27.522   327   422 I InputDispatcher: Dropping event because there is no touchable window at (549, 627) on display 0.
08-09 12:21:27.536   327   422 D InputDispatcher: No new touched window at (534, 619) in display 0
08-09 12:21:27.536   327   422 I InputDispatcher: Dropping event because there is no touchable window at (534, 619) on display 0.
08-09 12:21:27.544   327   422 D InputDispatcher: No new touched window at (519, 608) in display 0
08-09 12:21:27.544   327   422 I InputDispatcher: Dropping event because there is no touchable window at (519, 608) on display 0.
08-09 12:21:27.552   327   422 D InputDispatcher: No new touched window at (499, 594) in display 0
08-09 12:21:27.552   327   422 I InputDispatcher: Dropping event because there is no touchable window at (499, 594) on display 0.
08-09 12:21:27.559   327   422 D InputDispatcher: No new touched window at (479, 580) in display 0
08-09 12:21:27.559   327   422 I InputDispatcher: Dropping event because there is no touchable window at (479, 580) on display 0.
08-09 12:21:27.571   327   422 D InputDispatcher: No new touched window at (457, 568) in display 0
08-09 12:21:27.571   327   422 I InputDispatcher: Dropping event because there is no touchable window at (457, 568) on display 0.
08-09 12:21:27.575   327   422 D InputDispatcher: No new touched window at (437, 556) in display 0
08-09 12:21:27.575   327   422 I InputDispatcher: Dropping event because there is no touchable window at (437, 556) on display 0.
08-09 12:21:27.586   327   422 D InputDispatcher: No new touched window at (417, 546) in display 0
08-09 12:21:27.586   327   422 I InputDispatcher: Dropping event because there is no touchable window at (417, 546) on display 0.
08-09 12:21:27.590   327   422 D InputDispatcher: No new touched window at (399, 539) in display 0
08-09 12:21:27.590   327   422 I InputDispatcher: Dropping event because there is no touchable window at (399, 539) on display 0.
08-09 12:21:27.602   327   422 D InputDispatcher: No new touched window at (384, 533) in display 0
08-09 12:21:27.602   327   422 I InputDispatcher: Dropping event because there is no touchable window at (384, 533) on display 0.
08-09 12:21:27.605   327   422 D InputDispatcher: No new touched window at (374, 531) in display 0
08-09 12:21:27.605   327   422 I InputDispatcher: Dropping event because there is no touchable window at (374, 531) on display 0.
08-09 12:21:27.612   327   422 D InputDispatcher: No new touched window at (371, 531) in display 0
08-09 12:21:27.612   327   422 I InputDispatcher: Dropping event because there is no touchable window at (371, 531) on display 0.
08-09 12:21:27.620   327   422 D InputDispatcher: No new touched window at (370, 529) in display 0
08-09 12:21:27.620   327   422 I InputDispatcher: Dropping event because there is no touchable window at (370, 529) on display 0.
08-09 12:21:27.632  1308  1308 I HdmBroadcastRecvUpd: (REDACTED) received broadcast: %s
08-09 12:21:27.642  1308  1765 I HdmHotwordRequestListen: (REDACTED) received broadcast: %s
08-09 12:21:27.646  1308  1765 I SodaTriggeringFrontend: (REDACTED) #onConfigUpdate. requester: %s
08-09 12:21:27.660  1308  1764 I SodaTriggeringFrontend: #onConfigUpdate inside sequencer
08-09 12:21:27.662  1308  1764 I A       : (REDACTED) Voice Match (Speaker-id) supported : %b 
08-09 12:21:27.662  1308  1764 I A       : (REDACTED) hotword enrollment state is enrolled:  %b, speakerId model exist: %b. Voice Match supported : %b 
08-09 12:21:27.663  1308  1764 I A       : (REDACTED) isHotwordAvailable():  %b, isHotwordEnabled() %b 
08-09 12:21:27.663  1308  1764 I A       : (REDACTED) isHotwordAvailable():  %b, isHotwordEnabled() %b 
08-09 12:21:27.663  1308  1764 I A       : (REDACTED) Hotword enrollment state : %s.
08-09 12:21:27.663  1308  1764 I A       : (REDACTED) Voice Match (Speaker-id) supported : %b 
08-09 12:21:27.663  1308  1764 I A       : (REDACTED) Voice Match (Speaker-id) supported : %b 
08-09 12:21:27.663  1308  1764 I A       : (REDACTED) hotword enrollment state is enrolled:  %b, speakerId model exist: %b, voice match supported : %b
08-09 12:21:27.666  1308  1764 I A       : (REDACTED) Hotword isNonVoiceMatchHotwordEnabled: %b, isHotwordAvailable : %b, isHotwordEnabled : %b, isVoiceMatchSupported: %b, isHotwordEnrolled: %b.
08-09 12:21:27.666  1308  1764 I SodaTriggeringFrontend: (REDACTED) Ignore the legacy hotword request. voice match enabled %b, isHotwordSupported %b, isIncompleteEnrollmentState %b, nonVoiceMatchHotwordEnabled %b
08-09 12:21:27.702  1060  1060 D BoundBrokerSvc: onRebind: Intent { act=com.google.android.gms.libs.gmscorelogger.service.START dat=chimera-action:/... cmp=com.google.android.gms/.chimera.PersistentDirectBootAwareApiService }
08-09 12:21:27.730   914   942 D QuickstepModelDelegate: notifyAppTargetEvent action=1 launchLocation=workspace/0/[-1,-1]/[1,1]
08-09 12:21:27.737    83   156 V [minigbm:gbm_mesa_internals.cpp(382)]: Allocated: 1366x738, stride: 5632, map_stride: 5632
08-09 12:21:27.792   327   422 D InputDispatcher: No new touched window at (368, 532) in display 0
08-09 12:21:27.792   327   422 I InputDispatcher: Dropping event because there is no touchable window at (368, 532) on display 0.
08-09 12:21:27.797   327  6243 W system_server: Long monitor contention with owner android.anim (365) at void com.android.server.wm.WindowSurfacePlacer$Traverser.run()(WindowSurfacePlacer.java:58) waiters=2 in void com.android.server.wm.WindowManagerService.reportSystemGestureExclusionChanged(com.android.server.wm.Session, android.view.IWindow, java.util.List) for 103ms
08-09 12:21:27.800   327   422 D InputDispatcher: No new touched window at (367, 536) in display 0
08-09 12:21:27.800   327   422 I InputDispatcher: Dropping event because there is no touchable window at (367, 536) on display 0.
08-09 12:21:27.807   327   422 D InputDispatcher: No new touched window at (364, 548) in display 0
08-09 12:21:27.807   327   422 I InputDispatcher: Dropping event because there is no touchable window at (364, 548) on display 0.
08-09 12:21:27.810   914   914 I LauncherAppWidgetHostView: App widget created with id: 2
08-09 12:21:27.816   327   422 D InputDispatcher: No new touched window at (360, 566) in display 0
08-09 12:21:27.816   327   422 I InputDispatcher: Dropping event because there is no touchable window at (360, 566) on display 0.
08-09 12:21:27.818   327   514 D ConnectivityService: requestNetwork for uid/pid:10125/8597 asUid: 10120 activeRequest: null callbackRequest: 299 [NetworkRequest [ REQUEST id=300, [ Capabilities: INTERNET&NOT_RESTRICTED&TRUSTED&NOT_VCN_MANAGED Uid: 10120 RequestorUid: 10125 RequestorPkg: com.android.systemui UnderlyingNetworks: Null] ]] callback flags: 0 order: 2147483647
08-09 12:21:27.822   327   422 D InputDispatcher: No new touched window at (354, 586) in display 0
08-09 12:21:27.822   327   422 I InputDispatcher: Dropping event because there is no touchable window at (354, 586) on display 0.
08-09 12:21:27.825   327   468 D EthernetNetworkFactory: eth0: onNetworkUnneeded for request: NetworkRequest [ REQUEST id=289, [ Capabilities: INTERNET&NOT_RESTRICTED&TRUSTED&NOT_VCN_MANAGED Uid: 10094 RequestorUid: 10125 RequestorPkg: com.android.systemui UnderlyingNetworks: Null] ]
08-09 12:21:27.831   327   422 D InputDispatcher: No new touched window at (352, 606) in display 0
08-09 12:21:27.831   327   422 I InputDispatcher: Dropping event because there is no touchable window at (352, 606) on display 0.
08-09 12:21:27.839   327   422 D InputDispatcher: No new touched window at (350, 628) in display 0
08-09 12:21:27.840   327   422 I InputDispatcher: Dropping event because there is no touchable window at (350, 628) on display 0.
08-09 12:21:27.845   327   422 D InputDispatcher: No new touched window at (350, 648) in display 0
08-09 12:21:27.845   327   422 I InputDispatcher: Dropping event because there is no touchable window at (350, 648) on display 0.
08-09 12:21:27.850   327   469 D ConnectivityService: NetReassign [300 : null → 100]
08-09 12:21:27.854   327   422 D InputDispatcher: No new touched window at (350, 669) in display 0
08-09 12:21:27.854   327   422 I InputDispatcher: Dropping event because there is no touchable window at (350, 669) on display 0.
08-09 12:21:27.857   327   468 D EthernetNetworkFactory: eth0: onNetworkNeeded for request: NetworkRequest [ REQUEST id=300, [ Capabilities: INTERNET&NOT_RESTRICTED&TRUSTED&NOT_VCN_MANAGED Uid: 10120 RequestorUid: 10125 RequestorPkg: com.android.systemui UnderlyingNetworks: Null] ]
08-09 12:21:27.857   327   468 D EthernetNetworkFactory: IpClient already started
08-09 12:21:27.867   327   458 D UntrustedWifiNetworkFactory: got request NetworkRequest [ REQUEST id=300, [ Capabilities: INTERNET&NOT_RESTRICTED&TRUSTED&NOT_VCN_MANAGED Uid: 10120 RequestorUid: 10125 RequestorPkg: com.android.systemui UnderlyingNetworks: Null] ]
08-09 12:21:27.867   327   458 D OemPaidWifiNetworkFactory: got request NetworkRequest [ REQUEST id=300, [ Capabilities: INTERNET&NOT_RESTRICTED&TRUSTED&NOT_VCN_MANAGED Uid: 10120 RequestorUid: 10125 RequestorPkg: com.android.systemui UnderlyingNetworks: Null] ]
08-09 12:21:27.867   327   458 D MultiInternetWifiNetworkFactory: got request NetworkRequest [ REQUEST id=300, [ Capabilities: INTERNET&NOT_RESTRICTED&TRUSTED&NOT_VCN_MANAGED Uid: 10120 RequestorUid: 10125 RequestorPkg: com.android.systemui UnderlyingNetworks: Null] ]
08-09 12:21:27.878    96   222 W AudioFlinger: write blocked for 514 msecs, 23 delayed writes, thread 13
08-09 12:21:27.888   327   361 W Looper  : Slow dispatch took 119ms android.fg h=android.os.Handler c=com.android.server.wm.ActivityMetricsLogger$$ExternalSyntheticLambda4@fabedf4 m=0
08-09 12:21:27.894   661   661 D PhoneSwitcherNetworkRequstListener: got request NetworkRequest [ REQUEST id=300, [ Capabilities: INTERNET&NOT_RESTRICTED&TRUSTED&NOT_VCN_MANAGED Uid: 10120 RequestorUid: 10125 RequestorPkg: com.android.systemui UnderlyingNetworks: Null] ]
08-09 12:21:27.924   914   914 I LauncherAppWidgetHostView: App widget with id: 2 loaded
08-09 12:21:28.059    99   190 W TransactionTracing: Could not find layer handle 0x7f16aa041e50
08-09 12:21:28.250   914   914 W Choreographer: Frame time is 0.106572 ms in the future!  Check that graphics HAL is generating vsync timestamps using the correct timebase.
08-09 12:21:28.272   914   923 I droid.launcher3: NativeAlloc concurrent copying GC freed 467777(20MB) AllocSpace objects, 10(200KB) LOS objects, 75% free, 8005KB/31MB, paused 55us,15us total 374.822ms
08-09 12:21:28.299  8911  8911 I Finsky  : [2] Memory trim requested to level 20
08-09 12:21:28.299  8911  8911 I Finsky  : [2] Flushing in-memory image cache
08-09 12:21:28.305   327  1658 D CoreBackPreview: Window{a0896a4 u0 com.android.vending/com.android.vending.AssetBrowserActivity}: Setting back callback OnBackInvokedCallbackInfo{mCallback=android.window.IOnBackInvokedCallback$Stub$Proxy@9ff4ddb, mPriority=-1}
08-09 12:21:28.311  8911  8911 D FakeWifi: Faking wifi for com.android.vending
08-09 12:21:28.311  8911  8911 D FakeWifi: Faking wifi for com.android.vending
08-09 12:21:28.361   914   925 W System  : A resource failed to call release. 
08-09 12:21:36.740  9219  9664 I gle.android.gms: Explicit concurrent copying GC freed 85834(4299KB) AllocSpace objects, 25(3012KB) LOS objects, 66% free, 11MB/35MB, paused 69us,21us total 78.764ms
08-09 12:21:37.244  8911  8911 I Finsky  : [2] SCH: Received scheduling request: Id: 16-16161616, Constraints: [{ L: 60000, D: 60000, C: CHARGING_NONE, I: IDLE_NONE, N: NET_NONE, B: BATTERY_ANY }]
08-09 12:21:37.250  8911  9849 I Finsky  : [232] Triggered update for experiment package com.google.android.finsky.stable.
08-09 12:21:37.323  8911  9849 I Finsky  : [232] Already at the latest configurations for experiment package com.google.android.finsky.stable.
08-09 12:21:37.324  8911  9851 I Finsky  : [233] Triggered update for experiment package com.google.android.finsky.stable_new.
08-09 12:21:37.346  8911  9851 I Finsky  : [233] Already at the latest configurations for experiment package com.google.android.finsky.stable_new.
08-09 12:21:37.346  8911  9849 I Finsky  : [232] Triggered update for experiment package com.google.android.finsky.regular.
08-09 12:21:37.386  8911  9849 I Finsky  : [232] Regular flags synced
08-09 12:21:37.387  8911  9849 I Finsky  : [232] Writing flags config, size 1.
08-09 12:21:37.387  8911  9849 I Finsky  : [232] Started writing experiment flags into file [3gaKUnkAknSFe-nylX4uhpu41Z2kY8P0Qj5U_ciWJjE].
08-09 12:21:37.390  8911  9848 D TrafficStats: tagSocket(98) with statsTag=0xffffffff, statsUid=-1
08-09 12:21:37.392  8911  9849 I Finsky  : [232] Finished writing experiment flags into file [3gaKUnkAknSFe-nylX4uhpu41Z2kY8P0Qj5U_ciWJjE], numFlags=2068.
08-09 12:21:37.395  8911  9849 I Finsky  : [232] Successfully applied new configurations for package com.google.android.finsky.regular.
08-09 12:21:37.395  8911  9849 I Finsky  : [232] [EExp] Exporting experiments for package com.google.android.finsky.regular.
08-09 12:21:37.395  8911  9849 I Finsky  : [232] [EExp] Exporting experiments for namespace com.google.android.finsky.regular.
08-09 12:21:37.411  8911  9849 I Finsky  : [232] [EExp] Successfully exported experiments for package com.google.android.finsky.regular.
08-09 12:21:37.411  8911  9849 I Finsky  : [232] Triggered update for experiment package com.google.android.finsky.regular.
08-09 12:21:37.434  8911  9849 I Finsky  : [232] Already at the latest configurations for experiment package com.google.android.finsky.regular.
08-09 12:21:37.434  8911  9849 I Finsky  : [232] Triggered update for experiment package com.google.android.finsky.regular.
08-09 12:21:37.458  8911  9849 I Finsky  : [232] Regular flags synced
08-09 12:21:37.458  8911  9849 I Finsky  : [232] Writing flags config, size 1.
08-09 12:21:37.458  8911  9849 I Finsky  : [232] Started writing experiment flags into file [4dEVOh7DlClE42ly_19Hs7FqnnFOj9O0dm-zzWqGxeo].
08-09 12:21:37.462  8911  9849 I Finsky  : [232] Finished writing experiment flags into file [4dEVOh7DlClE42ly_19Hs7FqnnFOj9O0dm-zzWqGxeo], numFlags=2068.
08-09 12:21:37.465  8911  9849 I Finsky  : [232] Successfully applied new configurations for package com.google.android.finsky.regular.
08-09 12:21:37.497   327   358 D FakeWifi: Faking wifi for com.android.vending
08-09 12:21:37.497   327   358 D FakeWifi: Faking wifi for com.android.vending
08-09 12:21:37.497  8911  9848 D FakeWifi: Faking wifi for com.android.vending
08-09 12:21:37.497  8911  9848 D FakeWifi: Faking wifi for com.android.vending
08-09 12:21:37.497  8911  9848 D FakeWifi: Faking wifi for com.android.vending
08-09 12:21:37.498  8911  9848 D FakeWifi: Faking wifi for com.android.vending
08-09 12:21:37.498  8911  9848 D FakeWifi: Faking wifi for com.android.vending
08-09 12:21:37.500  8911  8934 I Finsky  : [41] WM::SCH: Logging work initialize for 16-16161616
08-09 12:21:37.506  8911  8947 I Finsky  : [54] SCH: Scheduling phonesky job Id: 16-16161616, CT: 1786252897244, Constraints: [{ L: 60000, D: 60000, C: CHARGING_NONE, I: IDLE_NONE, N: NET_NONE, B: BATTERY_ANY }]
08-09 12:21:37.509  8911  8945 I Finsky  : [52] SCH: Scheduling 1 system job(s)
