08-09 11:51:29.490   327  6850 E ActivityManager:   1.2% 128/installd: 0.3% user + 0.9% kernel / faults: 149 minor 56 major
08-09 11:51:29.490   327  6850 E ActivityManager:   1.1% 125/cameraserver: 0.5% user + 0.6% kernel / faults: 4275 minor 122 major
08-09 11:51:29.490   327  6850 E ActivityManager:   0.7% 71/statsd: 0.4% user + 0.3% kernel / faults: 1600 minor 101 major
08-09 11:51:29.490   327  6850 E ActivityManager:   0.7% 2362/com.google.android.apps.restore: 0.3% user + 0.4% kernel / faults: 1011 minor 1060 major
08-09 11:51:29.490   327  6850 E ActivityManager:   0.7% 1/init: 0.3% user + 0.3% kernel / faults: 5 minor 17 major
08-09 11:51:29.490   327  6850 E ActivityManager:   0.7% 661/com.android.phone: 0.4% user + 0.2% kernel / faults: 415 minor 1070 major
08-09 11:51:29.490   327  6850 E ActivityManager:   0.7% 1139/com.android.inputmethod.latin: 0.4% user + 0.2% kernel / faults: 632 minor 1003 major
08-09 11:51:29.490   327  6850 E ActivityManager:   0.7% 1570/android.process.acore: 0.4% user + 0.2% kernel / faults: 596 minor 512 major
08-09 11:51:29.490   327  6850 E ActivityManager:   0.6% 96/audioserver: 0.2% user + 0.3% kernel / faults: 2648 minor 91 major
08-09 11:51:29.490   327  6850 E ActivityManager:   0.5% 72/netd: 0.3% user + 0.2% kernel / faults: 2313 minor 142 major
08-09 11:51:29.490   327  6850 E ActivityManager:   0.4% 1072/com.android.permissioncontroller: 0.3% user + 0.1% kernel / faults: 514 minor 555 major
08-09 11:51:29.490   327  6850 E ActivityManager:   0.4% 2697/com.google.android.ims: 0.2% user + 0.1% kernel / faults: 275 minor 579 major
08-09 11:51:29.490   327  6850 E ActivityManager:   0.3% 636/com.android.networkstack.process: 0.1% user + 0.1% kernel / faults: 371 minor 876 major
08-09 11:51:29.490   327  6850 E ActivityManager:   0.3% 653/com.android.se: 0.1% user + 0.1% kernel / faults: 303 minor 708 major
08-09 11:51:29.490   327  6850 E ActivityManager:   0.2% 17/logd: 0.1% user + 0.1% kernel / faults: 277 minor 59 major
08-09 11:51:29.490   327  6850 E ActivityManager:   0.2% 1239/com.android.providers.media.module: 0% user + 0.1% kernel / faults: 121 minor 572 major
08-09 11:51:29.490   327  6850 E ActivityManager:   0.2% 1254/com.google.process.gservices: 0.1% user + 0% kernel / faults: 86 minor 325 major
08-09 11:51:29.490   327  6850 E ActivityManager:   0.2% 4747/com.android.vending:quick_launch: 0.1% user + 0% kernel / faults: 155 minor 28 major
08-09 11:51:29.490   327  6850 E ActivityManager:   0.1% 38/keystore2: 0% user + 0% kernel / faults: 956 minor 60 major
08-09 11:51:29.490   327  6850 E ActivityManager:   0.1% 108/adbd: 0.1% user + 0% kernel
08-09 11:51:29.490   327  6850 E ActivityManager:   0.1% 1175/com.android.deskclock: 0.1% user + 0% kernel / faults: 241 minor 319 major
08-09 11:51:29.490   327  6850 E ActivityManager:   0.1% 1452/com.google.process.gapps: 0% user + 0% kernel / faults: 44 minor 240 major
08-09 11:51:29.490   327  6850 E ActivityManager:   0% 31/vold: 0% user + 0% kernel / faults: 663 minor 78 major
08-09 11:51:29.490   327  6850 E ActivityManager:   0.1% 129/media.extractor: 0% user + 0% kernel / faults: 314 minor 43 major
08-09 11:51:29.490   327  6850 E ActivityManager:   0.1% 713/android.ext.services: 0% user + 0% kernel / faults: 174 minor 140 major
08-09 11:51:29.490   327  6850 E ActivityManager:   0.1% 1308/com.google.android.googlequicksearchbox:interactor: 0% user + 0% kernel / faults: 40 minor 145 major
08-09 11:51:29.490   327  6850 E ActivityManager:   0.1% 2893/com.google.android.partnersetup: 0% user + 0% kernel / faults: 91 minor 317 major
08-09 11:51:29.490   327  6850 E ActivityManager:   0% 2461/com.google.android.configupdater: 0% user + 0% kernel / faults: 40 minor 138 major
08-09 11:51:29.490   327  6850 E ActivityManager:   0% 3041/com.google.android.projection.gearhead:shared: 0% user + 0% kernel / faults: 73 minor 290 major
08-09 11:51:29.490   327  6850 E ActivityManager:   0% 3094/com.google.android.setupwizard: 0% user + 0% kernel / faults: 35 minor 82 major
08-09 11:51:29.490   327  6850 E ActivityManager:   0% 6583/org.lineageos.etar: 0% user + 0% kernel / faults: 59 minor 147 major
08-09 11:51:29.490   327  6850 E ActivityManager:   0% 73/zygote64: 0% user + 0% kernel / faults: 28 minor 71 major
08-09 11:51:29.490   327  6850 E ActivityManager:   0% 83/android.hardware.graphics.allocator@4.0-service.minigbm_gbm_mesa: 0% user + 0% kernel / faults: 16 minor 6 major
08-09 11:51:29.490   327  6850 E ActivityManager:   0% 87/android.hardware.power@1.0-service.waydroid: 0% user + 0% kernel
08-09 11:51:29.490   327  6850 E ActivityManager:  +0% 6855/com.google.android.setupwizard:remote: 0% user + 0% kernel
08-09 11:51:29.490   327  6850 E ActivityManager: 99% TOTAL: 23% user + 22% kernel + 50% iowait + 1.7% irq + 1.5% softirq
08-09 11:51:29.490   327  6850 E ActivityManager: CPU usage from 1462ms to 1940ms later (2026-08-09 11:51:07.683 to 2026-08-09 11:51:08.162):
08-09 11:51:29.490   327  6850 E ActivityManager:   46% 327/system_server: 23% user + 23% kernel / faults: 633 minor 107 major
08-09 11:51:29.490   327  6850 E ActivityManager:     27% 6850/AnrConsumer: 10% user + 16% kernel
08-09 11:51:29.490   327  6850 E ActivityManager:     4.2% 358/binder:327_2: 4.2% user + 0% kernel
08-09 11:51:29.490   327  6850 E ActivityManager:     4.2% 4363/binder:327_13: 2.1% user + 2.1% kernel
08-09 11:51:29.490   327  6850 E ActivityManager:     2.1% 327/system_server: 2.1% user + 0% kernel
08-09 11:51:29.490   327  6850 E ActivityManager:     2.1% 361/android.fg: 0% user + 2.1% kernel
08-09 11:51:29.490   327  6850 E ActivityManager:     2.1% 362/android.ui: 2.1% user + 0% kernel
08-09 11:51:29.490   327  6850 E ActivityManager:     2.1% 796/binder:327_7: 0% user + 2.1% kernel
08-09 11:51:29.490   327  6850 E ActivityManager:     2.1% 4410/binder:327_14: 2.1% user + 0% kernel
08-09 11:51:29.490   327  6850 E ActivityManager:     2.1% 4411/binder:327_15: 2.1% user + 0% kernel
08-09 11:51:29.490   327  6850 E ActivityManager:     2.1% 6239/binder:327_1B: 2.1% user + 0% kernel
08-09 11:51:29.490   327  6850 E ActivityManager:   38% 1060/com.google.android.gms.persistent: 28% user + 10% kernel / faults: 1163 minor 90 major
08-09 11:51:29.490   327  6850 E ActivityManager:     15% 1106/Profile Saver: 10% user + 4.3% kernel
08-09 11:51:29.490   327  6850 E ActivityManager:     4.3% 6842/henotype.UPDATE: 4.3% user + 0% kernel
08-09 11:51:29.490   327  6850 E ActivityManager:     2.1% 1067/Jit thread pool: 2.1% user + 0% kernel
08-09 11:51:29.490   327  6850 E ActivityManager:     2.1% 1073/binder:1060_1: 2.1% user + 0% kernel
08-09 11:51:29.490   327  6850 E ActivityManager:     2.1% 2588/highpool[7]: 2.1% user + 0% kernel
08-09 11:51:29.490   327  6850 E ActivityManager:     2.1% 3963/binder:1060_A: 2.1% user + 0% kernel
08-09 11:51:29.490   327  6850 E ActivityManager:     2.1% 5199/lowpool[47]: 2.1% user + 0% kernel
08-09 11:51:29.490   327  6850 E ActivityManager:     2.1% 6332/lowpool[64]: 2.1% user + 0% kernel
08-09 11:51:29.490   327  6850 E ActivityManager:    +0% 6870/-Executor] idle: 0% user + 0% kernel
08-09 11:51:29.490   327  6850 E ActivityManager:    +0% 6871/connect.CLEANUP: 0% user + 0% kernel
08-09 11:51:29.490   327  6850 E ActivityManager:    +0% 6872/-Executor] idle: 0% user + 0% kernel
08-09 11:51:29.490   327  6850 E ActivityManager:    +0% 6873/-Executor] idle: 0% user + 0% kernel
08-09 11:51:29.490   327  6850 E ActivityManager:    +0% 6874/-Executor] idle: 0% user + 0% kernel
08-09 11:51:29.490   327  6850 E ActivityManager:    +0% 6875/-Executor] idle: 0% user + 0% kernel
08-09 11:51:29.490   327  6850 E ActivityManager:    +0% 6876/-Executor] idle: 0% user + 0% kernel
08-09 11:51:29.490   327  6850 E ActivityManager:    +0% 6877/-Executor] idle: 0% user + 0% kernel
08-09 11:51:29.490   327  6850 E ActivityManager:    +0% 6884/IntentService[W: 0% user + 0% kernel
08-09 11:51:29.490   327  6850 E ActivityManager:   30% 1203/com.google.android.gms: 21% user + 8.6% kernel / faults: 321 minor 386 major
08-09 11:51:29.490   327  6850 E ActivityManager:     4.3% 1271/Profile Saver: 0% user + 4.3% kernel
08-09 11:51:29.490   327  6850 E ActivityManager:     4.3% 6300/lowpool[23]: 4.3% user + 0% kernel
08-09 11:51:29.490   327  6850 E ActivityManager:     4.3% 6862/-Executor] idle: 4.3% user + 0% kernel
08-09 11:51:29.490   327  6850 E ActivityManager:     2.1% 1203/gle.android.gms: 2.1% user + 0% kernel
08-09 11:51:29.490   327  6850 E ActivityManager:     2.1% 1212/Jit thread pool: 2.1% user + 0% kernel
08-09 11:51:29.490   327  6850 E ActivityManager:     2.1% 1279/GoogleApiHandle: 0% user + 2.1% kernel
08-09 11:51:29.490   327  6850 E ActivityManager:     2.1% 1292/ice] processing: 2.1% user + 0% kernel
08-09 11:51:29.490   327  6850 E ActivityManager:     2.1% 2969/DefaultDispatch: 2.1% user + 0% kernel
08-09 11:51:29.490   327  6850 E ActivityManager:    +0% 6878/-Executor] idle: 0% user + 0% kernel
08-09 11:51:29.490   327  6850 E ActivityManager:    +0% 6879/-Executor] idle: 0% user + 0% kernel
08-09 11:51:29.490   327  6850 E ActivityManager:    +0% 6880/-Executor] idle: 0% user + 0% kernel
08-09 11:51:29.490   327  6850 E ActivityManager:    +0% 6881/-Executor] idle: 0% user + 0% kernel
08-09 11:51:29.490   327  6850 E ActivityManager:   8% 1532/com.google.android.googlequicksearchbox:search: 2.6% user + 5.3% kernel / faults: 183 minor 209 major
08-09 11:51:29.490   327  6850 E ActivityManager:     10% 1543/HeapTaskDaemon: 5.3% user + 5.3% kernel
08-09 11:51:29.490   327  6850 E ActivityManager:   8.7% 1739/com.google.android.gms.unstable: 5.8% user + 2.9% kernel / faults: 1748 minor 122 major
08-09 11:51:29.490   327  6850 E ActivityManager:     8.7% 6479/binder:1739_6: 2.9% user + 5.8% kernel
08-09 11:51:29.490   327  6850 E ActivityManager:     2.9% 1801/GoogleApiHandle: 2.9% user + 0% kernel
08-09 11:51:29.490   327  6850 E ActivityManager:   4.1% 18/lmkd: 2% user + 2% kernel
08-09 11:51:29.490   327  6850 E ActivityManager:     4.1% 18/lmkd: 2% user + 2% kernel
08-09 11:51:29.490   327  6850 E ActivityManager:   7% 6855/com.google.android.setupwizard:remote: 3.5% user + 3.5% kernel / faults: 234 minor 104 major
08-09 11:51:29.490   327  6850 E ActivityManager:     3.5% 6855/upwizard:remote: 0% user + 3.5% kernel
08-09 11:51:29.490   327  6850 E ActivityManager:    +0% 6882/binder:6855_1: 0% user + 0% kernel
08-09 11:51:29.490   327  6850 E ActivityManager:    +0% 6883/binder:6855_2: 0% user + 0% kernel
08-09 11:51:29.490   327  6850 E ActivityManager:   2% 71/statsd: 0% user + 2% kernel / faults: 2 minor 1 major
08-09 11:51:29.490   327  6850 E ActivityManager:   2.1% 125/cameraserver: 2.1% user + 0% kernel
08-09 11:51:29.490   327  6850 E ActivityManager:     2.1% 1884/binder:125_9: 0% user + 2.1% kernel
08-09 11:51:29.490   327  6850 E ActivityManager:   2.1% 661/com.android.phone: 2.1% user + 0% kernel / faults: 7 minor 44 major
08-09 11:51:29.490   327  6850 E ActivityManager:   3.1% 4018/com.google.android.webview:sandboxed_process0:org.chromium.content.app.SandboxedProcessService0:0: 3.1% user + 0% kernel / faults: 2 minor 18 major
08-09 11:51:29.490   327  6850 E ActivityManager:     3.1% 4086/CrRendererMain: 3.1% user + 0% kernel
08-09 11:51:29.490   327  6850 E ActivityManager:   3.2% 4471/com.android.vending: 3.2% user + 0% kernel / faults: 14 minor 64 major
08-09 11:51:29.490   327  6850 E ActivityManager:     3.2% 4507/FinalizerDaemon: 0% user + 3.2% kernel
08-09 11:51:29.490   327  6850 E ActivityManager:     3.2% 4558/queued-work-loo: 3.2% user + 0% kernel
08-09 11:51:29.490   327  6850 E ActivityManager: 100% TOTAL: 26% user + 44% kernel + 25% iowait + 2.1% irq + 2.1% softirq
08-09 11:51:29.504  2148  2148 W ActivityThread: getPackageInfo() called with an older ApplicationInfo than the cached version for package com.google.android.apps.messaging
08-09 11:51:29.529  2148  2148 W ActivityThread: getPackageInfo() called with an older ApplicationInfo than the cached version for package com.google.android.apps.messaging
08-09 11:51:29.536   327   796 E AppOps  : Bad call made by uid 10088. Package "com.google.android.gms" does not belong to uid 10088.
08-09 11:51:29.564   327  6850 D ActivityManager: Completed ANR of com.google.android.gms.ui in 24828ms, latency 2ms
08-09 11:51:29.630   327  4412 D OomAdjuster: Not killing cached processes
08-09 11:51:29.642   327  5966 E AppOps  : Bad call made by uid 10088. Package "com.google.android.gms" does not belong to uid 10088.
08-09 11:51:29.644  2148  2148 W ActivityThread: getPackageInfo() called with an older ApplicationInfo than the cached version for package com.google.android.apps.messaging
08-09 11:51:29.652   327  6987 I DropBoxManagerService: add tag=system_app_anr isTagEnabled=true flags=0x6
08-09 11:51:29.672   327  4412 E AppOps  : Bad call made by uid 10088. Package "com.google.android.gms" does not belong to uid 10088.
08-09 11:51:29.738   327  6850 I ActivityManager: dumpStackTraces pids={689=true, 713=true, 861=true, 914=true, 1060=true, 1072=true, 1175=true, 1203=true, 1210=true, 1239=true, 1254=true, 1308=true, 1331=true, 1353=true, 1369=true, 1393=true, 1416=true, 1427=true, 1452=true, 1488=true, 1532=true, 1570=true, 1589=true, 1601=true, 1708=true, 1739=true, 1855=true, 1885=true, 1901=true, 1936=true, 1970=true, 2031=true, 2148=true, 2362=true, 2461=true, 2697=true, 2800=true, 2840=true, 2893=true, 3041=true, 3094=true, 3156=true, 3338=true, 3375=true, 3893=true, 4018=true, 4041=true, 4471=true, 4472=true, 4604=true, 4747=true, 6583=true, 6855=true} nativepids=[31, 38, 71, 72, 96, 99, 125, 129, 130, 131, 144, 153]
08-09 11:51:29.741   327   327 W Looper  : Slow dispatch took 101ms main h=android.service.notification.NotificationListenerService$MyHandler c=null m=1
08-09 11:51:29.762   327   362 W Looper  : Slow dispatch took 186ms android.ui h=com.android.server.am.ActivityManagerService$UiHandler c=null m=2
08-09 11:51:29.789   327   796 D CoreBackPreview: Window{d6e4c3d u0 com.android.launcher3/com.android.launcher3.uioverrides.QuickstepLauncher}: Setting back callback OnBackInvokedCallbackInfo{mCallback=android.window.IOnBackInvokedCallback$Stub$Proxy@ff71665, mPriority=0}
08-09 11:51:29.954  2148  2148 W ActivityThread: getPackageInfo() called with an older ApplicationInfo than the cached version for package com.google.android.apps.messaging
08-09 11:51:29.992   327   362 D CoreBackPreview: Window{c48ec02 u0 Application Not Responding: com.google.android.gms}: Setting back callback OnBackInvokedCallbackInfo{mCallback=android.window.WindowOnBackInvokedDispatcher$OnBackInvokedCallbackWrapper@381d8ac, mPriority=0}
08-09 11:51:29.993   327   362 W Looper  : Slow dispatch took 231ms android.ui h=com.android.server.am.ActivityManagerService$UiHandler c=com.android.server.am.ErrorDialogController$$ExternalSyntheticLambda5@8eca97b m=0
08-09 11:51:29.993   327   362 W Looper  : Slow delivery took 363ms android.ui h=com.android.server.am.ActivityManagerService$UiHandler c=null m=31
08-09 11:51:30.077   327   370 I PackageWatchdog: Syncing state, reason: observing new packages
08-09 11:51:30.077   327   370 D PackageWatchdog: rescue-party-observer added the following packages to monitor [android]
08-09 11:51:30.077   327   370 I PackageWatchdog: Syncing state, reason: updated observers
08-09 11:51:30.077   327   370 I PackageWatchdog: Not pruning observers, elapsed time: 0ms
08-09 11:51:30.078   327   327 I PackageWatchdog: Syncing health check requests for packages: {}
08-09 11:51:30.078   327   327 I ExplicitHealthCheckController: Service not ready to get health check supported packages. Binding...
08-09 11:51:30.082   327   327 I ExplicitHealthCheckController: Explicit health check service is bound
08-09 11:51:30.098   327   327 I ExplicitHealthCheckController: Explicit health check service is connected ComponentInfo{android.ext.services/android.ext.services.watchdog.ExplicitHealthCheckServiceImpl}
08-09 11:51:30.099   327   327 I ExplicitHealthCheckController: Service initialized, syncing requests
08-09 11:51:30.099   327   327 I PackageWatchdog: Syncing health check requests for packages: {}
08-09 11:51:30.099   327   327 D ExplicitHealthCheckController: Getting health check supported packages
08-09 11:51:30.114   327  4411 I ExplicitHealthCheckController: Explicit health check supported packages [PackageConfig{com.android.networkstack, 86400000}]
08-09 11:51:30.114   327  4411 D PackageWatchdog: Received supported packages [PackageConfig{com.android.networkstack, 86400000}]
08-09 11:51:30.114   327  4411 D ExplicitHealthCheckController: Getting health check requested packages
08-09 11:51:30.116   327  5966 I ExplicitHealthCheckController: Explicit health check requested packages []
08-09 11:51:30.116   327  5966 I ExplicitHealthCheckController: No more health check requests, unbinding...
08-09 11:51:30.120   327  5966 I ExplicitHealthCheckController: Explicit health check service is unbound
08-09 11:51:30.123   327   370 I PackageWatchdog: Saving observer state to file
08-09 11:51:30.278   327  4412 D CoreBackPreview: Window{eb88d48 u0 com.android.launcher3/com.android.launcher3.uioverrides.QuickstepLauncher}: Setting back callback null
08-09 11:51:30.317   327  6850 I ActivityManager: Skipping next CPU consuming process, not a java proc: 327
08-09 11:51:30.317   327  6850 I ActivityManager: Skipping next CPU consuming process, not a java proc: 99
08-09 11:51:30.331   327  6850 I ActivityManager: Dumping to /data/anr/anr_2026-08-09-11-51-30-328
08-09 11:51:30.332   327  6850 I ActivityManager: Collecting stacks for pid 6263
08-09 11:51:30.615   327  5966 W ActivityManager: Unable to start service Intent { act=com.google.android.gms.lockbox.service.START pkg=com.google.android.gms } U=0: not found
08-09 11:51:30.621   327  5966 W ActivityManager: Unbind failed: could not find connection for android.os.BinderProxy@ac693e6
08-09 11:51:30.764   327   815 I RescueParty: Starting to observe: [android, com.android.systemui], updated namespace: app_compat
08-09 11:51:30.766   327   370 I PackageWatchdog: Syncing state, reason: observing new packages
08-09 11:51:30.766   327   370 D PackageWatchdog: rescue-party-observer added the following packages to monitor [android, com.android.systemui]
08-09 11:51:30.766   327   370 I PackageWatchdog: Syncing state, reason: updated observers
08-09 11:51:30.766   327   370 I PackageWatchdog: Not pruning observers, elapsed time: 0ms
08-09 11:51:30.766   327   370 I PackageWatchdog: Saving observer state to file
08-09 11:51:30.821   327   327 I PackageWatchdog: Syncing health check requests for packages: {}
08-09 11:51:30.821   327   327 I ExplicitHealthCheckController: Service not ready to get health check supported packages. Binding...
08-09 11:51:30.866   327   327 I ExplicitHealthCheckController: Explicit health check service is bound
08-09 11:51:30.924   327  6850 I ActivityManager: Collecting stacks for pid 327
08-09 11:51:30.997   327   327 W Looper  : Slow dispatch took 125ms main h=com.android.server.job.controllers.QuotaController$QcHandler c=null m=5
08-09 11:51:31.004   327   327 I ExplicitHealthCheckController: Explicit health check service is connected ComponentInfo{android.ext.services/android.ext.services.watchdog.ExplicitHealthCheckServiceImpl}
08-09 11:51:31.004   327   327 I ExplicitHealthCheckController: Service initialized, syncing requests
08-09 11:51:31.018   327   327 I PackageWatchdog: Syncing health check requests for packages: {}
08-09 11:51:31.018   327   327 D ExplicitHealthCheckController: Getting health check supported packages
08-09 11:51:31.026   327  4416 I ExplicitHealthCheckController: Explicit health check supported packages [PackageConfig{com.android.networkstack, 86400000}]
08-09 11:51:31.026   327  4416 D PackageWatchdog: Received supported packages [PackageConfig{com.android.networkstack, 86400000}]
08-09 11:51:31.026   327  4416 D ExplicitHealthCheckController: Getting health check requested packages
08-09 11:51:31.028   327  1378 I ExplicitHealthCheckController: Explicit health check requested packages []
08-09 11:51:31.028   327  1378 I ExplicitHealthCheckController: No more health check requests, unbinding...
08-09 11:51:31.040   327  1378 I ExplicitHealthCheckController: Explicit health check service is unbound
08-09 11:51:31.887   327   362 W Looper  : Slow dispatch took 1889ms android.ui h=android.view.Choreographer$FrameHandler c=android.view.Choreographer$FrameDisplayEventReceiver@aa673ec m=0
08-09 11:51:31.937   327  4412 W BroadcastQueue: Background execution not allowed: receiving Intent { act=android.intent.action.DROPBOX_ENTRY_ADDED flg=0x10 (has extras) } to com.google.android.gms/.stats.service.DropBoxEntryAddedReceiver
08-09 11:51:31.997   327   362 W Looper  : Drained
08-09 11:51:32.041   327  6244 W JobScheduler: Job didn't exist in JobStore: 988d858 #u0a96/-87 com.google.android.googlequicksearchbox/com.google.android.apps.gsa.tasks.BackgroundTasksJobService
08-09 11:51:32.112   327   327 W JobScheduler: Job didn't exist in JobStore: 1f9fa38 #1000/100033 com.android.contacts/com.google/sayyid.azzam.mufhadol@gmail.com:android
08-09 11:51:32.167   327  6850 I ActivityManager: Collecting stacks for pid 1139
08-09 11:51:32.528   327  6850 I ActivityManager: Collecting stacks for pid 661
08-09 11:51:32.771   327  6850 I ActivityManager: Collecting stacks for pid 636
08-09 11:51:32.777   327   691 I RescueParty: Starting to observe: [android], updated namespace: runtime_native
08-09 11:51:32.779   327   370 I PackageWatchdog: Syncing state, reason: observing new packages
08-09 11:51:32.779   327   370 D PackageWatchdog: rescue-party-observer added the following packages to monitor [android]
08-09 11:51:32.779   327   370 I PackageWatchdog: Syncing state, reason: updated observers
08-09 11:51:32.779   327   370 I PackageWatchdog: Not pruning observers, elapsed time: 0ms
08-09 11:51:32.779   327   370 I PackageWatchdog: Saving observer state to file
08-09 11:51:32.786   327   327 I PackageWatchdog: Syncing health check requests for packages: {}
08-09 11:51:32.786   327   327 I ExplicitHealthCheckController: Service not ready to get health check supported packages. Binding...
08-09 11:51:32.790   327   327 I ExplicitHealthCheckController: Explicit health check service is bound
08-09 11:51:32.790   327   327 I ExplicitHealthCheckController: Explicit health check service is connected ComponentInfo{android.ext.services/android.ext.services.watchdog.ExplicitHealthCheckServiceImpl}
08-09 11:51:32.791   327   327 I ExplicitHealthCheckController: Service initialized, syncing requests
08-09 11:51:32.791   327   327 I PackageWatchdog: Syncing health check requests for packages: {}
08-09 11:51:32.791   327   327 D ExplicitHealthCheckController: Getting health check supported packages
08-09 11:51:32.792   327   691 I ExplicitHealthCheckController: Explicit health check supported packages [PackageConfig{com.android.networkstack, 86400000}]
08-09 11:51:32.792   327   691 D PackageWatchdog: Received supported packages [PackageConfig{com.android.networkstack, 86400000}]
08-09 11:51:32.792   327   691 D ExplicitHealthCheckController: Getting health check requested packages
08-09 11:51:32.792   327  6245 I ExplicitHealthCheckController: Explicit health check requested packages []
08-09 11:51:32.792   327  6245 I ExplicitHealthCheckController: No more health check requests, unbinding...
08-09 11:51:32.793   327  6245 I ExplicitHealthCheckController: Explicit health check service is unbound
08-09 11:51:33.032   327  6850 I ActivityManager: Collecting stacks for pid 653
08-09 11:51:33.198   327  6850 I ActivityManager: Collecting stacks for native pid 31
08-09 11:51:33.294   327  6850 I ActivityManager: Collecting stacks for native pid 38
08-09 11:51:33.428   327  6850 I ActivityManager: Collecting stacks for native pid 71
08-09 11:51:33.623   327  6850 I ActivityManager: Collecting stacks for native pid 72
08-09 11:51:33.823   327  4416 I RescueParty: Starting to observe: [android], updated namespace: bluetooth
08-09 11:51:33.823   327   370 I PackageWatchdog: Syncing state, reason: observing new packages
08-09 11:51:33.830   327   370 D PackageWatchdog: rescue-party-observer added the following packages to monitor [android]
08-09 11:51:33.830   327   370 I PackageWatchdog: Syncing state, reason: updated observers
08-09 11:51:33.831   327   370 I PackageWatchdog: Saving observer state to file
08-09 11:51:33.861   327   327 I PackageWatchdog: Syncing health check requests for packages: {}
08-09 11:51:33.861   327   327 I ExplicitHealthCheckController: Service not ready to get health check supported packages. Binding...
08-09 11:51:33.864   327   327 I ExplicitHealthCheckController: Explicit health check service is bound
08-09 11:51:33.871   327   327 I ExplicitHealthCheckController: Explicit health check service is connected ComponentInfo{android.ext.services/android.ext.services.watchdog.ExplicitHealthCheckServiceImpl}
08-09 11:51:33.871   327   327 I ExplicitHealthCheckController: Service initialized, syncing requests
08-09 11:51:33.871   327   327 I PackageWatchdog: Syncing health check requests for packages: {}
08-09 11:51:33.871   327   327 D ExplicitHealthCheckController: Getting health check supported packages
08-09 11:51:33.895   327  6244 I ExplicitHealthCheckController: Explicit health check supported packages [PackageConfig{com.android.networkstack, 86400000}]
08-09 11:51:33.895   327  6244 D PackageWatchdog: Received supported packages [PackageConfig{com.android.networkstack, 86400000}]
08-09 11:51:33.895   327  6244 D ExplicitHealthCheckController: Getting health check requested packages
08-09 11:51:33.906   327  6850 I ActivityManager: Collecting stacks for native pid 96
08-09 11:51:33.908   327  6244 I ExplicitHealthCheckController: Explicit health check requested packages []
08-09 11:51:33.908   327  6244 I ExplicitHealthCheckController: No more health check requests, unbinding...
08-09 11:51:33.921   327  6244 I ExplicitHealthCheckController: Explicit health check service is unbound
08-09 11:51:34.247   327  6850 I ActivityManager: Collecting stacks for native pid 99
08-09 11:51:34.576   327  6850 I ActivityManager: Collecting stacks for native pid 125
08-09 11:51:34.636   327   362 D VRI[gms]: updatePointerIcon called with position out of bounds
08-09 11:51:34.644   327   362 D VRI[gms]: updatePointerIcon called with position out of bounds
08-09 11:51:34.663   327   362 D VRI[gms]: updatePointerIcon called with position out of bounds
08-09 11:51:34.671   327   362 D VRI[gms]: updatePointerIcon called with position out of bounds
08-09 11:51:34.682   327   362 D VRI[gms]: updatePointerIcon called with position out of bounds
08-09 11:51:34.824   327  4416 D OomAdjuster: Not killing cached processes
08-09 11:51:35.101   327  6850 I ActivityManager: Collecting stacks for native pid 129
08-09 11:51:35.294   327  6850 I ActivityManager: Collecting stacks for native pid 130
08-09 11:51:35.392   327  6850 I ActivityManager: Collecting stacks for native pid 131
08-09 11:51:35.527   327   362 D VRI[gms]: updatePointerIcon called with position out of bounds
08-09 11:51:35.550   327   362 D VRI[gms]: updatePointerIcon called with position out of bounds
08-09 11:51:35.633   327   362 D VRI[gms]: updatePointerIcon called with position out of bounds
08-09 11:51:35.652   327   362 D VRI[gms]: updatePointerIcon called with position out of bounds
08-09 11:51:35.689   327  6850 I ActivityManager: Collecting stacks for native pid 144
08-09 11:51:35.743   327  6241 I RescueParty: Starting to observe: [android], updated namespace: nnapi_native
08-09 11:51:35.883   327  6850 I ActivityManager: Collecting stacks for native pid 153
08-09 11:51:35.931   327   362 D VRI[gms]: updatePointerIcon called with position out of bounds
08-09 11:51:35.944   327   362 D VRI[gms]: updatePointerIcon called with position out of bounds
08-09 11:51:35.965   327   362 D VRI[gms]: updatePointerIcon called with position out of bounds
08-09 11:51:35.977   327   362 D VRI[gms]: updatePointerIcon called with position out of bounds
08-09 11:51:35.994   327   362 D VRI[gms]: updatePointerIcon called with position out of bounds
08-09 11:51:36.003   327   370 I PackageWatchdog: Syncing state, reason: observing new packages
08-09 11:51:36.003   327   370 D PackageWatchdog: rescue-party-observer added the following packages to monitor [android]
08-09 11:51:36.003   327   370 I PackageWatchdog: Syncing state, reason: updated observers
08-09 11:51:36.003   327   370 I PackageWatchdog: Not pruning observers, elapsed time: 0ms
08-09 11:51:36.003   327   370 I PackageWatchdog: Saving observer state to file
08-09 11:51:36.009   327   362 D VRI[gms]: updatePointerIcon called with position out of bounds
08-09 11:51:36.010   327   327 I PackageWatchdog: Syncing health check requests for packages: {}
08-09 11:51:36.010   327   327 I ExplicitHealthCheckController: Service not ready to get health check supported packages. Binding...
08-09 11:51:36.013   327   327 I ExplicitHealthCheckController: Explicit health check service is bound
08-09 11:51:36.016   327   327 I ExplicitHealthCheckController: Explicit health check service is connected ComponentInfo{android.ext.services/android.ext.services.watchdog.ExplicitHealthCheckServiceImpl}
08-09 11:51:36.016   327   327 I ExplicitHealthCheckController: Service initialized, syncing requests
08-09 11:51:36.017   327   327 I PackageWatchdog: Syncing health check requests for packages: {}
08-09 11:51:36.017   327   327 D ExplicitHealthCheckController: Getting health check supported packages
08-09 11:51:36.024   327  4414 I ExplicitHealthCheckController: Explicit health check supported packages [PackageConfig{com.android.networkstack, 86400000}]
08-09 11:51:36.024   327  4414 D PackageWatchdog: Received supported packages [PackageConfig{com.android.networkstack, 86400000}]
08-09 11:51:36.024   327  4414 D ExplicitHealthCheckController: Getting health check requested packages
08-09 11:51:36.025   327  4414 I ExplicitHealthCheckController: Explicit health check requested packages []
08-09 11:51:36.025   327  4414 I ExplicitHealthCheckController: No more health check requests, unbinding...
08-09 11:51:36.033   327  4414 I ExplicitHealthCheckController: Explicit health check service is unbound
08-09 11:51:36.215   327  6850 I ActivityManager: Collecting stacks for extra pid 4018
08-09 11:51:36.325   327  4412 I RescueParty: Starting to observe: [android], updated namespace: activity_manager
08-09 11:51:36.326   327   370 I PackageWatchdog: Syncing state, reason: observing new packages
08-09 11:51:36.326   327   370 D PackageWatchdog: rescue-party-observer added the following packages to monitor [android]
08-09 11:51:36.328   327   370 I PackageWatchdog: Syncing state, reason: updated observers
08-09 11:51:36.329   327   370 I PackageWatchdog: Saving observer state to file
08-09 11:51:36.350   327   327 I PackageWatchdog: Syncing health check requests for packages: {}
08-09 11:51:36.352   327   327 I ExplicitHealthCheckController: Service not ready to get health check supported packages. Binding...
08-09 11:51:36.357   327   327 I ExplicitHealthCheckController: Explicit health check service is bound
08-09 11:51:36.362   327   327 I ExplicitHealthCheckController: Explicit health check service is connected ComponentInfo{android.ext.services/android.ext.services.watchdog.ExplicitHealthCheckServiceImpl}
08-09 11:51:36.362   327   327 I ExplicitHealthCheckController: Service initialized, syncing requests
08-09 11:51:36.362   327   327 I PackageWatchdog: Syncing health check requests for packages: {}
08-09 11:51:36.362   327   327 D ExplicitHealthCheckController: Getting health check supported packages
08-09 11:51:36.365   327  6244 I ExplicitHealthCheckController: Explicit health check supported packages [PackageConfig{com.android.networkstack, 86400000}]
08-09 11:51:36.365   327  6244 D PackageWatchdog: Received supported packages [PackageConfig{com.android.networkstack, 86400000}]
08-09 11:51:36.365   327  6244 D ExplicitHealthCheckController: Getting health check requested packages
08-09 11:51:36.366   327  6244 I ExplicitHealthCheckController: Explicit health check requested packages []
08-09 11:51:36.366   327  6244 I ExplicitHealthCheckController: No more health check requests, unbinding...
08-09 11:51:36.367   327  6244 I ExplicitHealthCheckController: Explicit health check service is unbound
08-09 11:51:40.166   327   370 D OomAdjuster: Not killing cached processes
08-09 11:51:40.356   327  6850 I ActivityManager: Collecting stacks for extra pid 3893
08-09 11:51:41.110   327  4412 W ContentProviderHelper: Slow operation: 147ms so far, now at getContentProviderImpl: before checkContentProviderPermission
08-09 11:51:41.110   327  4412 W ContentProviderHelper: Slow operation: 147ms so far, now at getContentProviderImpl: after checkContentProviderPermission
08-09 11:51:41.110   327  4412 W ContentProviderHelper: Slow operation: 147ms so far, now at getContentProviderImpl: incProviderCountLocked
08-09 11:51:41.110   327  4412 W ContentProviderHelper: Slow operation: 147ms so far, now at getContentProviderImpl: before updateLruProcess
08-09 11:51:41.110   327  4412 W ContentProviderHelper: Slow operation: 147ms so far, now at getContentProviderImpl: after updateLruProcess
08-09 11:51:41.110   327  4412 W ContentProviderHelper: Slow operation: 147ms so far, now at getContentProviderImpl: before updateOomAdj
08-09 11:51:41.257   327  4412 W ContentProviderHelper: Slow operation: 294ms so far, now at getContentProviderImpl: after updateOomAdj
08-09 11:51:41.269   327  4412 W ContentProviderHelper: Slow operation: 306ms so far, now at getContentProviderImpl: done!
08-09 11:51:43.569   327   327 W Looper  : Slow dispatch took 6638ms main h=android.service.notification.NotificationListenerService$MyHandler c=null m=1
08-09 11:51:43.569   327   327 W Looper  : Slow delivery took 6639ms main h=android.service.notification.NotificationListenerService$MyHandler c=null m=1
08-09 11:51:43.642   327   327 W Looper  : Drained
08-09 11:51:43.675   327   327 W JobScheduler: Job didn't exist in JobStore: e3ea828 #1000/100033 com.android.contacts/com.google/sayyid.azzam.mufhadol@gmail.com:android
08-09 11:51:44.173   327  6850 I ActivityManager: Collecting stacks for extra pid 1060
08-09 11:51:44.352   327  4412 I RescueParty: Starting to observe: [android], updated namespace: netd_native
08-09 11:51:44.353   327   370 I PackageWatchdog: Syncing state, reason: observing new packages
08-09 11:51:44.353   327   370 D PackageWatchdog: rescue-party-observer added the following packages to monitor [android]
08-09 11:51:44.353   327   370 I PackageWatchdog: Syncing state, reason: updated observers
08-09 11:51:44.353   327   370 I PackageWatchdog: Not pruning observers, elapsed time: 0ms
08-09 11:51:44.353   327   370 I PackageWatchdog: Saving observer state to file
08-09 11:51:44.437   327  4416 I RescueParty: Starting to observe: [android, android.ext.services, com.android.providers.media.module], updated namespace: storage_native_boot
08-09 11:51:44.437   327   370 I PackageWatchdog: Syncing state, reason: observing new packages
08-09 11:51:44.437   327   370 D PackageWatchdog: rescue-party-observer added the following packages to monitor [android, android.ext.services, com.android.providers.media.module]
08-09 11:51:44.437   327   370 I PackageWatchdog: Syncing state, reason: updated observers
08-09 11:51:44.437   327   370 I PackageWatchdog: Not pruning observers, elapsed time: 0ms
08-09 11:51:44.437   327   370 I PackageWatchdog: Saving observer state to file
08-09 11:51:44.608   327   327 W Looper  : Slow dispatch took 832ms main h=android.service.notification.NotificationListenerService$MyHandler c=null m=1
08-09 11:51:44.609   327   327 W Looper  : Slow delivery took 833ms main h=android.service.notification.NotificationListenerService$MyHandler c=null m=1
08-09 11:51:44.615   327   327 I PackageWatchdog: Syncing health check requests for packages: {}
08-09 11:51:44.616   327   327 I ExplicitHealthCheckController: Service not ready to get health check supported packages. Binding...
08-09 11:51:44.619   327   327 I ExplicitHealthCheckController: Explicit health check service is bound
08-09 11:51:44.620   327   327 W Looper  : Drained
08-09 11:51:44.706   327   327 I ExplicitHealthCheckController: Explicit health check service is connected ComponentInfo{android.ext.services/android.ext.services.watchdog.ExplicitHealthCheckServiceImpl}
08-09 11:51:44.706   327   327 I ExplicitHealthCheckController: Service initialized, syncing requests
08-09 11:51:44.706   327   327 I PackageWatchdog: Syncing health check requests for packages: {}
08-09 11:51:44.706   327   327 D ExplicitHealthCheckController: Getting health check supported packages
08-09 11:51:44.716   327  4416 I ExplicitHealthCheckController: Explicit health check supported packages [PackageConfig{com.android.networkstack, 86400000}]
08-09 11:51:44.717   327  4416 D PackageWatchdog: Received supported packages [PackageConfig{com.android.networkstack, 86400000}]
08-09 11:51:44.717   327  4416 D ExplicitHealthCheckController: Getting health check requested packages
08-09 11:51:44.717   327  4416 I ExplicitHealthCheckController: Explicit health check requested packages []
08-09 11:51:44.717   327  4416 I ExplicitHealthCheckController: No more health check requests, unbinding...
08-09 11:51:44.718   327  4416 I ExplicitHealthCheckController: Explicit health check service is unbound
08-09 11:51:44.735   327  7059 E SettingsToPropertiesMapper: com.yelp.android,0,com.yy.biu,0,com.groupme.android,0,air.tv.douyu.android,0,com.baidu.mbaby,0,com.vlocker.locker,0,com.znxh.hyhuo,0,com.yixia.xiaokaxiu,0 exceeds system property max length.
08-09 11:51:45.763   327  5966 D OomAdjuster: Not killing cached processes
08-09 11:51:46.236   327   362 D VRI[gms]: updatePointerIcon called with position out of bounds
08-09 11:51:46.251   327   362 D VRI[gms]: updatePointerIcon called with position out of bounds
08-09 11:51:46.653   327   362 W Looper  : Slow delivery took 397ms android.ui h=com.android.server.am.ActivityManagerService$UiHandler c=null m=31
08-09 11:51:46.657   327   362 D VRI[gms]: updatePointerIcon called with position out of bounds
08-09 11:51:46.660   327   362 W Looper  : Drained
08-09 11:51:47.146   327   362 W Looper  : Slow dispatch took 410ms android.ui h=android.view.Choreographer$FrameHandler c=android.view.Choreographer$FrameDisplayEventReceiver@aa673ec m=0
08-09 11:51:47.249   327  4101 I RescueParty: Starting to observe: [com.android.launcher3, com.android.systemui], updated namespace: interaction_jank_monitor
08-09 11:51:47.249   327   370 I PackageWatchdog: Syncing state, reason: observing new packages
08-09 11:51:47.249   327   370 D PackageWatchdog: rescue-party-observer added the following packages to monitor [com.android.launcher3, com.android.systemui]
08-09 11:51:47.249   327   370 I PackageWatchdog: Syncing state, reason: updated observers
08-09 11:51:47.249   327   370 I PackageWatchdog: Not pruning observers, elapsed time: 0ms
08-09 11:51:47.249   327   370 I PackageWatchdog: Saving observer state to file
08-09 11:51:47.282   327   691 I RescueParty: Starting to observe: [android, com.android.systemui], updated namespace: latency_tracker
08-09 11:51:47.283   327   370 I PackageWatchdog: Syncing state, reason: observing new packages
08-09 11:51:47.283   327   370 D PackageWatchdog: rescue-party-observer added the following packages to monitor [android, com.android.systemui]
08-09 11:51:47.283   327   370 I PackageWatchdog: Syncing state, reason: updated observers
08-09 11:51:47.283   327   370 I PackageWatchdog: Not pruning observers, elapsed time: 0ms
08-09 11:51:47.283   327   370 I PackageWatchdog: Saving observer state to file
08-09 11:51:47.533   327  4101 I RescueParty: Starting to observe: [android], updated namespace: constrain_display_apis
08-09 11:51:47.543   327   370 I PackageWatchdog: Syncing state, reason: observing new packages
08-09 11:51:47.543   327   370 D PackageWatchdog: rescue-party-observer added the following packages to monitor [android]
08-09 11:51:47.543   327   370 I PackageWatchdog: Syncing state, reason: updated observers
08-09 11:51:47.543   327   370 I PackageWatchdog: Saving observer state to file
08-09 11:51:47.589   327   327 W Looper  : Slow dispatch took 2777ms main h=android.service.notification.NotificationListenerService$MyHandler c=null m=1
08-09 11:51:47.589   327   327 W Looper  : Slow delivery took 2777ms main h=android.service.notification.NotificationListenerService$MyHandler c=null m=1
08-09 11:51:47.977   327   327 I PackageWatchdog: Syncing health check requests for packages: {}
08-09 11:51:47.978   327   327 I ExplicitHealthCheckController: Service not ready to get health check supported packages. Binding...
08-09 11:51:47.986   327   327 I ExplicitHealthCheckController: Explicit health check service is bound
08-09 11:51:47.986   327   327 W Looper  : Slow dispatch took 382ms main h=android.os.Handler c=com.android.server.PackageWatchdog$$ExternalSyntheticLambda5@8214f1e m=0
08-09 11:51:47.994   327   327 W Looper  : Drained
08-09 11:51:47.998  6263  6263 D VRI[NavigationBar0]: updatePointerIcon called with position out of bounds
08-09 11:51:48.004   327  6850 I ActivityManager: Collecting stacks for extra pid 1203
08-09 11:51:48.493   327   362 W Looper  : Slow dispatch took 1323ms android.ui h=android.view.Choreographer$FrameHandler c=android.view.Choreographer$FrameDisplayEventReceiver@aa673ec m=0
08-09 11:51:48.529   327   362 W Looper  : Slow delivery took 1317ms android.ui h=android.view.Choreographer$FrameHandler c=android.view.Choreographer$FrameDisplayEventReceiver@aa673ec m=0
08-09 11:51:48.531   327   327 W Looper  : Slow dispatch took 445ms main h=android.service.notification.NotificationListenerService$MyHandler c=null m=1
08-09 11:51:48.532   327   327 W Looper  : Slow delivery took 535ms main h=android.service.notification.NotificationListenerService$MyHandler c=null m=1
08-09 11:51:48.533   327   327 I ExplicitHealthCheckController: Explicit health check service is connected ComponentInfo{android.ext.services/android.ext.services.watchdog.ExplicitHealthCheckServiceImpl}
08-09 11:51:48.536   327   327 I ExplicitHealthCheckController: Service initialized, syncing requests
08-09 11:51:48.542   327   327 I PackageWatchdog: Syncing health check requests for packages: {}
08-09 11:51:48.542   327   327 D ExplicitHealthCheckController: Getting health check supported packages
08-09 11:51:48.544   327   327 W Looper  : Drained
08-09 11:51:48.564   327  4101 I ExplicitHealthCheckController: Explicit health check supported packages [PackageConfig{com.android.networkstack, 86400000}]
08-09 11:51:48.564   327  4101 D PackageWatchdog: Received supported packages [PackageConfig{com.android.networkstack, 86400000}]
08-09 11:51:48.564   327  4101 D ExplicitHealthCheckController: Getting health check requested packages
08-09 11:51:48.564   327   691 I ExplicitHealthCheckController: Explicit health check requested packages []
08-09 11:51:48.565   327   691 I ExplicitHealthCheckController: No more health check requests, unbinding...
08-09 11:51:48.566   327   691 I ExplicitHealthCheckController: Explicit health check service is unbound
08-09 11:51:49.566   327   362 W Looper  : Slow dispatch took 1024ms android.ui h=android.view.Choreographer$FrameHandler c=android.view.Choreographer$FrameDisplayEventReceiver@aa673ec m=0
08-09 11:51:50.028   327   362 W ActivityTaskManager:   Force finishing activity com.google.android.gms/.auth.uiflows.minutemaid.MinuteMaidActivity
08-09 11:51:51.114   327  6850 W ActivityManager: Dumping Java threads failed, initiating native stack dump.
08-09 11:51:53.121   327  6850 W ActivityManager: Native stack dump failed!
08-09 11:51:53.121   327  6850 E ActivityManager: Aborting stack trace dump (current extra pid=1203); deadline exceeded.
08-09 11:51:53.176   327   362 I ActivityManager: Killing 3893:com.google.android.gms.ui/u0a95 (adj 0): user request after error
08-09 11:51:53.218   327  6850 E ActivityManager: ANR in com.android.systemui
08-09 11:51:53.218   327  6850 E ActivityManager: PID: 6263
08-09 11:51:53.218   327  6850 E ActivityManager: Reason: Input dispatching timed out (80fb66b StatusBar (server) is not responding. Waited 11606ms for MotionEvent)
08-09 11:51:53.218   327  6850 E ActivityManager: ErrorId: c238ab9b-f4f5-45d5-bd78-b51b983da774
08-09 11:51:53.218   327  6850 E ActivityManager: Frozen: false
08-09 11:51:53.218   327  6850 E ActivityManager: Load: 28.9 / 26.6 / 21.59
08-09 11:51:53.218   327  6850 E ActivityManager: ----- Output from /proc/pressure/memory -----
08-09 11:51:53.218   327  6850 E ActivityManager: some avg10=39.92 avg60=45.27 avg300=32.31 total=2092365071
08-09 11:51:53.218   327  6850 E ActivityManager: full avg10=29.16 avg60=32.92 avg300=23.10 total=1645739068
08-09 11:51:53.218   327  6850 E ActivityManager: ----- End output from /proc/pressure/memory -----
08-09 11:51:53.218   327  6850 E ActivityManager: 
08-09 11:51:53.218   327  6850 E ActivityManager: CPU usage from 962ms to -23547ms ago (2026-08-09 11:51:28.612 to 2026-08-09 11:51:53.121):
08-09 11:51:53.218   327  6850 E ActivityManager:   24% 4018/com.google.android.webview:sandboxed_process0:org.chromium.content.app.SandboxedProcessService0:0: 20% user + 4.4% kernel / faults: 24064 minor 9818 major
08-09 11:51:53.218   327  6850 E ActivityManager:   20% 1060/com.google.android.gms.persistent: 16% user + 4.6% kernel / faults: 25768 minor 5561 major
08-09 11:51:53.218   327  6850 E ActivityManager:   18% 327/system_server: 12% user + 6.3% kernel / faults: 10375 minor 3737 major
08-09 11:51:53.218   327  6850 E ActivityManager:   14% 3893/com.google.android.gms.ui: 10% user + 3.8% kernel / faults: 3501 minor 1891 major
08-09 11:51:53.218   327  6850 E ActivityManager:   12% 1203/com.google.android.gms: 8% user + 4.3% kernel / faults: 12870 minor 2574 major
08-09 11:51:53.218   327  6850 E ActivityManager:   9.4% 99/surfaceflinger: 6.7% user + 2.7% kernel / faults: 7336 minor 180 major
08-09 11:51:53.218   327  6850 E ActivityManager:   4.9% 18/lmkd: 2.7% user + 2.2% kernel
08-09 11:51:53.218   327  6850 E ActivityManager:   4.7% 4471/com.android.vending: 2.6% user + 2.1% kernel / faults: 7355 minor 6928 major
08-09 11:51:53.218   327  6850 E ActivityManager:   3.8% 77/android.hardware.graphics.composer@2.1-service: 2% user + 1.7% kernel / faults: 88 minor 27 major
08-09 11:51:53.218   327  6850 E ActivityManager:   3.8% 6263/zygote64: 2.7% user + 1% kernel / faults: 3964 minor 576 major
08-09 11:51:53.218   327  6850 E ActivityManager:   1.8% 1/init: 0.7% user + 1% kernel / faults: 2 minor 49 major
08-09 11:51:53.218   327  6850 E ActivityManager:   1.7% 1532/com.google.android.googlequicksearchbox:search: 0.7% user + 0.9% kernel / faults: 1169 minor 4342 major
08-09 11:51:53.218   327  6850 E ActivityManager:   0.9% 125/cameraserver: 0.4% user + 0.5% kernel / faults: 4274 minor 38 major
08-09 11:51:53.218   327  6850 E ActivityManager:   0.8% 1570/android.process.acore: 0.4% user + 0.3% kernel / faults: 584 minor 250 major
08-09 11:51:53.218   327  6850 E ActivityManager:   0.6% 96/audioserver: 0.2% user + 0.4% kernel / faults: 2708 minor 276 major
08-09 11:51:53.218   327  6850 E ActivityManager:   0.6% 1139/com.android.inputmethod.latin: 0.4% user + 0.2% kernel / faults: 403 minor 726 major
08-09 11:51:53.218   327  6850 E ActivityManager:   0.6% 71/statsd: 0.3% user + 0.2% kernel / faults: 1599 minor 116 major
08-09 11:51:53.218   327  6850 E ActivityManager:   0.6% 72/netd: 0.3% user + 0.2% kernel / faults: 2343 minor 59 major
08-09 11:51:53.218   327  6850 E ActivityManager:   0.5% 2148/com.google.android.apps.messaging: 0.4% user + 0.1% kernel / faults: 493 minor 310 major
08-09 11:51:53.218   327  6850 E ActivityManager:   0.5% 4472/com.android.vending:background: 0.2% user + 0.3% kernel / faults: 1005 minor 894 major
08-09 11:51:53.218   327  6850 E ActivityManager:   0.5% 129/media.extractor: 0.2% user + 0.2% kernel / faults: 2287 minor 27 major
08-09 11:51:53.218   327  6850 E ActivityManager:   0.1% 153/media.swcodec: 0% user + 0% kernel / faults: 1908 minor 97 major
08-09 11:51:53.218   327  6850 E ActivityManager:   0.4% 2362/com.google.android.apps.restore: 0.2% user + 0.2% kernel / faults: 698 minor 286 major
08-09 11:51:53.218   327  6850 E ActivityManager:   0.2% 131/mediaserver: 0% user + 0.1% kernel / faults: 1410 minor 89 major
08-09 11:51:53.218   327  6850 E ActivityManager:   0.4% 636/com.android.networkstack.process: 0.2% user + 0.2% kernel / faults: 221 minor 764 major
08-09 11:51:53.218   327  6850 E ActivityManager:   0.3% 661/com.android.phone: 0.2% user + 0.1% kernel / faults: 197 minor 592 major
08-09 11:51:53.218   327  6850 E ActivityManager:   0.3% 108/adbd: 0.1% user + 0.1% kernel
08-09 11:51:53.218   327  6850 E ActivityManager:   0.1% 144/media.codec: 0% user + 0% kernel / faults: 1210 minor 80 major
08-09 11:51:53.218   327  6850 E ActivityManager:   0.2% 713/android.ext.services: 0.2% user + 0% kernel / faults: 257 minor 133 major
08-09 11:51:53.218   327  6850 E ActivityManager:   0.2% 38/keystore2: 0.1% user + 0% kernel / faults: 951 minor 44 major
08-09 11:51:53.218   327  6850 E ActivityManager:   0.1% 130/media.metrics: 0% user + 0% kernel / faults: 1003 minor 149 major
08-09 11:51:53.218   327  6850 E ActivityManager:   0.2% 653/com.android.se: 0.1% user + 0% kernel / faults: 174 minor 570 major
08-09 11:51:53.218   327  6850 E ActivityManager:   0.2% 17/logd: 0.1% user + 0% kernel / faults: 91 minor 34 major
