08-09 11:55:07.845   327   327 I ExplicitHealthCheckController: Service not ready to get health check supported packages. Binding...
08-09 11:55:07.861   327   327 I ExplicitHealthCheckController: Explicit health check service is bound
08-09 11:55:07.864   327   327 I ExplicitHealthCheckController: Explicit health check service is connected ComponentInfo{android.ext.services/android.ext.services.watchdog.ExplicitHealthCheckServiceImpl}
08-09 11:55:07.864   327   327 I ExplicitHealthCheckController: Service initialized, syncing requests
08-09 11:55:07.864   327   327 I PackageWatchdog: Syncing health check requests for packages: {}
08-09 11:55:07.864   327   327 D ExplicitHealthCheckController: Getting health check supported packages
08-09 11:55:07.871   327  3961 I ExplicitHealthCheckController: Explicit health check supported packages [PackageConfig{com.android.networkstack, 86400000}]
08-09 11:55:07.871   327  3961 D PackageWatchdog: Received supported packages [PackageConfig{com.android.networkstack, 86400000}]
08-09 11:55:07.871   327  3961 D ExplicitHealthCheckController: Getting health check requested packages
08-09 11:55:07.873   327  1378 I ExplicitHealthCheckController: Explicit health check requested packages []
08-09 11:55:07.873   327  1378 I ExplicitHealthCheckController: No more health check requests, unbinding...
08-09 11:55:07.875   327  1378 I ExplicitHealthCheckController: Explicit health check service is unbound
08-09 11:55:08.029   327  3961 D BiometricService: canAuthenticate: User=0, Caller=0, Authenticators=255
08-09 11:55:08.035   327  3961 D BiometricService/PreAuthInfo: getCanAuthenticateInternal Modality: 0 AuthenticatorStatus: 2
08-09 11:55:08.039   327  3961 D AuthService: canAuthenticate, userId: 0, callingUserId: 0, authenticators: 255, result: 12
08-09 11:55:08.167   327  8203 I ActivityManager: Collecting stacks for native pid 125
08-09 11:55:08.739   327  8203 I ActivityManager: Collecting stacks for native pid 129
08-09 11:55:09.012   327  8203 I ActivityManager: Collecting stacks for native pid 130
08-09 11:55:09.098  7223  7223 D VRI[NavigationBar0]: updatePointerIcon called with position out of bounds
08-09 11:55:09.163   327  8203 I ActivityManager: Collecting stacks for native pid 131
08-09 11:55:09.344   327  1378 I ActivityTaskManager: START u0 {act=android.intent.action.MAIN cat=[android.intent.category.LAUNCHER] flg=0x10200000 cmp=com.android.vending/.AssetBrowserActivity bnds=[683,460][818,618]} from uid 10120
08-09 11:55:09.401   327  1378 D CompatibilityChangeReporter: Compat change id reported: 265464455; UID 10094; state: DISABLED
08-09 11:55:09.401   327  1378 D CompatibilityChangeReporter: Compat change id reported: 265452344; UID 10094; state: DISABLED
08-09 11:55:09.401   327  1378 D CompatibilityChangeReporter: Compat change id reported: 266124927; UID 10094; state: DISABLED
08-09 11:55:09.402   327  1378 D CompatibilityChangeReporter: Compat change id reported: 265451093; UID 10094; state: DISABLED
08-09 11:55:09.403   327  1378 D CompatibilityChangeReporter: Compat change id reported: 265456536; UID 10094; state: DISABLED
08-09 11:55:09.404   327  1378 D CompatibilityChangeReporter: Compat change id reported: 255940284; UID 10094; state: DISABLED
08-09 11:55:09.404   327  1378 D CompatibilityChangeReporter: Compat change id reported: 236283604; UID 10094; state: DISABLED
08-09 11:55:09.404   327  1378 D CompatibilityChangeReporter: Compat change id reported: 263959004; UID 10094; state: DISABLED
08-09 11:55:09.406   327  1378 D CompatibilityChangeReporter: Compat change id reported: 264304459; UID 10094; state: DISABLED
08-09 11:55:09.406   327  1378 D CompatibilityChangeReporter: Compat change id reported: 264301586; UID 10094; state: DISABLED
08-09 11:55:09.406   327  1378 D CompatibilityChangeReporter: Compat change id reported: 254631730; UID 10094; state: DISABLED
08-09 11:55:09.406   327  1378 D CompatibilityChangeReporter: Compat change id reported: 273509367; UID 10094; state: DISABLED
08-09 11:55:09.407   327  1378 D CompatibilityChangeReporter: Compat change id reported: 263259275; UID 10094; state: DISABLED
08-09 11:55:09.419   327  8203 I ActivityManager: Collecting stacks for native pid 144
08-09 11:55:09.443   327  1378 D CompatibilityChangeReporter: Compat change id reported: 194480991; UID 10094; state: ENABLED
08-09 11:55:09.483   327  1378 D CompatibilityChangeReporter: Compat change id reported: 174042980; UID 10094; state: DISABLED
08-09 11:55:09.500   327  1378 D CompatibilityChangeReporter: Compat change id reported: 184838306; UID 10094; state: DISABLED
08-09 11:55:09.500   327  1378 D CompatibilityChangeReporter: Compat change id reported: 185004937; UID 10094; state: DISABLED
08-09 11:55:09.500   327  1378 D CompatibilityChangeReporter: Compat change id reported: 181136395; UID 10094; state: DISABLED
08-09 11:55:09.500   327  1378 D CompatibilityChangeReporter: Compat change id reported: 174042936; UID 10094; state: DISABLED
08-09 11:55:09.532   327  1378 D CompatibilityChangeReporter: Compat change id reported: 197654537; UID 10094; state: ENABLED
08-09 11:55:09.564   327  1378 D CompatibilityChangeReporter: Compat change id reported: 205907456; UID 10094; state: ENABLED
08-09 11:55:09.570   327  1378 D CompatibilityChangeReporter: Compat change id reported: 194833441; UID 10094; state: ENABLED
08-09 11:55:09.907   327  1378 I ActivityManager: updateOomAdj start time is before than pendingPid added, don't delete it
08-09 11:55:09.967   327  8203 I ActivityManager: Collecting stacks for native pid 153
08-09 11:55:10.376   327  8203 I ActivityManager: Collecting stacks for extra pid 4471
08-09 11:55:11.340   327  3961 D CoreBackPreview: Window{6280d8c u0 com.android.vending/com.android.vending.AssetBrowserActivity}: Setting back callback OnBackInvokedCallbackInfo{mCallback=android.window.IOnBackInvokedCallback$Stub$Proxy@d07dcea, mPriority=-1}
08-09 11:55:11.744   327  8203 I ActivityManager: Collecting stacks for extra pid 1203
08-09 11:55:11.898   327  4101 W JobScheduler: Job didn't exist in JobStore: 9dd28df #u0a96/-43 com.google.android.googlequicksearchbox/com.google.android.apps.gsa.tasks.BackgroundTasksJobService
08-09 11:55:13.510   327  8203 W ActivityManager: Dumping Java threads failed, initiating native stack dump.
08-09 11:55:17.070   327  8203 W ActivityManager: Native stack dump failed!
08-09 11:55:17.070   327  8203 E ActivityManager: Aborting stack trace dump (current extra pid=1203); deadline exceeded.
08-09 11:55:18.849   327   327 W Looper  : Slow dispatch took 1705ms main h=com.android.server.pm.SnapshotStatistics$1 c=null m=0
08-09 11:55:18.868    38  8419 I keystore2: keystore2::watchdog: Watchdog thread idle -> terminating. Have a great day.
08-09 11:55:18.915   327   327 W Looper  : Slow delivery took 596ms main h=android.os.Handler c=android.telecom.Logging.SessionManager$$ExternalSyntheticLambda0@c6d4aee m=0
08-09 11:55:18.917   327   327 W Looper  : Drained
08-09 11:55:19.869   327  1057 D BiometricService: canAuthenticate: User=0, Caller=0, Authenticators=15
08-09 11:55:19.878   327  1057 D BiometricService/PreAuthInfo: getCanAuthenticateInternal Modality: 0 AuthenticatorStatus: 2
08-09 11:55:19.878   327  1057 D AuthService: canAuthenticate, userId: 0, callingUserId: 0, authenticators: 15, result: 12
08-09 11:55:19.882   327  1057 D BiometricService: canAuthenticate: User=0, Caller=0, Authenticators=15
08-09 11:55:19.883   327  1057 D BiometricService/PreAuthInfo: getCanAuthenticateInternal Modality: 0 AuthenticatorStatus: 2
08-09 11:55:19.883   327  1057 D AuthService: canAuthenticate, userId: 0, callingUserId: 0, authenticators: 15, result: 12
08-09 11:55:19.977   327  8203 E ActivityManager: ANR in com.android.systemui
08-09 11:55:19.977   327  8203 E ActivityManager: PID: 7223
08-09 11:55:19.977   327  8203 E ActivityManager: Reason: Input dispatching timed out (c6dcdcc NavigationBar0 (server) is not responding. Waited 5019ms for MotionEvent)
08-09 11:55:19.977   327  8203 E ActivityManager: ErrorId: fda30227-d801-4a9e-b481-c6c79d5cdf8e
08-09 11:55:19.977   327  8203 E ActivityManager: Frozen: false
08-09 11:55:19.977   327  8203 E ActivityManager: Load: 20.53 / 21.44 / 20.43
08-09 11:55:19.977   327  8203 E ActivityManager: ----- Output from /proc/pressure/memory -----
08-09 11:55:19.977   327  8203 E ActivityManager: some avg10=47.54 avg60=27.87 avg300=27.82 total=2140252602
08-09 11:55:19.977   327  8203 E ActivityManager: full avg10=33.63 avg60=19.82 avg300=19.94 total=1680524739
08-09 11:55:19.977   327  8203 E ActivityManager: ----- End output from /proc/pressure/memory -----
08-09 11:55:19.977   327  8203 E ActivityManager: 
08-09 11:55:19.977   327  8203 E ActivityManager: CPU usage from 1ms to 24638ms later (2026-08-09 11:54:52.445 to 2026-08-09 11:55:17.082):
08-09 11:55:19.977   327  8203 E ActivityManager:   23% 327/system_server: 15% user + 7.6% kernel / faults: 24247 minor 5300 major
08-09 11:55:19.977   327  8203 E ActivityManager:   19% 4471/com.android.vending: 13% user + 6.3% kernel / faults: 22578 minor 5657 major
08-09 11:55:19.977   327  8203 E ActivityManager:   17% 1060/com.google.android.gms.persistent: 11% user + 5.3% kernel / faults: 16225 minor 9464 major
08-09 11:55:19.977   327  8203 E ActivityManager:   14% 1203/com.google.android.gms: 9.5% user + 5.1% kernel / faults: 13489 minor 8467 major
08-09 11:55:19.977   327  8203 E ActivityManager:   5.7% 18/lmkd: 3% user + 2.7% kernel
08-09 11:55:19.977   327  8203 E ActivityManager:   4.2% 914/com.android.launcher3: 2% user + 2.2% kernel / faults: 2231 minor 7686 major
08-09 11:55:19.977   327  8203 E ActivityManager:   4.2% 99/surfaceflinger: 2.5% user + 1.6% kernel / faults: 7412 minor 334 major
08-09 11:55:19.977   327  8203 E ActivityManager:   4.1% 1532/com.google.android.googlequicksearchbox:search: 2.1% user + 2% kernel / faults: 2927 minor 4674 major
08-09 11:55:19.977   327  8203 E ActivityManager:   3% 8107/com.google.android.apps.messaging: 2% user + 1% kernel / faults: 5827 minor 828 major
08-09 11:55:19.977   327  8203 E ActivityManager:   2.5% 7223/com.android.systemui: 1.1% user + 1.4% kernel / faults: 1690 minor 4373 major
08-09 11:55:19.977   327  8203 E ActivityManager:   2.5% 4472/com.android.vending:background: 1.4% user + 1% kernel / faults: 2737 minor 623 major
08-09 11:55:19.977   327  8203 E ActivityManager:   0.9% 128/installd: 0.2% user + 0.6% kernel / faults: 246 minor 118 major
08-09 11:55:19.977   327  8203 E ActivityManager:   1.3% 77/android.hardware.graphics.composer@2.1-service: 0.7% user + 0.6% kernel / faults: 103 minor 34 major
08-09 11:55:19.977   327  8203 E ActivityManager:   1.3% 689/com.android.settings: 0.5% user + 0.8% kernel / faults: 1583 minor 4220 major
08-09 11:55:19.977   327  8203 E ActivityManager:   1.2% 125/cameraserver: 0.6% user + 0.6% kernel / faults: 4277 minor 107 major
08-09 11:55:19.977   327  8203 E ActivityManager:   1% 71/statsd: 0.6% user + 0.4% kernel / faults: 1594 minor 97 major
08-09 11:55:19.977   327  8203 E ActivityManager:   1% 1739/com.google.android.gms.unstable: 0.7% user + 0.3% kernel / faults: 1579 minor 1395 major
08-09 11:55:19.977   327  8203 E ActivityManager:   0.6% 76/android.hardware.audio.service: 0.2% user + 0.3% kernel / faults: 74 minor 301 major
08-09 11:55:19.977   327  8203 E ActivityManager:   0.8% 96/audioserver: 0.4% user + 0.4% kernel / faults: 2927 minor 437 major
08-09 11:55:19.977   327  8203 E ActivityManager:   0.8% 1139/com.android.inputmethod.latin: 0.4% user + 0.4% kernel / faults: 881 minor 1001 major
08-09 11:55:19.977   327  8203 E ActivityManager:   0.7% 661/com.android.phone: 0.4% user + 0.3% kernel / faults: 619 minor 947 major
08-09 11:55:19.977   327  8203 E ActivityManager:   0.3% 72/netd: 0.1% user + 0.1% kernel / faults: 2525 minor 152 major
08-09 11:55:19.977   327  8203 E ActivityManager:   0.2% 38/keystore2: 0.1% user + 0.1% kernel / faults: 1215 minor 385 major
08-09 11:55:19.977   327  8203 E ActivityManager:   0.4% 1/init: 0.2% user + 0.2% kernel / faults: 2 minor 46 major
08-09 11:55:19.977   327  8203 E ActivityManager:   0.2% 144/media.codec: 0.1% user + 0.1% kernel / faults: 1581 minor 85 major
08-09 11:55:19.977   327  8203 E ActivityManager:   0.4% 4747/com.android.vending:quick_launch: 0.2% user + 0.2% kernel / faults: 419 minor 349 major
08-09 11:55:19.977   327  8203 E ActivityManager:   0.4% 17/logd: 0.2% user + 0.2% kernel / faults: 240 minor 72 major
08-09 11:55:19.977   327  8203 E ActivityManager:   0.2% 3156/com.google.android.tts: 0% user + 0.1% kernel / faults: 122 minor 668 major
08-09 11:55:19.977   327  8203 E ActivityManager:   0.4% 7433/com.google.android.gms.ui: 0.1% user + 0.2% kernel / faults: 99 minor 598 major
08-09 11:55:19.977   327  8203 E ActivityManager:   0.2% 131/mediaserver: 0% user + 0.1% kernel / faults: 1417 minor 86 major
08-09 11:55:19.977   327  8203 E ActivityManager:   0% 153/media.swcodec: 0% user + 0% kernel / faults: 1910 minor 97 major
08-09 11:55:19.977   327  8203 E ActivityManager:   0.3% 83/android.hardware.graphics.allocator@4.0-service.minigbm_gbm_mesa: 0% user + 0.3% kernel / faults: 29 minor 58 major
08-09 11:55:19.977   327  8203 E ActivityManager:   0.3% 636/com.android.networkstack.process: 0.1% user + 0.1% kernel / faults: 505 minor 979 major
08-09 11:55:19.977   327  8203 E ActivityManager:   0.1% 653/com.android.se: 0% user + 0% kernel / faults: 503 minor 776 major
08-09 11:55:19.977   327  8203 E ActivityManager:   0.3% 1308/com.google.android.googlequicksearchbox:interactor: 0% user + 0.2% kernel / faults: 76 minor 466 major
08-09 11:55:19.977   327  8203 E ActivityManager:   0.3% 1570/android.process.acore: 0% user + 0.2% kernel / faults: 42 minor 1620 major
08-09 11:55:19.977   327  8203 E ActivityManager:   0.2% 1427/com.google.android.syncadapters.calendar: 0.1% user + 0.1% kernel / faults: 112 minor 490 major
08-09 11:55:19.977   327  8203 E ActivityManager:   0.1% 129/media.extractor: 0% user + 0% kernel / faults: 1305 minor 75 major
08-09 11:55:19.977   327  8203 E ActivityManager:   0.2% 2893/com.google.android.partnersetup: 0.1% user + 0.1% kernel / faults: 79 minor 352 major
08-09 11:55:19.978   327  8203 E ActivityManager:   0.1% 130/media.metrics: 0% user + 0% kernel / faults: 1011 minor 233 major
08-09 11:55:19.978   327  8203 E ActivityManager:   0% 31/vold: 0% user + 0% kernel / faults: 666 minor 119 major
08-09 11:55:19.978   327  8203 E ActivityManager:   0.1% 1452/com.google.process.gapps: 0% user + 0.1% kernel / faults: 31 minor 48 major
08-09 11:55:19.978   327  8203 E ActivityManager:   0% 2461/com.google.android.configupdater: 0% user + 0% kernel / faults: 39 minor 386 major
08-09 11:55:19.978   327  8203 E ActivityManager:   0.1% 1072/com.android.permissioncontroller: 0% user + 0% kernel / faults: 33 minor 385 major
08-09 11:55:19.978   327  8203 E ActivityManager:   0.1% 6855/com.google.android.setupwizard:remote: 0% user + 0% kernel / faults: 25 minor 178 major
08-09 11:55:19.978   327  8203 E ActivityManager:   0% 44/tombstoned: 0% user + 0% kernel / faults: 5 minor 51 major
08-09 11:55:19.978   327  8203 E ActivityManager:   0% 108/adbd: 0% user + 0% kernel
08-09 11:55:19.978   327  8203 E ActivityManager:   0% 1254/com.google.process.gservices: 0% user + 0% kernel / faults: 41 minor 165 major
08-09 11:55:19.978   327  8203 E ActivityManager:   0% 2697/com.google.android.ims: 0% user + 0% kernel / faults: 39 minor 436 major
08-09 11:55:19.978   327  8203 E ActivityManager:   0% 4604/com.android.vending:instant_app_installer: 0% user + 0% kernel / faults: 30 minor 151 major
08-09 11:55:19.978   327  8203 E ActivityManager:   0% 19/servicemanager: 0% user + 0% kernel / faults: 4 minor 40 major
08-09 11:55:19.978   327  8203 E ActivityManager:   0% 39/android.hardware.keymaster@4.0-service: 0% user + 0% kernel / faults: 20 minor 100 major
08-09 11:55:19.978   327  8203 E ActivityManager:   0% 85/android.hardware.light@2.0-service.waydroid: 0% user + 0% kernel / faults: 4 minor 60 major
08-09 11:55:19.978   327  8203 E ActivityManager:   0% 98/gpuservice: 0% user + 0% kernel / faults: 11 minor 187 major
08-09 11:55:19.978   327  8203 E ActivityManager:   0% 713/android.ext.services: 0% user + 0% kernel / faults: 15 minor 240 major
08-09 11:55:19.978   327  8203 E ActivityManager:   0% 2362/com.google.android.apps.restore: 0% user + 0% kernel / faults: 2 minor 51 major
08-09 11:55:19.978   327  8203 E ActivityManager: 99% TOTAL: 25% user + 28% kernel + 42% iowait + 1.8% irq + 1.6% softirq
08-09 11:55:19.978   327  8203 E ActivityManager: CPU usage from 172ms to 571ms later (2026-08-09 11:54:52.616 to 2026-08-09 11:54:53.014):
08-09 11:55:19.978   327  8203 E ActivityManager:   75% 327/system_server: 37% user + 37% kernel / faults: 4110 minor 122 major
08-09 11:55:19.978   327  8203 E ActivityManager:     27% 8203/AnrConsumer: 13% user + 13% kernel
08-09 11:55:19.978   327  8203 E ActivityManager:     13% 515/TaskSnapshotPer: 8.1% user + 5.4% kernel
08-09 11:55:19.978   327  8203 E ActivityManager:     10% 362/android.ui: 2.7% user + 8.1% kernel
08-09 11:55:19.978   327  8203 E ActivityManager:     5.4% 3961/binder:327_10: 2.7% user + 2.7% kernel
08-09 11:55:19.978   327  8203 E ActivityManager:     5.4% 5966/binder:327_19: 2.7% user + 2.7% kernel
08-09 11:55:19.978   327  8203 E ActivityManager:     5.4% 6240/binder:327_1C: 2.7% user + 2.7% kernel
08-09 11:55:19.978   327  8203 E ActivityManager:     2.7% 364/android.display: 2.7% user + 0% kernel
08-09 11:55:19.978   327  8203 E ActivityManager:     2.7% 514/binder:327_4: 2.7% user + 0% kernel
08-09 11:55:19.978   327  8203 E ActivityManager:     2.7% 2141/RenderThread: 0% user + 2.7% kernel
08-09 11:55:19.978   327  8203 E ActivityManager:   58% 4471/com.android.vending: 40% user + 18% kernel / faults: 241 minor 40 major
08-09 11:55:19.978   327  8203 E ActivityManager:     43% 4575/bgExecutor #2: 32% user + 10% kernel
08-09 11:55:19.978   327  8203 E ActivityManager:     3.6% 4499/Jit thread pool: 3.6% user + 0% kernel
08-09 11:55:19.978   327  8203 E ActivityManager:     3.6% 4538/ValueStore-0: 3.6% user + 0% kernel
08-09 11:55:19.978   327  8203 E ActivityManager:     3.6% 4573/bgExecutor #1: 3.6% user + 0% kernel
08-09 11:55:19.978   327  8203 E ActivityManager:     3.6% 4576/bgExecutor #3: 3.6% user + 0% kernel
08-09 11:55:19.978   327  8203 E ActivityManager:     3.6% 4912/arch_disk_io_3: 3.6% user + 0% kernel
08-09 11:55:19.978   327  8203 E ActivityManager:     3.6% 7973/BlockingExecuto: 3.6% user + 0% kernel
08-09 11:55:19.978   327  8203 E ActivityManager:    +0% 8248/com.an:traceq0: 0% user + 0% kernel
08-09 11:55:19.978   327  8203 E ActivityManager:    +0% 8249/com.andr:gdrv0: 0% user + 0% kernel
08-09 11:55:19.978   327  8203 E ActivityManager:   18% 1203/com.google.android.gms: 9.1% user + 9.1% kernel / faults: 114 minor 115 major
08-09 11:55:19.978   327  8203 E ActivityManager:     9.1% 8093/y.ACTION_UPDATE: 3% user + 6.1% kernel
08-09 11:55:19.978   327  8203 E ActivityManager:     3% 1203/gle.android.gms: 3% user + 0% kernel
08-09 11:55:19.978   327  8203 E ActivityManager:     3% 1279/GoogleApiHandle: 3% user + 0% kernel
08-09 11:55:19.978   327  8203 E ActivityManager:   9% 1060/com.google.android.gms.persistent: 6% user + 3% kernel / faults: 88 minor 25 major
08-09 11:55:19.978   327  8203 E ActivityManager:     6% 2319/binder:1060_9: 3% user + 3% kernel
08-09 11:55:19.978   327  8203 E ActivityManager:     3% 7815/lowpool[83]: 0% user + 3% kernel
08-09 11:55:19.978   327  8203 E ActivityManager:   4.8% 18/lmkd: 2.4% user + 2.4% kernel
08-09 11:55:19.978   327  8203 E ActivityManager:     4.8% 18/lmkd: 2.4% user + 2.4% kernel
08-09 11:55:19.978   327  8203 E ActivityManager:   4.9% 77/android.hardware.graphics.composer@2.1-service: 2.4% user + 2.4% kernel / faults: 2 minor
08-09 11:55:19.978   327  8203 E ActivityManager:     2.4% 77/composer@2.1-se: 2.4% user + 0% kernel
08-09 11:55:19.978   327  8203 E ActivityManager:     2.4% 168/composer@2.1-se: 0% user + 2.4% kernel
08-09 11:55:19.978   327  8203 E ActivityManager:   5.1% 96/audioserver: 2.5% user + 2.5% kernel / faults: 30 minor 103 major
08-09 11:55:19.978   327  8203 E ActivityManager:   5.2% 99/surfaceflinger: 2.6% user + 2.6% kernel / faults: 1 minor 2 major
08-09 11:55:19.978   327  8203 E ActivityManager:     2.6% 191/RenderEngine: 2.6% user + 0% kernel
08-09 11:55:19.978   327  8203 E ActivityManager:   7.9% 7223/com.android.systemui: 3.9% user + 3.9% kernel / faults: 36 minor 53 major
08-09 11:55:19.978   327  8203 E ActivityManager:   2.3% 1/init: 0% user + 2.3% kernel
08-09 11:55:19.978   327  8203 E ActivityManager:   3% 914/com.android.launcher3: 0% user + 3% kernel / faults: 16 minor 131 major
08-09 11:55:19.978   327  8203 E ActivityManager:   3.2% 1532/com.google.android.googlequicksearchbox:search: 0% user + 3.2% kernel / faults: 4 minor 115 major
08-09 11:55:19.978   327  8203 E ActivityManager:     3.2% 1532/earchbox:search: 0% user + 3.2% kernel
08-09 11:55:19.978   327  8203 E ActivityManager:   3.3% 1570/android.process.acore: 3.3% user + 0% kernel / faults: 6 minor 48 major
08-09 11:55:19.978   327  8203 E ActivityManager:     6.6% 6071/binder:1570_D: 3.3% user + 3.3% kernel
08-09 11:55:19.978   327  8203 E ActivityManager:   3.3% 1739/com.google.android.gms.unstable: 3.3% user + 0% kernel / faults: 25 minor 28 major
08-09 11:55:19.978   327  8203 E ActivityManager:     3.3% 2406/binder:1739_5: 3.3% user + 0% kernel
08-09 11:55:19.978   327  8203 E ActivityManager:   3.7% 4472/com.android.vending:background: 3.7% user + 0% kernel / faults: 217 minor 60 major
08-09 11:55:19.978   327  8203 E ActivityManager:     3.7% 4552/LightweightExec: 3.7% user + 0% kernel
08-09 11:55:19.978   327  8203 E ActivityManager:   4% 8107/com.google.android.apps.messaging: 0% user + 4% kernel / faults: 184 minor 76 major
08-09 11:55:19.978   327  8203 E ActivityManager:     8% 8107/.apps.messaging: 4% user + 4% kernel
08-09 11:55:19.978   327  8203 E ActivityManager: 98% TOTAL: 33% user + 52% kernel + 7.7% iowait + 2.3% irq + 2.3% softirq
08-09 11:55:20.208   327   364 W ActivityTaskManager: Launch timeout has expired, giving up wake lock!
08-09 11:55:20.293   327  1057 I RescueParty: Starting to observe: [com.android.networkstack, android], updated namespace: connectivity
08-09 11:55:20.293   327   370 I PackageWatchdog: Syncing state, reason: observing new packages
08-09 11:55:20.293   327   370 D PackageWatchdog: rescue-party-observer added the following packages to monitor [com.android.networkstack, android]
08-09 11:55:20.293   327   370 I PackageWatchdog: Syncing state, reason: updated observers
08-09 11:55:20.293   327   370 I PackageWatchdog: Not pruning observers, elapsed time: 0ms
08-09 11:55:20.293   327   370 I PackageWatchdog: Saving observer state to file
08-09 11:55:20.328   327  1378 D CompatibilityChangeReporter: Compat change id reported: 214016041; UID 10094; state: ENABLED
08-09 11:55:20.329   327   364 I ActivityManager: Killing 3375:org.lineageos.waydroidupdater/u0a123 (adj 985): empty #17
08-09 11:55:20.347   327   327 I PackageWatchdog: Syncing health check requests for packages: {}
08-09 11:55:20.347   327   327 I ExplicitHealthCheckController: Service not ready to get health check supported packages. Binding...
08-09 11:55:20.364   327   327 I ExplicitHealthCheckController: Explicit health check service is bound
08-09 11:55:20.442   327  1378 D BiometricService: canAuthenticate: User=0, Caller=0, Authenticators=15
08-09 11:55:20.476   327  1378 D BiometricService/PreAuthInfo: getCanAuthenticateInternal Modality: 0 AuthenticatorStatus: 2
08-09 11:55:20.476   327  1378 D AuthService: canAuthenticate, userId: 0, callingUserId: 0, authenticators: 15, result: 12
08-09 11:55:20.476   327  1378 D BiometricService: canAuthenticate: User=0, Caller=0, Authenticators=15
08-09 11:55:20.476   327  1378 D BiometricService/PreAuthInfo: getCanAuthenticateInternal Modality: 0 AuthenticatorStatus: 2
08-09 11:55:20.477   327  1378 D AuthService: canAuthenticate, userId: 0, callingUserId: 0, authenticators: 15, result: 12
08-09 11:55:20.511   327   693 D BiometricService: canAuthenticate: User=0, Caller=0, Authenticators=15
08-09 11:55:20.511   327   361 W Looper  : Slow dispatch took 817ms android.fg h=android.os.Handler c=com.android.server.wm.ActivityMetricsLogger$$ExternalSyntheticLambda4@d552703 m=0
08-09 11:55:20.513   327   693 D BiometricService/PreAuthInfo: getCanAuthenticateInternal Modality: 0 AuthenticatorStatus: 2
08-09 11:55:20.514   327   693 D AuthService: canAuthenticate, userId: 0, callingUserId: 0, authenticators: 15, result: 12
08-09 11:55:20.542   327   361 W Looper  : Slow delivery took 821ms android.fg h=android.os.Handler c=com.android.server.wm.ActivityMetricsLogger$$ExternalSyntheticLambda5@9c81375 m=0
08-09 11:55:20.598   327   361 W Looper  : Drained
08-09 11:55:20.641   327  8529 I DropBoxManagerService: add tag=system_app_anr isTagEnabled=true flags=0x6
08-09 11:55:20.642   327   327 I ExplicitHealthCheckController: Explicit health check service is connected ComponentInfo{android.ext.services/android.ext.services.watchdog.ExplicitHealthCheckServiceImpl}
08-09 11:55:20.642   327   327 I ExplicitHealthCheckController: Service initialized, syncing requests
08-09 11:55:20.642   327   327 I PackageWatchdog: Syncing health check requests for packages: {}
08-09 11:55:20.642   327   327 D ExplicitHealthCheckController: Getting health check supported packages
08-09 11:55:20.667   327  8203 D ActivityManager: Completed ANR of com.android.systemui in 28229ms, latency 2ms
08-09 11:55:20.704   327  1378 I ExplicitHealthCheckController: Explicit health check supported packages [PackageConfig{com.android.networkstack, 86400000}]
08-09 11:55:20.704   327  1378 D PackageWatchdog: Received supported packages [PackageConfig{com.android.networkstack, 86400000}]
08-09 11:55:20.705   327  1378 D ExplicitHealthCheckController: Getting health check requested packages
08-09 11:55:20.717   327  1057 I ExplicitHealthCheckController: Explicit health check requested packages []
08-09 11:55:20.717   327  1057 I ExplicitHealthCheckController: No more health check requests, unbinding...
08-09 11:55:21.301   327  1057 I ExplicitHealthCheckController: Explicit health check service is unbound
08-09 11:55:21.310   327   361 W Looper  : Slow dispatch took 561ms android.fg h=com.android.server.DropBoxManagerService$DropBoxManagerBroadcastHandler c=null m=1
08-09 11:55:21.329   327   362 W Looper  : Slow dispatch took 662ms android.ui h=com.android.server.am.ActivityManagerService$UiHandler c=null m=2
08-09 11:55:21.530   327   362 D CoreBackPreview: Window{385d41f u0 Application Not Responding: com.android.systemui}: Setting back callback OnBackInvokedCallbackInfo{mCallback=android.window.WindowOnBackInvokedDispatcher$OnBackInvokedCallbackWrapper@83d2eb3, mPriority=0}
08-09 11:55:21.530   327   362 W Looper  : Slow dispatch took 202ms android.ui h=com.android.server.am.ActivityManagerService$UiHandler c=com.android.server.am.ErrorDialogController$$ExternalSyntheticLambda5@5f8a06e m=0
08-09 11:55:21.531   327   362 W Looper  : Slow delivery took 234ms android.ui h=com.android.server.am.ActivityManagerService$UiHandler c=null m=31
08-09 11:55:21.535   327   362 W Looper  : Drained
08-09 11:55:21.923   327   362 W Looper  : Slow dispatch took 387ms android.ui h=android.view.Choreographer$FrameHandler c=android.view.Choreographer$FrameDisplayEventReceiver@aa673ec m=0
08-09 11:55:21.924   327   362 W Looper  : Slow delivery took 395ms android.ui h=com.android.server.wm.DisplayPolicy$PolicyHandler c=com.android.server.wm.DisplayPolicy$$ExternalSyntheticLambda13@713310b m=0
08-09 11:55:21.928   327   362 W Looper  : Drained
08-09 11:55:21.931   327  6239 I RescueParty: Starting to observe: [com.android.vending, android, com.android.launcher3, com.google.android.setupwizard, com.android.keychain, com.google.android.gms, com.google.android.gsf, android.ext.services, com.android.settings, org.lineageos.lineageparts, com.android.phone, com.android.shell, com.android.providers.media.module, com.android.systemui, com.android.permissioncontroller, com.android.providers.contacts], updated namespace: privacy
08-09 11:55:21.931   327   370 I PackageWatchdog: Syncing state, reason: observing new packages
08-09 11:55:21.932   327   327 I PackageWatchdog: Syncing health check requests for packages: {}
08-09 11:55:21.932   327   327 I ExplicitHealthCheckController: Service not ready to get health check supported packages. Binding...
08-09 11:55:21.932   327   370 D PackageWatchdog: rescue-party-observer added the following packages to monitor [com.android.vending, android, com.android.launcher3, com.google.android.setupwizard, com.android.keychain, com.google.android.gms, com.google.android.gsf, android.ext.services, com.android.settings, org.lineageos.lineageparts, com.android.phone, com.android.shell, com.android.providers.media.module, com.android.systemui, com.android.permissioncontroller, com.android.providers.contacts]
08-09 11:55:21.933   327   370 I PackageWatchdog: Syncing state, reason: updated observers
08-09 11:55:21.933   327   370 I PackageWatchdog: Saving observer state to file
08-09 11:55:21.942   327   327 I ExplicitHealthCheckController: Explicit health check service is bound
08-09 11:55:21.951   327   327 I PackageWatchdog: Syncing health check requests for packages: {}
08-09 11:55:21.951   327   327 I ExplicitHealthCheckController: Service not ready to get health check supported packages. Binding...
08-09 11:55:21.951   327   327 I ExplicitHealthCheckController: Not binding to service, service already connecting
08-09 11:55:21.959   327   327 I ExplicitHealthCheckController: Explicit health check service is connected ComponentInfo{android.ext.services/android.ext.services.watchdog.ExplicitHealthCheckServiceImpl}
08-09 11:55:21.959   327   327 I ExplicitHealthCheckController: Service initialized, syncing requests
08-09 11:55:21.960   327   327 I PackageWatchdog: Syncing health check requests for packages: {}
08-09 11:55:21.960   327   327 D ExplicitHealthCheckController: Getting health check supported packages
08-09 11:55:21.977   327  4363 I ExplicitHealthCheckController: Explicit health check supported packages [PackageConfig{com.android.networkstack, 86400000}]
08-09 11:55:21.977   327  4363 D PackageWatchdog: Received supported packages [PackageConfig{com.android.networkstack, 86400000}]
08-09 11:55:21.977   327  4363 D ExplicitHealthCheckController: Getting health check requested packages
08-09 11:55:21.991   327  3961 I ExplicitHealthCheckController: Explicit health check requested packages []
08-09 11:55:21.991   327  3961 I ExplicitHealthCheckController: No more health check requests, unbinding...
08-09 11:55:22.017   327  3961 I ExplicitHealthCheckController: Explicit health check service is unbound
08-09 11:55:22.254   327  3961 I RescueParty: Starting to observe: [android], updated namespace: clipboard
08-09 11:55:22.254   327   370 I PackageWatchdog: Syncing state, reason: observing new packages
08-09 11:55:22.254   327   370 D PackageWatchdog: rescue-party-observer added the following packages to monitor [android]
08-09 11:55:22.255   327   370 I PackageWatchdog: Syncing state, reason: updated observers
08-09 11:55:22.255   327   370 I PackageWatchdog: Not pruning observers, elapsed time: 0ms
08-09 11:55:22.255   327   370 I PackageWatchdog: Saving observer state to file
08-09 11:55:22.262   327   327 I PackageWatchdog: Syncing health check requests for packages: {}
08-09 11:55:22.262   327   327 I ExplicitHealthCheckController: Service not ready to get health check supported packages. Binding...
08-09 11:55:22.264   327   327 I ExplicitHealthCheckController: Explicit health check service is bound
08-09 11:55:22.268   327   327 I ExplicitHealthCheckController: Explicit health check service is connected ComponentInfo{android.ext.services/android.ext.services.watchdog.ExplicitHealthCheckServiceImpl}
08-09 11:55:22.268   327   327 I ExplicitHealthCheckController: Service initialized, syncing requests
08-09 11:55:22.268   327   327 I PackageWatchdog: Syncing health check requests for packages: {}
08-09 11:55:22.268   327   327 D ExplicitHealthCheckController: Getting health check supported packages
08-09 11:55:22.273   327  4363 I ExplicitHealthCheckController: Explicit health check supported packages [PackageConfig{com.android.networkstack, 86400000}]
08-09 11:55:22.273   327  4363 D PackageWatchdog: Received supported packages [PackageConfig{com.android.networkstack, 86400000}]
08-09 11:55:22.273   327  4363 D ExplicitHealthCheckController: Getting health check requested packages
08-09 11:55:22.275   327  4363 I ExplicitHealthCheckController: Explicit health check requested packages []
08-09 11:55:22.275   327  4363 I ExplicitHealthCheckController: No more health check requests, unbinding...
08-09 11:55:22.277   327  4363 I ExplicitHealthCheckController: Explicit health check service is unbound
08-09 11:55:22.337   327  3961 I RescueParty: Starting to observe: [android], updated namespace: lmkd_native
08-09 11:55:22.338   327   370 I PackageWatchdog: Syncing state, reason: observing new packages
08-09 11:55:22.338   327   370 D PackageWatchdog: rescue-party-observer added the following packages to monitor [android]
08-09 11:55:22.338   327   370 I PackageWatchdog: Syncing state, reason: updated observers
08-09 11:55:22.338   327   370 I PackageWatchdog: Not pruning observers, elapsed time: 0ms
08-09 11:55:22.338   327   370 I PackageWatchdog: Saving observer state to file
08-09 11:55:22.341   327   327 I PackageWatchdog: Syncing health check requests for packages: {}
08-09 11:55:22.341   327   327 I ExplicitHealthCheckController: Service not ready to get health check supported packages. Binding...
08-09 11:55:22.345   327   327 I ExplicitHealthCheckController: Explicit health check service is bound
08-09 11:55:22.345   327   327 I ExplicitHealthCheckController: Explicit health check service is connected ComponentInfo{android.ext.services/android.ext.services.watchdog.ExplicitHealthCheckServiceImpl}
08-09 11:55:22.345   327   327 I ExplicitHealthCheckController: Service initialized, syncing requests
08-09 11:55:22.346   327   327 I PackageWatchdog: Syncing health check requests for packages: {}
08-09 11:55:22.346   327   327 D ExplicitHealthCheckController: Getting health check supported packages
08-09 11:55:22.354   327  4363 I ExplicitHealthCheckController: Explicit health check supported packages [PackageConfig{com.android.networkstack, 86400000}]
08-09 11:55:22.354   327  4363 D PackageWatchdog: Received supported packages [PackageConfig{com.android.networkstack, 86400000}]
08-09 11:55:22.354   327  4363 D ExplicitHealthCheckController: Getting health check requested packages
08-09 11:55:22.356   327  3961 I ExplicitHealthCheckController: Explicit health check requested packages []
08-09 11:55:22.356   327  3961 I ExplicitHealthCheckController: No more health check requests, unbinding...
08-09 11:55:22.360   327  3961 I ExplicitHealthCheckController: Explicit health check service is unbound
08-09 11:55:22.486   327  3961 I RescueParty: Starting to observe: [android], updated namespace: configuration
08-09 11:55:22.487   327   370 I PackageWatchdog: Syncing state, reason: observing new packages
08-09 11:55:22.487   327   370 D PackageWatchdog: rescue-party-observer added the following packages to monitor [android]
08-09 11:55:22.487   327   370 I PackageWatchdog: Syncing state, reason: updated observers
08-09 11:55:22.487   327   370 I PackageWatchdog: Not pruning observers, elapsed time: 0ms
08-09 11:55:22.487   327   370 I PackageWatchdog: Saving observer state to file
08-09 11:55:22.491   327   327 I PackageWatchdog: Syncing health check requests for packages: {}
08-09 11:55:22.491   327   327 I ExplicitHealthCheckController: Service not ready to get health check supported packages. Binding...
08-09 11:55:22.492   327   327 I ExplicitHealthCheckController: Explicit health check service is bound
08-09 11:55:22.497   327   327 I ExplicitHealthCheckController: Explicit health check service is connected ComponentInfo{android.ext.services/android.ext.services.watchdog.ExplicitHealthCheckServiceImpl}
08-09 11:55:22.497   327   327 I ExplicitHealthCheckController: Service initialized, syncing requests
08-09 11:55:22.497   327   327 I PackageWatchdog: Syncing health check requests for packages: {}
08-09 11:55:22.497   327   327 D ExplicitHealthCheckController: Getting health check supported packages
08-09 11:55:22.500   327  6245 I ExplicitHealthCheckController: Explicit health check supported packages [PackageConfig{com.android.networkstack, 86400000}]
08-09 11:55:22.500   327  6245 D PackageWatchdog: Received supported packages [PackageConfig{com.android.networkstack, 86400000}]
08-09 11:55:22.501   327  6245 D ExplicitHealthCheckController: Getting health check requested packages
08-09 11:55:22.502   327  6245 I ExplicitHealthCheckController: Explicit health check requested packages []
08-09 11:55:22.502   327  6245 I ExplicitHealthCheckController: No more health check requests, unbinding...
08-09 11:55:22.503   327  6245 I ExplicitHealthCheckController: Explicit health check service is unbound
08-09 11:55:22.506   327  7059 E SettingsToPropertiesMapper: adservices/disable_sdk_sandbox,adservices/enforce_broadcast_receiver_restrictions,adservices/fledge_ad_selection_enforce_foreground_status_custom_audience,adservices/fledge_custom_audience_max_count,adservices/fledge_custom_audience_max_num_ads,adservices/fledge_custom_audience_max_owner_count,adservices/fledge_custom_audience_per_app_max_count,adservices/fledge_js_isolate_enforce_max_heap_size,adservices/fledge_js_isolate_max_heap_size_bytes,adservices/sdk_request_permits_per_second,adservices/sdksandbox_customized_sdk_context_enabled,configuration/namespace_to_package_mapping,constrain_display_apis/always_constrain_display_apis,constrain_display_apis/never_constrain_display_apis,constrain_display_apis/never_constrain_display_apis_all_packages,device_policy_manager/disable_resources_updatability,flipendo/default_savings_mode_launch,flipendo/essential_apps,flipendo/flipendo_enabled_launch,flipendo/grayscale_enabled_launch,flipendo/lever_ble_scanning_enabled_launch,flipendo/lever_hotspot_enabled_launch,flipendo/lever_work_profile_enabled_launch,flipendo/resuspend_delay_minutes,namespace/key,namespace1/key1,namespace1/key2,namespace2/key1,namespace2/key2,package_manager_service/incfs_default_timeouts,package_manager_service/known_digesters_list,privacy/location_access_check_periodic_interval_millis,rollback/enable_rollback_timeout,rollback/watchdog_explicit_health_check_enabled,rollback/watchdog_request_timeout_millis,rollback/watchdog_trigger_failure_count,rollback/watchdog_trigger_failure_duration_millis,rollback_boot/rollback_lifetime_in_millis,systemui/nas_generate_actions,systemui/nas_generate_replies,systemui/nas_max_messages_to_extract,systemui/nas_max_suggestions,testspace/another,testspace/flagname,textclassifier/config_updater_model_enabled,textclassifier/key,textclassifier/key2,textclassifier/manifest_url_annotator_en,textclassifier/manifest_url_annotator_ru,textclassifier/model_download_backoff_delay_in_millis,textclassifier/model_download_manager_enabled,textclassifier/multi_language_support_enabled,textclassifier/testing_locale_list_override,textclassifier/textclassifier_service_package_override,window_manager/enable_default_rescind_bal_privileges_from_pending_intent_sender,wrong/nas_generate_replies, exceeds system property max length.
08-09 11:55:22.691   327  4412 I RescueParty: Starting to observe: [com.android.permissioncontroller], updated namespace: permissions
08-09 11:55:22.694   327   370 I PackageWatchdog: Syncing state, reason: observing new packages
08-09 11:55:22.694   327   370 D PackageWatchdog: rescue-party-observer added the following packages to monitor [com.android.permissioncontroller]
08-09 11:55:22.694   327   370 I PackageWatchdog: Syncing state, reason: updated observers
08-09 11:55:22.694   327   370 I PackageWatchdog: Not pruning observers, elapsed time: 0ms
08-09 11:55:22.694   327   370 I PackageWatchdog: Saving observer state to file
08-09 11:55:22.707   327   327 I PackageWatchdog: Syncing health check requests for packages: {}
08-09 11:55:22.707   327   327 I ExplicitHealthCheckController: Service not ready to get health check supported packages. Binding...
08-09 11:55:22.717   327   327 I ExplicitHealthCheckController: Explicit health check service is bound
08-09 11:55:22.721   327   327 I ExplicitHealthCheckController: Explicit health check service is connected ComponentInfo{android.ext.services/android.ext.services.watchdog.ExplicitHealthCheckServiceImpl}
08-09 11:55:22.722   327   327 I ExplicitHealthCheckController: Service initialized, syncing requests
08-09 11:55:22.722   327   327 I PackageWatchdog: Syncing health check requests for packages: {}
08-09 11:55:22.722   327   327 D ExplicitHealthCheckController: Getting health check supported packages
08-09 11:55:22.728   327  3961 I ExplicitHealthCheckController: Explicit health check supported packages [PackageConfig{com.android.networkstack, 86400000}]
08-09 11:55:22.728   327  3961 D PackageWatchdog: Received supported packages [PackageConfig{com.android.networkstack, 86400000}]
08-09 11:55:22.728   327  3961 D ExplicitHealthCheckController: Getting health check requested packages
08-09 11:55:22.731   327  3961 I ExplicitHealthCheckController: Explicit health check requested packages []
08-09 11:55:22.731   327  3961 I ExplicitHealthCheckController: No more health check requests, unbinding...
08-09 11:55:22.732   327  3961 I ExplicitHealthCheckController: Explicit health check service is unbound
08-09 11:55:22.900   327  4412 D CompatibilityChangeReporter: Compat change id reported: 168419799; UID 10121; state: DISABLED
08-09 11:55:22.900   327  4412 D CompatibilityChangeReporter: Compat change id reported: 273564678; UID 10121; state: DISABLED
08-09 11:55:22.957   327  3961 I RescueParty: Starting to observe: [android], updated namespace: system_time
08-09 11:55:22.958   327   370 I PackageWatchdog: Syncing state, reason: observing new packages
08-09 11:55:22.958   327   370 D PackageWatchdog: rescue-party-observer added the following packages to monitor [android]
08-09 11:55:22.958   327   370 I PackageWatchdog: Syncing state, reason: updated observers
08-09 11:55:22.958   327   370 I PackageWatchdog: Not pruning observers, elapsed time: 0ms
08-09 11:55:22.958   327   370 I PackageWatchdog: Saving observer state to file
08-09 11:55:22.963   327   327 I PackageWatchdog: Syncing health check requests for packages: {}
08-09 11:55:22.963   327   327 I ExplicitHealthCheckController: Service not ready to get health check supported packages. Binding...
08-09 11:55:22.972   327   327 I ExplicitHealthCheckController: Explicit health check service is bound
08-09 11:55:22.986   327   327 I ExplicitHealthCheckController: Explicit health check service is connected ComponentInfo{android.ext.services/android.ext.services.watchdog.ExplicitHealthCheckServiceImpl}
08-09 11:55:22.986   327   327 I ExplicitHealthCheckController: Service initialized, syncing requests
08-09 11:55:22.986   327   327 I PackageWatchdog: Syncing health check requests for packages: {}
08-09 11:55:22.987   327   327 D ExplicitHealthCheckController: Getting health check supported packages
08-09 11:55:22.993   327  4412 I ExplicitHealthCheckController: Explicit health check supported packages [PackageConfig{com.android.networkstack, 86400000}]
08-09 11:55:22.993   327  4412 D PackageWatchdog: Received supported packages [PackageConfig{com.android.networkstack, 86400000}]
08-09 11:55:22.994   327  4412 D ExplicitHealthCheckController: Getting health check requested packages
08-09 11:55:23.002   327  4412 I ExplicitHealthCheckController: Explicit health check requested packages []
08-09 11:55:23.002   327  4412 I ExplicitHealthCheckController: No more health check requests, unbinding...
08-09 11:55:23.015   327  4412 I ExplicitHealthCheckController: Explicit health check service is unbound
08-09 11:55:23.153   327   361 W Looper  : Slow dispatch took 130ms android.fg h=android.os.Handler c=com.android.server.timezonedetector.location.LocationTimeZoneManagerService$$ExternalSyntheticLambda1@6981f97 m=0
08-09 11:55:23.726   327  3961 I RescueParty: Starting to observe: [android], updated namespace: location
08-09 11:55:23.726   327   370 I PackageWatchdog: Syncing state, reason: observing new packages
08-09 11:55:23.726   327   370 D PackageWatchdog: rescue-party-observer added the following packages to monitor [android]
08-09 11:55:23.726   327   370 I PackageWatchdog: Syncing state, reason: updated observers
08-09 11:55:23.726   327   370 I PackageWatchdog: Not pruning observers, elapsed time: 0ms
08-09 11:55:23.726   327   370 I PackageWatchdog: Saving observer state to file
08-09 11:55:23.730   327   327 I PackageWatchdog: Syncing health check requests for packages: {}
08-09 11:55:23.730   327   327 I ExplicitHealthCheckController: Service not ready to get health check supported packages. Binding...
08-09 11:55:23.731   327   327 I ExplicitHealthCheckController: Explicit health check service is bound
08-09 11:55:23.747   327   327 I PackageWatchdog: Syncing health check requests for packages: {}
08-09 11:55:23.747   327   327 I ExplicitHealthCheckController: Service not ready to get health check supported packages. Binding...
08-09 11:55:23.747   327   327 I ExplicitHealthCheckController: Not binding to service, service already connecting
08-09 11:55:23.747   327   327 I ExplicitHealthCheckController: Explicit health check service is connected ComponentInfo{android.ext.services/android.ext.services.watchdog.ExplicitHealthCheckServiceImpl}
08-09 11:55:23.747   327   327 I ExplicitHealthCheckController: Service initialized, syncing requests
08-09 11:55:23.747   327   327 I PackageWatchdog: Syncing health check requests for packages: {}
08-09 11:55:23.747   327   327 D ExplicitHealthCheckController: Getting health check supported packages
08-09 11:55:23.753   327  4412 I ExplicitHealthCheckController: Explicit health check supported packages [PackageConfig{com.android.networkstack, 86400000}]
08-09 11:55:23.753   327  4412 D PackageWatchdog: Received supported packages [PackageConfig{com.android.networkstack, 86400000}]
08-09 11:55:23.753   327  4412 D ExplicitHealthCheckController: Getting health check requested packages
08-09 11:55:23.755   327  4412 I ExplicitHealthCheckController: Explicit health check requested packages []
08-09 11:55:23.755   327  4412 I ExplicitHealthCheckController: No more health check requests, unbinding...
08-09 11:55:23.756   327  4412 I ExplicitHealthCheckController: Explicit health check service is unbound
08-09 11:55:24.120   327   693 D CompatibilityChangeReporter: Compat change id reported: 168419799; UID 10117; state: DISABLED
08-09 11:55:24.120   327   693 D CompatibilityChangeReporter: Compat change id reported: 273564678; UID 10117; state: DISABLED
08-09 11:55:24.141   327   362 D VRI[systemui]: updatePointerIcon called with position out of bounds
08-09 11:55:24.153   327   362 D VRI[systemui]: updatePointerIcon called with position out of bounds
08-09 11:55:24.169   327   362 D VRI[systemui]: updatePointerIcon called with position out of bounds
08-09 11:55:24.550   327   693 I RescueParty: Starting to observe: [android], updated namespace: surface_flinger_native_boot
08-09 11:55:24.550   327   370 I PackageWatchdog: Syncing state, reason: observing new packages
08-09 11:55:24.550   327   370 D PackageWatchdog: rescue-party-observer added the following packages to monitor [android]
08-09 11:55:24.550   327   370 I PackageWatchdog: Syncing state, reason: updated observers
08-09 11:55:24.550   327   370 I PackageWatchdog: Not pruning observers, elapsed time: 0ms
08-09 11:55:24.550   327   370 I PackageWatchdog: Saving observer state to file
08-09 11:55:24.561   327   327 I PackageWatchdog: Syncing health check requests for packages: {}
08-09 11:55:24.561   327   327 I ExplicitHealthCheckController: Service not ready to get health check supported packages. Binding...
08-09 11:55:24.564   327   327 I ExplicitHealthCheckController: Explicit health check service is bound
08-09 11:55:24.565   327   327 I ExplicitHealthCheckController: Explicit health check service is connected ComponentInfo{android.ext.services/android.ext.services.watchdog.ExplicitHealthCheckServiceImpl}
08-09 11:55:24.565   327   327 I ExplicitHealthCheckController: Service initialized, syncing requests
08-09 11:55:24.565   327   327 I PackageWatchdog: Syncing health check requests for packages: {}
08-09 11:55:24.565   327   327 D ExplicitHealthCheckController: Getting health check supported packages
08-09 11:55:24.570   327  4363 I ExplicitHealthCheckController: Explicit health check supported packages [PackageConfig{com.android.networkstack, 86400000}]
08-09 11:55:24.570   327  4363 D PackageWatchdog: Received supported packages [PackageConfig{com.android.networkstack, 86400000}]
08-09 11:55:24.570   327  4363 D ExplicitHealthCheckController: Getting health check requested packages
08-09 11:55:24.572   327  4363 I ExplicitHealthCheckController: Explicit health check requested packages []
08-09 11:55:24.572   327  4363 I ExplicitHealthCheckController: No more health check requests, unbinding...
08-09 11:55:24.576   327  4363 I ExplicitHealthCheckController: Explicit health check service is unbound
08-09 11:55:24.948   327   693 I RescueParty: Starting to observe: [android], updated namespace: runtime_native_boot
