08-09 12:11:41.060  4472  4472 I Finsky:background: [2] PIM: Ignore install package event for: com.devsisters.ck, isid: MwjtIzqJS4aCel_65UiosQ
08-09 12:11:41.064  8911  8993 I Finsky  : [89] Install States emitted for 9 apps
08-09 12:11:41.066   327  6244 D FakeWifi: Faking wifi for com.android.vending
08-09 12:11:41.066   327  6244 D FakeWifi: Faking wifi for com.android.vending
08-09 12:11:41.067  8911  8993 D FakeWifi: Faking wifi for com.android.vending
08-09 12:11:41.067  8911  8993 D FakeWifi: Faking wifi for com.android.vending
08-09 12:11:41.067  8911  8993 D FakeWifi: Faking wifi for com.android.vending
08-09 12:11:41.067  8911  8993 D FakeWifi: Faking wifi for com.android.vending
08-09 12:11:41.067  8911  8993 D FakeWifi: Faking wifi for com.android.vending
08-09 12:11:41.082   327  6240 D FakeWifi: Faking wifi for com.android.vending
08-09 12:11:41.082   327  6240 D FakeWifi: Faking wifi for com.android.vending
08-09 12:11:41.083  8911  8993 D FakeWifi: Faking wifi for com.android.vending
08-09 12:11:41.083  8911  8993 D FakeWifi: Faking wifi for com.android.vending
08-09 12:11:41.083  8911  8993 D FakeWifi: Faking wifi for com.android.vending
08-09 12:11:41.083  8911  8993 D FakeWifi: Faking wifi for com.android.vending
08-09 12:11:41.083  8911  8993 D FakeWifi: Faking wifi for com.android.vending
08-09 12:11:41.471  8597  8644 D LocalImageResolver: Couldn't use ImageDecoder for drawable, falling back to non-resized load.
08-09 12:11:41.472  8597  8644 D LocalImageResolver: Couldn't use ImageDecoder for drawable, falling back to non-resized load.
08-09 12:11:41.556  9219  9669 I LocationHistory: [SettingsSyncOneOffTask] Synced ODLH settings for all accounts. [CONTEXT service_id=314 ]
08-09 12:11:41.560  9219  9219 D BoundBrokerSvc: onUnbind: Intent { act=com.google.android.gms.semanticlocationhistory.settings.SettingsSyncOneOffService.ACTION_TASK_READY dat=chimera-action:/... cmp=com.google.android.gms/.chimera.GmsInternalBoundBrokerService }
08-09 12:11:41.561  1060  9611 I NetworkScheduler.Stats: Task com.google.android.gms/com.google.android.gms.semanticlocationhistory.settings.SettingsSyncOneOffService finished executing. cause:5 result: 1 elapsed_millis: 2294 uptime_millis: 2294 exec_start_elapsed_seconds: 60854 [CONTEXT service_id=218 ]
08-09 12:11:41.894  8911  8960 I PlayCommon: [64] Successfully uploaded logs.
08-09 12:11:45.113  8911  8911 I Choreographer: Skipped 30 frames!  The application may be doing too much work on its main thread.
08-09 12:11:45.547   327  6240 W system_server: Long monitor contention with owner com.android.permission.util.ForegroundThread (413) at boolean com.android.server.am.ActivityManagerService.unbindService(android.app.IServiceConnection)(ActivityManagerService.java:12795) waiters=0 in void com.android.server.am.ActivityManagerService.serviceDoneExecuting(android.os.IBinder, int, int, int) for 207ms
08-09 12:11:45.549  1060  1060 D BoundBrokerSvc: onUnbind: Intent { act=com.google.android.gms.time.trustedtime.service.START dat=chimera-action:/... cmp=com.google.android.gms/.chimera.PersistentDirectBootAwareApiService }
08-09 12:11:46.852   327  6240 W system_server: Long monitor contention with owner batterystats-handler (376) at android.util.StatsEvent$Buffer android.util.StatsEvent$Buffer.obtain()(StatsEvent.java:856) waiters=0 in android.util.StatsEvent$Buffer android.util.StatsEvent$Buffer.obtain() for 1.302s
08-09 12:11:47.266  4472  9167 W ding:background: Long monitor contention with owner DownloadService-DownloadOrWrite-4 (9174) at void wwn.b(cgbm, cgbo, java.nio.ByteBuffer)(PG:102) waiters=0 in void wwn.b(cgbm, cgbo, java.nio.ByteBuffer) for 4.105s
08-09 12:11:47.266   327   370 W system_server: Long monitor contention with owner binder:327_1C (6240) at void com.android.server.am.ActivityManagerService.serviceDoneExecuting(android.os.IBinder, int, int, int)(ActivityManagerService.java:12831) waiters=3 in void com.android.server.am.ContentProviderHelper.handleProviderRemoval(com.android.server.am.ContentProviderConnection, boolean, boolean) for 1.386s
08-09 12:11:47.269   327  6244 W system_server: Long monitor contention with owner binder:327_1C (6240) at void com.android.server.am.ActivityManagerService.serviceDoneExecuting(android.os.IBinder, int, int, int)(ActivityManagerService.java:12831) waiters=4 in boolean com.android.server.am.ActivityManagerService.unbindService(android.app.IServiceConnection) for 997ms
08-09 12:11:47.278   327  5966 W system_server: Long monitor contention with owner binder:327_1C (6240) at void com.android.server.am.ActivityManagerService.serviceDoneExecuting(android.os.IBinder, int, int, int)(ActivityManagerService.java:12831) waiters=5 in boolean com.android.server.am.ActivityManagerService.stopServiceToken(android.content.ComponentName, android.os.IBinder, int) for 599ms
08-09 12:11:47.287  1060  1060 D BoundBrokerSvc: onUnbind: Intent { act=com.google.android.gms.time.trustedtime.singleuserapi.service.START dat=chimera-action:/... cmp=com.google.android.gms/.chimera.PersistentSingleUserInternalApiService }
08-09 12:11:47.493  4472  9098 I Finsky:background: [161] DSC::L: Update all listeners for download <16:RUNNING:64%[64%]> in group com.devsisters.ck:MwjtIzqJS4aCel_65UiosQ
08-09 12:11:47.493  4472  9098 I Finsky:background: [161] DSC::L: Updating listener DownloadServiceManagerListener::aqfz@5163067 for download <16:RUNNING:64%[64%]>
08-09 12:11:47.493  4472  9098 I Finsky:background: [161] DS: Received onProgress request_id=16
08-09 12:11:47.493  4472  9098 I Finsky:background: [161] RM: receive resource status onProgress download_request_id=16, group_id=UnityDataAssetPack reason: bulk_update isid: MwjtIzqJS4aCel_65UiosQ, status_code=RESOURCE_STATUS_IN_PROGRESS, legacy_status_code=192, size: 212631411/332028638
08-09 12:11:47.493  4472  9098 I Finsky:background: [161] DSC::L: Updating listener wro@4233c05 for download <16:RUNNING:64%[64%]>
08-09 12:11:47.494  4472  9098 I Finsky:background: [161] DSC::L: Updating listener DownloadServiceManagerListener::ukd@c13eb7c for download <16:RUNNING:64%[64%]>
08-09 12:11:47.497  4472  4559 I Finsky:background: [51] RM: getStatus resourceRequestId=9fb9e231-b8b7-4081-aaf8-317c25f2b8d5 requestId=16 package=com.devsisters.ck artifact=UnityDataAssetPack isid=MwjtIzqJS4aCel_65UiosQ
08-09 12:11:47.497  4472  4559 I Finsky:background: [51] DSC: reviveDownload(16)
08-09 12:11:47.498  4472  4552 I Finsky:background: [46] DS: reviveDownload(request_id=16)
08-09 12:11:47.505  4472  9098 I Finsky:background: [161] DSC::L: Update all listeners for download <16:RUNNING:64%[64%]> in group com.devsisters.ck:MwjtIzqJS4aCel_65UiosQ
08-09 12:11:47.505  4472  9098 I Finsky:background: [161] DSC::L: Updating listener DownloadServiceManagerListener::aqfz@5163067 for download <16:RUNNING:64%[64%]>
08-09 12:11:47.505  4472  9098 I Finsky:background: [161] DS: Received onProgress request_id=16
08-09 12:11:47.505  4472  9098 I Finsky:background: [161] RM: receive resource status onProgress download_request_id=16, group_id=UnityDataAssetPack reason: bulk_update isid: MwjtIzqJS4aCel_65UiosQ, status_code=RESOURCE_STATUS_IN_PROGRESS, legacy_status_code=192, size: 212668131/332028638
08-09 12:11:47.506  4472  9098 I Finsky:background: [161] DSC::L: Updating listener wro@4233c05 for download <16:RUNNING:64%[64%]>
08-09 12:11:47.507  4472  9098 I Finsky:background: [161] DSC::L: Updating listener DownloadServiceManagerListener::ukd@c13eb7c for download <16:RUNNING:64%[64%]>
08-09 12:11:47.508  4472  4559 I Finsky:background: [51] RM: getStatus resourceRequestId=9fb9e231-b8b7-4081-aaf8-317c25f2b8d5 requestId=16 package=com.devsisters.ck artifact=UnityDataAssetPack isid=MwjtIzqJS4aCel_65UiosQ
08-09 12:11:47.508  4472  4559 I Finsky:background: [51] DSC: reviveDownload(16)
08-09 12:11:47.510  4472  4552 I Finsky:background: [46] DS: reviveDownload(request_id=16)
08-09 12:11:47.519  4472  9098 I Finsky:background: [161] DS: DS: onReviveDownload(request_id=16, files_to_download=[UnityDataAssetPack(size:332028638)], context[group_id=com.devsisters.ck:MwjtIzqJS4aCel_65UiosQ], display_data[invisible=false, title=CookieRun: Kingdom], network_restrictions=ANY_NETWORK status=running, bytes_downloaded=212668131, total_bytes=332028638, retry[count=0, next_retry=n/a])
08-09 12:11:47.520  4472  9098 I Finsky:background: [161] DS: DS: onReviveDownload(request_id=16, files_to_download=[UnityDataAssetPack(size:332028638)], context[group_id=com.devsisters.ck:MwjtIzqJS4aCel_65UiosQ], display_data[invisible=false, title=CookieRun: Kingdom], network_restrictions=ANY_NETWORK status=running, bytes_downloaded=212668131, total_bytes=332028638, retry[count=0, next_retry=n/a])
08-09 12:11:47.520  4472  4472 I Finsky:background: [2] RF: onProgress request_id=16 isid=MwjtIzqJS4aCel_65UiosQ
08-09 12:11:47.520  4472  4472 I Finsky:background: [2] RF: resourceStatus for request_id=16 group=com.devsisters.ck artifact=UnityDataAssetPack collectedBytes= 212668131 / 332028638
08-09 12:11:47.520  4472  4472 I Finsky:background: [2] RF: Group=com.devsisters.ck totalBytesDownloaded= 346744366 / 466104873 for 4 artifacts
08-09 12:11:47.522  4472  4472 I Finsky:background: [2] Updated time lastBroadcast=2026-08-09T05:11:41.045Z current=2026-08-09T05:11:47.521Z
08-09 12:11:47.522  4472  4472 I Finsky:background: [2] bytesCompleted/bytesTotal/ratio = 346744366 / 466104873 / 0.743919
08-09 12:11:47.522  4472  4472 I Finsky:background: [2] RF: onProgress request_id=16 isid=MwjtIzqJS4aCel_65UiosQ
08-09 12:11:47.522  4472  4472 I Finsky:background: [2] RF: resourceStatus for request_id=16 group=com.devsisters.ck artifact=UnityDataAssetPack collectedBytes= 212668131 / 332028638
08-09 12:11:47.522  4472  4472 I Finsky:background: [2] RF: Group=com.devsisters.ck totalBytesDownloaded= 346744366 / 466104873 for 4 artifacts
08-09 12:11:47.528  4472  9118 I Finsky:background: [167] IV2: onTaskProgress com.devsisters.ck[iid:2] [isid:MwjtIzqJS4aCel_65UiosQ] status:RESOURCE_FETCH_PROGRESS, size: 346744366/466104873
08-09 12:11:47.529  4472  4472 I Finsky:background: [2] RF: Preventing total bytes update to listeners
08-09 12:11:47.530  4472  9112 I Finsky:background: [163] IQ: Notifying installation update. [Package:com.devsisters.ck, isid:MwjtIzqJS4aCel_65UiosQ] state:DOWNLOADING, status=DOWNLOADING, status_code=0, reason=bulk_update, tsc=PT15M1.948S, attempt=0
08-09 12:11:47.950  4472  4472 I Finsky:background: [2] PIM: Ignore install package event for: com.devsisters.ck, isid: MwjtIzqJS4aCel_65UiosQ
08-09 12:11:47.952  8911  8993 I Finsky  : [89] Install States emitted for 9 apps
08-09 12:11:47.954   327  1658 D FakeWifi: Faking wifi for com.android.vending
08-09 12:11:47.954   327  1658 D FakeWifi: Faking wifi for com.android.vending
08-09 12:11:47.954  8911  9025 D FakeWifi: Faking wifi for com.android.vending
08-09 12:11:47.955  8911  9025 D FakeWifi: Faking wifi for com.android.vending
08-09 12:11:47.955  8911  9025 D FakeWifi: Faking wifi for com.android.vending
08-09 12:11:47.956  8911  9025 D FakeWifi: Faking wifi for com.android.vending
08-09 12:11:47.956  8911  9025 D FakeWifi: Faking wifi for com.android.vending
08-09 12:11:47.964   327  5966 D FakeWifi: Faking wifi for com.android.vending
08-09 12:11:47.965   327  5966 D FakeWifi: Faking wifi for com.android.vending
08-09 12:11:47.965  8911  9025 D FakeWifi: Faking wifi for com.android.vending
08-09 12:11:47.965  8911  9025 D FakeWifi: Faking wifi for com.android.vending
08-09 12:11:47.965  8911  9025 D FakeWifi: Faking wifi for com.android.vending
08-09 12:11:47.965  8911  9025 D FakeWifi: Faking wifi for com.android.vending
08-09 12:11:47.965  8911  9025 D FakeWifi: Faking wifi for com.android.vending
08-09 12:11:47.989  8597  8644 D LocalImageResolver: Couldn't use ImageDecoder for drawable, falling back to non-resized load.
08-09 12:11:47.991  8597  8644 D LocalImageResolver: Couldn't use ImageDecoder for drawable, falling back to non-resized load.
08-09 12:11:50.590  4472  9167 W ding:background: Long monitor contention with owner DownloadService-DownloadOrWrite-13 (9508) at void wwn.b(cgbm, cgbo, java.nio.ByteBuffer)(PG:102) waiters=0 in void wwn.b(cgbm, cgbo, java.nio.ByteBuffer) for 1.204s
08-09 12:11:50.598  4472  9098 I Finsky:background: [161] DSC::L: Update all listeners for download <16:RUNNING:65%[65%]> in group com.devsisters.ck:MwjtIzqJS4aCel_65UiosQ
08-09 12:11:50.598  4472  9098 I Finsky:background: [161] DSC::L: Updating listener DownloadServiceManagerListener::aqfz@5163067 for download <16:RUNNING:65%[65%]>
08-09 12:11:50.598  4472  9098 I Finsky:background: [161] DS: Received onProgress request_id=16
08-09 12:11:50.598  4472  9098 I Finsky:background: [161] RM: receive resource status onProgress download_request_id=16, group_id=UnityDataAssetPack reason: bulk_update isid: MwjtIzqJS4aCel_65UiosQ, status_code=RESOURCE_STATUS_IN_PROGRESS, legacy_status_code=192, size: 217157743/332028638
08-09 12:11:50.598  4472  9098 I Finsky:background: [161] DSC::L: Updating listener wro@4233c05 for download <16:RUNNING:65%[65%]>
08-09 12:11:50.598  4472  9098 I Finsky:background: [161] DSC::L: Updating listener DownloadServiceManagerListener::ukd@c13eb7c for download <16:RUNNING:65%[65%]>
08-09 12:11:50.599  4472  4631 I Finsky:background: [59] RM: getStatus resourceRequestId=9fb9e231-b8b7-4081-aaf8-317c25f2b8d5 requestId=16 package=com.devsisters.ck artifact=UnityDataAssetPack isid=MwjtIzqJS4aCel_65UiosQ
08-09 12:11:50.599  4472  4631 I Finsky:background: [59] DSC: reviveDownload(16)
08-09 12:11:50.600  4472  4631 I Finsky:background: [59] DS: reviveDownload(request_id=16)
08-09 12:11:50.616  4472  9098 I Finsky:background: [161] DS: DS: onReviveDownload(request_id=16, files_to_download=[UnityDataAssetPack(size:332028638)], context[group_id=com.devsisters.ck:MwjtIzqJS4aCel_65UiosQ], display_data[invisible=false, title=CookieRun: Kingdom], network_restrictions=ANY_NETWORK status=running, bytes_downloaded=217157743, total_bytes=332028638, retry[count=0, next_retry=n/a])
08-09 12:11:50.618  4472  4472 I Finsky:background: [2] RF: onProgress request_id=16 isid=MwjtIzqJS4aCel_65UiosQ
08-09 12:11:50.619  4472  4472 I Finsky:background: [2] RF: resourceStatus for request_id=16 group=com.devsisters.ck artifact=UnityDataAssetPack collectedBytes= 217157743 / 332028638
08-09 12:11:50.619  4472  4472 I Finsky:background: [2] RF: Group=com.devsisters.ck totalBytesDownloaded= 351233978 / 466104873 for 4 artifacts
08-09 12:11:50.626  4472  4472 I Finsky:background: [2] Updated time lastBroadcast=2026-08-09T05:11:47.522Z current=2026-08-09T05:11:50.625Z
08-09 12:11:50.626  4472  4472 I Finsky:background: [2] bytesCompleted/bytesTotal/ratio = 351233978 / 466104873 / 0.753551
08-09 12:11:50.631  4472  9118 I Finsky:background: [167] IV2: onTaskProgress com.devsisters.ck[iid:2] [isid:MwjtIzqJS4aCel_65UiosQ] status:RESOURCE_FETCH_PROGRESS, size: 351233978/466104873
08-09 12:11:50.633  4472  9112 I Finsky:background: [163] IQ: Notifying installation update. [Package:com.devsisters.ck, isid:MwjtIzqJS4aCel_65UiosQ] state:DOWNLOADING, status=DOWNLOADING, status_code=0, reason=bulk_update, tsc=PT15M5.051S, attempt=0
08-09 12:11:51.048  4472  4472 I Finsky:background: [2] PIM: Ignore install package event for: com.devsisters.ck, isid: MwjtIzqJS4aCel_65UiosQ
08-09 12:11:51.049  8911  8993 I Finsky  : [89] Install States emitted for 9 apps
08-09 12:11:51.051   327  5966 D FakeWifi: Faking wifi for com.android.vending
08-09 12:11:51.051   327  5966 D FakeWifi: Faking wifi for com.android.vending
08-09 12:11:51.052  8911  8993 D FakeWifi: Faking wifi for com.android.vending
08-09 12:11:51.052  8911  8993 D FakeWifi: Faking wifi for com.android.vending
08-09 12:11:51.052  8911  8993 D FakeWifi: Faking wifi for com.android.vending
08-09 12:11:51.052  8911  8993 D FakeWifi: Faking wifi for com.android.vending
08-09 12:11:51.052  8911  8993 D FakeWifi: Faking wifi for com.android.vending
08-09 12:11:51.065   327   815 D FakeWifi: Faking wifi for com.android.vending
08-09 12:11:51.066   327   815 D FakeWifi: Faking wifi for com.android.vending
08-09 12:11:51.067  8911  8993 D FakeWifi: Faking wifi for com.android.vending
08-09 12:11:51.067  8911  8993 D FakeWifi: Faking wifi for com.android.vending
08-09 12:11:51.067  8911  8993 D FakeWifi: Faking wifi for com.android.vending
08-09 12:11:51.067  8911  8993 D FakeWifi: Faking wifi for com.android.vending
08-09 12:11:51.068  8911  8993 D FakeWifi: Faking wifi for com.android.vending
08-09 12:11:51.157  8911  8911 I Finsky  : [2] SCH: job service start with id 9945.
08-09 12:11:51.164  8911  9570 I Finsky  : [189] SCH: Satisfied jobs for 9945 are: 12-1
08-09 12:11:51.166  8911  9679 I Finsky  : [196] SCH: Job 12-1 starting
08-09 12:11:51.166  8911  8911 I Finsky  : [2] WM::SCH: Logging work start for 12-1
08-09 12:11:51.166  8911  8911 I Finsky  : [2] [ContentSync] job started
08-09 12:11:51.269  8597  8644 D LocalImageResolver: Couldn't use ImageDecoder for drawable, falling back to non-resized load.
08-09 12:11:51.270  8597  8644 D LocalImageResolver: Couldn't use ImageDecoder for drawable, falling back to non-resized load.
08-09 12:11:51.496  4472  9098 I Finsky:background: [161] DSC::L: Update all listeners for download <16:RUNNING:65%[65%]> in group com.devsisters.ck:MwjtIzqJS4aCel_65UiosQ
08-09 12:11:51.496  4472  9098 I Finsky:background: [161] DSC::L: Updating listener DownloadServiceManagerListener::aqfz@5163067 for download <16:RUNNING:65%[65%]>
08-09 12:11:51.496  4472  9098 I Finsky:background: [161] DS: Received onProgress request_id=16
08-09 12:11:51.496  4472  9098 I Finsky:background: [161] RM: receive resource status onProgress download_request_id=16, group_id=UnityDataAssetPack reason: bulk_update isid: MwjtIzqJS4aCel_65UiosQ, status_code=RESOURCE_STATUS_IN_PROGRESS, legacy_status_code=192, size: 218377759/332028638
08-09 12:11:51.497  4472  9098 I Finsky:background: [161] DSC::L: Updating listener wro@4233c05 for download <16:RUNNING:65%[65%]>
08-09 12:11:51.497  4472  9098 I Finsky:background: [161] DSC::L: Updating listener DownloadServiceManagerListener::ukd@c13eb7c for download <16:RUNNING:65%[65%]>
08-09 12:11:51.497  4472  4631 I Finsky:background: [59] RM: getStatus resourceRequestId=9fb9e231-b8b7-4081-aaf8-317c25f2b8d5 requestId=16 package=com.devsisters.ck artifact=UnityDataAssetPack isid=MwjtIzqJS4aCel_65UiosQ
08-09 12:11:51.497  4472  4631 I Finsky:background: [59] DSC: reviveDownload(16)
08-09 12:11:51.500  4472  4631 I Finsky:background: [59] DS: reviveDownload(request_id=16)
08-09 12:11:51.525  4472  9098 I Finsky:background: [161] DS: DS: onReviveDownload(request_id=16, files_to_download=[UnityDataAssetPack(size:332028638)], context[group_id=com.devsisters.ck:MwjtIzqJS4aCel_65UiosQ], display_data[invisible=false, title=CookieRun: Kingdom], network_restrictions=ANY_NETWORK status=running, bytes_downloaded=218377759, total_bytes=332028638, retry[count=0, next_retry=n/a])
08-09 12:11:51.529  4472  4472 I Finsky:background: [2] RF: onProgress request_id=16 isid=MwjtIzqJS4aCel_65UiosQ
08-09 12:11:51.529  4472  4472 I Finsky:background: [2] RF: resourceStatus for request_id=16 group=com.devsisters.ck artifact=UnityDataAssetPack collectedBytes= 218377759 / 332028638
08-09 12:11:51.529  4472  4472 I Finsky:background: [2] RF: Group=com.devsisters.ck totalBytesDownloaded= 352453994 / 466104873 for 4 artifacts
08-09 12:11:51.532  4472  4472 I Finsky:background: [2] RF: Preventing total bytes update to listeners
08-09 12:11:52.024  8597  8644 D LocalImageResolver: Couldn't use ImageDecoder for drawable, falling back to non-resized load.
08-09 12:11:52.025  8597  8644 D LocalImageResolver: Couldn't use ImageDecoder for drawable, falling back to non-resized load.
08-09 12:11:52.135  8911  8911 W Choreographer: Frame time is 0.031698 ms in the future!  Check that graphics HAL is generating vsync timestamps using the correct timebase.
08-09 12:11:52.391   327   353 I system_server: Background young concurrent copying GC freed 846631(36MB) AllocSpace objects, 39(792KB) LOS objects, 63% free, 21MB/58MB, paused 1.124ms,308us total 819.487ms
08-09 12:11:52.749  8911  8911 I Finsky  : [2] App states replicator found 3 unowned apps
08-09 12:11:52.786  8911  8941 D FakeWifi: Faking wifi for com.android.vending
08-09 12:11:52.787  8911  8941 D FakeWifi: Faking wifi for com.android.vending
08-09 12:11:52.793  8911  8957 D FakeWifi: Faking wifi for com.android.vending
08-09 12:11:52.793  8911  8957 D FakeWifi: Faking wifi for com.android.vending
08-09 12:11:53.464  8911  9680 I Finsky  : [197] Completed 1 account content syncs with 1 successful.
08-09 12:11:53.464  8911  8911 I Finsky  : [2] [ContentSync] Installation state replication succeeded.
08-09 12:11:53.465  8911  8911 I Finsky  : [2] SCH: jobFinished: 12-1. TimeElapsed: 2299ms.
08-09 12:11:53.465  8911  8911 I Finsky  : [2] WM::SCH: Logging work end for 12-1
08-09 12:11:53.525  4472  9098 I Finsky:background: [161] DSC::L: Update all listeners for download <16:RUNNING:66%[66%]> in group com.devsisters.ck:MwjtIzqJS4aCel_65UiosQ
08-09 12:11:53.526  4472  9098 I Finsky:background: [161] DSC::L: Updating listener DownloadServiceManagerListener::aqfz@5163067 for download <16:RUNNING:66%[66%]>
08-09 12:11:53.526  4472  9098 I Finsky:background: [161] DS: Received onProgress request_id=16
08-09 12:11:53.527  4472  9098 I Finsky:background: [161] RM: receive resource status onProgress download_request_id=16, group_id=UnityDataAssetPack reason: bulk_update isid: MwjtIzqJS4aCel_65UiosQ, status_code=RESOURCE_STATUS_IN_PROGRESS, legacy_status_code=192, size: 219878418/332028638
08-09 12:11:53.527  4472  9098 I Finsky:background: [161] DSC::L: Updating listener wro@4233c05 for download <16:RUNNING:66%[66%]>
08-09 12:11:53.527  4472  9098 I Finsky:background: [161] DSC::L: Updating listener DownloadServiceManagerListener::ukd@c13eb7c for download <16:RUNNING:66%[66%]>
08-09 12:11:53.549  4472  4552 I Finsky:background: [46] RM: getStatus resourceRequestId=9fb9e231-b8b7-4081-aaf8-317c25f2b8d5 requestId=16 package=com.devsisters.ck artifact=UnityDataAssetPack isid=MwjtIzqJS4aCel_65UiosQ
08-09 12:11:53.549  4472  4552 I Finsky:background: [46] DSC: reviveDownload(16)
08-09 12:11:53.550  4472  4559 I Finsky:background: [51] DS: reviveDownload(request_id=16)
08-09 12:11:53.552  8911  8941 I Finsky  : [48] SCH: Scheduling phonesky job Id: 1-1337, CT: 1786251279398, Constraints: [{ L: 43022452, D: 86222452, C: CHARGING_NONE, I: IDLE_NONE, N: NET_ANY, B: BATTERY_ANY }]
08-09 12:11:53.552  8911  8941 I Finsky  : [48] SCH: Scheduling phonesky job Id: 10-4, CT: 1786251279095, Constraints: [{ L: 1200000, D: 86400000, C: CHARGING_NONE, I: IDLE_NONE, N: NET_ANY, B: BATTERY_ANY }]
08-09 12:11:53.553  8911  8941 I Finsky  : [48] SCH: Scheduling phonesky job Id: 34-10, CT: 1786251331993, Constraints: [{ L: 79198306, D: 1375198306, C: CHARGING_NONE, I: IDLE_NONE, N: NET_ANY, B: BATTERY_ANY }]
08-09 12:11:53.554  4472  9098 I Finsky:background: [161] DS: DS: onReviveDownload(request_id=16, files_to_download=[UnityDataAssetPack(size:332028638)], context[group_id=com.devsisters.ck:MwjtIzqJS4aCel_65UiosQ], display_data[invisible=false, title=CookieRun: Kingdom], network_restrictions=ANY_NETWORK status=running, bytes_downloaded=219878418, total_bytes=332028638, retry[count=0, next_retry=n/a])
08-09 12:11:53.555  4472  4472 I Finsky:background: [2] RF: onProgress request_id=16 isid=MwjtIzqJS4aCel_65UiosQ
08-09 12:11:53.555  4472  4472 I Finsky:background: [2] RF: resourceStatus for request_id=16 group=com.devsisters.ck artifact=UnityDataAssetPack collectedBytes= 219878418 / 332028638
08-09 12:11:53.555  4472  4472 I Finsky:background: [2] RF: Group=com.devsisters.ck totalBytesDownloaded= 353954653 / 466104873 for 4 artifacts
08-09 12:11:53.560  4472  4472 I Finsky:background: [2] Updated time lastBroadcast=2026-08-09T05:11:50.626Z current=2026-08-09T05:11:53.560Z
08-09 12:11:53.561  8911  8942 I Finsky  : [49] SCH: Scheduling 1 system job(s)
08-09 12:11:53.561  4472  4472 I Finsky:background: [2] bytesCompleted/bytesTotal/ratio = 353954653 / 466104873 / 0.759388
08-09 12:11:53.561  8911  8942 I Finsky  : [49] SCH: Scheduling system job Id: 9950, L: 165534, D: 85188289, C: false, I: false, N: 1
08-09 12:11:53.562  4472  9118 I Finsky:background: [167] IV2: onTaskProgress com.devsisters.ck[iid:2] [isid:MwjtIzqJS4aCel_65UiosQ] status:RESOURCE_FETCH_PROGRESS, size: 353954653/466104873
08-09 12:11:53.564  4472  9112 I Finsky:background: [163] IQ: Notifying installation update. [Package:com.devsisters.ck, isid:MwjtIzqJS4aCel_65UiosQ] state:DOWNLOADING, status=DOWNLOADING, status_code=0, reason=bulk_update, tsc=PT15M7.982S, attempt=0
08-09 12:11:53.579  8911  9679 I Finsky  : [196] SCH: job service finished with id 9945.
08-09 12:11:53.584  4472  4472 I Finsky:background: [2] PIM: Ignore install package event for: com.devsisters.ck, isid: MwjtIzqJS4aCel_65UiosQ
08-09 12:11:53.585  8911  8994 I Finsky  : [90] Install States emitted for 9 apps
08-09 12:11:53.587   327  6237 D FakeWifi: Faking wifi for com.android.vending
08-09 12:11:53.587   327  6237 D FakeWifi: Faking wifi for com.android.vending
08-09 12:11:53.587  8911  8994 D FakeWifi: Faking wifi for com.android.vending
08-09 12:11:53.587  8911  8994 D FakeWifi: Faking wifi for com.android.vending
08-09 12:11:53.587  8911  8994 D FakeWifi: Faking wifi for com.android.vending
08-09 12:11:53.587  8911  8994 D FakeWifi: Faking wifi for com.android.vending
08-09 12:11:53.587  8911  8994 D FakeWifi: Faking wifi for com.android.vending
08-09 12:11:53.593   327  1658 D FakeWifi: Faking wifi for com.android.vending
08-09 12:11:53.593   327  1658 D FakeWifi: Faking wifi for com.android.vending
08-09 12:11:53.593  8911  9027 D FakeWifi: Faking wifi for com.android.vending
08-09 12:11:53.593  8911  9027 D FakeWifi: Faking wifi for com.android.vending
08-09 12:11:53.594  8911  9027 D FakeWifi: Faking wifi for com.android.vending
08-09 12:11:53.594  8911  9027 D FakeWifi: Faking wifi for com.android.vending
08-09 12:11:53.594  8911  9027 D FakeWifi: Faking wifi for com.android.vending
08-09 12:11:53.986  8597  8644 D LocalImageResolver: Couldn't use ImageDecoder for drawable, falling back to non-resized load.
08-09 12:11:53.987  8597  8644 D LocalImageResolver: Couldn't use ImageDecoder for drawable, falling back to non-resized load.
08-09 12:11:55.486  4472  9098 I Finsky:background: [161] DSC::L: Update all listeners for download <16:RUNNING:66%[66%]> in group com.devsisters.ck:MwjtIzqJS4aCel_65UiosQ
08-09 12:11:55.486  4472  9098 I Finsky:background: [161] DSC::L: Updating listener DownloadServiceManagerListener::aqfz@5163067 for download <16:RUNNING:66%[66%]>
08-09 12:11:55.486  4472  9098 I Finsky:background: [161] DS: Received onProgress request_id=16
08-09 12:11:55.486  4472  9098 I Finsky:background: [161] RM: receive resource status onProgress download_request_id=16, group_id=UnityDataAssetPack reason: bulk_update isid: MwjtIzqJS4aCel_65UiosQ, status_code=RESOURCE_STATUS_IN_PROGRESS, legacy_status_code=192, size: 221186615/332028638
08-09 12:11:55.486  4472  9098 I Finsky:background: [161] DSC::L: Updating listener wro@4233c05 for download <16:RUNNING:66%[66%]>
08-09 12:11:55.486  4472  9098 I Finsky:background: [161] DSC::L: Updating listener DownloadServiceManagerListener::ukd@c13eb7c for download <16:RUNNING:66%[66%]>
08-09 12:11:55.487  4472  4631 I Finsky:background: [59] RM: getStatus resourceRequestId=9fb9e231-b8b7-4081-aaf8-317c25f2b8d5 requestId=16 package=com.devsisters.ck artifact=UnityDataAssetPack isid=MwjtIzqJS4aCel_65UiosQ
08-09 12:11:55.487  4472  4631 I Finsky:background: [59] DSC: reviveDownload(16)
08-09 12:11:55.488  4472  4631 I Finsky:background: [59] DS: reviveDownload(request_id=16)
08-09 12:11:55.516  4472  9098 I Finsky:background: [161] DS: DS: onReviveDownload(request_id=16, files_to_download=[UnityDataAssetPack(size:332028638)], context[group_id=com.devsisters.ck:MwjtIzqJS4aCel_65UiosQ], display_data[invisible=false, title=CookieRun: Kingdom], network_restrictions=ANY_NETWORK status=running, bytes_downloaded=221186615, total_bytes=332028638, retry[count=0, next_retry=n/a])
08-09 12:11:55.518  4472  4472 I Finsky:background: [2] RF: onProgress request_id=16 isid=MwjtIzqJS4aCel_65UiosQ
08-09 12:11:55.518  4472  4472 I Finsky:background: [2] RF: resourceStatus for request_id=16 group=com.devsisters.ck artifact=UnityDataAssetPack collectedBytes= 221186615 / 332028638
08-09 12:11:55.518  4472  4472 I Finsky:background: [2] RF: Group=com.devsisters.ck totalBytesDownloaded= 355262850 / 466104873 for 4 artifacts
08-09 12:11:55.524  4472  4472 I Finsky:background: [2] RF: Preventing total bytes update to listeners
08-09 12:11:55.936  8597  8644 D LocalImageResolver: Couldn't use ImageDecoder for drawable, falling back to non-resized load.
08-09 12:11:55.937  8597  8644 D LocalImageResolver: Couldn't use ImageDecoder for drawable, falling back to non-resized load.
08-09 12:11:57.476  4472  9098 I Finsky:background: [161] DSC::L: Update all listeners for download <16:RUNNING:67%[67%]> in group com.devsisters.ck:MwjtIzqJS4aCel_65UiosQ
08-09 12:11:57.476  4472  9098 I Finsky:background: [161] DSC::L: Updating listener DownloadServiceManagerListener::aqfz@5163067 for download <16:RUNNING:67%[67%]>
08-09 12:11:57.476  4472  9098 I Finsky:background: [161] DS: Received onProgress request_id=16
08-09 12:11:57.476  4472  9098 I Finsky:background: [161] RM: receive resource status onProgress download_request_id=16, group_id=UnityDataAssetPack reason: bulk_update isid: MwjtIzqJS4aCel_65UiosQ, status_code=RESOURCE_STATUS_IN_PROGRESS, legacy_status_code=192, size: 222638054/332028638
08-09 12:11:57.476  4472  9098 I Finsky:background: [161] DSC::L: Updating listener wro@4233c05 for download <16:RUNNING:67%[67%]>
08-09 12:11:57.476  4472  9098 I Finsky:background: [161] DSC::L: Updating listener DownloadServiceManagerListener::ukd@c13eb7c for download <16:RUNNING:67%[67%]>
08-09 12:11:57.477  4472  4631 I Finsky:background: [59] RM: getStatus resourceRequestId=9fb9e231-b8b7-4081-aaf8-317c25f2b8d5 requestId=16 package=com.devsisters.ck artifact=UnityDataAssetPack isid=MwjtIzqJS4aCel_65UiosQ
08-09 12:11:57.477  4472  4631 I Finsky:background: [59] DSC: reviveDownload(16)
08-09 12:11:57.477  4472  4559 I Finsky:background: [51] DS: reviveDownload(request_id=16)
08-09 12:11:57.485  4472  9098 I Finsky:background: [161] DS: DS: onReviveDownload(request_id=16, files_to_download=[UnityDataAssetPack(size:332028638)], context[group_id=com.devsisters.ck:MwjtIzqJS4aCel_65UiosQ], display_data[invisible=false, title=CookieRun: Kingdom], network_restrictions=ANY_NETWORK status=running, bytes_downloaded=222638054, total_bytes=332028638, retry[count=0, next_retry=n/a])
08-09 12:11:57.490  4472  4472 I Finsky:background: [2] RF: onProgress request_id=16 isid=MwjtIzqJS4aCel_65UiosQ
08-09 12:11:57.490  4472  4472 I Finsky:background: [2] RF: resourceStatus for request_id=16 group=com.devsisters.ck artifact=UnityDataAssetPack collectedBytes= 222638054 / 332028638
08-09 12:11:57.490  4472  4472 I Finsky:background: [2] RF: Group=com.devsisters.ck totalBytesDownloaded= 356714289 / 466104873 for 4 artifacts
08-09 12:11:57.493  4472  4472 I Finsky:background: [2] Updated time lastBroadcast=2026-08-09T05:11:53.560Z current=2026-08-09T05:11:57.493Z
08-09 12:11:57.496  4472  4472 I Finsky:background: [2] bytesCompleted/bytesTotal/ratio = 356714289 / 466104873 / 0.765309
08-09 12:11:57.497  4472  9118 I Finsky:background: [167] IV2: onTaskProgress com.devsisters.ck[iid:2] [isid:MwjtIzqJS4aCel_65UiosQ] status:RESOURCE_FETCH_PROGRESS, size: 356714289/466104873
08-09 12:11:57.500  4472  9112 I Finsky:background: [163] IQ: Notifying installation update. [Package:com.devsisters.ck, isid:MwjtIzqJS4aCel_65UiosQ] state:DOWNLOADING, status=DOWNLOADING, status_code=0, reason=bulk_update, tsc=PT15M11.918S, attempt=0
08-09 12:11:57.510  4472  4472 I Finsky:background: [2] PIM: Ignore install package event for: com.devsisters.ck, isid: MwjtIzqJS4aCel_65UiosQ
08-09 12:11:57.511  8911  8994 I Finsky  : [90] Install States emitted for 9 apps
08-09 12:11:57.513   327  6237 D FakeWifi: Faking wifi for com.android.vending
08-09 12:11:57.513   327  6237 D FakeWifi: Faking wifi for com.android.vending
08-09 12:11:57.513  8911  8993 D FakeWifi: Faking wifi for com.android.vending
08-09 12:11:57.514  8911  8993 D FakeWifi: Faking wifi for com.android.vending
08-09 12:11:57.514  8911  8993 D FakeWifi: Faking wifi for com.android.vending
08-09 12:11:57.514  8911  8993 D FakeWifi: Faking wifi for com.android.vending
08-09 12:11:57.514  8911  8993 D FakeWifi: Faking wifi for com.android.vending
08-09 12:11:57.518   327   815 D FakeWifi: Faking wifi for com.android.vending
08-09 12:11:57.518   327   815 D FakeWifi: Faking wifi for com.android.vending
08-09 12:11:57.521  8911  9025 D FakeWifi: Faking wifi for com.android.vending
08-09 12:11:57.524  8911  9025 D FakeWifi: Faking wifi for com.android.vending
08-09 12:11:57.524  8911  9025 D FakeWifi: Faking wifi for com.android.vending
08-09 12:11:57.524  8911  9025 D FakeWifi: Faking wifi for com.android.vending
08-09 12:11:57.524  8911  9025 D FakeWifi: Faking wifi for com.android.vending
08-09 12:11:57.920  8597  8644 D LocalImageResolver: Couldn't use ImageDecoder for drawable, falling back to non-resized load.
08-09 12:11:57.921  8597  8644 D LocalImageResolver: Couldn't use ImageDecoder for drawable, falling back to non-resized load.
08-09 12:11:59.528  4472  9098 I Finsky:background: [161] DSC::L: Update all listeners for download <16:RUNNING:67%[67%]> in group com.devsisters.ck:MwjtIzqJS4aCel_65UiosQ
08-09 12:11:59.528  4472  9098 I Finsky:background: [161] DSC::L: Updating listener DownloadServiceManagerListener::aqfz@5163067 for download <16:RUNNING:67%[67%]>
08-09 12:11:59.529  4472  9098 I Finsky:background: [161] DS: Received onProgress request_id=16
08-09 12:11:59.529  4472  9098 I Finsky:background: [161] RM: receive resource status onProgress download_request_id=16, group_id=UnityDataAssetPack reason: bulk_update isid: MwjtIzqJS4aCel_65UiosQ, status_code=RESOURCE_STATUS_IN_PROGRESS, legacy_status_code=192, size: 223902131/332028638
08-09 12:11:59.529  4472  9098 I Finsky:background: [161] DSC::L: Updating listener wro@4233c05 for download <16:RUNNING:67%[67%]>
08-09 12:11:59.529  4472  9098 I Finsky:background: [161] DSC::L: Updating listener DownloadServiceManagerListener::ukd@c13eb7c for download <16:RUNNING:67%[67%]>
08-09 12:11:59.530  4472  4631 I Finsky:background: [59] RM: getStatus resourceRequestId=9fb9e231-b8b7-4081-aaf8-317c25f2b8d5 requestId=16 package=com.devsisters.ck artifact=UnityDataAssetPack isid=MwjtIzqJS4aCel_65UiosQ
08-09 12:11:59.530  4472  4631 I Finsky:background: [59] DSC: reviveDownload(16)
08-09 12:11:59.532  4472  4559 I Finsky:background: [51] DS: reviveDownload(request_id=16)
08-09 12:11:59.545  4472  9098 I Finsky:background: [161] DS: DS: onReviveDownload(request_id=16, files_to_download=[UnityDataAssetPack(size:332028638)], context[group_id=com.devsisters.ck:MwjtIzqJS4aCel_65UiosQ], display_data[invisible=false, title=CookieRun: Kingdom], network_restrictions=ANY_NETWORK status=running, bytes_downloaded=223902131, total_bytes=332028638, retry[count=0, next_retry=n/a])
08-09 12:11:59.551  4472  4472 I Finsky:background: [2] RF: onProgress request_id=16 isid=MwjtIzqJS4aCel_65UiosQ
08-09 12:11:59.552  4472  4472 I Finsky:background: [2] RF: resourceStatus for request_id=16 group=com.devsisters.ck artifact=UnityDataAssetPack collectedBytes= 223902131 / 332028638
08-09 12:11:59.552  4472  4472 I Finsky:background: [2] RF: Group=com.devsisters.ck totalBytesDownloaded= 357978366 / 466104873 for 4 artifacts
08-09 12:11:59.560  4472  4472 I Finsky:background: [2] Updated time lastBroadcast=2026-08-09T05:11:57.495Z current=2026-08-09T05:11:59.560Z
08-09 12:11:59.561  4472  4472 I Finsky:background: [2] bytesCompleted/bytesTotal/ratio = 357978366 / 466104873 / 0.768021
08-09 12:11:59.562  4472  9118 I Finsky:background: [167] IV2: onTaskProgress com.devsisters.ck[iid:2] [isid:MwjtIzqJS4aCel_65UiosQ] status:RESOURCE_FETCH_PROGRESS, size: 357978366/466104873
08-09 12:11:59.565  4472  9112 I Finsky:background: [163] IQ: Notifying installation update. [Package:com.devsisters.ck, isid:MwjtIzqJS4aCel_65UiosQ] state:DOWNLOADING, status=DOWNLOADING, status_code=0, reason=bulk_update, tsc=PT15M13.983S, attempt=0
08-09 12:11:59.581  4472  4472 I Finsky:background: [2] PIM: Ignore install package event for: com.devsisters.ck, isid: MwjtIzqJS4aCel_65UiosQ
08-09 12:11:59.583  8911  9027 I Finsky  : [109] Install States emitted for 9 apps
08-09 12:11:59.586   327   815 D FakeWifi: Faking wifi for com.android.vending
08-09 12:11:59.586   327   815 D FakeWifi: Faking wifi for com.android.vending
08-09 12:11:59.586  8911  8994 D FakeWifi: Faking wifi for com.android.vending
08-09 12:11:59.587  8911  8994 D FakeWifi: Faking wifi for com.android.vending
08-09 12:11:59.589  8911  8994 D FakeWifi: Faking wifi for com.android.vending
08-09 12:11:59.590  8911  8994 D FakeWifi: Faking wifi for com.android.vending
08-09 12:11:59.590  8911  8994 D FakeWifi: Faking wifi for com.android.vending
08-09 12:11:59.597   327  6237 D FakeWifi: Faking wifi for com.android.vending
08-09 12:11:59.597   327  6237 D FakeWifi: Faking wifi for com.android.vending
08-09 12:11:59.597  8911  9027 D FakeWifi: Faking wifi for com.android.vending
08-09 12:11:59.597  8911  9027 D FakeWifi: Faking wifi for com.android.vending
08-09 12:11:59.597  8911  9027 D FakeWifi: Faking wifi for com.android.vending
08-09 12:11:59.598  8911  9027 D FakeWifi: Faking wifi for com.android.vending
08-09 12:11:59.598  8911  9027 D FakeWifi: Faking wifi for com.android.vending
08-09 12:11:59.970  8597  8644 D LocalImageResolver: Couldn't use ImageDecoder for drawable, falling back to non-resized load.
08-09 12:11:59.972  8597  8644 D LocalImageResolver: Couldn't use ImageDecoder for drawable, falling back to non-resized load.
08-09 12:12:01.703  4472  9098 I Finsky:background: [161] DSC::L: Update all listeners for download <16:RUNNING:67%[67%]> in group com.devsisters.ck:MwjtIzqJS4aCel_65UiosQ
08-09 12:12:01.703  4472  9098 I Finsky:background: [161] DSC::L: Updating listener DownloadServiceManagerListener::aqfz@5163067 for download <16:RUNNING:67%[67%]>
08-09 12:12:01.703  4472  9098 I Finsky:background: [161] DS: Received onProgress request_id=16
08-09 12:12:01.703  4472  9098 I Finsky:background: [161] RM: receive resource status onProgress download_request_id=16, group_id=UnityDataAssetPack reason: bulk_update isid: MwjtIzqJS4aCel_65UiosQ, status_code=RESOURCE_STATUS_IN_PROGRESS, legacy_status_code=192, size: 225260523/332028638
08-09 12:12:01.704  4472  9098 I Finsky:background: [161] DSC::L: Updating listener wro@4233c05 for download <16:RUNNING:67%[67%]>
08-09 12:12:01.704  4472  9098 I Finsky:background: [161] DSC::L: Updating listener DownloadServiceManagerListener::ukd@c13eb7c for download <16:RUNNING:67%[67%]>
08-09 12:12:01.704  4472  4631 I Finsky:background: [59] RM: getStatus resourceRequestId=9fb9e231-b8b7-4081-aaf8-317c25f2b8d5 requestId=16 package=com.devsisters.ck artifact=UnityDataAssetPack isid=MwjtIzqJS4aCel_65UiosQ
08-09 12:12:01.704  4472  4631 I Finsky:background: [59] DSC: reviveDownload(16)
08-09 12:12:01.704  4472  4552 I Finsky:background: [46] DS: reviveDownload(request_id=16)
08-09 12:12:01.715  4472  9098 I Finsky:background: [161] DS: DS: onReviveDownload(request_id=16, files_to_download=[UnityDataAssetPack(size:332028638)], context[group_id=com.devsisters.ck:MwjtIzqJS4aCel_65UiosQ], display_data[invisible=false, title=CookieRun: Kingdom], network_restrictions=ANY_NETWORK status=running, bytes_downloaded=225260523, total_bytes=332028638, retry[count=0, next_retry=n/a])
08-09 12:12:01.715  4472  4472 I Finsky:background: [2] RF: onProgress request_id=16 isid=MwjtIzqJS4aCel_65UiosQ
08-09 12:12:01.716  4472  4472 I Finsky:background: [2] RF: resourceStatus for request_id=16 group=com.devsisters.ck artifact=UnityDataAssetPack collectedBytes= 225260523 / 332028638
08-09 12:12:01.716  4472  4472 I Finsky:background: [2] RF: Group=com.devsisters.ck totalBytesDownloaded= 359336758 / 466104873 for 4 artifacts
08-09 12:12:01.718  4472  4472 I Finsky:background: [2] Updated time lastBroadcast=2026-08-09T05:11:59.561Z current=2026-08-09T05:12:01.718Z
08-09 12:12:01.718  4472  4472 I Finsky:background: [2] bytesCompleted/bytesTotal/ratio = 359336758 / 466104873 / 0.770935
08-09 12:12:01.719  4472  9118 I Finsky:background: [167] IV2: onTaskProgress com.devsisters.ck[iid:2] [isid:MwjtIzqJS4aCel_65UiosQ] status:RESOURCE_FETCH_PROGRESS, size: 359336758/466104873
08-09 12:12:01.723  4472  9112 I Finsky:background: [163] IQ: Notifying installation update. [Package:com.devsisters.ck, isid:MwjtIzqJS4aCel_65UiosQ] state:DOWNLOADING, status=DOWNLOADING, status_code=0, reason=bulk_update, tsc=PT15M16.14S, attempt=0
08-09 12:12:01.732  4472  4472 I Finsky:background: [2] PIM: Ignore install package event for: com.devsisters.ck, isid: MwjtIzqJS4aCel_65UiosQ
08-09 12:12:01.733  8911  9027 I Finsky  : [109] Install States emitted for 9 apps
08-09 12:12:01.734   327   815 D FakeWifi: Faking wifi for com.android.vending
08-09 12:12:01.734   327   815 D FakeWifi: Faking wifi for com.android.vending
08-09 12:12:01.734  8911  9025 D FakeWifi: Faking wifi for com.android.vending
08-09 12:12:01.734  8911  9025 D FakeWifi: Faking wifi for com.android.vending
08-09 12:12:01.734  8911  9025 D FakeWifi: Faking wifi for com.android.vending
08-09 12:12:01.735  8911  9025 D FakeWifi: Faking wifi for com.android.vending
08-09 12:12:01.735  8911  9025 D FakeWifi: Faking wifi for com.android.vending
08-09 12:12:01.743   327  6237 D FakeWifi: Faking wifi for com.android.vending
08-09 12:12:01.743   327  6237 D FakeWifi: Faking wifi for com.android.vending
08-09 12:12:01.743  8911  8993 D FakeWifi: Faking wifi for com.android.vending
08-09 12:12:01.743  8911  8993 D FakeWifi: Faking wifi for com.android.vending
08-09 12:12:01.744  8911  8993 D FakeWifi: Faking wifi for com.android.vending
08-09 12:12:01.744  8911  8993 D FakeWifi: Faking wifi for com.android.vending
08-09 12:12:01.744  8911  8993 D FakeWifi: Faking wifi for com.android.vending
08-09 12:12:02.137  8597  8644 D LocalImageResolver: Couldn't use ImageDecoder for drawable, falling back to non-resized load.
08-09 12:12:02.137  8597  8644 D LocalImageResolver: Couldn't use ImageDecoder for drawable, falling back to non-resized load.
08-09 12:12:03.717  4472  9098 I Finsky:background: [161] DSC::L: Update all listeners for download <16:RUNNING:68%[68%]> in group com.devsisters.ck:MwjtIzqJS4aCel_65UiosQ
08-09 12:12:03.717  4472  9098 I Finsky:background: [161] DSC::L: Updating listener DownloadServiceManagerListener::aqfz@5163067 for download <16:RUNNING:68%[68%]>
08-09 12:12:03.717  4472  9098 I Finsky:background: [161] DS: Received onProgress request_id=16
08-09 12:12:03.717  4472  9098 I Finsky:background: [161] RM: receive resource status onProgress download_request_id=16, group_id=UnityDataAssetPack reason: bulk_update isid: MwjtIzqJS4aCel_65UiosQ, status_code=RESOURCE_STATUS_IN_PROGRESS, legacy_status_code=192, size: 226935005/332028638
08-09 12:12:03.717  4472  9098 I Finsky:background: [161] DSC::L: Updating listener wro@4233c05 for download <16:RUNNING:68%[68%]>
08-09 12:12:03.717  4472  9098 I Finsky:background: [161] DSC::L: Updating listener DownloadServiceManagerListener::ukd@c13eb7c for download <16:RUNNING:68%[68%]>
08-09 12:12:03.718  4472  4631 I Finsky:background: [59] RM: getStatus resourceRequestId=9fb9e231-b8b7-4081-aaf8-317c25f2b8d5 requestId=16 package=com.devsisters.ck artifact=UnityDataAssetPack isid=MwjtIzqJS4aCel_65UiosQ
08-09 12:12:03.718  4472  4631 I Finsky:background: [59] DSC: reviveDownload(16)
08-09 12:12:03.718  4472  4631 I Finsky:background: [59] DS: reviveDownload(request_id=16)
08-09 12:12:03.731  4472  9098 I Finsky:background: [161] DS: DS: onReviveDownload(request_id=16, files_to_download=[UnityDataAssetPack(size:332028638)], context[group_id=com.devsisters.ck:MwjtIzqJS4aCel_65UiosQ], display_data[invisible=false, title=CookieRun: Kingdom], network_restrictions=ANY_NETWORK status=running, bytes_downloaded=226935005, total_bytes=332028638, retry[count=0, next_retry=n/a])
08-09 12:12:03.733  4472  4472 I Finsky:background: [2] RF: onProgress request_id=16 isid=MwjtIzqJS4aCel_65UiosQ
08-09 12:12:03.733  4472  4472 I Finsky:background: [2] RF: resourceStatus for request_id=16 group=com.devsisters.ck artifact=UnityDataAssetPack collectedBytes= 226935005 / 332028638
08-09 12:12:03.733  4472  4472 I Finsky:background: [2] RF: Group=com.devsisters.ck totalBytesDownloaded= 361011240 / 466104873 for 4 artifacts
08-09 12:12:03.736  4472  4472 I Finsky:background: [2] Updated time lastBroadcast=2026-08-09T05:12:01.718Z current=2026-08-09T05:12:03.735Z
08-09 12:12:03.736  4472  4472 I Finsky:background: [2] bytesCompleted/bytesTotal/ratio = 361011240 / 466104873 / 0.774528
08-09 12:12:03.740  4472  9118 I Finsky:background: [167] IV2: onTaskProgress com.devsisters.ck[iid:2] [isid:MwjtIzqJS4aCel_65UiosQ] status:RESOURCE_FETCH_PROGRESS, size: 361011240/466104873
08-09 12:12:03.745  4472  9112 I Finsky:background: [163] IQ: Notifying installation update. [Package:com.devsisters.ck, isid:MwjtIzqJS4aCel_65UiosQ] state:DOWNLOADING, status=DOWNLOADING, status_code=0, reason=bulk_update, tsc=PT15M18.163S, attempt=0
08-09 12:12:03.756  4472  4472 I Finsky:background: [2] PIM: Ignore install package event for: com.devsisters.ck, isid: MwjtIzqJS4aCel_65UiosQ
08-09 12:12:03.758  8911  8994 I Finsky  : [90] Install States emitted for 9 apps
08-09 12:12:03.762   327  6237 D FakeWifi: Faking wifi for com.android.vending
08-09 12:12:03.762   327  6237 D FakeWifi: Faking wifi for com.android.vending
08-09 12:12:03.762  8911  8994 D FakeWifi: Faking wifi for com.android.vending
08-09 12:12:03.762  8911  8994 D FakeWifi: Faking wifi for com.android.vending
08-09 12:12:03.763  8911  8994 D FakeWifi: Faking wifi for com.android.vending
08-09 12:12:03.764  8911  8994 D FakeWifi: Faking wifi for com.android.vending
08-09 12:12:03.764  8911  8994 D FakeWifi: Faking wifi for com.android.vending
08-09 12:12:03.778   327  6237 D FakeWifi: Faking wifi for com.android.vending
08-09 12:12:03.778   327  6237 D FakeWifi: Faking wifi for com.android.vending
08-09 12:12:03.779  8911  8993 D FakeWifi: Faking wifi for com.android.vending
08-09 12:12:03.779  8911  8993 D FakeWifi: Faking wifi for com.android.vending
08-09 12:12:03.779  8911  8993 D FakeWifi: Faking wifi for com.android.vending
08-09 12:12:03.780  8911  8993 D FakeWifi: Faking wifi for com.android.vending
08-09 12:12:03.781  8911  8993 D FakeWifi: Faking wifi for com.android.vending
08-09 12:12:04.154  8597  8644 D LocalImageResolver: Couldn't use ImageDecoder for drawable, falling back to non-resized load.
08-09 12:12:04.156  8597  8644 D LocalImageResolver: Couldn't use ImageDecoder for drawable, falling back to non-resized load.
08-09 12:12:05.769  4472  9098 I Finsky:background: [161] DSC::L: Update all listeners for download <16:RUNNING:68%[68%]> in group com.devsisters.ck:MwjtIzqJS4aCel_65UiosQ
08-09 12:12:05.769  4472  9098 I Finsky:background: [161] DSC::L: Updating listener DownloadServiceManagerListener::aqfz@5163067 for download <16:RUNNING:68%[68%]>
08-09 12:12:05.769  4472  9098 I Finsky:background: [161] DS: Received onProgress request_id=16
08-09 12:12:05.770  4472  9098 I Finsky:background: [161] RM: receive resource status onProgress download_request_id=16, group_id=UnityDataAssetPack reason: bulk_update isid: MwjtIzqJS4aCel_65UiosQ, status_code=RESOURCE_STATUS_IN_PROGRESS, legacy_status_code=192, size: 228300742/332028638
08-09 12:12:05.770  4472  9098 I Finsky:background: [161] DSC::L: Updating listener wro@4233c05 for download <16:RUNNING:68%[68%]>
08-09 12:12:05.770  4472  9098 I Finsky:background: [161] DSC::L: Updating listener DownloadServiceManagerListener::ukd@c13eb7c for download <16:RUNNING:68%[68%]>
08-09 12:12:05.771  4472  4631 I Finsky:background: [59] RM: getStatus resourceRequestId=9fb9e231-b8b7-4081-aaf8-317c25f2b8d5 requestId=16 package=com.devsisters.ck artifact=UnityDataAssetPack isid=MwjtIzqJS4aCel_65UiosQ
08-09 12:12:05.771  4472  4631 I Finsky:background: [59] DSC: reviveDownload(16)
08-09 12:12:05.772  4472  4631 I Finsky:background: [59] DS: reviveDownload(request_id=16)
08-09 12:12:05.787  4472  9098 I Finsky:background: [161] DS: DS: onReviveDownload(request_id=16, files_to_download=[UnityDataAssetPack(size:332028638)], context[group_id=com.devsisters.ck:MwjtIzqJS4aCel_65UiosQ], display_data[invisible=false, title=CookieRun: Kingdom], network_restrictions=ANY_NETWORK status=running, bytes_downloaded=228300742, total_bytes=332028638, retry[count=0, next_retry=n/a])
08-09 12:12:05.789  4472  4472 I Finsky:background: [2] RF: onProgress request_id=16 isid=MwjtIzqJS4aCel_65UiosQ
08-09 12:12:05.789  4472  4472 I Finsky:background: [2] RF: resourceStatus for request_id=16 group=com.devsisters.ck artifact=UnityDataAssetPack collectedBytes= 228300742 / 332028638
08-09 12:12:05.789  4472  4472 I Finsky:background: [2] RF: Group=com.devsisters.ck totalBytesDownloaded= 362376977 / 466104873 for 4 artifacts
08-09 12:12:05.798  4472  4472 I Finsky:background: [2] Updated time lastBroadcast=2026-08-09T05:12:03.736Z current=2026-08-09T05:12:05.798Z
08-09 12:12:05.799  4472  4472 I Finsky:background: [2] bytesCompleted/bytesTotal/ratio = 362376977 / 466104873 / 0.777458
08-09 12:12:05.801  4472  9118 I Finsky:background: [167] IV2: onTaskProgress com.devsisters.ck[iid:2] [isid:MwjtIzqJS4aCel_65UiosQ] status:RESOURCE_FETCH_PROGRESS, size: 362376977/466104873
