08-09 11:49:58.814   327  4412 D DisplayAreaOrganizerController: Organizer died before sending onDisplayAreaVanished
08-09 11:49:58.846   327   371 W BroadcastQueue: Failure sending broadcast Intent { act=android.intent.action.PACKAGE_ADDED dat=package: flg=0x4000010 (has extras) }
08-09 11:49:58.846   327   371 W BroadcastQueue: android.os.DeadObjectException
08-09 11:49:58.846   327   371 W BroadcastQueue: 	at android.os.BinderProxy.transactNative(Native Method)
08-09 11:49:58.846   327   371 W BroadcastQueue: 	at android.os.BinderProxy.transact(BinderProxy.java:584)
08-09 11:49:58.846   327   371 W BroadcastQueue: 	at android.app.IApplicationThread$Stub$Proxy.scheduleRegisteredReceiver(IApplicationThread.java:1380)
08-09 11:49:58.846   327   371 W BroadcastQueue: 	at com.android.server.am.BroadcastQueue.performReceiveLocked(BroadcastQueue.java:665)
08-09 11:49:58.846   327   371 W BroadcastQueue: 	at com.android.server.am.BroadcastQueue.deliverToRegisteredReceiverLocked(BroadcastQueue.java:997)
08-09 11:49:58.846   327   371 W BroadcastQueue: 	at com.android.server.am.BroadcastQueue.processNextBroadcastLocked(BroadcastQueue.java:1204)
08-09 11:49:58.846   327   371 W BroadcastQueue: 	at com.android.server.am.BroadcastQueue.processNextBroadcast(BroadcastQueue.java:1155)
08-09 11:49:58.846   327   371 W BroadcastQueue: 	at com.android.server.am.BroadcastQueue.-$$Nest$mprocessNextBroadcast(Unknown Source:0)
08-09 11:49:58.846   327   371 W BroadcastQueue: 	at com.android.server.am.BroadcastQueue$BroadcastHandler.handleMessage(BroadcastQueue.java:224)
08-09 11:49:58.846   327   371 W BroadcastQueue: 	at android.os.Handler.dispatchMessage(Handler.java:106)
08-09 11:49:58.846   327   371 W BroadcastQueue: 	at android.os.Looper.loopOnce(Looper.java:201)
08-09 11:49:58.846   327   371 W BroadcastQueue: 	at android.os.Looper.loop(Looper.java:288)
08-09 11:49:58.846   327   371 W BroadcastQueue: 	at android.os.HandlerThread.run(HandlerThread.java:67)
08-09 11:49:58.846   327   371 W BroadcastQueue: 	at com.android.server.ServiceThread.run(ServiceThread.java:44)
08-09 11:49:58.849   327   371 W BroadcastQueue: Failed to schedule Intent { act=android.intent.action.PACKAGE_ADDED dat=package: flg=0x4000010 (has extras) } to android.content.IIntentReceiver$Stub$Proxy@fe5189e via ProcessRecord{311ea96 551:com.android.systemui/u0a125}: android.os.DeadObjectException
08-09 11:49:58.849   327   371 I ActivityManager: Killing 551:com.android.systemui/u0a125 (adj -800): Can't deliver broadcast
08-09 11:49:58.850   327   371 W BroadcastQueue: Failure sending broadcast Intent { act=android.intent.action.PACKAGE_ADDED dat=package: flg=0x4000010 (has extras) }
08-09 11:49:58.850   327   371 W BroadcastQueue: android.os.DeadObjectException
08-09 11:49:58.850   327   371 W BroadcastQueue: 	at android.os.BinderProxy.transactNative(Native Method)
08-09 11:49:58.850   327   371 W BroadcastQueue: 	at android.os.BinderProxy.transact(BinderProxy.java:584)
08-09 11:49:58.850   327   371 W BroadcastQueue: 	at android.app.IApplicationThread$Stub$Proxy.scheduleRegisteredReceiver(IApplicationThread.java:1380)
08-09 11:49:58.850   327   371 W BroadcastQueue: 	at com.android.server.am.BroadcastQueue.performReceiveLocked(BroadcastQueue.java:665)
08-09 11:49:58.850   327   371 W BroadcastQueue: 	at com.android.server.am.BroadcastQueue.deliverToRegisteredReceiverLocked(BroadcastQueue.java:997)
08-09 11:49:58.850   327   371 W BroadcastQueue: 	at com.android.server.am.BroadcastQueue.processNextBroadcastLocked(BroadcastQueue.java:1204)
08-09 11:49:58.850   327   371 W BroadcastQueue: 	at com.android.server.am.BroadcastQueue.processNextBroadcast(BroadcastQueue.java:1155)
08-09 11:49:58.850   327   371 W BroadcastQueue: 	at com.android.server.am.BroadcastQueue.-$$Nest$mprocessNextBroadcast(Unknown Source:0)
08-09 11:49:58.850   327   371 W BroadcastQueue: 	at com.android.server.am.BroadcastQueue$BroadcastHandler.handleMessage(BroadcastQueue.java:224)
08-09 11:49:58.850   327   371 W BroadcastQueue: 	at android.os.Handler.dispatchMessage(Handler.java:106)
08-09 11:49:58.850   327   371 W BroadcastQueue: 	at android.os.Looper.loopOnce(Looper.java:201)
08-09 11:49:58.850   327   371 W BroadcastQueue: 	at android.os.Looper.loop(Looper.java:288)
08-09 11:49:58.850   327   371 W BroadcastQueue: 	at android.os.HandlerThread.run(HandlerThread.java:67)
08-09 11:49:58.850   327   371 W BroadcastQueue: 	at com.android.server.ServiceThread.run(ServiceThread.java:44)
08-09 11:49:59.168   327  4414 D DisplayAreaOrganizerController: Organizer died before sending onDisplayAreaVanished
08-09 11:49:59.174   327  3961 I WindowManager: WIN DEATH: Window{5fa6ea5 u0 ScreenDecorOverlay}
08-09 11:49:59.188   327  1389 I WindowManager: WIN DEATH: Window{63a5c46 u0 ScreenDecorOverlayBottom}
08-09 11:49:59.195   327  6237 I WindowManager: WIN DEATH: Window{d65cabb u0 ShellDropTarget}
08-09 11:49:59.205   327  6237 W WindowManager: Could not report config changes to the window token client.
08-09 11:49:59.214   327  4416 I WindowManager: WIN DEATH: Window{93b55ed u0 NavigationBar0}
08-09 11:49:59.296   327  4416 W WindowManager: Failed to report 'resized' to Window{2574a01 u0 StatusBar} due to android.os.DeadObjectException
08-09 11:49:59.397   327  4416 I ActivityTaskManager: Config changes=20000400 {1.0 ?mcc?mnc [en_US] ldltr sw656dp w1214dp h628dp 180dpi lrg long land night finger qwerty/v/v dpad/v winConfig={ mBounds=Rect(0, 0 - 1366, 738) mAppBounds=Rect(0, 0 - 1366, 738) mMaxBounds=Rect(0, 0 - 1366, 738) mDisplayRotation=ROTATION_0 mWindowingMode=fullscreen mDisplayWindowingMode=fullscreen mActivityType=undefined mAlwaysOnTop=undefined mRotation=ROTATION_0} as.2 s.41 fontWeightAdjustment=0}
08-09 11:49:59.458   327  4416 E ActivityTaskManager: Failed to schedule configuration change: ProcessRecord{311ea96 551:com.android.systemui/u0a125}
08-09 11:49:59.458   327  4416 E ActivityTaskManager: android.os.DeadObjectException
08-09 11:49:59.458   327  4416 E ActivityTaskManager: 	at android.os.BinderProxy.transactNative(Native Method)
08-09 11:49:59.458   327  4416 E ActivityTaskManager: 	at android.os.BinderProxy.transact(BinderProxy.java:584)
08-09 11:49:59.458   327  4416 E ActivityTaskManager: 	at android.app.IApplicationThread$Stub$Proxy.scheduleTransaction(IApplicationThread.java:1900)
08-09 11:49:59.458   327  4416 E ActivityTaskManager: 	at android.app.servertransaction.ClientTransaction.schedule(ClientTransaction.java:136)
08-09 11:49:59.458   327  4416 E ActivityTaskManager: 	at com.android.server.wm.ClientLifecycleManager.scheduleTransaction(ClientLifecycleManager.java:47)
08-09 11:49:59.458   327  4416 E ActivityTaskManager: 	at com.android.server.wm.ClientLifecycleManager.scheduleTransaction(ClientLifecycleManager.java:100)
08-09 11:49:59.458   327  4416 E ActivityTaskManager: 	at com.android.server.wm.WindowProcessController.scheduleConfigurationChange(WindowProcessController.java:1478)
08-09 11:49:59.458   327  4416 E ActivityTaskManager: 	at com.android.server.wm.WindowProcessController.dispatchConfiguration(WindowProcessController.java:1466)
08-09 11:49:59.458   327  4416 E ActivityTaskManager: 	at com.android.server.wm.WindowProcessController.onConfigurationChanged(WindowProcessController.java:1413)
08-09 11:49:59.458   327  4416 E ActivityTaskManager: 	at com.android.server.wm.ActivityTaskManagerService.updateGlobalConfigurationLocked(ActivityTaskManagerService.java:4494)
08-09 11:49:59.458   327  4416 E ActivityTaskManager: 	at com.android.server.wm.DisplayContent.updateDisplayOverrideConfigurationLocked(DisplayContent.java:6105)
08-09 11:49:59.458   327  4416 E ActivityTaskManager: 	at com.android.server.wm.DisplayContent.updateDisplayOverrideConfigurationLocked(DisplayContent.java:6082)
08-09 11:49:59.458   327  4416 E ActivityTaskManager: 	at com.android.server.wm.DisplayContent.sendNewConfiguration(DisplayContent.java:1586)
08-09 11:49:59.458   327  4416 E ActivityTaskManager: 	at com.android.server.wm.WindowState.removeIfPossible(WindowState.java:2652)
08-09 11:49:59.458   327  4416 E ActivityTaskManager: 	at com.android.server.wm.WindowState.-$$Nest$mremoveIfPossible(Unknown Source:0)
08-09 11:49:59.458   327  4416 E ActivityTaskManager: 	at com.android.server.wm.WindowState$DeathRecipient.binderDied(WindowState.java:3139)
08-09 11:49:59.458   327  4416 E ActivityTaskManager: 	at android.os.IBinder$DeathRecipient.binderDied(IBinder.java:317)
08-09 11:49:59.458   327  4416 E ActivityTaskManager: 	at android.os.BinderProxy.sendDeathNotice(BinderProxy.java:704)
08-09 11:49:59.481   327  4416 I WindowManager: Override config changes=20000400 {1.0 ?mcc?mnc [en_US] ldltr sw656dp w1214dp h628dp 180dpi lrg long land night finger qwerty/v/v dpad/v winConfig={ mBounds=Rect(0, 0 - 1366, 738) mAppBounds=Rect(0, 0 - 1366, 738) mMaxBounds=Rect(0, 0 - 1366, 738) mDisplayRotation=ROTATION_0 mWindowingMode=fullscreen mDisplayWindowingMode=fullscreen mActivityType=undefined mAlwaysOnTop=undefined mRotation=ROTATION_0} as.2 s.41 fontWeightAdjustment=0} for displayId=0
08-09 11:49:59.510   327  4416 W WindowManager: Could not report config changes to the window token client.
08-09 11:50:00.808   327  4416 W WindowManager: Could not report config changes to the window token client.
08-09 11:50:06.522   327  4416 W WindowManager: Failed to report 'resized' to Window{2574a01 u0 StatusBar} due to android.os.DeadObjectException
08-09 11:50:06.524   327  1658 I WindowManager: WIN DEATH: Window{6a96ad0 u0 NotificationShade}
08-09 11:50:06.988   327   401 I WindowManager: WIN DEATH: Window{2071afa u0 com.android.systemui.wallpapers.ImageWallpaper}
08-09 11:50:07.238   327   364 V WindowManager: Unknown focus tokens, dropping reportFocusChanged
08-09 11:50:07.264   327  6239 I WindowManager: WIN DEATH: Window{2574a01 u0 StatusBar}
08-09 11:50:07.270   327  1378 D OomAdjuster: Not killing cached processes
08-09 11:50:07.295   327  6239 I ActivityTaskManager: Config changes=400 {1.0 ?mcc?mnc [en_US] ldltr sw656dp w1214dp h656dp 180dpi lrg long land night finger qwerty/v/v dpad/v winConfig={ mBounds=Rect(0, 0 - 1366, 738) mAppBounds=Rect(0, 0 - 1366, 738) mMaxBounds=Rect(0, 0 - 1366, 738) mDisplayRotation=ROTATION_0 mWindowingMode=fullscreen mDisplayWindowingMode=fullscreen mActivityType=undefined mAlwaysOnTop=undefined mRotation=ROTATION_0} as.2 s.99 fontWeightAdjustment=0}
08-09 11:50:07.319   327  6239 E ActivityTaskManager: Failed to schedule configuration change: ProcessRecord{311ea96 551:com.android.systemui/u0a125}
08-09 11:50:07.319   327  6239 E ActivityTaskManager: android.os.DeadObjectException
08-09 11:50:07.319   327  6239 E ActivityTaskManager: 	at android.os.BinderProxy.transactNative(Native Method)
08-09 11:50:07.319   327  6239 E ActivityTaskManager: 	at android.os.BinderProxy.transact(BinderProxy.java:584)
08-09 11:50:07.319   327  6239 E ActivityTaskManager: 	at android.app.IApplicationThread$Stub$Proxy.scheduleTransaction(IApplicationThread.java:1900)
08-09 11:50:07.319   327  6239 E ActivityTaskManager: 	at android.app.servertransaction.ClientTransaction.schedule(ClientTransaction.java:136)
08-09 11:50:07.319   327  6239 E ActivityTaskManager: 	at com.android.server.wm.ClientLifecycleManager.scheduleTransaction(ClientLifecycleManager.java:47)
08-09 11:50:07.319   327  6239 E ActivityTaskManager: 	at com.android.server.wm.ClientLifecycleManager.scheduleTransaction(ClientLifecycleManager.java:100)
08-09 11:50:07.319   327  6239 E ActivityTaskManager: 	at com.android.server.wm.WindowProcessController.scheduleConfigurationChange(WindowProcessController.java:1478)
08-09 11:50:07.319   327  6239 E ActivityTaskManager: 	at com.android.server.wm.WindowProcessController.dispatchConfiguration(WindowProcessController.java:1466)
08-09 11:50:07.319   327  6239 E ActivityTaskManager: 	at com.android.server.wm.WindowProcessController.onConfigurationChanged(WindowProcessController.java:1413)
08-09 11:50:07.319   327  6239 E ActivityTaskManager: 	at com.android.server.wm.ActivityTaskManagerService.updateGlobalConfigurationLocked(ActivityTaskManagerService.java:4494)
08-09 11:50:07.319   327  6239 E ActivityTaskManager: 	at com.android.server.wm.DisplayContent.updateDisplayOverrideConfigurationLocked(DisplayContent.java:6105)
08-09 11:50:07.319   327  6239 E ActivityTaskManager: 	at com.android.server.wm.DisplayContent.updateDisplayOverrideConfigurationLocked(DisplayContent.java:6082)
08-09 11:50:07.319   327  6239 E ActivityTaskManager: 	at com.android.server.wm.DisplayContent.sendNewConfiguration(DisplayContent.java:1586)
08-09 11:50:07.319   327  6239 E ActivityTaskManager: 	at com.android.server.wm.WindowState.removeIfPossible(WindowState.java:2652)
08-09 11:50:07.319   327  6239 E ActivityTaskManager: 	at com.android.server.wm.WindowState.-$$Nest$mremoveIfPossible(Unknown Source:0)
08-09 11:50:07.319   327  6239 E ActivityTaskManager: 	at com.android.server.wm.WindowState$DeathRecipient.binderDied(WindowState.java:3139)
08-09 11:50:07.319   327  6239 E ActivityTaskManager: 	at android.os.IBinder$DeathRecipient.binderDied(IBinder.java:317)
08-09 11:50:07.319   327  6239 E ActivityTaskManager: 	at android.os.BinderProxy.sendDeathNotice(BinderProxy.java:704)
08-09 11:50:07.319   327  6239 I WindowManager: Override config changes=400 {1.0 ?mcc?mnc [en_US] ldltr sw656dp w1214dp h656dp 180dpi lrg long land night finger qwerty/v/v dpad/v winConfig={ mBounds=Rect(0, 0 - 1366, 738) mAppBounds=Rect(0, 0 - 1366, 738) mMaxBounds=Rect(0, 0 - 1366, 738) mDisplayRotation=ROTATION_0 mWindowingMode=fullscreen mDisplayWindowingMode=fullscreen mActivityType=undefined mAlwaysOnTop=undefined mRotation=ROTATION_0} as.2 s.99 fontWeightAdjustment=0} for displayId=0
08-09 11:50:07.345   327   422 I WindowManager: ANR in input window owned by pid=327. Reason: PointerEventDispatcher0 (server) is not responding. Waited 7869ms for MotionEvent
08-09 11:50:07.389   327   362 W Looper  : Slow delivery took 468ms android.ui h=com.android.server.am.AppNotRespondingDialog$1 c=null m=1
08-09 11:50:07.389   327   362 W Looper  : Slow dispatch took 9421ms android.ui h=com.android.server.am.AppNotRespondingDialog$1 c=null m=1
08-09 11:50:07.416   327   497 I ActivityThread: Removing dead content provider:android.content.ContentProviderProxy@5ae88
08-09 11:50:07.497   327   362 W Looper  : Slow dispatch took 107ms android.ui h=android.os.Handler c=android.app.LoadedApk$ServiceDispatcher$RunConnection@8dace1e m=0
08-09 11:50:07.524   327   327 W Looper  : Slow dispatch took 8717ms main h=android.app.ActivityThread$H c=android.app.LoadedApk$ReceiverDispatcher$Args$$ExternalSyntheticLambda0@94accc m=0
08-09 11:50:07.548   327   691 I ActivityManager: Process com.android.systemui (pid 551) has died: pers PER 
08-09 11:50:07.684   327   327 I Telecom : DefaultDialerCache: Refreshing default dialer for user 0: now null: DDC.oR@AEo
08-09 11:50:07.699   327   362 D ActivityTaskManager: Top Process State changed to PROCESS_STATE_TOP_SLEEPING
08-09 11:50:07.765   327   362 W Looper  : Slow dispatch took 256ms android.ui h=android.os.Handler c=com.android.server.policy.keyguard.KeyguardServiceDelegate$1$$ExternalSyntheticLambda0@2e9c964 m=0
08-09 11:50:07.773   327   362 W Looper  : Drained
08-09 11:50:07.815   327   691 W ActivityManager: Scheduling restart of crashed service com.android.systemui/.dump.SystemUIAuxiliaryDumpService in 0ms for persistent
08-09 11:50:07.816   327   691 W ActivityManager: Scheduling restart of crashed service com.android.systemui/.keyguard.KeyguardService in 0ms for persistent
08-09 11:50:07.816   327   691 W ActivityManager: Scheduling restart of crashed service com.android.systemui/.SystemUIService in 0ms for persistent
08-09 11:50:07.816   327   691 W ActivityManager: Scheduling restart of crashed service com.android.systemui/.wallpapers.ImageWallpaper in 0ms for persistent
08-09 11:50:07.840   327   691 W ProcessStats: Tracking association SourceState{e10d0ad com.google.android.gms.unstable/10095 Top #8232} whose proc state 1 is better than process ProcessState{e2dc15 com.google.android.gms.persistent/10095 pkg=com.google.android.gms} proc state 4 (0 skipped)
08-09 11:50:07.911   327   691 W ActivityManager: Re-adding persistent process ProcessRecord{311ea96 551:com.android.systemui/u0a125}
08-09 11:50:07.961   327   691 D CompatibilityChangeReporter: Compat change id reported: 135634846; UID 10125; state: DISABLED
08-09 11:50:07.961   327   691 D CompatibilityChangeReporter: Compat change id reported: 177438394; UID 10125; state: DISABLED
08-09 11:50:07.962   327   691 D CompatibilityChangeReporter: Compat change id reported: 135772972; UID 10125; state: DISABLED
08-09 11:50:07.962   327   691 D CompatibilityChangeReporter: Compat change id reported: 135754954; UID 10125; state: ENABLED
08-09 11:50:07.963   327   372 W ActivityManager: Slow operation: 51ms so far, now at startProcess: asking zygote to start proc
08-09 11:50:07.963   327   372 D CompatibilityChangeReporter: Compat change id reported: 143937733; UID 10125; state: ENABLED
08-09 11:50:07.998   327   362 W Looper  : Slow dispatch took 127ms android.ui h=com.android.server.am.ActivityManagerService$UiHandler c=com.android.server.am.UidObserverController$$ExternalSyntheticLambda0@e29f82e m=0
08-09 11:50:08.068   327   361 W Looper  : Slow dispatch took 8954ms android.fg h=android.os.Handler c=com.android.server.om.OverlayManagerService$$ExternalSyntheticLambda1@c7c25e1 m=0
08-09 11:50:08.070   327   372 W ActivityManager: Slow operation: 158ms so far, now at startProcess: returned from zygote!
08-09 11:50:08.078   327   364 W ActivityManager: setHasOverlayUi called on unknown pid: 551
08-09 11:50:08.126   327   361 W Looper  : Slow delivery took 8806ms android.fg h=android.os.Handler c=<recycled PooledLambda@fd03baa> m=0
08-09 11:50:08.172   327   372 W ActivityManager: Slow operation: 260ms so far, now at startProcess: done updating battery stats
08-09 11:50:08.191   327   372 W ActivityManager: Slow operation: 279ms so far, now at startProcess: building log message
08-09 11:50:08.191   327   372 I ActivityManager: Start proc 6263:com.android.systemui/u0a125 for restart com.android.systemui
08-09 11:50:08.197   327   372 W ActivityManager: Slow operation: 285ms so far, now at startProcess: starting to update pids map
08-09 11:50:08.197   327   372 W ActivityManager: Slow operation: 286ms so far, now at startProcess: done updating pids map
08-09 11:50:08.268   327   370 W PackageManager: Failed registering loading progress callback. Package is fully loaded.
08-09 11:50:08.312   327   361 W Looper  : Slow dispatch took 155ms android.fg h=android.os.Handler c=com.android.internal.infra.ServiceConnector$Impl$$ExternalSyntheticLambda2@27fabda m=0
08-09 11:50:08.319   327   361 W Looper  : Drained
08-09 11:50:08.322   327   364 W ActivityTaskManager: Activity top resumed state loss timeout for ActivityRecord{d4b504e u0 com.google.android.gms/.auth.uiflows.minutemaid.MinuteMaidActivity} t36}
08-09 11:50:08.323   327   364 W ActivityTaskManager: Activity pause timeout for ActivityRecord{d4b504e u0 com.google.android.gms/.auth.uiflows.minutemaid.MinuteMaidActivity} t36}
08-09 11:50:09.060   327   815 W ActivityManager: Slow operation: 175ms so far, now at attachApplicationLocked: immediately before bindApplication
08-09 11:50:09.088   327   815 W ActivityManager: Slow operation: 202ms so far, now at attachApplicationLocked: immediately after bindApplication
08-09 11:50:09.088   327   815 W ActivityManager: Slow operation: 202ms so far, now at attachApplicationLocked: after updateLruProcessLocked
08-09 11:50:09.219   327  6271 I ActivityManager: dumpStackTraces pids={689=true, 713=true, 861=true, 914=true, 1060=true, 1072=true, 1175=true, 1203=true, 1210=true, 1239=true, 1254=true, 1308=true, 1331=true, 1353=true, 1369=true, 1393=true, 1416=true, 1427=true, 1452=true, 1488=true, 1532=true, 1570=true, 1589=true, 1601=true, 1708=true, 1739=true, 1855=true, 1885=true, 1901=true, 1936=true, 1970=true, 2031=true, 2148=true, 2362=true, 2461=true, 2697=true, 2800=true, 2840=true, 2893=true, 3041=true, 3094=true, 3156=true, 3338=true, 3375=true, 3893=true, 4018=true, 4041=true, 4471=true, 4472=true, 4604=true, 4747=true} nativepids=[31, 38, 71, 72, 96, 99, 125, 129, 130, 131, 144, 153]
08-09 11:50:09.263    38  6183 I keystore2: keystore2::watchdog: Watchdog thread idle -> terminating. Have a great day.
08-09 11:50:09.288   327   386 E VerityUtils: Failed to measure fs-verity, errno 1: /data/app/~~2xB_dNI3jfvHD29d-SIJDg==/android.autoinstalls.config.google.nexus-Lok2-BMkzLA9xZejnZSeIw==/base.apk
08-09 11:50:09.295   327   327 W Looper  : Slow dispatch took 1599ms main h=com.android.server.job.JobSchedulerService$JobHandler c=null m=8
08-09 11:50:09.314   327   815 W ActivityManager: Slow operation: 428ms so far, now at attachApplicationLocked: after mServices.attachApplicationLocked
08-09 11:50:09.472   327   327 W Looper  : Slow dispatch took 172ms main h=android.app.ActivityThread$H c=android.app.LoadedApk$ReceiverDispatcher$Args$$ExternalSyntheticLambda0@b81f302 m=0
08-09 11:50:09.680   327   327 W JobScheduler: Job didn't exist in JobStore: 7b53f23 #1000/100045 com.google.android.gms.chromesync/com.google/sayyid.azzam.mufhadol@gmail.com:android
08-09 11:50:09.759   327  6271 I ActivityManager: Skipping next CPU consuming process, not a java proc: 327
08-09 11:50:09.759   327  6271 I ActivityManager: Skipping next CPU consuming process, not a java proc: 18
08-09 11:50:09.760   327  6271 I ActivityManager: Dumping to /data/anr/anr_2026-08-09-11-50-09-760
08-09 11:50:09.760   327  6271 I ActivityManager: Collecting stacks for pid 327
08-09 11:50:09.815   327   361 W Looper  : Slow dispatch took 127ms android.fg h=android.os.Handler c=android.app.LoadedApk$ReceiverDispatcher$Args$$ExternalSyntheticLambda0@2380213 m=0
08-09 11:50:09.858   327   327 W Looper  : Slow dispatch took 125ms main h=android.os.Handler c=null m=1
08-09 11:50:09.934   327   327 I Telecom : DefaultDialerCache: Refreshing default dialer for user 0: now null: DDC.oR@AEs
08-09 11:50:09.938   327   327 W Looper  : Drained
08-09 11:50:10.612   327   361 W Looper  : Slow dispatch took 600ms android.fg h=android.os.Handler c=<recycled PooledLambda@dc4de4a> m=0
08-09 11:50:10.619   327   361 W Looper  : Slow delivery took 608ms android.fg h=android.os.Handler c=<recycled PooledLambda@627c6d8> m=0
08-09 11:50:10.637   327   403 D CompatibilityChangeReporter: Compat change id reported: 218533173; UID 10151; state: DISABLED
08-09 11:50:11.146   327   361 W Looper  : Drained
08-09 11:50:12.516   327   514 D OomAdjuster: Not killing cached processes
08-09 11:50:13.531   327   364 W ActivityTaskManager: Sleep timeout!  Sleeping now.
08-09 11:50:13.539   327  1275 W BackupTransportManager: Package android.autoinstalls.config.google.nexus enabled setting: 0
08-09 11:50:14.067   327  1658 I RescueParty: Starting to observe: [android], updated namespace: app_hibernation
08-09 11:50:14.750   327   327 W Looper  : Slow dispatch took 4809ms main h=android.service.notification.NotificationListenerService$MyHandler c=null m=1
08-09 11:50:14.750   327   327 W Looper  : Slow delivery took 4810ms main h=android.service.notification.NotificationListenerService$MyHandler c=null m=1
08-09 11:50:14.823   327   357 D BiometricService: canAuthenticate: User=0, Caller=0, Authenticators=15
08-09 11:50:14.830   327   357 D BiometricService/PreAuthInfo: getCanAuthenticateInternal Modality: 0 AuthenticatorStatus: 2
08-09 11:50:14.830   327   357 D AuthService: canAuthenticate, userId: 0, callingUserId: 0, authenticators: 15, result: 12
08-09 11:50:14.831   327   357 D BiometricService: canAuthenticate: User=0, Caller=0, Authenticators=32768
08-09 11:50:14.831   327   357 D BiometricService/PreAuthInfo: getCanAuthenticateInternal Modality: 1 AuthenticatorStatus: 9
08-09 11:50:14.831   327   357 D AuthService: canAuthenticate, userId: 0, callingUserId: 0, authenticators: 32768, result: 11
08-09 11:50:15.159   327  6241 D BiometricService: canAuthenticate: User=0, Caller=0, Authenticators=15
08-09 11:50:15.159   327  6241 D BiometricService/PreAuthInfo: getCanAuthenticateInternal Modality: 0 AuthenticatorStatus: 2
08-09 11:50:15.159   327  6241 D AuthService: canAuthenticate, userId: 0, callingUserId: 0, authenticators: 15, result: 12
08-09 11:50:15.160   327   815 W ActivityManager: SLOW OOM ADJ: 527ms for pid 1308 = 0
08-09 11:50:15.186   327  3978 D BiometricService: canAuthenticate: User=0, Caller=0, Authenticators=15
08-09 11:50:15.186   327  3978 D BiometricService/PreAuthInfo: getCanAuthenticateInternal Modality: 0 AuthenticatorStatus: 2
08-09 11:50:15.186   327  3978 D AuthService: canAuthenticate, userId: 0, callingUserId: 0, authenticators: 15, result: 12
08-09 11:50:15.210   327   327 W Looper  : Slow dispatch took 460ms main h=com.android.server.alarm.AlarmManagerService$AlarmHandler c=null m=7
08-09 11:50:15.223   327   327 W JobScheduler: Job didn't exist in JobStore: 5ef70d8 #1000/100033 com.android.contacts/com.google/sayyid.azzam.mufhadol@gmail.com:android
08-09 11:50:15.274   327   327 I Telecom : DefaultDialerCache: Refreshing default dialer for user 0: now null: DDC.oR@AE4
08-09 11:50:15.324   327  1390 D BiometricService: canAuthenticate: User=0, Caller=0, Authenticators=15
08-09 11:50:15.324   327  1390 D BiometricService/PreAuthInfo: getCanAuthenticateInternal Modality: 0 AuthenticatorStatus: 2
08-09 11:50:15.324   327  1390 D AuthService: canAuthenticate, userId: 0, callingUserId: 0, authenticators: 15, result: 12
08-09 11:50:15.385   327   370 I PackageWatchdog: Syncing state, reason: observing new packages
08-09 11:50:15.395   327   327 D AppHibernationService: App hibernation changed to enabled=true
08-09 11:50:15.419   327   370 D PackageWatchdog: rescue-party-observer added the following packages to monitor [android]
08-09 11:50:15.419   327   370 I PackageWatchdog: Syncing state, reason: updated observers
08-09 11:50:15.419   327   370 I PackageWatchdog: Not pruning observers, elapsed time: 0ms
08-09 11:50:15.419   327   327 I PackageWatchdog: Syncing health check requests for packages: {}
08-09 11:50:15.419   327   327 I ExplicitHealthCheckController: Service not ready to get health check supported packages. Binding...
08-09 11:50:15.440   327   327 I ExplicitHealthCheckController: Explicit health check service is bound
08-09 11:50:15.441   327   327 W Looper  : Drained
08-09 11:50:15.469   327   370 I PackageWatchdog: Saving observer state to file
08-09 11:50:15.492   327   327 W JobScheduler: Job didn't exist in JobStore: 9a59097 #1000/100044 com.google.android.gms.chromesync/com.google/sayyid.azzam.mufhadol@gmail.com:android
08-09 11:50:15.523  6263  6263 V WindowManagerShell: Adding init callback for DisplayChangeController
08-09 11:50:15.523  6263  6263 V WindowManagerShell: Adding init callback for DisplayController
08-09 11:50:15.528   327   327 I ExplicitHealthCheckController: Explicit health check service is connected ComponentInfo{android.ext.services/android.ext.services.watchdog.ExplicitHealthCheckServiceImpl}
08-09 11:50:15.536   327   327 I ExplicitHealthCheckController: Service initialized, syncing requests
08-09 11:50:15.537   327   327 I PackageWatchdog: Syncing health check requests for packages: {}
08-09 11:50:15.537   327   327 D ExplicitHealthCheckController: Getting health check supported packages
08-09 11:50:15.539  6263  6263 V WindowManagerShell: Adding init callback for DisplayInsetsController
08-09 11:50:15.548  6263  6263 V WindowManagerShell: Adding init callback for DisplayImeController
08-09 11:50:15.555   327  6245 I ExplicitHealthCheckController: Explicit health check supported packages [PackageConfig{com.android.networkstack, 86400000}]
08-09 11:50:15.555   327  6245 D PackageWatchdog: Received supported packages [PackageConfig{com.android.networkstack, 86400000}]
08-09 11:50:15.555   327  6245 D ExplicitHealthCheckController: Getting health check requested packages
08-09 11:50:15.556  6263  6263 V WindowManagerShell: Adding init callback for ShellController
08-09 11:50:15.556   327  6245 I ExplicitHealthCheckController: Explicit health check requested packages []
08-09 11:50:15.556   327  6245 I ExplicitHealthCheckController: No more health check requests, unbinding...
08-09 11:50:15.579   327  6245 I ExplicitHealthCheckController: Explicit health check service is unbound
08-09 11:50:15.585  6263  6263 V WindowManagerShell: Adding init callback for DragAndDropController
08-09 11:50:15.650  6263  6263 V WindowManagerShell: Adding init callback for CompatUIController
08-09 11:50:15.661   327   520 E SyncManager: Job params not found for 100044
08-09 11:50:15.677  6263  6263 V WindowManagerShell: Adding init callback for RecentTasksController
08-09 11:50:15.685  6263  6263 V WindowManagerShell: Adding init callback for ShellTaskOrganizer
08-09 11:50:15.750   327  6271 I ActivityManager: Collecting stacks for pid 1139
08-09 11:50:15.823  6263  6263 V WindowManagerShell: Adding init callback for OneHandedController
08-09 11:50:15.851   327  5966 W ActivityManager: Unable to start service Intent { act=com.google.android.gms.lockbox.service.START pkg=com.google.android.gms } U=0: not found
08-09 11:50:15.861   327  6241 W ActivityManager: Unbind failed: could not find connection for android.os.BinderProxy@539e022
08-09 11:50:16.011  6263  6263 V WindowManagerShell: Adding init callback for DefaultTransitionHandler
08-09 11:50:16.045  6263  6263 V WindowManagerShell: addHandler: Default
08-09 11:50:16.045  6263  6263 V WindowManagerShell: addHandler: Remote
08-09 11:50:16.045  6263  6263 V WindowManagerShell: Adding init callback for Transitions
08-09 11:50:16.273  6263  6263 V WindowManagerShell: Adding init callback for BubbleController
08-09 11:50:16.303  6263  6263 V WindowManagerShell: Adding init callback for SplitScreenController
08-09 11:50:16.478   327  4101 W JobScheduler: Job didn't exist in JobStore: 8a62e18 #u0a96/-47 com.google.android.googlequicksearchbox/com.google.android.apps.gsa.tasks.BackgroundTasksJobService
08-09 11:50:16.479   327   886 D CompatibilityChangeReporter: Compat change id reported: 161145287; UID 10125; state: DISABLED
08-09 11:50:16.587   327  6271 I ActivityManager: Collecting stacks for pid 661
08-09 11:50:16.630  6263  6263 V WindowManagerShell: Adding init callback for PipTouchHandler
08-09 11:50:16.630  6263  6263 V WindowManagerShell: Adding init callback for DevicePostureController
08-09 11:50:16.630  6263  6263 V WindowManagerShell: Adding init callback for TabletopModeController
08-09 11:50:16.639  6263  6263 V WindowManagerShell: Adding init callback for PipController
08-09 11:50:16.646  6263  6263 V WindowManagerShell: Adding init callback for FullscreenTaskListener
08-09 11:50:16.648  6263  6263 V WindowManagerShell: Adding init callback for FreeformTaskListener
08-09 11:50:16.674  6263  6263 V WindowManagerShell: Adding init callback for StartingWindowController
08-09 11:50:16.674  6263  6263 V WindowManagerShell: Adding init callback for ProtoLogController
08-09 11:50:16.676  6263  6263 V WindowManagerShell: Adding init callback for KidsModeTaskOrganizer
08-09 11:50:16.694  6263  6263 V WindowManagerShell: Adding init callback for BackAnimationController
08-09 11:50:16.740  6263  6263 V WindowManagerShell: Initializing Shell Components: 24
08-09 11:50:16.753  6263  6263 V WindowManagerShell: 	DisplayChangeController init took 13ms
08-09 11:50:16.859  6263  6263 V WindowManagerShell: 	DisplayController init took 105ms
08-09 11:50:16.874  6263  6263 V WindowManagerShell: 	DisplayInsetsController init took 15ms
08-09 11:50:16.878  6263  6263 V WindowManagerShell: 	DisplayImeController init took 4ms
08-09 11:50:16.886  6263  6263 V WindowManagerShell: Adding dump callback for ShellController
08-09 11:50:16.889  6263  6263 V WindowManagerShell: 	ShellController init took 11ms
08-09 11:50:16.895  6263  6263 V WindowManagerShell: 	DragAndDropController init took 5ms
08-09 11:50:16.899  6263  6263 V WindowManagerShell: Adding command class compatui for CompatUIShellCommandHandler
08-09 11:50:16.900  6263  6263 V WindowManagerShell: 	CompatUIController init took 5ms
08-09 11:50:16.905  6263  6263 V WindowManagerShell: Adding external interface from RecentTasksController with key extra_shell_recent_tasks
08-09 11:50:16.905  6263  6263 V WindowManagerShell: Adding dump callback for RecentTasksController
08-09 11:50:16.910  6263  6263 V WindowManagerShell: 	RecentTasksController init took 10ms
08-09 11:50:16.910  6263  6263 V WindowManagerShell: Adding dump callback for ShellTaskOrganizer
08-09 11:50:16.952  6263  6263 V WindowManagerShell: 	ShellTaskOrganizer init took 42ms
08-09 11:50:16.952  6263  6263 V WindowManagerShell: Adding dump callback for OneHandedController
08-09 11:50:16.988   327  5966 W JobScheduler: Job didn't exist in JobStore: 2ef6e56 #u0a96/-45 com.google.android.googlequicksearchbox/com.google.android.apps.gsa.tasks.BackgroundTasksJobService
08-09 11:50:17.054  6263  6263 V WindowManagerShell: Adding external interface from OneHandedController with key extra_shell_one_handed
08-09 11:50:17.054  6263  6263 V WindowManagerShell: 	OneHandedController init took 102ms
08-09 11:50:17.105   327  6271 I ActivityManager: Collecting stacks for pid 636
08-09 11:50:17.138  6263  6263 V WindowManagerShell: 	DefaultTransitionHandler init took 85ms
08-09 11:50:17.139  6263  6263 V WindowManagerShell: Adding external interface from Transitions with key extra_shell_shell_transitions
08-09 11:50:17.140  6263  6263 V WindowManagerShell: 	Transitions init took 1ms
08-09 11:50:17.552   327   327 W Looper  : Slow dispatch took 185ms main h=android.app.ActivityThread$H c=null m=131
08-09 11:50:18.377   327   370 D OomAdjuster: Not killing cached processes
08-09 11:50:18.459    38  6354 W keystore2: keystore2::watchdog: ### Keystore Watchdog report - BEGIN ###
08-09 11:50:18.459    38  6354 W keystore2: keystore2::watchdog: When extracting from a bug report, please include this header
08-09 11:50:18.459    38  6354 W keystore2: keystore2::watchdog: and all 1 records below.
08-09 11:50:20.180   327   370 W ProcessStats: Tracking association SourceState{56f8f08 com.google.android.gms.ui/10095 Top #9094} whose proc state 1 is better than process ProcessState{e2dc15 com.google.android.gms.persistent/10095 pkg=com.google.android.gms} proc state 4 (5801 skipped)
08-09 11:50:20.193   327   364 W ActivityTaskManager: Activity stop timeout for ActivityRecord{d4b504e u0 com.google.android.gms/.auth.uiflows.minutemaid.MinuteMaidActivity} t36}
08-09 11:50:20.610  6263  6263 V WindowManagerShell: Adding dump callback for BubbleController
08-09 11:50:20.610  6263  6263 V WindowManagerShell: 	BubbleController init took 3470ms
08-09 11:50:21.447  6263  6263 V WindowManagerShell: Adding dump callback for SplitScreenController
08-09 11:50:21.447  6263  6263 V WindowManagerShell: Adding command class splitscreen for SplitScreenController
08-09 11:50:21.448  6263  6263 V WindowManagerShell: Adding external interface from SplitScreenController with key extra_shell_split_screen
08-09 11:50:21.838    38  6354 W keystore2: keystore2::watchdog: ThreadId(1) In KeystoreSecurityLevel::add_required_parameters calling: get_aaid Pending: 1.255406915s Overdue 755.412668ms: SecurityLevel SecurityLevel(1)
08-09 11:50:21.838    38  6354 W keystore2: keystore2::watchdog: ### Keystore Watchdog report - END ###
08-09 11:50:21.903    38  6354 W keystore2: keystore2::watchdog: ### Keystore Watchdog report - BEGIN ###
08-09 11:50:21.903    38  6354 W keystore2: keystore2::watchdog: When extracting from a bug report, please include this header
08-09 11:50:21.903    38  6354 W keystore2: keystore2::watchdog: and all 1 records below.
08-09 11:50:21.903    38  6354 W keystore2: keystore2::watchdog: ThreadId(1) In KeystoreSecurityLevel::add_required_parameters calling: get_aaid Pending: 3.944073281s Overdue 3.444077716s: SecurityLevel SecurityLevel(1)
08-09 11:50:21.903    38  6354 W keystore2: keystore2::watchdog: ### Keystore Watchdog report - END ###
08-09 11:50:21.941    38  6354 W keystore2: keystore2::watchdog: ### Keystore Watchdog report - BEGIN ###
08-09 11:50:21.941    38  6354 W keystore2: keystore2::watchdog: When extracting from a bug report, please include this header
08-09 11:50:21.941    38  6354 W keystore2: keystore2::watchdog: and all 1 records below.
08-09 11:50:21.941    38  6354 W keystore2: keystore2::watchdog: ThreadId(1) In KeystoreSecurityLevel::add_required_parameters calling: get_aaid Pending: 3.98163574s Overdue 3.481640128s: SecurityLevel SecurityLevel(1)
08-09 11:50:21.941    38  6354 W keystore2: keystore2::watchdog: ### Keystore Watchdog report - END ###
08-09 11:50:22.049   327   361 W Looper  : Slow dispatch took 585ms android.fg h=android.os.Handler c=com.android.server.Watchdog$HandlerChecker@3bbe08b m=0
08-09 11:50:22.050    38  6354 W keystore2: keystore2::watchdog: ### Keystore Watchdog report - BEGIN ###
08-09 11:50:22.050    38  6354 W keystore2: keystore2::watchdog: When extracting from a bug report, please include this header
08-09 11:50:22.050    38  6354 W keystore2: keystore2::watchdog: and all 1 records below.
08-09 11:50:22.050    38  6354 W keystore2: keystore2::watchdog: ThreadId(1) IKeystoreSecurityLevel::generateKey Pending: 5.000126089s Overdue 128.339µs: SecurityLevel SecurityLevel(1)
08-09 11:50:22.050    38  6354 W keystore2: keystore2::watchdog: ### Keystore Watchdog report - END ###
08-09 11:50:22.076   327  6240 I ActivityTaskManager: Activity reported stop, but no longer stopping: ActivityRecord{d4b504e u0 com.google.android.gms/.auth.uiflows.minutemaid.MinuteMaidActivity} t36} STOPPED
08-09 11:50:22.162  6263  6263 V WindowManagerShell: addHandler: StageCoordinator
08-09 11:50:22.181  6263  6263 V WindowManagerShell: 	SplitScreenController init took 1571ms
08-09 11:50:22.251   327  6271 I ActivityManager: Collecting stacks for pid 653
08-09 11:50:22.313    38  6354 W keystore2: keystore2::watchdog: ### Keystore Watchdog report - BEGIN ###
08-09 11:50:22.313    38  6354 W keystore2: keystore2::watchdog: When extracting from a bug report, please include this header
08-09 11:50:22.313    38  6354 W keystore2: keystore2::watchdog: and all 1 records below.
08-09 11:50:22.313    38  6354 W keystore2: keystore2::watchdog: ThreadId(1) IKeystoreSecurityLevel::generateKey Pending: 5.262703798s Overdue 262.706136ms: SecurityLevel SecurityLevel(1)
08-09 11:50:22.313    38  6354 W keystore2: keystore2::watchdog: ### Keystore Watchdog report - END ###
08-09 11:50:22.327  6263  6263 V WindowManagerShell: 	PipTouchHandler init took 146ms
08-09 11:50:22.327  6263  6263 V WindowManagerShell: 	DevicePostureController init took 0ms
08-09 11:50:22.330  6263  6263 V WindowManagerShell: 	TabletopModeController init took 3ms
08-09 11:50:22.333  6263  6263 V WindowManagerShell: Adding dump callback for PipController
08-09 11:50:22.426  6263  6263 V WindowManagerShell: Adding external interface from PipController with key extra_shell_pip
08-09 11:50:22.426  6263  6263 V WindowManagerShell: 	PipController init took 95ms
08-09 11:50:22.442  6263  6263 V WindowManagerShell: 	FullscreenTaskListener init took 16ms
08-09 11:50:22.442  6263  6263 V WindowManagerShell: 	FreeformTaskListener init took 0ms
08-09 11:50:22.445  6263  6263 V WindowManagerShell: Adding external interface from StartingWindowController with key extra_shell_starting_window
08-09 11:50:22.445  6263  6263 V WindowManagerShell: 	StartingWindowController init took 2ms
08-09 11:50:22.445  6263  6263 V WindowManagerShell: Adding command class protolog for ProtoLogController
08-09 11:50:22.445  6263  6263 V WindowManagerShell: 	ProtoLogController init took 0ms
08-09 11:50:22.445  6263  6263 V WindowManagerShell: Adding dump callback for KidsModeTaskOrganizer
08-09 11:50:22.454  6263  6263 V WindowManagerShell: 	KidsModeTaskOrganizer init took 9ms
08-09 11:50:22.456  6263  6263 D ShellBackPreview: Back animation enabled=false
08-09 11:50:22.457  6263  6263 V WindowManagerShell: Adding external interface from BackAnimationController with key extra_shell_back_animation
08-09 11:50:22.457  6263  6263 V WindowManagerShell: 	BackAnimationController init took 3ms
08-09 11:50:22.537   327  6271 I ActivityManager: Collecting stacks for native pid 31
08-09 11:50:22.602    38  6354 W keystore2: keystore2::watchdog: ### Keystore Watchdog report - BEGIN ###
08-09 11:50:22.602    38  6354 W keystore2: keystore2::watchdog: When extracting from a bug report, please include this header
08-09 11:50:22.602    38  6354 W keystore2: keystore2::watchdog: and all 1 records below.
08-09 11:50:22.602    38  6354 W keystore2: keystore2::watchdog: ThreadId(1) IKeystoreSecurityLevel::generateKey Pending: 5.552000777s Overdue 552.003128ms: SecurityLevel SecurityLevel(1)
08-09 11:50:22.602    38  6354 W keystore2: keystore2::watchdog: ### Keystore Watchdog report - END ###
08-09 11:50:22.684    38  6354 W keystore2: keystore2::watchdog: ### Keystore Watchdog report - BEGIN ###
08-09 11:50:22.684    38  6354 W keystore2: keystore2::watchdog: When extracting from a bug report, please include this header
08-09 11:50:22.684    38  6354 W keystore2: keystore2::watchdog: and all 1 records below.
08-09 11:50:22.685    38  6354 W keystore2: keystore2::watchdog: ThreadId(1) IKeystoreSecurityLevel::generateKey Pending: 5.634612341s Overdue 634.61467ms: SecurityLevel SecurityLevel(1)
08-09 11:50:22.685    38  6354 W keystore2: keystore2::watchdog: ### Keystore Watchdog report - END ###
08-09 11:50:22.784   327  6271 I ActivityManager: Collecting stacks for native pid 38
08-09 11:50:22.918   327   358 I RescueParty: Starting to observe: [android], updated namespace: input_native_boot
08-09 11:50:22.920   327   370 I PackageWatchdog: Syncing state, reason: observing new packages
08-09 11:50:22.920   327   370 D PackageWatchdog: rescue-party-observer added the following packages to monitor [android]
08-09 11:50:22.920   327   370 I PackageWatchdog: Syncing state, reason: updated observers
08-09 11:50:22.920   327   370 I PackageWatchdog: Not pruning observers, elapsed time: 0ms
08-09 11:50:22.920   327   370 I PackageWatchdog: Saving observer state to file
08-09 11:50:22.929   327   327 I PackageWatchdog: Syncing health check requests for packages: {}
08-09 11:50:22.929   327   327 I ExplicitHealthCheckController: Service not ready to get health check supported packages. Binding...
08-09 11:50:22.931   327   327 I ExplicitHealthCheckController: Explicit health check service is bound
08-09 11:50:22.933   327   327 I ExplicitHealthCheckController: Explicit health check service is connected ComponentInfo{android.ext.services/android.ext.services.watchdog.ExplicitHealthCheckServiceImpl}
08-09 11:50:22.933   327   327 I ExplicitHealthCheckController: Service initialized, syncing requests
08-09 11:50:22.933   327   327 I PackageWatchdog: Syncing health check requests for packages: {}
08-09 11:50:22.933   327   327 D ExplicitHealthCheckController: Getting health check supported packages
08-09 11:50:22.938   327   358 I ExplicitHealthCheckController: Explicit health check supported packages [PackageConfig{com.android.networkstack, 86400000}]
08-09 11:50:22.938   327   358 D PackageWatchdog: Received supported packages [PackageConfig{com.android.networkstack, 86400000}]
08-09 11:50:22.938   327   358 D ExplicitHealthCheckController: Getting health check requested packages
08-09 11:50:22.938   327   358 I ExplicitHealthCheckController: Explicit health check requested packages []
08-09 11:50:22.938   327   358 I ExplicitHealthCheckController: No more health check requests, unbinding...
08-09 11:50:22.940   327   358 I ExplicitHealthCheckController: Explicit health check service is unbound
08-09 11:50:23.110    38  6354 W keystore2: keystore2::watchdog: ### Keystore Watchdog report - BEGIN ###
08-09 11:50:23.110    38  6354 W keystore2: keystore2::watchdog: When extracting from a bug report, please include this header
08-09 11:50:23.110    38  6354 W keystore2: keystore2::watchdog: and all 1 records below.
08-09 11:50:23.110    38  6354 W keystore2: keystore2::watchdog: ThreadId(1) IKeystoreSecurityLevel::generateKey Pending: 6.05967118s Overdue 1.059673506s: SecurityLevel SecurityLevel(1)
08-09 11:50:23.110    38  6354 W keystore2: keystore2::watchdog: ### Keystore Watchdog report - END ###
08-09 11:50:23.126   327  6271 I ActivityManager: Collecting stacks for native pid 71
08-09 11:50:23.207   327   327 D TrustManagerService: Removing dead TrustListener.
08-09 11:50:23.210   327   358 D CompatibilityChangeReporter: Compat change id reported: 157233955; UID 10125; state: ENABLED
08-09 11:50:23.352   327  6271 I ActivityManager: Collecting stacks for native pid 72
08-09 11:50:23.427   327   815 D OomAdjuster: Not killing cached processes
08-09 11:50:23.727   327  6271 I ActivityManager: Collecting stacks for native pid 96
08-09 11:50:23.852   327  6241 I MR2ServiceImpl: registerManager | uid: 10125, pid: 6263, package: com.android.systemui, user: 0
08-09 11:50:24.126   327  6271 I ActivityManager: Collecting stacks for native pid 99
08-09 11:50:24.692   327  6271 I ActivityManager: Collecting stacks for native pid 125
08-09 11:50:24.921  6263  6263 V SystemUIBootTiming: DependencyInjection took to complete: 0ms
08-09 11:50:24.954  6263  6263 W ActivityThread: getPackageInfo() called with an older ApplicationInfo than the cached version for package com.android.systemui
08-09 11:50:24.955  6263  6263 W ActivityThread: getPackageInfo() called with an older ApplicationInfo than the cached version for package com.android.systemui
08-09 11:50:25.019  6263  6263 V SystemUIBootTiming: StartServices com.android.keyguard.KeyguardBiometricLockoutLogger took to complete: 10ms
08-09 11:50:25.019  6263  6263 V SystemUIBootTiming: StartServices com.android.systemui.ChooserSelector took to complete: 1ms
08-09 11:50:25.020  6263  6263 V SystemUIBootTiming: StartServices com.android.systemui.LatencyTester took to complete: 0ms
08-09 11:50:25.066  6263  6263 V SystemUIBootTiming: StartServices com.android.systemui.ScreenDecorations took to complete: 47ms
08-09 11:50:25.067  6263  6263 V SystemUIBootTiming: StartServices com.android.systemui.SliceBroadcastRelayHandler took to complete: 0ms
08-09 11:50:25.213   327  6271 I ActivityManager: Collecting stacks for native pid 129
08-09 11:50:25.279   327  4410 I RescueParty: Starting to observe: [com.android.networkstack, android], updated namespace: connectivity
08-09 11:50:25.281   327   370 I PackageWatchdog: Syncing state, reason: observing new packages
08-09 11:50:25.281   327   370 D PackageWatchdog: rescue-party-observer added the following packages to monitor [com.android.networkstack, android]
08-09 11:50:25.281   327   370 I PackageWatchdog: Syncing state, reason: updated observers
08-09 11:50:25.281   327   370 I PackageWatchdog: Not pruning observers, elapsed time: 0ms
08-09 11:50:25.282   327   370 I PackageWatchdog: Saving observer state to file
08-09 11:50:25.294   327   327 I PackageWatchdog: Syncing health check requests for packages: {}
08-09 11:50:25.294   327   327 I ExplicitHealthCheckController: Service not ready to get health check supported packages. Binding...
08-09 11:50:25.300   327   327 I ExplicitHealthCheckController: Explicit health check service is bound
08-09 11:50:25.304   327  6240 D CompatibilityChangeReporter: Compat change id reported: 168419799; UID 10125; state: DISABLED
08-09 11:50:25.304   327  6240 D CompatibilityChangeReporter: Compat change id reported: 273564678; UID 10125; state: DISABLED
08-09 11:50:25.313   327   327 I ExplicitHealthCheckController: Explicit health check service is connected ComponentInfo{android.ext.services/android.ext.services.watchdog.ExplicitHealthCheckServiceImpl}
08-09 11:50:25.313   327   327 I ExplicitHealthCheckController: Service initialized, syncing requests
08-09 11:50:25.313   327   327 I PackageWatchdog: Syncing health check requests for packages: {}
08-09 11:50:25.313   327   327 D ExplicitHealthCheckController: Getting health check supported packages
08-09 11:50:25.327   327  4410 I ExplicitHealthCheckController: Explicit health check supported packages [PackageConfig{com.android.networkstack, 86400000}]
08-09 11:50:25.327   327  4410 D PackageWatchdog: Received supported packages [PackageConfig{com.android.networkstack, 86400000}]
08-09 11:50:25.327   327  4410 D ExplicitHealthCheckController: Getting health check requested packages
08-09 11:50:25.327   327   796 D CoreBackPreview: Window{edf49c2 u0 ScreenDecorOverlay}: Setting back callback OnBackInvokedCallbackInfo{mCallback=android.window.IOnBackInvokedCallback$Stub$Proxy@f5c400e, mPriority=0}
08-09 11:50:25.330   327  6240 I ExplicitHealthCheckController: Explicit health check requested packages []
08-09 11:50:25.331   327  6240 I ExplicitHealthCheckController: No more health check requests, unbinding...
08-09 11:50:25.337   327  6240 I ExplicitHealthCheckController: Explicit health check service is unbound
08-09 11:50:25.347   327  6241 D CoreBackPreview: Window{91db9c5 u0 ScreenDecorOverlayBottom}: Setting back callback OnBackInvokedCallbackInfo{mCallback=android.window.IOnBackInvokedCallback$Stub$Proxy@2a62c28, mPriority=0}
08-09 11:50:25.445   327  6271 I ActivityManager: Collecting stacks for native pid 130
08-09 11:50:25.599   327  6271 I ActivityManager: Collecting stacks for native pid 131
08-09 11:50:25.809   327  6271 I ActivityManager: Collecting stacks for native pid 144
08-09 11:50:26.341   327   327 W Looper  : Slow dispatch took 488ms main h=android.service.notification.NotificationListenerService$MyHandler c=null m=1
