08-09 11:46:15.887   327   886 D ExplicitHealthCheckController: Getting health check requested packages
08-09 11:46:15.888   327   796 I ExplicitHealthCheckController: Explicit health check requested packages []
08-09 11:46:15.888   327   796 I ExplicitHealthCheckController: No more health check requests, unbinding...
08-09 11:46:15.889   327   796 I ExplicitHealthCheckController: Explicit health check service is unbound
08-09 11:46:17.036   327  4101 D CompatibilityChangeReporter: Compat change id reported: 172251878; UID 10095; state: ENABLED
08-09 11:46:17.104   327   815 I RescueParty: Starting to observe: [android], updated namespace: system_time
08-09 11:46:17.104   327   370 I PackageWatchdog: Syncing state, reason: observing new packages
08-09 11:46:17.104   327   370 D PackageWatchdog: rescue-party-observer added the following packages to monitor [android]
08-09 11:46:17.104   327   370 I PackageWatchdog: Syncing state, reason: updated observers
08-09 11:46:17.104   327   370 I PackageWatchdog: Not pruning observers, elapsed time: 0ms
08-09 11:46:17.104   327   370 I PackageWatchdog: Saving observer state to file
08-09 11:46:17.108   327   327 W Looper  : Slow dispatch took 114ms main h=com.android.server.pm.SnapshotStatistics$1 c=null m=0
08-09 11:46:17.112   327   327 I PackageWatchdog: Syncing health check requests for packages: {}
08-09 11:46:17.112   327   327 I ExplicitHealthCheckController: Service not ready to get health check supported packages. Binding...
08-09 11:46:17.306   327   327 D OomAdjuster: Not killing cached processes
08-09 11:46:17.306   327   327 I ExplicitHealthCheckController: Explicit health check service is bound
08-09 11:46:17.306   327   327 W Looper  : Slow dispatch took 196ms main h=android.os.Handler c=com.android.server.PackageWatchdog$$ExternalSyntheticLambda5@8214f1e m=0
08-09 11:46:17.306   327   327 W Looper  : Slow delivery took 200ms main h=com.android.server.alarm.AlarmManagerService$AlarmHandler c=null m=7
08-09 11:46:17.358   327   327 W Looper  : Drained
08-09 11:46:17.408   327   361 W Looper  : Slow dispatch took 810ms android.fg h=android.os.Handler c=com.android.server.Watchdog$HandlerChecker@3bbe08b m=0
08-09 11:46:17.423   327   361 W Looper  : Slow delivery took 445ms android.fg h=android.os.Handler c=com.android.server.location.injector.SystemAppForegroundHelper$$ExternalSyntheticLambda0@beb2568 m=0
08-09 11:46:17.534   327   327 W Looper  : Slow dispatch took 121ms main h=android.os.Handler c=android.app.LoadedApk$ReceiverDispatcher$Args$$ExternalSyntheticLambda0@b8045f3 m=0
08-09 11:46:17.612   327   327 I Telecom : DefaultDialerCache: Refreshing default dialer for user 0: now null: DDC.oR@ACc
08-09 11:46:17.621   327   327 W Looper  : Slow delivery took 207ms main h=com.android.server.media.MediaRouter2ServiceImpl$UserHandler c=android.app.LoadedApk$ReceiverDispatcher$Args$$ExternalSyntheticLambda0@5b0619d m=0
08-09 11:46:17.677   327   327 I ExplicitHealthCheckController: Explicit health check service is connected ComponentInfo{android.ext.services/android.ext.services.watchdog.ExplicitHealthCheckServiceImpl}
08-09 11:46:17.678   327   327 I ExplicitHealthCheckController: Service initialized, syncing requests
08-09 11:46:17.696   327   361 W Looper  : Drained
08-09 11:46:17.697   327   327 I PackageWatchdog: Syncing health check requests for packages: {}
08-09 11:46:17.697   327   327 D ExplicitHealthCheckController: Getting health check supported packages
08-09 11:46:17.699   327   327 W Looper  : Drained
08-09 11:46:17.713   327   886 I ExplicitHealthCheckController: Explicit health check supported packages [PackageConfig{com.android.networkstack, 86400000}]
08-09 11:46:17.713   327   886 D PackageWatchdog: Received supported packages [PackageConfig{com.android.networkstack, 86400000}]
08-09 11:46:17.713   327   886 D ExplicitHealthCheckController: Getting health check requested packages
08-09 11:46:17.714   327   886 I ExplicitHealthCheckController: Explicit health check requested packages []
08-09 11:46:17.714   327   886 I ExplicitHealthCheckController: No more health check requests, unbinding...
08-09 11:46:17.716   327   886 I ExplicitHealthCheckController: Explicit health check service is unbound
08-09 11:46:17.880  1203  4006 W PackageParser: Unknown element under <manifest>: queries at /data/user_de/0/com.google.android.gms/app_chimera/m/00000001/dl-AdsFdrDynamite.integ_261710500100000.apk Binary XML file line #15
08-09 11:46:18.709   327  3978 I RescueParty: Starting to observe: [android], updated namespace: location
08-09 11:46:18.709   327   370 I PackageWatchdog: Syncing state, reason: observing new packages
08-09 11:46:18.709   327   370 D PackageWatchdog: rescue-party-observer added the following packages to monitor [android]
08-09 11:46:18.709   327   370 I PackageWatchdog: Syncing state, reason: updated observers
08-09 11:46:18.709   327   370 I PackageWatchdog: Not pruning observers, elapsed time: 0ms
08-09 11:46:18.709   327   370 I PackageWatchdog: Saving observer state to file
08-09 11:46:18.712   327   327 I PackageWatchdog: Syncing health check requests for packages: {}
08-09 11:46:18.712   327   327 I ExplicitHealthCheckController: Service not ready to get health check supported packages. Binding...
08-09 11:46:18.713   327   327 I ExplicitHealthCheckController: Explicit health check service is bound
08-09 11:46:18.715   327   327 I ExplicitHealthCheckController: Explicit health check service is connected ComponentInfo{android.ext.services/android.ext.services.watchdog.ExplicitHealthCheckServiceImpl}
08-09 11:46:18.715   327   327 I ExplicitHealthCheckController: Service initialized, syncing requests
08-09 11:46:18.715   327   327 I PackageWatchdog: Syncing health check requests for packages: {}
08-09 11:46:18.715   327   327 D ExplicitHealthCheckController: Getting health check supported packages
08-09 11:46:18.716   327   796 I ExplicitHealthCheckController: Explicit health check supported packages [PackageConfig{com.android.networkstack, 86400000}]
08-09 11:46:18.716   327   796 D PackageWatchdog: Received supported packages [PackageConfig{com.android.networkstack, 86400000}]
08-09 11:46:18.716   327   796 D ExplicitHealthCheckController: Getting health check requested packages
08-09 11:46:18.716   327   796 I ExplicitHealthCheckController: Explicit health check requested packages []
08-09 11:46:18.717   327   796 I ExplicitHealthCheckController: No more health check requests, unbinding...
08-09 11:46:18.717   327   796 I ExplicitHealthCheckController: Explicit health check service is unbound
08-09 11:46:18.852   327  3978 I RescueParty: Starting to observe: [android, com.android.systemui], updated namespace: latency_tracker
08-09 11:46:18.853   327   370 I PackageWatchdog: Syncing state, reason: observing new packages
08-09 11:46:18.853   327   370 D PackageWatchdog: rescue-party-observer added the following packages to monitor [android, com.android.systemui]
08-09 11:46:18.853   327   370 I PackageWatchdog: Syncing state, reason: updated observers
08-09 11:46:18.853   327   370 I PackageWatchdog: Not pruning observers, elapsed time: 0ms
08-09 11:46:18.853   327   370 I PackageWatchdog: Saving observer state to file
08-09 11:46:18.859   327   327 I PackageWatchdog: Syncing health check requests for packages: {}
08-09 11:46:18.859   327   327 I ExplicitHealthCheckController: Service not ready to get health check supported packages. Binding...
08-09 11:46:18.860   327   327 I ExplicitHealthCheckController: Explicit health check service is bound
08-09 11:46:18.862   327   327 I ExplicitHealthCheckController: Explicit health check service is connected ComponentInfo{android.ext.services/android.ext.services.watchdog.ExplicitHealthCheckServiceImpl}
08-09 11:46:18.863   327   327 I ExplicitHealthCheckController: Service initialized, syncing requests
08-09 11:46:18.863   327   327 I PackageWatchdog: Syncing health check requests for packages: {}
08-09 11:46:18.863   327   327 D ExplicitHealthCheckController: Getting health check supported packages
08-09 11:46:18.864   327   886 I ExplicitHealthCheckController: Explicit health check supported packages [PackageConfig{com.android.networkstack, 86400000}]
08-09 11:46:18.864   327   886 D PackageWatchdog: Received supported packages [PackageConfig{com.android.networkstack, 86400000}]
08-09 11:46:18.864   327   886 D ExplicitHealthCheckController: Getting health check requested packages
08-09 11:46:18.865   327   886 I ExplicitHealthCheckController: Explicit health check requested packages []
08-09 11:46:18.865   327   886 I ExplicitHealthCheckController: No more health check requests, unbinding...
08-09 11:46:18.866   327   886 I ExplicitHealthCheckController: Explicit health check service is unbound
08-09 11:46:19.170   327  4101 I RescueParty: Starting to observe: [android], updated namespace: surface_flinger_native_boot
08-09 11:46:19.171   327   370 I PackageWatchdog: Syncing state, reason: observing new packages
08-09 11:46:19.171   327   370 D PackageWatchdog: rescue-party-observer added the following packages to monitor [android]
08-09 11:46:19.171   327   370 I PackageWatchdog: Syncing state, reason: updated observers
08-09 11:46:19.171   327   370 I PackageWatchdog: Not pruning observers, elapsed time: 0ms
08-09 11:46:19.171   327   370 I PackageWatchdog: Saving observer state to file
08-09 11:46:19.174   327   327 I PackageWatchdog: Syncing health check requests for packages: {}
08-09 11:46:19.174   327   327 I ExplicitHealthCheckController: Service not ready to get health check supported packages. Binding...
08-09 11:46:19.176   327   327 I ExplicitHealthCheckController: Explicit health check service is bound
08-09 11:46:19.179   327   327 I ExplicitHealthCheckController: Explicit health check service is connected ComponentInfo{android.ext.services/android.ext.services.watchdog.ExplicitHealthCheckServiceImpl}
08-09 11:46:19.179   327   327 I ExplicitHealthCheckController: Service initialized, syncing requests
08-09 11:46:19.179   327   327 I PackageWatchdog: Syncing health check requests for packages: {}
08-09 11:46:19.179   327   327 D ExplicitHealthCheckController: Getting health check supported packages
08-09 11:46:19.181   327  4101 I ExplicitHealthCheckController: Explicit health check supported packages [PackageConfig{com.android.networkstack, 86400000}]
08-09 11:46:19.181   327  4101 D PackageWatchdog: Received supported packages [PackageConfig{com.android.networkstack, 86400000}]
08-09 11:46:19.181   327  4101 D ExplicitHealthCheckController: Getting health check requested packages
08-09 11:46:19.182   327  4101 I ExplicitHealthCheckController: Explicit health check requested packages []
08-09 11:46:19.182   327  4101 I ExplicitHealthCheckController: No more health check requests, unbinding...
08-09 11:46:19.183   327  4101 I ExplicitHealthCheckController: Explicit health check service is unbound
08-09 11:46:19.250   327  3978 I RescueParty: Starting to observe: [android], updated namespace: runtime_native_boot
08-09 11:46:19.250   327   370 I PackageWatchdog: Syncing state, reason: observing new packages
08-09 11:46:19.250   327   370 D PackageWatchdog: rescue-party-observer added the following packages to monitor [android]
08-09 11:46:19.250   327   370 I PackageWatchdog: Syncing state, reason: updated observers
08-09 11:46:19.250   327   370 I PackageWatchdog: Not pruning observers, elapsed time: 0ms
08-09 11:46:19.250   327   370 I PackageWatchdog: Saving observer state to file
08-09 11:46:19.250   327   327 I PackageWatchdog: Syncing health check requests for packages: {}
08-09 11:46:19.250   327   327 I ExplicitHealthCheckController: Service not ready to get health check supported packages. Binding...
08-09 11:46:19.251   327   327 I ExplicitHealthCheckController: Explicit health check service is bound
08-09 11:46:19.253   327   327 I PackageWatchdog: Syncing health check requests for packages: {}
08-09 11:46:19.253   327   327 I ExplicitHealthCheckController: Service not ready to get health check supported packages. Binding...
08-09 11:46:19.253   327   327 I ExplicitHealthCheckController: Not binding to service, service already connecting
08-09 11:46:19.253   327   327 I ExplicitHealthCheckController: Explicit health check service is connected ComponentInfo{android.ext.services/android.ext.services.watchdog.ExplicitHealthCheckServiceImpl}
08-09 11:46:19.253   327   327 I ExplicitHealthCheckController: Service initialized, syncing requests
08-09 11:46:19.253   327   327 I PackageWatchdog: Syncing health check requests for packages: {}
08-09 11:46:19.253   327   327 D ExplicitHealthCheckController: Getting health check supported packages
08-09 11:46:19.255   327  3978 I ExplicitHealthCheckController: Explicit health check supported packages [PackageConfig{com.android.networkstack, 86400000}]
08-09 11:46:19.255   327  3978 D PackageWatchdog: Received supported packages [PackageConfig{com.android.networkstack, 86400000}]
08-09 11:46:19.255   327  3978 D ExplicitHealthCheckController: Getting health check requested packages
08-09 11:46:19.255   327  3978 I ExplicitHealthCheckController: Explicit health check requested packages []
08-09 11:46:19.255   327  3978 I ExplicitHealthCheckController: No more health check requests, unbinding...
08-09 11:46:19.256   327  3978 I ExplicitHealthCheckController: Explicit health check service is unbound
08-09 11:46:19.452   327  3978 I RescueParty: Starting to observe: [android], updated namespace: display_manager
08-09 11:46:19.452   327   370 I PackageWatchdog: Syncing state, reason: observing new packages
08-09 11:46:19.452   327   370 D PackageWatchdog: rescue-party-observer added the following packages to monitor [android]
08-09 11:46:19.452   327   370 I PackageWatchdog: Syncing state, reason: updated observers
08-09 11:46:19.452   327   370 I PackageWatchdog: Not pruning observers, elapsed time: 0ms
08-09 11:46:19.452   327   370 I PackageWatchdog: Saving observer state to file
08-09 11:46:19.455   327   327 I PackageWatchdog: Syncing health check requests for packages: {}
08-09 11:46:19.455   327   327 I ExplicitHealthCheckController: Service not ready to get health check supported packages. Binding...
08-09 11:46:19.456   327   383 W BrightnessThrottler: DeviceConfig BrightnessThrottlingData is null
08-09 11:46:19.456   327   383 W BrightnessThrottler: DeviceConfig BrightnessThrottlingData is null
08-09 11:46:19.457   327   327 I ExplicitHealthCheckController: Explicit health check service is bound
08-09 11:46:19.458   327   327 I ExplicitHealthCheckController: Explicit health check service is connected ComponentInfo{android.ext.services/android.ext.services.watchdog.ExplicitHealthCheckServiceImpl}
08-09 11:46:19.458   327   327 I ExplicitHealthCheckController: Service initialized, syncing requests
08-09 11:46:19.458   327   327 I PackageWatchdog: Syncing health check requests for packages: {}
08-09 11:46:19.458   327   327 D ExplicitHealthCheckController: Getting health check supported packages
08-09 11:46:19.461   327   796 I ExplicitHealthCheckController: Explicit health check supported packages [PackageConfig{com.android.networkstack, 86400000}]
08-09 11:46:19.461   327   796 D PackageWatchdog: Received supported packages [PackageConfig{com.android.networkstack, 86400000}]
08-09 11:46:19.461   327   796 D ExplicitHealthCheckController: Getting health check requested packages
08-09 11:46:19.461   327   796 I ExplicitHealthCheckController: Explicit health check requested packages []
08-09 11:46:19.461   327   796 I ExplicitHealthCheckController: No more health check requests, unbinding...
08-09 11:46:19.462   327   796 I ExplicitHealthCheckController: Explicit health check service is unbound
08-09 11:46:19.674   327   796 I RescueParty: Starting to observe: [android], updated namespace: tethering
08-09 11:46:19.674   327   370 I PackageWatchdog: Syncing state, reason: observing new packages
08-09 11:46:19.674   327   370 D PackageWatchdog: rescue-party-observer added the following packages to monitor [android]
08-09 11:46:19.674   327   370 I PackageWatchdog: Syncing state, reason: updated observers
08-09 11:46:19.674   327   370 I PackageWatchdog: Not pruning observers, elapsed time: 0ms
08-09 11:46:19.674   327   370 I PackageWatchdog: Saving observer state to file
08-09 11:46:19.674   327   327 I PackageWatchdog: Syncing health check requests for packages: {}
08-09 11:46:19.674   327   327 I ExplicitHealthCheckController: Service not ready to get health check supported packages. Binding...
08-09 11:46:19.676   327   327 I ExplicitHealthCheckController: Explicit health check service is bound
08-09 11:46:19.677   327   327 I PackageWatchdog: Syncing health check requests for packages: {}
08-09 11:46:19.677   327   327 I ExplicitHealthCheckController: Service not ready to get health check supported packages. Binding...
08-09 11:46:19.677   327   327 I ExplicitHealthCheckController: Not binding to service, service already connecting
08-09 11:46:19.677   327   327 I ExplicitHealthCheckController: Explicit health check service is connected ComponentInfo{android.ext.services/android.ext.services.watchdog.ExplicitHealthCheckServiceImpl}
08-09 11:46:19.677   327   327 I ExplicitHealthCheckController: Service initialized, syncing requests
08-09 11:46:19.677   327   327 I PackageWatchdog: Syncing health check requests for packages: {}
08-09 11:46:19.677   327   327 D ExplicitHealthCheckController: Getting health check supported packages
08-09 11:46:19.678   327   886 I ExplicitHealthCheckController: Explicit health check supported packages [PackageConfig{com.android.networkstack, 86400000}]
08-09 11:46:19.678   327   886 D PackageWatchdog: Received supported packages [PackageConfig{com.android.networkstack, 86400000}]
08-09 11:46:19.678   327   886 D ExplicitHealthCheckController: Getting health check requested packages
08-09 11:46:19.680   327   886 I ExplicitHealthCheckController: Explicit health check requested packages []
08-09 11:46:19.680   327   886 I ExplicitHealthCheckController: No more health check requests, unbinding...
08-09 11:46:19.680   327   886 I ExplicitHealthCheckController: Explicit health check service is unbound
08-09 11:46:19.940   327   327 I Telecom : DefaultDialerCache: Refreshing default dialer for user 0: now null: DDC.oR@ACg
08-09 11:46:22.785   327  4101 D OomAdjuster: Not killing cached processes
08-09 11:46:27.245   327   327 W Looper  : Slow dispatch took 4681ms main h=com.android.server.job.controllers.QuotaController$QcHandler c=null m=6
08-09 11:46:27.245   327   327 W Looper  : Slow delivery took 4556ms main h=com.android.server.power.Notifier$NotifierHandler c=null m=1
08-09 11:46:27.285   327   327 W Looper  : Drained
08-09 11:46:27.973   327   514 D OomAdjuster: Not killing cached processes
08-09 11:46:28.051   327  3978 I RescueParty: Starting to observe: [com.android.launcher3], updated namespace: launcher
08-09 11:46:28.052   327   370 I PackageWatchdog: Syncing state, reason: observing new packages
08-09 11:46:28.052   327   370 D PackageWatchdog: rescue-party-observer added the following packages to monitor [com.android.launcher3]
08-09 11:46:28.054   327   327 I PackageWatchdog: Syncing health check requests for packages: {}
08-09 11:46:28.054   327   370 I PackageWatchdog: Syncing state, reason: updated observers
08-09 11:46:28.054   327   327 I ExplicitHealthCheckController: Service not ready to get health check supported packages. Binding...
08-09 11:46:28.054   327   370 I PackageWatchdog: Saving observer state to file
08-09 11:46:28.057   327   327 I ExplicitHealthCheckController: Explicit health check service is bound
08-09 11:46:28.068   327   327 I PackageWatchdog: Syncing health check requests for packages: {}
08-09 11:46:28.068   327   327 I ExplicitHealthCheckController: Service not ready to get health check supported packages. Binding...
08-09 11:46:28.068   327   327 I ExplicitHealthCheckController: Not binding to service, service already connecting
08-09 11:46:28.068   327   327 I ExplicitHealthCheckController: Explicit health check service is connected ComponentInfo{android.ext.services/android.ext.services.watchdog.ExplicitHealthCheckServiceImpl}
08-09 11:46:28.069   327   327 I ExplicitHealthCheckController: Service initialized, syncing requests
08-09 11:46:28.069   327   327 I PackageWatchdog: Syncing health check requests for packages: {}
08-09 11:46:28.069   327   327 D ExplicitHealthCheckController: Getting health check supported packages
08-09 11:46:28.074   327   886 I ExplicitHealthCheckController: Explicit health check supported packages [PackageConfig{com.android.networkstack, 86400000}]
08-09 11:46:28.074   327   886 D PackageWatchdog: Received supported packages [PackageConfig{com.android.networkstack, 86400000}]
08-09 11:46:28.074   327   886 D ExplicitHealthCheckController: Getting health check requested packages
08-09 11:46:28.075   327   815 I ExplicitHealthCheckController: Explicit health check requested packages []
08-09 11:46:28.075   327   815 I ExplicitHealthCheckController: No more health check requests, unbinding...
08-09 11:46:28.076   327   815 I ExplicitHealthCheckController: Explicit health check service is unbound
08-09 11:46:28.083   327   815 I RescueParty: Starting to observe: [android, com.android.systemui], updated namespace: window_manager
08-09 11:46:28.084   327   370 I PackageWatchdog: Syncing state, reason: observing new packages
08-09 11:46:28.084   327   370 D PackageWatchdog: rescue-party-observer added the following packages to monitor [android, com.android.systemui]
08-09 11:46:28.084   327   370 I PackageWatchdog: Syncing state, reason: updated observers
08-09 11:46:28.084   327   370 I PackageWatchdog: Not pruning observers, elapsed time: 0ms
08-09 11:46:28.084   327   370 I PackageWatchdog: Saving observer state to file
08-09 11:46:28.091   327   327 I PackageWatchdog: Syncing health check requests for packages: {}
08-09 11:46:28.091   327   327 I ExplicitHealthCheckController: Service not ready to get health check supported packages. Binding...
08-09 11:46:28.094   327   327 I ExplicitHealthCheckController: Explicit health check service is bound
08-09 11:46:28.095   327   327 I ExplicitHealthCheckController: Explicit health check service is connected ComponentInfo{android.ext.services/android.ext.services.watchdog.ExplicitHealthCheckServiceImpl}
08-09 11:46:28.096   327   327 I ExplicitHealthCheckController: Service initialized, syncing requests
08-09 11:46:28.096   327   327 I PackageWatchdog: Syncing health check requests for packages: {}
08-09 11:46:28.096   327   327 D ExplicitHealthCheckController: Getting health check supported packages
08-09 11:46:28.099   327   514 I ExplicitHealthCheckController: Explicit health check supported packages [PackageConfig{com.android.networkstack, 86400000}]
08-09 11:46:28.099   327   514 D PackageWatchdog: Received supported packages [PackageConfig{com.android.networkstack, 86400000}]
08-09 11:46:28.099   327   514 D ExplicitHealthCheckController: Getting health check requested packages
08-09 11:46:28.099   327   815 I ExplicitHealthCheckController: Explicit health check requested packages []
08-09 11:46:28.099   327   815 I ExplicitHealthCheckController: No more health check requests, unbinding...
08-09 11:46:28.100   327   815 I ExplicitHealthCheckController: Explicit health check service is unbound
08-09 11:46:28.356   327   514 I RescueParty: Starting to observe: [android], updated namespace: activity_manager_native_boot
08-09 11:46:28.368   327   370 I PackageWatchdog: Syncing state, reason: observing new packages
08-09 11:46:28.370   327   370 D PackageWatchdog: rescue-party-observer added the following packages to monitor [android]
08-09 11:46:28.370   327   370 I PackageWatchdog: Syncing state, reason: updated observers
08-09 11:46:28.370   327   370 I PackageWatchdog: Not pruning observers, elapsed time: 0ms
08-09 11:46:28.370   327   327 I PackageWatchdog: Syncing health check requests for packages: {}
08-09 11:46:28.370   327   327 I ExplicitHealthCheckController: Service not ready to get health check supported packages. Binding...
08-09 11:46:28.373   327   370 I PackageWatchdog: Saving observer state to file
08-09 11:46:28.374   327   327 I ExplicitHealthCheckController: Explicit health check service is bound
08-09 11:46:28.377   327   327 I PackageWatchdog: Syncing health check requests for packages: {}
08-09 11:46:28.377   327   327 I ExplicitHealthCheckController: Service not ready to get health check supported packages. Binding...
08-09 11:46:28.377   327   327 I ExplicitHealthCheckController: Not binding to service, service already connecting
08-09 11:46:28.377   327   327 I ExplicitHealthCheckController: Explicit health check service is connected ComponentInfo{android.ext.services/android.ext.services.watchdog.ExplicitHealthCheckServiceImpl}
08-09 11:46:28.377   327   327 I ExplicitHealthCheckController: Service initialized, syncing requests
08-09 11:46:28.377   327   327 I PackageWatchdog: Syncing health check requests for packages: {}
08-09 11:46:28.377   327   327 D ExplicitHealthCheckController: Getting health check supported packages
08-09 11:46:28.381   327   514 I ExplicitHealthCheckController: Explicit health check supported packages [PackageConfig{com.android.networkstack, 86400000}]
08-09 11:46:28.381   327   514 D PackageWatchdog: Received supported packages [PackageConfig{com.android.networkstack, 86400000}]
08-09 11:46:28.381   327   514 D ExplicitHealthCheckController: Getting health check requested packages
08-09 11:46:28.382   327   514 I ExplicitHealthCheckController: Explicit health check requested packages []
08-09 11:46:28.382   327   514 I ExplicitHealthCheckController: No more health check requests, unbinding...
08-09 11:46:28.383   327   514 I ExplicitHealthCheckController: Explicit health check service is unbound
08-09 11:46:28.429  1203  4233 W PackageParser: Unknown element under <manifest>: queries at /data/user_de/0/com.google.android.gms/app_chimera/m/00000001/dl-AdsFdrDynamite.integ_261710500100000.apk Binary XML file line #15
08-09 11:46:28.857   327   886 I RescueParty: Starting to observe: [android], updated namespace: battery_saver
08-09 11:46:28.858   327   370 I PackageWatchdog: Syncing state, reason: observing new packages
08-09 11:46:28.859   327   370 D PackageWatchdog: rescue-party-observer added the following packages to monitor [android]
08-09 11:46:28.859   327   370 I PackageWatchdog: Syncing state, reason: updated observers
08-09 11:46:28.859   327   370 I PackageWatchdog: Not pruning observers, elapsed time: 0ms
08-09 11:46:28.859   327   370 I PackageWatchdog: Saving observer state to file
08-09 11:46:28.880   327   327 I PackageWatchdog: Syncing health check requests for packages: {}
08-09 11:46:28.880   327   327 I ExplicitHealthCheckController: Service not ready to get health check supported packages. Binding...
08-09 11:46:28.883   327   327 I ExplicitHealthCheckController: Explicit health check service is bound
08-09 11:46:28.886   327   327 I ExplicitHealthCheckController: Explicit health check service is connected ComponentInfo{android.ext.services/android.ext.services.watchdog.ExplicitHealthCheckServiceImpl}
08-09 11:46:28.887   327   327 I ExplicitHealthCheckController: Service initialized, syncing requests
08-09 11:46:28.887   327   327 I PackageWatchdog: Syncing health check requests for packages: {}
08-09 11:46:28.887   327   327 D ExplicitHealthCheckController: Getting health check supported packages
08-09 11:46:28.889   327   886 I ExplicitHealthCheckController: Explicit health check supported packages [PackageConfig{com.android.networkstack, 86400000}]
08-09 11:46:28.889   327   886 D PackageWatchdog: Received supported packages [PackageConfig{com.android.networkstack, 86400000}]
08-09 11:46:28.890   327   886 D ExplicitHealthCheckController: Getting health check requested packages
08-09 11:46:28.891   327   815 I ExplicitHealthCheckController: Explicit health check requested packages []
08-09 11:46:28.891   327   815 I ExplicitHealthCheckController: No more health check requests, unbinding...
08-09 11:46:28.892   327   815 I ExplicitHealthCheckController: Explicit health check service is unbound
08-09 11:46:29.058   327  4363 I RescueParty: Starting to observe: [android], updated namespace: wifi
08-09 11:46:29.059   327   370 I PackageWatchdog: Syncing state, reason: observing new packages
08-09 11:46:29.059   327   370 D PackageWatchdog: rescue-party-observer added the following packages to monitor [android]
08-09 11:46:29.059   327   370 I PackageWatchdog: Syncing state, reason: updated observers
08-09 11:46:29.059   327   370 I PackageWatchdog: Not pruning observers, elapsed time: 0ms
08-09 11:46:29.059   327   370 I PackageWatchdog: Saving observer state to file
08-09 11:46:29.063   327   327 I PackageWatchdog: Syncing health check requests for packages: {}
08-09 11:46:29.063   327   327 I ExplicitHealthCheckController: Service not ready to get health check supported packages. Binding...
08-09 11:46:29.064   327   327 I ExplicitHealthCheckController: Explicit health check service is bound
08-09 11:46:29.068   327   327 I ExplicitHealthCheckController: Explicit health check service is connected ComponentInfo{android.ext.services/android.ext.services.watchdog.ExplicitHealthCheckServiceImpl}
08-09 11:46:29.068   327   327 I ExplicitHealthCheckController: Service initialized, syncing requests
08-09 11:46:29.068   327   327 I PackageWatchdog: Syncing health check requests for packages: {}
08-09 11:46:29.068   327   327 D ExplicitHealthCheckController: Getting health check supported packages
08-09 11:46:29.070   327   357 I ExplicitHealthCheckController: Explicit health check supported packages [PackageConfig{com.android.networkstack, 86400000}]
08-09 11:46:29.070   327   357 D PackageWatchdog: Received supported packages [PackageConfig{com.android.networkstack, 86400000}]
08-09 11:46:29.071   327   357 D ExplicitHealthCheckController: Getting health check requested packages
08-09 11:46:29.071   327   357 I ExplicitHealthCheckController: Explicit health check requested packages []
08-09 11:46:29.071   327   357 I ExplicitHealthCheckController: No more health check requests, unbinding...
08-09 11:46:29.072   327   357 I ExplicitHealthCheckController: Explicit health check service is unbound
08-09 11:46:29.081   327  4363 I RescueParty: Starting to observe: [android, com.android.phone], updated namespace: telephony
08-09 11:46:29.081   327   370 I PackageWatchdog: Syncing state, reason: observing new packages
08-09 11:46:29.081   327   370 D PackageWatchdog: rescue-party-observer added the following packages to monitor [android, com.android.phone]
08-09 11:46:29.081   327   370 I PackageWatchdog: Syncing state, reason: updated observers
08-09 11:46:29.081   327   370 I PackageWatchdog: Not pruning observers, elapsed time: 0ms
08-09 11:46:29.081   327   370 I PackageWatchdog: Saving observer state to file
08-09 11:46:29.085   327   327 I PackageWatchdog: Syncing health check requests for packages: {}
08-09 11:46:29.085   327   327 I ExplicitHealthCheckController: Service not ready to get health check supported packages. Binding...
08-09 11:46:29.087   327   327 I ExplicitHealthCheckController: Explicit health check service is bound
08-09 11:46:29.088   327   327 I ExplicitHealthCheckController: Explicit health check service is connected ComponentInfo{android.ext.services/android.ext.services.watchdog.ExplicitHealthCheckServiceImpl}
08-09 11:46:29.088   327   327 I ExplicitHealthCheckController: Service initialized, syncing requests
08-09 11:46:29.088   327   327 I PackageWatchdog: Syncing health check requests for packages: {}
08-09 11:46:29.088   327   327 D ExplicitHealthCheckController: Getting health check supported packages
08-09 11:46:29.089   327  4363 I ExplicitHealthCheckController: Explicit health check supported packages [PackageConfig{com.android.networkstack, 86400000}]
08-09 11:46:29.089   327  4363 D PackageWatchdog: Received supported packages [PackageConfig{com.android.networkstack, 86400000}]
08-09 11:46:29.089   327  4363 D ExplicitHealthCheckController: Getting health check requested packages
08-09 11:46:29.090   327  4363 I ExplicitHealthCheckController: Explicit health check requested packages []
08-09 11:46:29.090   327  4363 I ExplicitHealthCheckController: No more health check requests, unbinding...
08-09 11:46:29.091   327  4363 I ExplicitHealthCheckController: Explicit health check service is unbound
08-09 11:46:29.484   327   357 I RescueParty: Starting to observe: [android], updated namespace: app_standby
08-09 11:46:29.484   327   370 I PackageWatchdog: Syncing state, reason: observing new packages
08-09 11:46:29.484   327   370 D PackageWatchdog: rescue-party-observer added the following packages to monitor [android]
08-09 11:46:29.484   327   370 I PackageWatchdog: Syncing state, reason: updated observers
08-09 11:46:29.484   327   370 I PackageWatchdog: Not pruning observers, elapsed time: 0ms
08-09 11:46:29.484   327   370 I PackageWatchdog: Saving observer state to file
08-09 11:46:29.486   327   327 I PackageWatchdog: Syncing health check requests for packages: {}
08-09 11:46:29.486   327   327 I ExplicitHealthCheckController: Service not ready to get health check supported packages. Binding...
08-09 11:46:29.490   327   327 I ExplicitHealthCheckController: Explicit health check service is bound
08-09 11:46:29.491   327   327 I ExplicitHealthCheckController: Explicit health check service is connected ComponentInfo{android.ext.services/android.ext.services.watchdog.ExplicitHealthCheckServiceImpl}
08-09 11:46:29.491   327   327 I ExplicitHealthCheckController: Service initialized, syncing requests
08-09 11:46:29.491   327   327 I PackageWatchdog: Syncing health check requests for packages: {}
08-09 11:46:29.491   327   327 D ExplicitHealthCheckController: Getting health check supported packages
08-09 11:46:29.493   327  4363 I ExplicitHealthCheckController: Explicit health check supported packages [PackageConfig{com.android.networkstack, 86400000}]
08-09 11:46:29.493   327  4363 D PackageWatchdog: Received supported packages [PackageConfig{com.android.networkstack, 86400000}]
08-09 11:46:29.493   327  4363 D ExplicitHealthCheckController: Getting health check requested packages
08-09 11:46:29.494   327  4363 I ExplicitHealthCheckController: Explicit health check requested packages []
08-09 11:46:29.494   327  4363 I ExplicitHealthCheckController: No more health check requests, unbinding...
08-09 11:46:29.495   327  4363 I ExplicitHealthCheckController: Explicit health check service is unbound
08-09 11:46:29.510   327   327 I AutofillManagerService: Ignoring change on augmented_autofill_mode
08-09 11:46:29.530   327   327 E RemoteAugmentedAutofillService: Bad service name for flags 1048704: com.google.android.as/com.google.android.apps.miphone.aiai.app.AiAiAugmentedAutofillService
08-09 11:46:29.535   327   327 I AutofillManagerService: Ignoring change on autofill_dialog_hints
08-09 11:46:29.535   327   327 I AutofillManagerService: Ignoring change on autofill_save_dialog_landscape_body_height_max_percent
08-09 11:46:29.535   327   327 I AutofillManagerService: Ignoring change on autofill_save_dialog_portrait_body_height_max_percent
08-09 11:46:29.535   327   327 I AutofillManagerService: Ignoring change on autofill_dialog_enabled
08-09 11:46:30.053   327   514 I RescueParty: Starting to observe: [android], updated namespace: media
08-09 11:46:30.054   327   370 I PackageWatchdog: Syncing state, reason: observing new packages
08-09 11:46:30.054   327   370 D PackageWatchdog: rescue-party-observer added the following packages to monitor [android]
08-09 11:46:30.055   327   370 I PackageWatchdog: Syncing state, reason: updated observers
08-09 11:46:30.055   327   370 I PackageWatchdog: Not pruning observers, elapsed time: 0ms
08-09 11:46:30.055   327   370 I PackageWatchdog: Saving observer state to file
08-09 11:46:30.062   327   327 I PackageWatchdog: Syncing health check requests for packages: {}
08-09 11:46:30.063   327   327 I ExplicitHealthCheckController: Service not ready to get health check supported packages. Binding...
08-09 11:46:30.066   327   327 I ExplicitHealthCheckController: Explicit health check service is bound
08-09 11:46:30.069   327   327 I ExplicitHealthCheckController: Explicit health check service is connected ComponentInfo{android.ext.services/android.ext.services.watchdog.ExplicitHealthCheckServiceImpl}
08-09 11:46:30.069   327   327 I ExplicitHealthCheckController: Service initialized, syncing requests
08-09 11:46:30.069   327   327 I PackageWatchdog: Syncing health check requests for packages: {}
08-09 11:46:30.069   327   327 D ExplicitHealthCheckController: Getting health check supported packages
08-09 11:46:30.073   327   514 I ExplicitHealthCheckController: Explicit health check supported packages [PackageConfig{com.android.networkstack, 86400000}]
08-09 11:46:30.073   327   514 D PackageWatchdog: Received supported packages [PackageConfig{com.android.networkstack, 86400000}]
08-09 11:46:30.073   327   514 D ExplicitHealthCheckController: Getting health check requested packages
08-09 11:46:30.076   327  1389 I ExplicitHealthCheckController: Explicit health check requested packages []
08-09 11:46:30.076   327  1389 I ExplicitHealthCheckController: No more health check requests, unbinding...
08-09 11:46:30.079   327  1389 I ExplicitHealthCheckController: Explicit health check service is unbound
08-09 11:46:30.358   551   551 D VRI[NavigationBar0]: updatePointerIcon called with position out of bounds
08-09 11:46:30.592   327   357 I RescueParty: Starting to observe: [android, android.ext.services, com.android.systemui], updated namespace: systemui
08-09 11:46:30.594   327   370 I PackageWatchdog: Syncing state, reason: observing new packages
08-09 11:46:30.594   327   370 D PackageWatchdog: rescue-party-observer added the following packages to monitor [android, android.ext.services, com.android.systemui]
08-09 11:46:30.594   327   370 I PackageWatchdog: Syncing state, reason: updated observers
08-09 11:46:30.594   327   370 I PackageWatchdog: Not pruning observers, elapsed time: 0ms
08-09 11:46:30.594   327   370 I PackageWatchdog: Saving observer state to file
08-09 11:46:30.611   327   327 I PackageWatchdog: Syncing health check requests for packages: {}
08-09 11:46:30.611   327   327 I ExplicitHealthCheckController: Service not ready to get health check supported packages. Binding...
08-09 11:46:30.614   327   327 I ExplicitHealthCheckController: Explicit health check service is bound
08-09 11:46:30.619   327   327 I ExplicitHealthCheckController: Explicit health check service is connected ComponentInfo{android.ext.services/android.ext.services.watchdog.ExplicitHealthCheckServiceImpl}
08-09 11:46:30.619   327   327 I ExplicitHealthCheckController: Service initialized, syncing requests
08-09 11:46:30.619   327   327 I PackageWatchdog: Syncing health check requests for packages: {}
08-09 11:46:30.619   327   327 D ExplicitHealthCheckController: Getting health check supported packages
08-09 11:46:30.623   327  1389 I ExplicitHealthCheckController: Explicit health check supported packages [PackageConfig{com.android.networkstack, 86400000}]
08-09 11:46:30.623   327  1389 D PackageWatchdog: Received supported packages [PackageConfig{com.android.networkstack, 86400000}]
08-09 11:46:30.623   327  1389 D ExplicitHealthCheckController: Getting health check requested packages
08-09 11:46:30.624   327  1389 I ExplicitHealthCheckController: Explicit health check requested packages []
08-09 11:46:30.624   327  1389 I ExplicitHealthCheckController: No more health check requests, unbinding...
08-09 11:46:30.625   327  1389 I ExplicitHealthCheckController: Explicit health check service is unbound
08-09 11:46:31.126   327   357 D CoreBackPreview: Window{fb5b643 u0 com.google.android.gms/com.google.android.gms.auth.uiflows.minutemaid.MinuteMaidActivity}: Setting back callback OnBackInvokedCallbackInfo{mCallback=android.window.IOnBackInvokedCallback$Stub$Proxy@b7d4853, mPriority=0}
08-09 11:46:33.333   327   370 D OomAdjuster: Not killing cached processes
08-09 11:46:33.804  1203  4010 W PackageParser: Unknown element under <manifest>: queries at /data/user_de/0/com.google.android.gms/app_chimera/m/00000001/dl-AdsFdrDynamite.integ_261710500100000.apk Binary XML file line #15
08-09 11:46:36.795   327  3978 I RescueParty: Starting to observe: [android], updated namespace: alarm_manager
08-09 11:46:36.796   327   370 I PackageWatchdog: Syncing state, reason: observing new packages
08-09 11:46:36.798   327   327 I PackageWatchdog: Syncing health check requests for packages: {}
08-09 11:46:36.798   327   370 D PackageWatchdog: rescue-party-observer added the following packages to monitor [android]
08-09 11:46:36.798   327   370 I PackageWatchdog: Syncing state, reason: updated observers
08-09 11:46:36.798   327   370 I PackageWatchdog: Not pruning observers, elapsed time: 0ms
08-09 11:46:36.798   327   327 I ExplicitHealthCheckController: Service not ready to get health check supported packages. Binding...
08-09 11:46:36.798   327   370 I PackageWatchdog: Saving observer state to file
08-09 11:46:36.800   327   327 I ExplicitHealthCheckController: Explicit health check service is bound
08-09 11:46:36.805   327   327 I PackageWatchdog: Syncing health check requests for packages: {}
08-09 11:46:36.805   327   327 I ExplicitHealthCheckController: Service not ready to get health check supported packages. Binding...
08-09 11:46:36.805   327   327 I ExplicitHealthCheckController: Not binding to service, service already connecting
08-09 11:46:36.805   327   327 I ExplicitHealthCheckController: Explicit health check service is connected ComponentInfo{android.ext.services/android.ext.services.watchdog.ExplicitHealthCheckServiceImpl}
08-09 11:46:36.805   327   327 I ExplicitHealthCheckController: Service initialized, syncing requests
08-09 11:46:36.805   327   327 I PackageWatchdog: Syncing health check requests for packages: {}
08-09 11:46:36.805   327   327 D ExplicitHealthCheckController: Getting health check supported packages
08-09 11:46:36.810   327  3978 I ExplicitHealthCheckController: Explicit health check supported packages [PackageConfig{com.android.networkstack, 86400000}]
08-09 11:46:36.811   327  3978 D PackageWatchdog: Received supported packages [PackageConfig{com.android.networkstack, 86400000}]
08-09 11:46:36.811   327  3978 D ExplicitHealthCheckController: Getting health check requested packages
08-09 11:46:36.811   327  3978 I ExplicitHealthCheckController: Explicit health check requested packages []
08-09 11:46:36.811   327  3978 I ExplicitHealthCheckController: No more health check requests, unbinding...
08-09 11:46:36.813   327  3978 I ExplicitHealthCheckController: Explicit health check service is unbound
08-09 11:46:36.942   327  1389 I RescueParty: Starting to observe: [android], updated namespace: appsearch
08-09 11:46:36.942   327   370 I PackageWatchdog: Syncing state, reason: observing new packages
08-09 11:46:36.942   327   370 D PackageWatchdog: rescue-party-observer added the following packages to monitor [android]
08-09 11:46:36.942   327   370 I PackageWatchdog: Syncing state, reason: updated observers
08-09 11:46:36.942   327   370 I PackageWatchdog: Not pruning observers, elapsed time: 0ms
08-09 11:46:36.942   327   370 I PackageWatchdog: Saving observer state to file
08-09 11:46:36.945   327   327 I PackageWatchdog: Syncing health check requests for packages: {}
08-09 11:46:36.945   327   327 I ExplicitHealthCheckController: Service not ready to get health check supported packages. Binding...
08-09 11:46:36.948   327   327 I ExplicitHealthCheckController: Explicit health check service is bound
08-09 11:46:36.948   327   327 I ExplicitHealthCheckController: Explicit health check service is connected ComponentInfo{android.ext.services/android.ext.services.watchdog.ExplicitHealthCheckServiceImpl}
08-09 11:46:36.948   327   327 I ExplicitHealthCheckController: Service initialized, syncing requests
08-09 11:46:36.948   327   327 I PackageWatchdog: Syncing health check requests for packages: {}
08-09 11:46:36.948   327   327 D ExplicitHealthCheckController: Getting health check supported packages
08-09 11:46:36.951   327  3978 I ExplicitHealthCheckController: Explicit health check supported packages [PackageConfig{com.android.networkstack, 86400000}]
08-09 11:46:36.951   327  3978 D PackageWatchdog: Received supported packages [PackageConfig{com.android.networkstack, 86400000}]
08-09 11:46:36.951   327  3978 D ExplicitHealthCheckController: Getting health check requested packages
08-09 11:46:36.952   327  3978 I ExplicitHealthCheckController: Explicit health check requested packages []
08-09 11:46:36.952   327  3978 I ExplicitHealthCheckController: No more health check requests, unbinding...
08-09 11:46:36.953   327  3978 I ExplicitHealthCheckController: Explicit health check service is unbound
08-09 11:46:37.260   327   514 I RescueParty: Starting to observe: [android], updated namespace: attention_manager_service
08-09 11:46:37.263   327   327 I AttentionDetector: readValuesFromDeviceConfig():
08-09 11:46:37.263   327   327 I AttentionDetector: mMaximumExtensionMillis=330000
08-09 11:46:37.263   327   327 I AttentionDetector: mPreDimCheckDurationMillis=2100
08-09 11:46:37.263   327   327 I AttentionDetector: mRequestedPostDimTimeoutMillis=0
08-09 11:46:37.263   327   370 I PackageWatchdog: Syncing state, reason: observing new packages
08-09 11:46:37.264   327   370 D PackageWatchdog: rescue-party-observer added the following packages to monitor [android]
08-09 11:46:37.264   327   370 I PackageWatchdog: Syncing state, reason: updated observers
08-09 11:46:37.264   327   370 I PackageWatchdog: Not pruning observers, elapsed time: 0ms
08-09 11:46:37.264   327   370 I PackageWatchdog: Saving observer state to file
08-09 11:46:37.265   327   327 I FaceDownDetector: Ignoring change on post_dim_check_duration_millis
08-09 11:46:37.265   327   327 I FaceDownDetector: Ignoring change on max_extension_millis
08-09 11:46:37.265   327   327 I FaceDownDetector: Ignoring change on keep_screen_on_for_millis
08-09 11:46:37.265   327   327 I FaceDownDetector: Ignoring change on keep_screen_on_enabled
08-09 11:46:37.265   327   327 I FaceDownDetector: readValuesFromDeviceConfig():
08-09 11:46:37.265   327   327 I FaceDownDetector: mAccelerationThreshold=0.2
08-09 11:46:37.265   327   327 I FaceDownDetector: mZAccelerationThreshold=-9.5
08-09 11:46:37.265   327   327 I FaceDownDetector: mTimeThreshold=PT1S
08-09 11:46:37.265   327   327 I FaceDownDetector: mIsEnabled=true
08-09 11:46:37.269   327   327 I ScreenUndimDetector: onDeviceConfigChange; key=post_dim_check_duration_millis
08-09 11:46:37.269   327   327 I ScreenUndimDetector: Ignoring change on post_dim_check_duration_millis
08-09 11:46:37.269   327   327 I ScreenUndimDetector: onDeviceConfigChange; key=max_extension_millis
08-09 11:46:37.269   327   327 I ScreenUndimDetector: Ignoring change on max_extension_millis
08-09 11:46:37.269   327   327 I ScreenUndimDetector: onDeviceConfigChange; key=keep_screen_on_for_millis
08-09 11:46:37.269   327   327 I ScreenUndimDetector: readValuesFromDeviceConfig():
08-09 11:46:37.269   327   327 I ScreenUndimDetector: mKeepScreenOnForMillis=300000
08-09 11:46:37.269   327   327 I ScreenUndimDetector: mKeepScreenOnNotificationEnabled=false
08-09 11:46:37.269   327   327 I ScreenUndimDetector: mUndimsRequired=2
08-09 11:46:37.269   327   327 I PackageWatchdog: Syncing health check requests for packages: {}
08-09 11:46:37.269   327   327 I ExplicitHealthCheckController: Service not ready to get health check supported packages. Binding...
08-09 11:46:37.279   327   327 I ExplicitHealthCheckController: Explicit health check service is bound
08-09 11:46:37.283   327   327 I ExplicitHealthCheckController: Explicit health check service is connected ComponentInfo{android.ext.services/android.ext.services.watchdog.ExplicitHealthCheckServiceImpl}
08-09 11:46:37.286   327   327 I ExplicitHealthCheckController: Service initialized, syncing requests
08-09 11:46:37.286   327   327 I PackageWatchdog: Syncing health check requests for packages: {}
08-09 11:46:37.286   327   327 D ExplicitHealthCheckController: Getting health check supported packages
08-09 11:46:37.302   327  1389 I ExplicitHealthCheckController: Explicit health check supported packages [PackageConfig{com.android.networkstack, 86400000}]
08-09 11:46:37.302   327  1389 D PackageWatchdog: Received supported packages [PackageConfig{com.android.networkstack, 86400000}]
08-09 11:46:37.302   327  1389 D ExplicitHealthCheckController: Getting health check requested packages
08-09 11:46:37.305   327  1389 I ExplicitHealthCheckController: Explicit health check requested packages []
08-09 11:46:37.305   327  1389 I ExplicitHealthCheckController: No more health check requests, unbinding...
08-09 11:46:37.308   327  1389 I ExplicitHealthCheckController: Explicit health check service is unbound
08-09 11:46:37.639   327   514 I RescueParty: Starting to observe: [android, com.android.systemui], updated namespace: app_compat
08-09 11:46:37.639   327   370 I PackageWatchdog: Syncing state, reason: observing new packages
08-09 11:46:37.639   327   370 D PackageWatchdog: rescue-party-observer added the following packages to monitor [android, com.android.systemui]
08-09 11:46:37.639   327   370 I PackageWatchdog: Syncing state, reason: updated observers
08-09 11:46:37.639   327   370 I PackageWatchdog: Not pruning observers, elapsed time: 0ms
08-09 11:46:37.639   327   370 I PackageWatchdog: Saving observer state to file
