08-09 12:14:05.847  4472  4472 I Finsky:background: [2] RF: resourceStatus for request_id=16 group=com.devsisters.ck artifact=UnityDataAssetPack collectedBytes= 308451364 / 332028638
08-09 12:14:05.847  4472  4472 I Finsky:background: [2] RF: Group=com.devsisters.ck totalBytesDownloaded= 442527599 / 466104873 for 4 artifacts
08-09 12:14:05.848  4472  4472 I Finsky:background: [2] RF: Preventing total bytes update to listeners
08-09 12:14:06.283  8597  8644 D LocalImageResolver: Couldn't use ImageDecoder for drawable, falling back to non-resized load.
08-09 12:14:06.284  8597  8644 D LocalImageResolver: Couldn't use ImageDecoder for drawable, falling back to non-resized load.
08-09 12:14:08.039  4472  9098 I Finsky:background: [161] DSC::L: Update all listeners for download <16:RUNNING:93%[93%]> in group com.devsisters.ck:MwjtIzqJS4aCel_65UiosQ
08-09 12:14:08.039  4472  9098 I Finsky:background: [161] DSC::L: Updating listener DownloadServiceManagerListener::aqfz@5163067 for download <16:RUNNING:93%[93%]>
08-09 12:14:08.039  4472  9098 I Finsky:background: [161] DS: Received onProgress request_id=16
08-09 12:14:08.039  4472  9098 I Finsky:background: [161] RM: receive resource status onProgress download_request_id=16, group_id=UnityDataAssetPack reason: bulk_update isid: MwjtIzqJS4aCel_65UiosQ, status_code=RESOURCE_STATUS_IN_PROGRESS, legacy_status_code=192, size: 309772996/332028638
08-09 12:14:08.039  4472  9098 I Finsky:background: [161] DSC::L: Updating listener wro@4233c05 for download <16:RUNNING:93%[93%]>
08-09 12:14:08.039  4472  9098 I Finsky:background: [161] DSC::L: Updating listener DownloadServiceManagerListener::ukd@c13eb7c for download <16:RUNNING:93%[93%]>
08-09 12:14:08.039  4472  4631 I Finsky:background: [59] RM: getStatus resourceRequestId=9fb9e231-b8b7-4081-aaf8-317c25f2b8d5 requestId=16 package=com.devsisters.ck artifact=UnityDataAssetPack isid=MwjtIzqJS4aCel_65UiosQ
08-09 12:14:08.040  4472  4631 I Finsky:background: [59] DSC: reviveDownload(16)
08-09 12:14:08.040  4472  4552 I Finsky:background: [46] DS: reviveDownload(request_id=16)
08-09 12:14:08.050  4472  9098 I Finsky:background: [161] DS: DS: onReviveDownload(request_id=16, files_to_download=[UnityDataAssetPack(size:332028638)], context[group_id=com.devsisters.ck:MwjtIzqJS4aCel_65UiosQ], display_data[invisible=false, title=CookieRun: Kingdom], network_restrictions=ANY_NETWORK status=running, bytes_downloaded=309772996, total_bytes=332028638, retry[count=0, next_retry=n/a])
08-09 12:14:08.057  4472  4472 I Finsky:background: [2] RF: onProgress request_id=16 isid=MwjtIzqJS4aCel_65UiosQ
08-09 12:14:08.057  4472  4472 I Finsky:background: [2] RF: resourceStatus for request_id=16 group=com.devsisters.ck artifact=UnityDataAssetPack collectedBytes= 309772996 / 332028638
08-09 12:14:08.057  4472  4472 I Finsky:background: [2] RF: Group=com.devsisters.ck totalBytesDownloaded= 443849231 / 466104873 for 4 artifacts
08-09 12:14:08.058  4472  4472 I Finsky:background: [2] Updated time lastBroadcast=2026-08-09T05:14:03.849Z current=2026-08-09T05:14:08.058Z
08-09 12:14:08.058  4472  4472 I Finsky:background: [2] bytesCompleted/bytesTotal/ratio = 443849231 / 466104873 / 0.952252
08-09 12:14:08.061  4472  9118 I Finsky:background: [167] IV2: onTaskProgress com.devsisters.ck[iid:2] [isid:MwjtIzqJS4aCel_65UiosQ] status:RESOURCE_FETCH_PROGRESS, size: 443849231/466104873
08-09 12:14:08.063  4472  9112 I Finsky:background: [163] IQ: Notifying installation update. [Package:com.devsisters.ck, isid:MwjtIzqJS4aCel_65UiosQ] state:DOWNLOADING, status=DOWNLOADING, status_code=0, reason=bulk_update, tsc=PT17M22.481S, attempt=0
08-09 12:14:08.076  4472  4472 I Finsky:background: [2] PIM: Ignore install package event for: com.devsisters.ck, isid: MwjtIzqJS4aCel_65UiosQ
08-09 12:14:08.077  8911  9027 I Finsky  : [109] Install States emitted for 9 apps
08-09 12:14:08.079   327  6237 D FakeWifi: Faking wifi for com.android.vending
08-09 12:14:08.079   327  6237 D FakeWifi: Faking wifi for com.android.vending
08-09 12:14:08.079  8911  9025 D FakeWifi: Faking wifi for com.android.vending
08-09 12:14:08.079  8911  9025 D FakeWifi: Faking wifi for com.android.vending
08-09 12:14:08.081  8911  9025 D FakeWifi: Faking wifi for com.android.vending
08-09 12:14:08.083  8911  9025 D FakeWifi: Faking wifi for com.android.vending
08-09 12:14:08.083  8911  9025 D FakeWifi: Faking wifi for com.android.vending
08-09 12:14:08.090   327  3961 D FakeWifi: Faking wifi for com.android.vending
08-09 12:14:08.090   327  3961 D FakeWifi: Faking wifi for com.android.vending
08-09 12:14:08.090  8911  9025 D FakeWifi: Faking wifi for com.android.vending
08-09 12:14:08.090  8911  9025 D FakeWifi: Faking wifi for com.android.vending
08-09 12:14:08.091  8911  9025 D FakeWifi: Faking wifi for com.android.vending
08-09 12:14:08.091  8911  9025 D FakeWifi: Faking wifi for com.android.vending
08-09 12:14:08.091  8911  9025 D FakeWifi: Faking wifi for com.android.vending
08-09 12:14:08.482  8597  8644 D LocalImageResolver: Couldn't use ImageDecoder for drawable, falling back to non-resized load.
08-09 12:14:08.483  8597  8644 D LocalImageResolver: Couldn't use ImageDecoder for drawable, falling back to non-resized load.
08-09 12:14:10.076  4472  9098 I Finsky:background: [161] DSC::L: Update all listeners for download <16:RUNNING:93%[93%]> in group com.devsisters.ck:MwjtIzqJS4aCel_65UiosQ
08-09 12:14:10.076  4472  9098 I Finsky:background: [161] DSC::L: Updating listener DownloadServiceManagerListener::aqfz@5163067 for download <16:RUNNING:93%[93%]>
08-09 12:14:10.077  4472  9098 I Finsky:background: [161] DS: Received onProgress request_id=16
08-09 12:14:10.077  4472  9098 I Finsky:background: [161] RM: receive resource status onProgress download_request_id=16, group_id=UnityDataAssetPack reason: bulk_update isid: MwjtIzqJS4aCel_65UiosQ, status_code=RESOURCE_STATUS_IN_PROGRESS, legacy_status_code=192, size: 310992992/332028638
08-09 12:14:10.077  4472  9098 I Finsky:background: [161] DSC::L: Updating listener wro@4233c05 for download <16:RUNNING:93%[93%]>
08-09 12:14:10.077  4472  9098 I Finsky:background: [161] DSC::L: Updating listener DownloadServiceManagerListener::ukd@c13eb7c for download <16:RUNNING:93%[93%]>
08-09 12:14:10.078  4472  4631 I Finsky:background: [59] RM: getStatus resourceRequestId=9fb9e231-b8b7-4081-aaf8-317c25f2b8d5 requestId=16 package=com.devsisters.ck artifact=UnityDataAssetPack isid=MwjtIzqJS4aCel_65UiosQ
08-09 12:14:10.078  4472  4631 I Finsky:background: [59] DSC: reviveDownload(16)
08-09 12:14:10.079  4472  4631 I Finsky:background: [59] DS: reviveDownload(request_id=16)
08-09 12:14:10.088  4472  9098 I Finsky:background: [161] DS: DS: onReviveDownload(request_id=16, files_to_download=[UnityDataAssetPack(size:332028638)], context[group_id=com.devsisters.ck:MwjtIzqJS4aCel_65UiosQ], display_data[invisible=false, title=CookieRun: Kingdom], network_restrictions=ANY_NETWORK status=running, bytes_downloaded=310992992, total_bytes=332028638, retry[count=0, next_retry=n/a])
08-09 12:14:10.092  4472  4472 I Finsky:background: [2] RF: onProgress request_id=16 isid=MwjtIzqJS4aCel_65UiosQ
08-09 12:14:10.092  4472  4472 I Finsky:background: [2] RF: resourceStatus for request_id=16 group=com.devsisters.ck artifact=UnityDataAssetPack collectedBytes= 310992992 / 332028638
08-09 12:14:10.092  4472  4472 I Finsky:background: [2] RF: Group=com.devsisters.ck totalBytesDownloaded= 445069227 / 466104873 for 4 artifacts
08-09 12:14:10.094  4472  4472 I Finsky:background: [2] Updated time lastBroadcast=2026-08-09T05:14:08.058Z current=2026-08-09T05:14:10.094Z
08-09 12:14:10.094  4472  4472 I Finsky:background: [2] bytesCompleted/bytesTotal/ratio = 445069227 / 466104873 / 0.954869
08-09 12:14:10.097  4472  9118 I Finsky:background: [167] IV2: onTaskProgress com.devsisters.ck[iid:2] [isid:MwjtIzqJS4aCel_65UiosQ] status:RESOURCE_FETCH_PROGRESS, size: 445069227/466104873
08-09 12:14:10.098  4472  9112 I Finsky:background: [163] IQ: Notifying installation update. [Package:com.devsisters.ck, isid:MwjtIzqJS4aCel_65UiosQ] state:DOWNLOADING, status=DOWNLOADING, status_code=0, reason=bulk_update, tsc=PT17M24.516S, attempt=0
08-09 12:14:10.111  4472  4472 I Finsky:background: [2] PIM: Ignore install package event for: com.devsisters.ck, isid: MwjtIzqJS4aCel_65UiosQ
08-09 12:14:10.113  8911  8994 I Finsky  : [90] Install States emitted for 9 apps
08-09 12:14:10.115   327  6237 D FakeWifi: Faking wifi for com.android.vending
08-09 12:14:10.115   327  6237 D FakeWifi: Faking wifi for com.android.vending
08-09 12:14:10.115  8911  9025 D FakeWifi: Faking wifi for com.android.vending
08-09 12:14:10.115  8911  9025 D FakeWifi: Faking wifi for com.android.vending
08-09 12:14:10.115  8911  9025 D FakeWifi: Faking wifi for com.android.vending
08-09 12:14:10.116  8911  9025 D FakeWifi: Faking wifi for com.android.vending
08-09 12:14:10.116  8911  9025 D FakeWifi: Faking wifi for com.android.vending
08-09 12:14:10.126   327   514 D FakeWifi: Faking wifi for com.android.vending
08-09 12:14:10.126   327   514 D FakeWifi: Faking wifi for com.android.vending
08-09 12:14:10.126  8911  8993 D FakeWifi: Faking wifi for com.android.vending
08-09 12:14:10.127  8911  8993 D FakeWifi: Faking wifi for com.android.vending
08-09 12:14:10.127  8911  8993 D FakeWifi: Faking wifi for com.android.vending
08-09 12:14:10.127  8911  8993 D FakeWifi: Faking wifi for com.android.vending
08-09 12:14:10.127  8911  8993 D FakeWifi: Faking wifi for com.android.vending
08-09 12:14:10.377  8597  8608 I ndroid.systemui: Background young concurrent copying GC freed 437664(16MB) AllocSpace objects, 0(0B) LOS objects, 27% free, 44MB/61MB, paused 84us,44us total 294.685ms
08-09 12:14:10.531  8597  8644 D LocalImageResolver: Couldn't use ImageDecoder for drawable, falling back to non-resized load.
08-09 12:14:10.532  8597  8644 D LocalImageResolver: Couldn't use ImageDecoder for drawable, falling back to non-resized load.
08-09 12:14:12.126  4472  9098 I Finsky:background: [161] DSC::L: Update all listeners for download <16:RUNNING:94%[94%]> in group com.devsisters.ck:MwjtIzqJS4aCel_65UiosQ
08-09 12:14:12.126  4472  9098 I Finsky:background: [161] DSC::L: Updating listener DownloadServiceManagerListener::aqfz@5163067 for download <16:RUNNING:94%[94%]>
08-09 12:14:12.126  4472  9098 I Finsky:background: [161] DS: Received onProgress request_id=16
08-09 12:14:12.126  4472  9098 I Finsky:background: [161] RM: receive resource status onProgress download_request_id=16, group_id=UnityDataAssetPack reason: bulk_update isid: MwjtIzqJS4aCel_65UiosQ, status_code=RESOURCE_STATUS_IN_PROGRESS, legacy_status_code=192, size: 312342816/332028638
08-09 12:14:12.126  4472  9098 I Finsky:background: [161] DSC::L: Updating listener wro@4233c05 for download <16:RUNNING:94%[94%]>
08-09 12:14:12.126  4472  9098 I Finsky:background: [161] DSC::L: Updating listener DownloadServiceManagerListener::ukd@c13eb7c for download <16:RUNNING:94%[94%]>
08-09 12:14:12.127  4472  4559 I Finsky:background: [51] RM: getStatus resourceRequestId=9fb9e231-b8b7-4081-aaf8-317c25f2b8d5 requestId=16 package=com.devsisters.ck artifact=UnityDataAssetPack isid=MwjtIzqJS4aCel_65UiosQ
08-09 12:14:12.127  4472  4559 I Finsky:background: [51] DSC: reviveDownload(16)
08-09 12:14:12.127  4472  4631 I Finsky:background: [59] DS: reviveDownload(request_id=16)
08-09 12:14:12.135  4472  9098 I Finsky:background: [161] DS: DS: onReviveDownload(request_id=16, files_to_download=[UnityDataAssetPack(size:332028638)], context[group_id=com.devsisters.ck:MwjtIzqJS4aCel_65UiosQ], display_data[invisible=false, title=CookieRun: Kingdom], network_restrictions=ANY_NETWORK status=running, bytes_downloaded=312342816, total_bytes=332028638, retry[count=0, next_retry=n/a])
08-09 12:14:12.137  4472  4472 I Finsky:background: [2] RF: onProgress request_id=16 isid=MwjtIzqJS4aCel_65UiosQ
08-09 12:14:12.138  4472  4472 I Finsky:background: [2] RF: resourceStatus for request_id=16 group=com.devsisters.ck artifact=UnityDataAssetPack collectedBytes= 312342816 / 332028638
08-09 12:14:12.138  4472  4472 I Finsky:background: [2] RF: Group=com.devsisters.ck totalBytesDownloaded= 446419051 / 466104873 for 4 artifacts
08-09 12:14:12.140  4472  4472 I Finsky:background: [2] Updated time lastBroadcast=2026-08-09T05:14:10.094Z current=2026-08-09T05:14:12.140Z
08-09 12:14:12.140  4472  4472 I Finsky:background: [2] bytesCompleted/bytesTotal/ratio = 446419051 / 466104873 / 0.957765
08-09 12:14:12.144  4472  9118 I Finsky:background: [167] IV2: onTaskProgress com.devsisters.ck[iid:2] [isid:MwjtIzqJS4aCel_65UiosQ] status:RESOURCE_FETCH_PROGRESS, size: 446419051/466104873
08-09 12:14:12.150  4472  9112 I Finsky:background: [163] IQ: Notifying installation update. [Package:com.devsisters.ck, isid:MwjtIzqJS4aCel_65UiosQ] state:DOWNLOADING, status=DOWNLOADING, status_code=0, reason=bulk_update, tsc=PT17M26.568S, attempt=0
08-09 12:14:12.171  4472  4472 I Finsky:background: [2] PIM: Ignore install package event for: com.devsisters.ck, isid: MwjtIzqJS4aCel_65UiosQ
08-09 12:14:12.172  8911  8994 I Finsky  : [90] Install States emitted for 9 apps
08-09 12:14:12.175   327  6237 D FakeWifi: Faking wifi for com.android.vending
08-09 12:14:12.175   327  6237 D FakeWifi: Faking wifi for com.android.vending
08-09 12:14:12.175  8911  9025 D FakeWifi: Faking wifi for com.android.vending
08-09 12:14:12.175  8911  9025 D FakeWifi: Faking wifi for com.android.vending
08-09 12:14:12.175  8911  9025 D FakeWifi: Faking wifi for com.android.vending
08-09 12:14:12.175  8911  9025 D FakeWifi: Faking wifi for com.android.vending
08-09 12:14:12.175  8911  9025 D FakeWifi: Faking wifi for com.android.vending
08-09 12:14:12.180   327  3961 D FakeWifi: Faking wifi for com.android.vending
08-09 12:14:12.180   327  3961 D FakeWifi: Faking wifi for com.android.vending
08-09 12:14:12.181  8911  8994 D FakeWifi: Faking wifi for com.android.vending
08-09 12:14:12.182  8911  8994 D FakeWifi: Faking wifi for com.android.vending
08-09 12:14:12.182  8911  8994 D FakeWifi: Faking wifi for com.android.vending
08-09 12:14:12.183  8911  8994 D FakeWifi: Faking wifi for com.android.vending
08-09 12:14:12.183  8911  8994 D FakeWifi: Faking wifi for com.android.vending
08-09 12:14:12.565  8597  8644 D LocalImageResolver: Couldn't use ImageDecoder for drawable, falling back to non-resized load.
08-09 12:14:12.566  8597  8644 D LocalImageResolver: Couldn't use ImageDecoder for drawable, falling back to non-resized load.
08-09 12:14:14.171  4472  9098 I Finsky:background: [161] DSC::L: Update all listeners for download <16:RUNNING:94%[94%]> in group com.devsisters.ck:MwjtIzqJS4aCel_65UiosQ
08-09 12:14:14.171  4472  9098 I Finsky:background: [161] DSC::L: Updating listener DownloadServiceManagerListener::aqfz@5163067 for download <16:RUNNING:94%[94%]>
08-09 12:14:14.171  4472  9098 I Finsky:background: [161] DS: Received onProgress request_id=16
08-09 12:14:14.171  4472  9098 I Finsky:background: [161] RM: receive resource status onProgress download_request_id=16, group_id=UnityDataAssetPack reason: bulk_update isid: MwjtIzqJS4aCel_65UiosQ, status_code=RESOURCE_STATUS_IN_PROGRESS, legacy_status_code=192, size: 313589823/332028638
08-09 12:14:14.171  4472  9098 I Finsky:background: [161] DSC::L: Updating listener wro@4233c05 for download <16:RUNNING:94%[94%]>
08-09 12:14:14.171  4472  9098 I Finsky:background: [161] DSC::L: Updating listener DownloadServiceManagerListener::ukd@c13eb7c for download <16:RUNNING:94%[94%]>
08-09 12:14:14.172  4472  4552 I Finsky:background: [46] RM: getStatus resourceRequestId=9fb9e231-b8b7-4081-aaf8-317c25f2b8d5 requestId=16 package=com.devsisters.ck artifact=UnityDataAssetPack isid=MwjtIzqJS4aCel_65UiosQ
08-09 12:14:14.172  4472  4552 I Finsky:background: [46] DSC: reviveDownload(16)
08-09 12:14:14.172  4472  4631 I Finsky:background: [59] DS: reviveDownload(request_id=16)
08-09 12:14:14.177  4472  9098 I Finsky:background: [161] DS: DS: onReviveDownload(request_id=16, files_to_download=[UnityDataAssetPack(size:332028638)], context[group_id=com.devsisters.ck:MwjtIzqJS4aCel_65UiosQ], display_data[invisible=false, title=CookieRun: Kingdom], network_restrictions=ANY_NETWORK status=running, bytes_downloaded=313589823, total_bytes=332028638, retry[count=0, next_retry=n/a])
08-09 12:14:14.177  4472  4472 I Finsky:background: [2] RF: onProgress request_id=16 isid=MwjtIzqJS4aCel_65UiosQ
08-09 12:14:14.177  4472  4472 I Finsky:background: [2] RF: resourceStatus for request_id=16 group=com.devsisters.ck artifact=UnityDataAssetPack collectedBytes= 313589823 / 332028638
08-09 12:14:14.177  4472  4472 I Finsky:background: [2] RF: Group=com.devsisters.ck totalBytesDownloaded= 447666058 / 466104873 for 4 artifacts
08-09 12:14:14.179  4472  4472 I Finsky:background: [2] Updated time lastBroadcast=2026-08-09T05:14:12.140Z current=2026-08-09T05:14:14.179Z
08-09 12:14:14.179  4472  4472 I Finsky:background: [2] bytesCompleted/bytesTotal/ratio = 447666058 / 466104873 / 0.960441
08-09 12:14:14.180  4472  9118 I Finsky:background: [167] IV2: onTaskProgress com.devsisters.ck[iid:2] [isid:MwjtIzqJS4aCel_65UiosQ] status:RESOURCE_FETCH_PROGRESS, size: 447666058/466104873
08-09 12:14:14.181  4472  9112 I Finsky:background: [163] IQ: Notifying installation update. [Package:com.devsisters.ck, isid:MwjtIzqJS4aCel_65UiosQ] state:DOWNLOADING, status=DOWNLOADING, status_code=0, reason=bulk_update, tsc=PT17M28.599S, attempt=0
08-09 12:14:14.188  4472  4472 I Finsky:background: [2] PIM: Ignore install package event for: com.devsisters.ck, isid: MwjtIzqJS4aCel_65UiosQ
08-09 12:14:14.189  8911  9025 I Finsky  : [110] Install States emitted for 9 apps
08-09 12:14:14.190   327  5966 D FakeWifi: Faking wifi for com.android.vending
08-09 12:14:14.190   327  5966 D FakeWifi: Faking wifi for com.android.vending
08-09 12:14:14.191  8911  8994 D FakeWifi: Faking wifi for com.android.vending
08-09 12:14:14.191  8911  8994 D FakeWifi: Faking wifi for com.android.vending
08-09 12:14:14.191  8911  8994 D FakeWifi: Faking wifi for com.android.vending
08-09 12:14:14.191  8911  8994 D FakeWifi: Faking wifi for com.android.vending
08-09 12:14:14.191  8911  8994 D FakeWifi: Faking wifi for com.android.vending
08-09 12:14:14.196   327  6237 D FakeWifi: Faking wifi for com.android.vending
08-09 12:14:14.196   327  6237 D FakeWifi: Faking wifi for com.android.vending
08-09 12:14:14.196  8911  8994 D FakeWifi: Faking wifi for com.android.vending
08-09 12:14:14.196  8911  8994 D FakeWifi: Faking wifi for com.android.vending
08-09 12:14:14.196  8911  8994 D FakeWifi: Faking wifi for com.android.vending
08-09 12:14:14.196  8911  8994 D FakeWifi: Faking wifi for com.android.vending
08-09 12:14:14.196  8911  8994 D FakeWifi: Faking wifi for com.android.vending
08-09 12:14:14.599  8597  8644 D LocalImageResolver: Couldn't use ImageDecoder for drawable, falling back to non-resized load.
08-09 12:14:14.600  8597  8644 D LocalImageResolver: Couldn't use ImageDecoder for drawable, falling back to non-resized load.
08-09 12:14:16.218  4472  9098 I Finsky:background: [161] DSC::L: Update all listeners for download <16:RUNNING:94%[94%]> in group com.devsisters.ck:MwjtIzqJS4aCel_65UiosQ
08-09 12:14:16.218  4472  9098 I Finsky:background: [161] DSC::L: Updating listener DownloadServiceManagerListener::aqfz@5163067 for download <16:RUNNING:94%[94%]>
08-09 12:14:16.218  4472  9098 I Finsky:background: [161] DS: Received onProgress request_id=16
08-09 12:14:16.218  4472  9098 I Finsky:background: [161] RM: receive resource status onProgress download_request_id=16, group_id=UnityDataAssetPack reason: bulk_update isid: MwjtIzqJS4aCel_65UiosQ, status_code=RESOURCE_STATUS_IN_PROGRESS, legacy_status_code=192, size: 315104959/332028638
08-09 12:14:16.218  4472  9098 I Finsky:background: [161] DSC::L: Updating listener wro@4233c05 for download <16:RUNNING:94%[94%]>
08-09 12:14:16.218  4472  9098 I Finsky:background: [161] DSC::L: Updating listener DownloadServiceManagerListener::ukd@c13eb7c for download <16:RUNNING:94%[94%]>
08-09 12:14:16.220  4472  4631 I Finsky:background: [59] RM: getStatus resourceRequestId=9fb9e231-b8b7-4081-aaf8-317c25f2b8d5 requestId=16 package=com.devsisters.ck artifact=UnityDataAssetPack isid=MwjtIzqJS4aCel_65UiosQ
08-09 12:14:16.220  4472  4631 I Finsky:background: [59] DSC: reviveDownload(16)
08-09 12:14:16.221  4472  4552 I Finsky:background: [46] DS: reviveDownload(request_id=16)
08-09 12:14:16.228  4472  9098 I Finsky:background: [161] DS: DS: onReviveDownload(request_id=16, files_to_download=[UnityDataAssetPack(size:332028638)], context[group_id=com.devsisters.ck:MwjtIzqJS4aCel_65UiosQ], display_data[invisible=false, title=CookieRun: Kingdom], network_restrictions=ANY_NETWORK status=running, bytes_downloaded=315104959, total_bytes=332028638, retry[count=0, next_retry=n/a])
08-09 12:14:16.229  4472  4472 I Finsky:background: [2] RF: onProgress request_id=16 isid=MwjtIzqJS4aCel_65UiosQ
08-09 12:14:16.229  4472  4472 I Finsky:background: [2] RF: resourceStatus for request_id=16 group=com.devsisters.ck artifact=UnityDataAssetPack collectedBytes= 315104959 / 332028638
08-09 12:14:16.229  4472  4472 I Finsky:background: [2] RF: Group=com.devsisters.ck totalBytesDownloaded= 449181194 / 466104873 for 4 artifacts
08-09 12:14:16.232  4472  4472 I Finsky:background: [2] Updated time lastBroadcast=2026-08-09T05:14:14.179Z current=2026-08-09T05:14:16.232Z
08-09 12:14:16.232  4472  4472 I Finsky:background: [2] bytesCompleted/bytesTotal/ratio = 449181194 / 466104873 / 0.963691
08-09 12:14:16.235  4472  9118 I Finsky:background: [167] IV2: onTaskProgress com.devsisters.ck[iid:2] [isid:MwjtIzqJS4aCel_65UiosQ] status:RESOURCE_FETCH_PROGRESS, size: 449181194/466104873
08-09 12:14:16.236  4472  9112 I Finsky:background: [163] IQ: Notifying installation update. [Package:com.devsisters.ck, isid:MwjtIzqJS4aCel_65UiosQ] state:DOWNLOADING, status=DOWNLOADING, status_code=0, reason=bulk_update, tsc=PT17M30.654S, attempt=0
08-09 12:14:16.243  4472  4472 I Finsky:background: [2] PIM: Ignore install package event for: com.devsisters.ck, isid: MwjtIzqJS4aCel_65UiosQ
08-09 12:14:16.244  8911  8994 I Finsky  : [90] Install States emitted for 9 apps
08-09 12:14:16.245   327  3961 D FakeWifi: Faking wifi for com.android.vending
08-09 12:14:16.245   327  3961 D FakeWifi: Faking wifi for com.android.vending
08-09 12:14:16.245  8911  9027 D FakeWifi: Faking wifi for com.android.vending
08-09 12:14:16.245  8911  9027 D FakeWifi: Faking wifi for com.android.vending
08-09 12:14:16.245  8911  9027 D FakeWifi: Faking wifi for com.android.vending
08-09 12:14:16.246  8911  9027 D FakeWifi: Faking wifi for com.android.vending
08-09 12:14:16.246  8911  9027 D FakeWifi: Faking wifi for com.android.vending
08-09 12:14:16.252   327  6237 D FakeWifi: Faking wifi for com.android.vending
08-09 12:14:16.252   327  6237 D FakeWifi: Faking wifi for com.android.vending
08-09 12:14:16.252  8911  9025 D FakeWifi: Faking wifi for com.android.vending
08-09 12:14:16.253  8911  9025 D FakeWifi: Faking wifi for com.android.vending
08-09 12:14:16.254  8911  9025 D FakeWifi: Faking wifi for com.android.vending
08-09 12:14:16.254  8911  9025 D FakeWifi: Faking wifi for com.android.vending
08-09 12:14:16.254  8911  9025 D FakeWifi: Faking wifi for com.android.vending
08-09 12:14:16.664  8597  8644 D LocalImageResolver: Couldn't use ImageDecoder for drawable, falling back to non-resized load.
08-09 12:14:16.665  8597  8644 D LocalImageResolver: Couldn't use ImageDecoder for drawable, falling back to non-resized load.
08-09 12:14:16.922   327   377 W BatteryExternalStatsWorker: error reading Bluetooth stats: 9
08-09 12:14:16.976   661   661 E PhoneInterfaceManager: [PhoneIntfMgr] queryModemActivityInfo: Empty response
08-09 12:14:16.995   327  6237 W BatteryExternalStatsWorker: error reading modem stats:ERROR_INVALID_INFO_RECEIVED
08-09 12:14:17.011   327   377 E KernelCpuSpeedReader: Failed to read cpu-freq: /sys/devices/system/cpu/cpu0/cpufreq/stats/time_in_state: open failed: ENOENT (No such file or directory)
08-09 12:14:17.013   327   377 E system_server: Cannot obtain CPU frequency count
08-09 12:14:17.014   327   377 E system_server: Cannot obtain CPU frequency count
08-09 12:14:17.014   327   377 E system_server: Cannot obtain CPU frequency count
08-09 12:14:17.014   327   377 E system_server: Cannot read thread CPU times for PID 327
08-09 12:14:18.222  4472  9098 I Finsky:background: [161] DSC::L: Update all listeners for download <16:RUNNING:95%[95%]> in group com.devsisters.ck:MwjtIzqJS4aCel_65UiosQ
08-09 12:14:18.222  4472  9098 I Finsky:background: [161] DSC::L: Updating listener DownloadServiceManagerListener::aqfz@5163067 for download <16:RUNNING:95%[95%]>
08-09 12:14:18.223  4472  9098 I Finsky:background: [161] DS: Received onProgress request_id=16
08-09 12:14:18.223  4472  9098 I Finsky:background: [161] RM: receive resource status onProgress download_request_id=16, group_id=UnityDataAssetPack reason: bulk_update isid: MwjtIzqJS4aCel_65UiosQ, status_code=RESOURCE_STATUS_IN_PROGRESS, legacy_status_code=192, size: 316615253/332028638
08-09 12:14:18.223  4472  9098 I Finsky:background: [161] DSC::L: Updating listener wro@4233c05 for download <16:RUNNING:95%[95%]>
08-09 12:14:18.223  4472  9098 I Finsky:background: [161] DSC::L: Updating listener DownloadServiceManagerListener::ukd@c13eb7c for download <16:RUNNING:95%[95%]>
08-09 12:14:18.224  4472  4631 I Finsky:background: [59] RM: getStatus resourceRequestId=9fb9e231-b8b7-4081-aaf8-317c25f2b8d5 requestId=16 package=com.devsisters.ck artifact=UnityDataAssetPack isid=MwjtIzqJS4aCel_65UiosQ
08-09 12:14:18.224  4472  4631 I Finsky:background: [59] DSC: reviveDownload(16)
08-09 12:14:18.225  4472  4552 I Finsky:background: [46] DS: reviveDownload(request_id=16)
08-09 12:14:18.231  4472  9098 I Finsky:background: [161] DS: DS: onReviveDownload(request_id=16, files_to_download=[UnityDataAssetPack(size:332028638)], context[group_id=com.devsisters.ck:MwjtIzqJS4aCel_65UiosQ], display_data[invisible=false, title=CookieRun: Kingdom], network_restrictions=ANY_NETWORK status=running, bytes_downloaded=316615253, total_bytes=332028638, retry[count=0, next_retry=n/a])
08-09 12:14:18.234  4472  4472 I Finsky:background: [2] RF: onProgress request_id=16 isid=MwjtIzqJS4aCel_65UiosQ
08-09 12:14:18.234  4472  4472 I Finsky:background: [2] RF: resourceStatus for request_id=16 group=com.devsisters.ck artifact=UnityDataAssetPack collectedBytes= 316615253 / 332028638
08-09 12:14:18.234  4472  4472 I Finsky:background: [2] RF: Group=com.devsisters.ck totalBytesDownloaded= 450691488 / 466104873 for 4 artifacts
08-09 12:14:18.238  4472  4472 I Finsky:background: [2] Updated time lastBroadcast=2026-08-09T05:14:16.232Z current=2026-08-09T05:14:18.238Z
08-09 12:14:18.238  4472  4472 I Finsky:background: [2] bytesCompleted/bytesTotal/ratio = 450691488 / 466104873 / 0.966932
08-09 12:14:18.239  4472  9118 I Finsky:background: [167] IV2: onTaskProgress com.devsisters.ck[iid:2] [isid:MwjtIzqJS4aCel_65UiosQ] status:RESOURCE_FETCH_PROGRESS, size: 450691488/466104873
08-09 12:14:18.240  4472  9112 I Finsky:background: [163] IQ: Notifying installation update. [Package:com.devsisters.ck, isid:MwjtIzqJS4aCel_65UiosQ] state:DOWNLOADING, status=DOWNLOADING, status_code=0, reason=bulk_update, tsc=PT17M32.658S, attempt=0
08-09 12:14:18.247  4472  4472 I Finsky:background: [2] PIM: Ignore install package event for: com.devsisters.ck, isid: MwjtIzqJS4aCel_65UiosQ
08-09 12:14:18.248  8911  9027 I Finsky  : [109] Install States emitted for 9 apps
08-09 12:14:18.248   327  3961 D FakeWifi: Faking wifi for com.android.vending
08-09 12:14:18.248   327  3961 D FakeWifi: Faking wifi for com.android.vending
08-09 12:14:18.249  8911  8994 D FakeWifi: Faking wifi for com.android.vending
08-09 12:14:18.249  8911  8994 D FakeWifi: Faking wifi for com.android.vending
08-09 12:14:18.249  8911  8994 D FakeWifi: Faking wifi for com.android.vending
08-09 12:14:18.249  8911  8994 D FakeWifi: Faking wifi for com.android.vending
08-09 12:14:18.249  8911  8994 D FakeWifi: Faking wifi for com.android.vending
08-09 12:14:18.257   327  6237 D FakeWifi: Faking wifi for com.android.vending
08-09 12:14:18.257   327  6237 D FakeWifi: Faking wifi for com.android.vending
08-09 12:14:18.258  8911  9027 D FakeWifi: Faking wifi for com.android.vending
08-09 12:14:18.258  8911  9027 D FakeWifi: Faking wifi for com.android.vending
08-09 12:14:18.258  8911  9027 D FakeWifi: Faking wifi for com.android.vending
08-09 12:14:18.258  8911  9027 D FakeWifi: Faking wifi for com.android.vending
08-09 12:14:18.258  8911  9027 D FakeWifi: Faking wifi for com.android.vending
08-09 12:14:18.664  8597  8644 D LocalImageResolver: Couldn't use ImageDecoder for drawable, falling back to non-resized load.
08-09 12:14:18.665  8597  8644 D LocalImageResolver: Couldn't use ImageDecoder for drawable, falling back to non-resized load.
08-09 12:14:20.230  4472  9098 I Finsky:background: [161] DSC::L: Update all listeners for download <16:RUNNING:95%[95%]> in group com.devsisters.ck:MwjtIzqJS4aCel_65UiosQ
08-09 12:14:20.230  4472  9098 I Finsky:background: [161] DSC::L: Updating listener DownloadServiceManagerListener::aqfz@5163067 for download <16:RUNNING:95%[95%]>
08-09 12:14:20.230  4472  9098 I Finsky:background: [161] DS: Received onProgress request_id=16
08-09 12:14:20.231  4472  9098 I Finsky:background: [161] RM: receive resource status onProgress download_request_id=16, group_id=UnityDataAssetPack reason: bulk_update isid: MwjtIzqJS4aCel_65UiosQ, status_code=RESOURCE_STATUS_IN_PROGRESS, legacy_status_code=192, size: 317884278/332028638
08-09 12:14:20.231  4472  9098 I Finsky:background: [161] DSC::L: Updating listener wro@4233c05 for download <16:RUNNING:95%[95%]>
08-09 12:14:20.231  4472  9098 I Finsky:background: [161] DSC::L: Updating listener DownloadServiceManagerListener::ukd@c13eb7c for download <16:RUNNING:95%[95%]>
08-09 12:14:20.232  4472  4559 I Finsky:background: [51] RM: getStatus resourceRequestId=9fb9e231-b8b7-4081-aaf8-317c25f2b8d5 requestId=16 package=com.devsisters.ck artifact=UnityDataAssetPack isid=MwjtIzqJS4aCel_65UiosQ
08-09 12:14:20.232  4472  4559 I Finsky:background: [51] DSC: reviveDownload(16)
08-09 12:14:20.237  4472  4559 I Finsky:background: [51] DS: reviveDownload(request_id=16)
08-09 12:14:20.244  4472  9098 I Finsky:background: [161] DS: DS: onReviveDownload(request_id=16, files_to_download=[UnityDataAssetPack(size:332028638)], context[group_id=com.devsisters.ck:MwjtIzqJS4aCel_65UiosQ], display_data[invisible=false, title=CookieRun: Kingdom], network_restrictions=ANY_NETWORK status=running, bytes_downloaded=317884278, total_bytes=332028638, retry[count=0, next_retry=n/a])
08-09 12:14:20.244  4472  4472 I Finsky:background: [2] RF: onProgress request_id=16 isid=MwjtIzqJS4aCel_65UiosQ
08-09 12:14:20.244  4472  4472 I Finsky:background: [2] RF: resourceStatus for request_id=16 group=com.devsisters.ck artifact=UnityDataAssetPack collectedBytes= 317884278 / 332028638
08-09 12:14:20.244  4472  4472 I Finsky:background: [2] RF: Group=com.devsisters.ck totalBytesDownloaded= 451960513 / 466104873 for 4 artifacts
08-09 12:14:20.246  4472  4472 I Finsky:background: [2] Updated time lastBroadcast=2026-08-09T05:14:18.238Z current=2026-08-09T05:14:20.245Z
08-09 12:14:20.246  4472  4472 I Finsky:background: [2] bytesCompleted/bytesTotal/ratio = 451960513 / 466104873 / 0.969654
08-09 12:14:20.247  4472  9118 I Finsky:background: [167] IV2: onTaskProgress com.devsisters.ck[iid:2] [isid:MwjtIzqJS4aCel_65UiosQ] status:RESOURCE_FETCH_PROGRESS, size: 451960513/466104873
08-09 12:14:20.250  4472  9112 I Finsky:background: [163] IQ: Notifying installation update. [Package:com.devsisters.ck, isid:MwjtIzqJS4aCel_65UiosQ] state:DOWNLOADING, status=DOWNLOADING, status_code=0, reason=bulk_update, tsc=PT17M34.668S, attempt=0
08-09 12:14:20.261  4472  4472 I Finsky:background: [2] PIM: Ignore install package event for: com.devsisters.ck, isid: MwjtIzqJS4aCel_65UiosQ
08-09 12:14:20.263  8911  8994 I Finsky  : [90] Install States emitted for 9 apps
08-09 12:14:20.265   327  5966 D FakeWifi: Faking wifi for com.android.vending
08-09 12:14:20.265   327  5966 D FakeWifi: Faking wifi for com.android.vending
08-09 12:14:20.266  8911  9027 D FakeWifi: Faking wifi for com.android.vending
08-09 12:14:20.267  8911  9027 D FakeWifi: Faking wifi for com.android.vending
08-09 12:14:20.268  8911  9027 D FakeWifi: Faking wifi for com.android.vending
08-09 12:14:20.268  8911  9027 D FakeWifi: Faking wifi for com.android.vending
08-09 12:14:20.268  8911  9027 D FakeWifi: Faking wifi for com.android.vending
08-09 12:14:20.275   327  6237 D FakeWifi: Faking wifi for com.android.vending
08-09 12:14:20.275   327  6237 D FakeWifi: Faking wifi for com.android.vending
08-09 12:14:20.275  8911  9025 D FakeWifi: Faking wifi for com.android.vending
08-09 12:14:20.277  8911  9025 D FakeWifi: Faking wifi for com.android.vending
08-09 12:14:20.277  8911  9025 D FakeWifi: Faking wifi for com.android.vending
08-09 12:14:20.277  8911  9025 D FakeWifi: Faking wifi for com.android.vending
08-09 12:14:20.277  8911  9025 D FakeWifi: Faking wifi for com.android.vending
08-09 12:14:20.681  8597  8644 D LocalImageResolver: Couldn't use ImageDecoder for drawable, falling back to non-resized load.
08-09 12:14:20.681  8597  8644 D LocalImageResolver: Couldn't use ImageDecoder for drawable, falling back to non-resized load.
08-09 12:14:22.259  4472  9098 I Finsky:background: [161] DSC::L: Update all listeners for download <16:RUNNING:96%[96%]> in group com.devsisters.ck:MwjtIzqJS4aCel_65UiosQ
08-09 12:14:22.259  4472  9098 I Finsky:background: [161] DSC::L: Updating listener DownloadServiceManagerListener::aqfz@5163067 for download <16:RUNNING:96%[96%]>
08-09 12:14:22.260  4472  9098 I Finsky:background: [161] DS: Received onProgress request_id=16
08-09 12:14:22.260  4472  9098 I Finsky:background: [161] RM: receive resource status onProgress download_request_id=16, group_id=UnityDataAssetPack reason: bulk_update isid: MwjtIzqJS4aCel_65UiosQ, status_code=RESOURCE_STATUS_IN_PROGRESS, legacy_status_code=192, size: 319143468/332028638
08-09 12:14:22.260  4472  9098 I Finsky:background: [161] DSC::L: Updating listener wro@4233c05 for download <16:RUNNING:96%[96%]>
08-09 12:14:22.260  4472  9098 I Finsky:background: [161] DSC::L: Updating listener DownloadServiceManagerListener::ukd@c13eb7c for download <16:RUNNING:96%[96%]>
08-09 12:14:22.260  4472  4559 I Finsky:background: [51] RM: getStatus resourceRequestId=9fb9e231-b8b7-4081-aaf8-317c25f2b8d5 requestId=16 package=com.devsisters.ck artifact=UnityDataAssetPack isid=MwjtIzqJS4aCel_65UiosQ
08-09 12:14:22.260  4472  4559 I Finsky:background: [51] DSC: reviveDownload(16)
08-09 12:14:22.261  4472  4552 I Finsky:background: [46] DS: reviveDownload(request_id=16)
08-09 12:14:22.266  4472  9098 I Finsky:background: [161] DS: DS: onReviveDownload(request_id=16, files_to_download=[UnityDataAssetPack(size:332028638)], context[group_id=com.devsisters.ck:MwjtIzqJS4aCel_65UiosQ], display_data[invisible=false, title=CookieRun: Kingdom], network_restrictions=ANY_NETWORK status=running, bytes_downloaded=319143468, total_bytes=332028638, retry[count=0, next_retry=n/a])
08-09 12:14:22.267  4472  4472 I Finsky:background: [2] RF: onProgress request_id=16 isid=MwjtIzqJS4aCel_65UiosQ
08-09 12:14:22.267  4472  4472 I Finsky:background: [2] RF: resourceStatus for request_id=16 group=com.devsisters.ck artifact=UnityDataAssetPack collectedBytes= 319143468 / 332028638
08-09 12:14:22.267  4472  4472 I Finsky:background: [2] RF: Group=com.devsisters.ck totalBytesDownloaded= 453219703 / 466104873 for 4 artifacts
08-09 12:14:22.268  4472  4472 I Finsky:background: [2] Updated time lastBroadcast=2026-08-09T05:14:20.246Z current=2026-08-09T05:14:22.268Z
08-09 12:14:22.268  4472  4472 I Finsky:background: [2] bytesCompleted/bytesTotal/ratio = 453219703 / 466104873 / 0.972356
08-09 12:14:22.269  4472  9118 I Finsky:background: [167] IV2: onTaskProgress com.devsisters.ck[iid:2] [isid:MwjtIzqJS4aCel_65UiosQ] status:RESOURCE_FETCH_PROGRESS, size: 453219703/466104873
08-09 12:14:22.271  4472  9112 I Finsky:background: [163] IQ: Notifying installation update. [Package:com.devsisters.ck, isid:MwjtIzqJS4aCel_65UiosQ] state:DOWNLOADING, status=DOWNLOADING, status_code=0, reason=bulk_update, tsc=PT17M36.689S, attempt=0
08-09 12:14:22.289  4472  4472 I Finsky:background: [2] PIM: Ignore install package event for: com.devsisters.ck, isid: MwjtIzqJS4aCel_65UiosQ
08-09 12:14:22.291  8911  8993 I Finsky  : [89] Install States emitted for 9 apps
08-09 12:14:22.293   327  3961 D FakeWifi: Faking wifi for com.android.vending
08-09 12:14:22.294   327  3961 D FakeWifi: Faking wifi for com.android.vending
08-09 12:14:22.294  8911  9027 D FakeWifi: Faking wifi for com.android.vending
08-09 12:14:22.294  8911  9027 D FakeWifi: Faking wifi for com.android.vending
08-09 12:14:22.295  8911  9027 D FakeWifi: Faking wifi for com.android.vending
08-09 12:14:22.295  8911  9027 D FakeWifi: Faking wifi for com.android.vending
08-09 12:14:22.295  8911  9027 D FakeWifi: Faking wifi for com.android.vending
08-09 12:14:22.308   327  6237 D FakeWifi: Faking wifi for com.android.vending
08-09 12:14:22.308   327  6237 D FakeWifi: Faking wifi for com.android.vending
08-09 12:14:22.309  8911  8993 D FakeWifi: Faking wifi for com.android.vending
08-09 12:14:22.309  8911  8993 D FakeWifi: Faking wifi for com.android.vending
08-09 12:14:22.311  8911  8993 D FakeWifi: Faking wifi for com.android.vending
08-09 12:14:22.311  8911  8993 D FakeWifi: Faking wifi for com.android.vending
08-09 12:14:22.311  8911  8993 D FakeWifi: Faking wifi for com.android.vending
08-09 12:14:22.697  8597  8644 D LocalImageResolver: Couldn't use ImageDecoder for drawable, falling back to non-resized load.
08-09 12:14:22.698  8597  8644 D LocalImageResolver: Couldn't use ImageDecoder for drawable, falling back to non-resized load.
08-09 12:14:22.975   636   822 D DhcpClient: Unicasting DHCPREQUEST ciaddr=192.168.240.112 request=0.0.0.0 serverid=null to /192.168.240.1:67
08-09 12:14:22.993   636   822 D DhcpClient: Received packet: 00:16:3e:f9:d3:03 ACK: your new IP /192.168.240.112, netmask /255.255.255.0, gateways [/192.168.240.1] DNS servers: /192.168.240.1 , lease time 3600
08-09 12:14:22.994   636   822 D DhcpClient: Renewed lease: android.net.networkstack.DhcpResults@4774b228 DHCP server /192.168.240.1 Vendor info null lease 3600 seconds Servername 
08-09 12:14:23.000   636   822 D DhcpClient: Scheduling renewal in 1799s
08-09 12:14:23.000   636   822 D DhcpClient: Scheduling rebind in 3149s
08-09 12:14:23.000   636   822 D DhcpClient: Scheduling expiry in 3599s
08-09 12:14:24.331  4472  9098 I Finsky:background: [161] DSC::L: Update all listeners for download <16:RUNNING:96%[96%]> in group com.devsisters.ck:MwjtIzqJS4aCel_65UiosQ
08-09 12:14:24.331  4472  9098 I Finsky:background: [161] DSC::L: Updating listener DownloadServiceManagerListener::aqfz@5163067 for download <16:RUNNING:96%[96%]>
08-09 12:14:24.331  4472  9098 I Finsky:background: [161] DS: Received onProgress request_id=16
08-09 12:14:24.331  4472  9098 I Finsky:background: [161] RM: receive resource status onProgress download_request_id=16, group_id=UnityDataAssetPack reason: bulk_update isid: MwjtIzqJS4aCel_65UiosQ, status_code=RESOURCE_STATUS_IN_PROGRESS, legacy_status_code=192, size: 320899903/332028638
08-09 12:14:24.331  4472  9098 I Finsky:background: [161] DSC::L: Updating listener wro@4233c05 for download <16:RUNNING:96%[96%]>
08-09 12:14:24.331  4472  9098 I Finsky:background: [161] DSC::L: Updating listener DownloadServiceManagerListener::ukd@c13eb7c for download <16:RUNNING:96%[96%]>
08-09 12:14:24.332  4472  4552 I Finsky:background: [46] RM: getStatus resourceRequestId=9fb9e231-b8b7-4081-aaf8-317c25f2b8d5 requestId=16 package=com.devsisters.ck artifact=UnityDataAssetPack isid=MwjtIzqJS4aCel_65UiosQ
08-09 12:14:24.332  4472  4552 I Finsky:background: [46] DSC: reviveDownload(16)
08-09 12:14:24.332  4472  4631 I Finsky:background: [59] DS: reviveDownload(request_id=16)
08-09 12:14:24.341  4472  9098 I Finsky:background: [161] DS: DS: onReviveDownload(request_id=16, files_to_download=[UnityDataAssetPack(size:332028638)], context[group_id=com.devsisters.ck:MwjtIzqJS4aCel_65UiosQ], display_data[invisible=false, title=CookieRun: Kingdom], network_restrictions=ANY_NETWORK status=running, bytes_downloaded=320899903, total_bytes=332028638, retry[count=0, next_retry=n/a])
08-09 12:14:24.342  4472  4472 I Finsky:background: [2] RF: onProgress request_id=16 isid=MwjtIzqJS4aCel_65UiosQ
08-09 12:14:24.342  4472  4472 I Finsky:background: [2] RF: resourceStatus for request_id=16 group=com.devsisters.ck artifact=UnityDataAssetPack collectedBytes= 320899903 / 332028638
08-09 12:14:24.342  4472  4472 I Finsky:background: [2] RF: Group=com.devsisters.ck totalBytesDownloaded= 454976138 / 466104873 for 4 artifacts
08-09 12:14:24.343  4472  4472 I Finsky:background: [2] Updated time lastBroadcast=2026-08-09T05:14:22.268Z current=2026-08-09T05:14:24.343Z
08-09 12:14:24.344  4472  4472 I Finsky:background: [2] bytesCompleted/bytesTotal/ratio = 454976138 / 466104873 / 0.976124
08-09 12:14:24.346  4472  9118 I Finsky:background: [167] IV2: onTaskProgress com.devsisters.ck[iid:2] [isid:MwjtIzqJS4aCel_65UiosQ] status:RESOURCE_FETCH_PROGRESS, size: 454976138/466104873
08-09 12:14:24.347  4472  9112 I Finsky:background: [163] IQ: Notifying installation update. [Package:com.devsisters.ck, isid:MwjtIzqJS4aCel_65UiosQ] state:DOWNLOADING, status=DOWNLOADING, status_code=0, reason=bulk_update, tsc=PT17M38.765S, attempt=0
08-09 12:14:24.356  4472  4472 I Finsky:background: [2] PIM: Ignore install package event for: com.devsisters.ck, isid: MwjtIzqJS4aCel_65UiosQ
08-09 12:14:24.358  8911  9025 I Finsky  : [110] Install States emitted for 9 apps
08-09 12:14:24.358   327  3961 D FakeWifi: Faking wifi for com.android.vending
08-09 12:14:24.359   327  3961 D FakeWifi: Faking wifi for com.android.vending
08-09 12:14:24.360  8911  8994 D FakeWifi: Faking wifi for com.android.vending
08-09 12:14:24.361  8911  8994 D FakeWifi: Faking wifi for com.android.vending
08-09 12:14:24.362  8911  8994 D FakeWifi: Faking wifi for com.android.vending
08-09 12:14:24.362  8911  8994 D FakeWifi: Faking wifi for com.android.vending
08-09 12:14:24.362  8911  8994 D FakeWifi: Faking wifi for com.android.vending
08-09 12:14:24.373   327  3961 D FakeWifi: Faking wifi for com.android.vending
08-09 12:14:24.373   327  3961 D FakeWifi: Faking wifi for com.android.vending
08-09 12:14:24.374  8911  9025 D FakeWifi: Faking wifi for com.android.vending
08-09 12:14:24.374  8911  9025 D FakeWifi: Faking wifi for com.android.vending
08-09 12:14:24.374  8911  9025 D FakeWifi: Faking wifi for com.android.vending
08-09 12:14:24.375  8911  9025 D FakeWifi: Faking wifi for com.android.vending
08-09 12:14:24.375  8911  9025 D FakeWifi: Faking wifi for com.android.vending
08-09 12:14:24.764  8597  8644 D LocalImageResolver: Couldn't use ImageDecoder for drawable, falling back to non-resized load.
08-09 12:14:24.765  8597  8644 D LocalImageResolver: Couldn't use ImageDecoder for drawable, falling back to non-resized load.
08-09 12:14:26.320  4472  9098 I Finsky:background: [161] DSC::L: Update all listeners for download <16:RUNNING:96%[96%]> in group com.devsisters.ck:MwjtIzqJS4aCel_65UiosQ
08-09 12:14:26.320  4472  9098 I Finsky:background: [161] DSC::L: Updating listener DownloadServiceManagerListener::aqfz@5163067 for download <16:RUNNING:96%[96%]>
08-09 12:14:26.320  4472  9098 I Finsky:background: [161] DS: Received onProgress request_id=16
08-09 12:14:26.320  4472  9098 I Finsky:background: [161] RM: receive resource status onProgress download_request_id=16, group_id=UnityDataAssetPack reason: bulk_update isid: MwjtIzqJS4aCel_65UiosQ, status_code=RESOURCE_STATUS_IN_PROGRESS, legacy_status_code=192, size: 321943588/332028638
08-09 12:14:26.320  4472  9098 I Finsky:background: [161] DSC::L: Updating listener wro@4233c05 for download <16:RUNNING:96%[96%]>
08-09 12:14:26.320  4472  9098 I Finsky:background: [161] DSC::L: Updating listener DownloadServiceManagerListener::ukd@c13eb7c for download <16:RUNNING:96%[96%]>
08-09 12:14:26.321  4472  4552 I Finsky:background: [46] RM: getStatus resourceRequestId=9fb9e231-b8b7-4081-aaf8-317c25f2b8d5 requestId=16 package=com.devsisters.ck artifact=UnityDataAssetPack isid=MwjtIzqJS4aCel_65UiosQ
08-09 12:14:26.321  4472  4552 I Finsky:background: [46] DSC: reviveDownload(16)
08-09 12:14:26.321  4472  4552 I Finsky:background: [46] DS: reviveDownload(request_id=16)
08-09 12:14:26.328  4472  9098 I Finsky:background: [161] DS: DS: onReviveDownload(request_id=16, files_to_download=[UnityDataAssetPack(size:332028638)], context[group_id=com.devsisters.ck:MwjtIzqJS4aCel_65UiosQ], display_data[invisible=false, title=CookieRun: Kingdom], network_restrictions=ANY_NETWORK status=running, bytes_downloaded=321943588, total_bytes=332028638, retry[count=0, next_retry=n/a])
08-09 12:14:26.328  4472  4472 I Finsky:background: [2] RF: onProgress request_id=16 isid=MwjtIzqJS4aCel_65UiosQ
08-09 12:14:26.328  4472  4472 I Finsky:background: [2] RF: resourceStatus for request_id=16 group=com.devsisters.ck artifact=UnityDataAssetPack collectedBytes= 321943588 / 332028638
08-09 12:14:26.328  4472  4472 I Finsky:background: [2] RF: Group=com.devsisters.ck totalBytesDownloaded= 456019823 / 466104873 for 4 artifacts
08-09 12:14:26.330  4472  4472 I Finsky:background: [2] RF: Preventing total bytes update to listeners
08-09 12:14:26.764  8597  8644 D LocalImageResolver: Couldn't use ImageDecoder for drawable, falling back to non-resized load.
08-09 12:14:26.765  8597  8644 D LocalImageResolver: Couldn't use ImageDecoder for drawable, falling back to non-resized load.
08-09 12:14:28.420  4472  9098 I Finsky:background: [161] DSC::L: Update all listeners for download <16:RUNNING:97%[97%]> in group com.devsisters.ck:MwjtIzqJS4aCel_65UiosQ
08-09 12:14:28.420  4472  9098 I Finsky:background: [161] DSC::L: Updating listener DownloadServiceManagerListener::aqfz@5163067 for download <16:RUNNING:97%[97%]>
08-09 12:14:28.420  4472  9098 I Finsky:background: [161] DS: Received onProgress request_id=16
08-09 12:14:28.421  4472  9098 I Finsky:background: [161] RM: receive resource status onProgress download_request_id=16, group_id=UnityDataAssetPack reason: bulk_update isid: MwjtIzqJS4aCel_65UiosQ, status_code=RESOURCE_STATUS_IN_PROGRESS, legacy_status_code=192, size: 322991921/332028638
08-09 12:14:28.421  4472  9098 I Finsky:background: [161] DSC::L: Updating listener wro@4233c05 for download <16:RUNNING:97%[97%]>
08-09 12:14:28.421  4472  9098 I Finsky:background: [161] DSC::L: Updating listener DownloadServiceManagerListener::ukd@c13eb7c for download <16:RUNNING:97%[97%]>
08-09 12:14:28.422  4472  4559 I Finsky:background: [51] RM: getStatus resourceRequestId=9fb9e231-b8b7-4081-aaf8-317c25f2b8d5 requestId=16 package=com.devsisters.ck artifact=UnityDataAssetPack isid=MwjtIzqJS4aCel_65UiosQ
08-09 12:14:28.422  4472  4559 I Finsky:background: [51] DSC: reviveDownload(16)
08-09 12:14:28.423  4472  4552 I Finsky:background: [46] DS: reviveDownload(request_id=16)
08-09 12:14:28.441  4472  9098 I Finsky:background: [161] DS: DS: onReviveDownload(request_id=16, files_to_download=[UnityDataAssetPack(size:332028638)], context[group_id=com.devsisters.ck:MwjtIzqJS4aCel_65UiosQ], display_data[invisible=false, title=CookieRun: Kingdom], network_restrictions=ANY_NETWORK status=running, bytes_downloaded=322991921, total_bytes=332028638, retry[count=0, next_retry=n/a])
08-09 12:14:28.442  4472  4472 I Finsky:background: [2] RF: onProgress request_id=16 isid=MwjtIzqJS4aCel_65UiosQ
08-09 12:14:28.442  4472  4472 I Finsky:background: [2] RF: resourceStatus for request_id=16 group=com.devsisters.ck artifact=UnityDataAssetPack collectedBytes= 322991921 / 332028638
08-09 12:14:28.442  4472  4472 I Finsky:background: [2] RF: Group=com.devsisters.ck totalBytesDownloaded= 457068156 / 466104873 for 4 artifacts
08-09 12:14:28.443  4472  4472 I Finsky:background: [2] Updated time lastBroadcast=2026-08-09T05:14:24.343Z current=2026-08-09T05:14:28.443Z
08-09 12:14:28.444  4472  4472 I Finsky:background: [2] bytesCompleted/bytesTotal/ratio = 457068156 / 466104873 / 0.980612
08-09 12:14:28.444  4472  9118 I Finsky:background: [167] IV2: onTaskProgress com.devsisters.ck[iid:2] [isid:MwjtIzqJS4aCel_65UiosQ] status:RESOURCE_FETCH_PROGRESS, size: 457068156/466104873
08-09 12:14:28.446  4472  9112 I Finsky:background: [163] IQ: Notifying installation update. [Package:com.devsisters.ck, isid:MwjtIzqJS4aCel_65UiosQ] state:DOWNLOADING, status=DOWNLOADING, status_code=0, reason=bulk_update, tsc=PT17M42.864S, attempt=0
08-09 12:14:28.464  4472  4472 I Finsky:background: [2] PIM: Ignore install package event for: com.devsisters.ck, isid: MwjtIzqJS4aCel_65UiosQ
08-09 12:14:28.466  8911  8994 I Finsky  : [90] Install States emitted for 9 apps
08-09 12:14:28.468   327  5966 D FakeWifi: Faking wifi for com.android.vending
08-09 12:14:28.473   327  5966 D FakeWifi: Faking wifi for com.android.vending
08-09 12:14:28.474  8911  8993 D FakeWifi: Faking wifi for com.android.vending
08-09 12:14:28.474  8911  8993 D FakeWifi: Faking wifi for com.android.vending
08-09 12:14:28.475  8911  8993 D FakeWifi: Faking wifi for com.android.vending
08-09 12:14:28.476  8911  8993 D FakeWifi: Faking wifi for com.android.vending
08-09 12:14:28.476  8911  8993 D FakeWifi: Faking wifi for com.android.vending
08-09 12:14:28.480   327  3961 D FakeWifi: Faking wifi for com.android.vending
08-09 12:14:28.481   327  3961 D FakeWifi: Faking wifi for com.android.vending
08-09 12:14:28.481  8911  9027 D FakeWifi: Faking wifi for com.android.vending
