08-09 12:11:29.578  8597  8644 D LocalImageResolver: Couldn't use ImageDecoder for drawable, falling back to non-resized load.
08-09 12:11:29.583  8597  8644 D LocalImageResolver: Couldn't use ImageDecoder for drawable, falling back to non-resized load.
08-09 12:11:29.754  9219  9266 W PlayGamesServices[UiUtils]: AppVersion: Cannot find the installed destination app.
08-09 12:11:29.761  9219  9266 I GetServiceValidatorImpl: onGetService() from Client SDK version [262831000], Module version [262831032], PGA version [0], Account [Account {name=<<default account>>, type=com.google}], Calling package [com.google.android.gms], Game package [com.google.android.gms] [CONTEXT service_id=1 ]
08-09 12:11:29.773  9219  9266 I GetGamesServiceReqFacto: Parsing request with ignored arguments. signInOptionsBundle [Bundle[{com.google.android.gms.signin.internal.serverClientId=null, com.google.android.gms.signin.internal.usePromptModeForAuthCode=true, com.google.android.gms.signin.internal.logSessionId=null, com.google.android.gms.signin.internal.hostedDomain=null, com.google.android.gms.signin.internal.offlineAccessRequested=false, com.google.android.gms.signin.internal.waitForAccessTokenRefresh=false, com.google.android.gms.signin.internal.clientRequestedAccount=Account {name=<<default account>>, type=com.google}, com.google.android.gms.signin.internal.idTokenRequested=false, com.google.android.gms.signin.internal.forceCodeForRefreshToken=false}]], isRetryingSignIn [false], skipWelcomePopup [false], requireGooglePlus [false]
08-09 12:11:29.775  9219  9266 I GetGamesServiceReqFacto: Replacing request for `games` scope with `games_lite`
08-09 12:11:29.950  1532  9636 I A       : (REDACTED) soft deleting data for %s
08-09 12:11:30.057  9219  9644 I DynamiteModule: Considering local module com.google.android.gms.googlecertificates:7 and remote module com.google.android.gms.googlecertificates:7
08-09 12:11:30.057  9219  9644 I DynamiteModule: Selected local version of com.google.android.gms.googlecertificates
08-09 12:11:30.075  9219  9644 I SignInPerformer-0: Handling request [GetGamesServiceRequest{gamePackageName=com.google.android.gms, gameUid=10095, gamePlayServicesClientLibraryVersion=262831000, sdkVariation=1052947, requestedScopes=[https://www.googleapis.com/auth/games_lite], callingIdentity=CallingIdentity{uid=10095, pid=9219, packageName=com.google.android.gms, playServicesClientLibraryVersion=262831000}, requestedAccount=Optional.absent(), forceResolveAccountKey=null, requestedServiceMode=2, initiatorCategory=1, signInType=Optional.absent()}], isFirstPartyCaller [true] [CONTEXT service_id=1 ]
08-09 12:11:30.077  9219  9644 I SignInPerformer-0: Successfully brokered first-party unauthenticated GamesService [CONTEXT service_id=1 ]
08-09 12:11:30.151  9219  9341 E native  : E0000 00:00:1786252290.151790    9341 flash-index.cc:2701] Lite index docid 4861 ahead of clip 4859
08-09 12:11:30.165  9219  9644 I GetGamesServiceV2Op: Successfully brokered GamesService for request gam{gamePackageName=com.google.android.gms, gameUid=10095, gamePlayServicesClientLibraryVersion=262831000, sdkVariation=1052947, requestedScopes=[https://www.googleapis.com/auth/games_lite], callingIdentity=CallingIdentity{uid=10095, pid=9219, packageName=com.google.android.gms, playServicesClientLibraryVersion=262831000}, requestedAccount=Optional.absent(), forceResolveAccountKey=null, requestedServiceMode=2, initiatorCategory=1, signInType=Optional.absent()} [CONTEXT service_id=1 ]
08-09 12:11:30.170  9219  9266 I GamesModuleInfoProvider: Retrieved module info: GamesModuleInfo{version=262831001} [CONTEXT service_id=1 ]
08-09 12:11:30.176  9219  9266 W PlayGamesServices[UiUtils]: AppVersion: Cannot find the installed destination app.
08-09 12:11:30.177  9219  9266 W PlayGamesServices[UiUtils]: AppVersionName: Cannot find the installed destination app.
08-09 12:11:30.202  9219  9341 I Icing   : updateResources: need to parse clgd{com.google.android.gms}
08-09 12:11:30.344  1532  1667 I A       : Scheduling deletion propagation for Geller data.
08-09 12:11:30.345  1532  1661 I A       : Scheduling deletion propagation for Geller data.
08-09 12:11:30.350  1532  9636 I A       : Performing deletion propagation for Geller data.
08-09 12:11:30.351  1532  9631 I A       : Performing deletion propagation for Geller data.
08-09 12:11:30.363  1532  1697 I A       : (REDACTED) updated last sync time to %s
08-09 12:11:30.557  9219  9341 I Icing   : Internal init done: storage state 0
08-09 12:11:30.598  9219  9334 I Icing   : IndexChimeraService.getServiceInterface callingPackage=com.google.android.gms componentName=null serviceId=30
08-09 12:11:30.603  9219  9248 I Icing   : IndexChimeraService.getServiceInterface callingPackage=com.google.android.gms componentName=ContactsIndexer serviceId=33
08-09 12:11:30.672  9219  9349 I Icing   : IndexChimeraService.getServiceInterface callingPackage=com.google.android.gms componentName=null serviceId=36
08-09 12:11:30.677  1532  9631 I A       : (REDACTED) Writing data of size=%d bytes with N=%d keys to Geller corpus %s at ts=%d
08-09 12:11:30.766  4472  9098 I Finsky:background: [161] DSC::L: Update all listeners for download <16:RUNNING:61%[61%]> in group com.devsisters.ck:MwjtIzqJS4aCel_65UiosQ
08-09 12:11:30.766  4472  9098 I Finsky:background: [161] DSC::L: Updating listener DownloadServiceManagerListener::aqfz@5163067 for download <16:RUNNING:61%[61%]>
08-09 12:11:30.766  4472  9098 I Finsky:background: [161] DS: Received onProgress request_id=16
08-09 12:11:30.766  4472  9098 I Finsky:background: [161] RM: receive resource status onProgress download_request_id=16, group_id=UnityDataAssetPack reason: bulk_update isid: MwjtIzqJS4aCel_65UiosQ, status_code=RESOURCE_STATUS_IN_PROGRESS, legacy_status_code=192, size: 204941523/332028638
08-09 12:11:30.766  4472  9098 I Finsky:background: [161] DSC::L: Updating listener wro@4233c05 for download <16:RUNNING:61%[61%]>
08-09 12:11:30.766  4472  9098 I Finsky:background: [161] DSC::L: Updating listener DownloadServiceManagerListener::ukd@c13eb7c for download <16:RUNNING:61%[61%]>
08-09 12:11:30.770  4472  4559 I Finsky:background: [51] RM: getStatus resourceRequestId=9fb9e231-b8b7-4081-aaf8-317c25f2b8d5 requestId=16 package=com.devsisters.ck artifact=UnityDataAssetPack isid=MwjtIzqJS4aCel_65UiosQ
08-09 12:11:30.770  4472  4559 I Finsky:background: [51] DSC: reviveDownload(16)
08-09 12:11:30.773  4472  4559 I Finsky:background: [51] DS: reviveDownload(request_id=16)
08-09 12:11:30.817  4472  9098 I Finsky:background: [161] DS: DS: onReviveDownload(request_id=16, files_to_download=[UnityDataAssetPack(size:332028638)], context[group_id=com.devsisters.ck:MwjtIzqJS4aCel_65UiosQ], display_data[invisible=false, title=CookieRun: Kingdom], network_restrictions=ANY_NETWORK status=running, bytes_downloaded=204941523, total_bytes=332028638, retry[count=0, next_retry=n/a])
08-09 12:11:30.823  4472  4472 I Finsky:background: [2] RF: onProgress request_id=16 isid=MwjtIzqJS4aCel_65UiosQ
08-09 12:11:30.824  4472  4472 I Finsky:background: [2] RF: resourceStatus for request_id=16 group=com.devsisters.ck artifact=UnityDataAssetPack collectedBytes= 204941523 / 332028638
08-09 12:11:30.824  4472  4472 I Finsky:background: [2] RF: Group=com.devsisters.ck totalBytesDownloaded= 339017758 / 466104873 for 4 artifacts
08-09 12:11:30.833  4472  4472 I Finsky:background: [2] Updated time lastBroadcast=2026-08-09T05:11:27.591Z current=2026-08-09T05:11:30.832Z
08-09 12:11:30.833  4472  4472 I Finsky:background: [2] bytesCompleted/bytesTotal/ratio = 339017758 / 466104873 / 0.727342
08-09 12:11:30.856  4472  9118 I Finsky:background: [167] IV2: onTaskProgress com.devsisters.ck[iid:2] [isid:MwjtIzqJS4aCel_65UiosQ] status:RESOURCE_FETCH_PROGRESS, size: 339017758/466104873
08-09 12:11:30.866  4472  9112 I Finsky:background: [163] IQ: Notifying installation update. [Package:com.devsisters.ck, isid:MwjtIzqJS4aCel_65UiosQ] state:DOWNLOADING, status=DOWNLOADING, status_code=0, reason=bulk_update, tsc=PT14M45.284S, attempt=0
08-09 12:11:30.901  4472  4472 I Finsky:background: [2] PIM: Ignore install package event for: com.devsisters.ck, isid: MwjtIzqJS4aCel_65UiosQ
08-09 12:11:30.917  8911  9025 I Finsky  : [110] Install States emitted for 9 apps
08-09 12:11:30.929   327  6240 D FakeWifi: Faking wifi for com.android.vending
08-09 12:11:30.929   327  6240 D FakeWifi: Faking wifi for com.android.vending
08-09 12:11:30.932  8911  9027 D FakeWifi: Faking wifi for com.android.vending
08-09 12:11:30.933  8911  9027 D FakeWifi: Faking wifi for com.android.vending
08-09 12:11:30.933  8911  9027 D FakeWifi: Faking wifi for com.android.vending
08-09 12:11:30.934  8911  9027 D FakeWifi: Faking wifi for com.android.vending
08-09 12:11:30.934  8911  9027 D FakeWifi: Faking wifi for com.android.vending
08-09 12:11:30.963   327  1658 D FakeWifi: Faking wifi for com.android.vending
08-09 12:11:30.963   327  1658 D FakeWifi: Faking wifi for com.android.vending
08-09 12:11:30.965  8911  8993 D FakeWifi: Faking wifi for com.android.vending
08-09 12:11:30.967  8911  8993 D FakeWifi: Faking wifi for com.android.vending
08-09 12:11:30.970  8911  8993 D FakeWifi: Faking wifi for com.android.vending
08-09 12:11:30.971  8911  8993 D FakeWifi: Faking wifi for com.android.vending
08-09 12:11:30.971  8911  8993 D FakeWifi: Faking wifi for com.android.vending
08-09 12:11:31.002  8911  8911 W Choreographer: Frame time is 0.026318999 ms in the future!  Check that graphics HAL is generating vsync timestamps using the correct timebase.
08-09 12:11:31.242  1532  1662 I DeviceAppInfoWork: refreshDeviceAppInfoForAccount done.
08-09 12:11:31.270  8597  8644 D LocalImageResolver: Couldn't use ImageDecoder for drawable, falling back to non-resized load.
08-09 12:11:31.272  8597  8644 D LocalImageResolver: Couldn't use ImageDecoder for drawable, falling back to non-resized load.
08-09 12:11:31.283  1532  1661 I DeviceAppInfoWork: refreshDeviceAppInfoForAccount done.
08-09 12:11:31.335  9219  9341 I Icing   : 7 corpora need re-polling
08-09 12:11:31.338  9219  9341 I Icing   : Post-init done
08-09 12:11:31.339  9219  9341 I Icing   : Indexing com.google.android.gms-internal.3p:MobileApplication from com.google.android.gms
08-09 12:11:31.357  9219  9341 E SQLiteLog: (1) no such table: MobileApplication_com.google.android.gms_seq_table in "SELECT * FROM [MobileApplication_com.google.android.gms_seq_table] WHERE seqno>0 AND tag IS NULL ORDER BY seqno LIMIT 20"
08-09 12:11:31.359  9219  9341 E Icing   : Cursor call threw an exception: no such table: MobileApplication_com.google.android.gms_seq_table (code 1 SQLITE_ERROR): , while compiling: SELECT * FROM [MobileApplication_com.google.android.gms_seq_table] WHERE seqno>0 AND tag IS NULL ORDER BY seqno LIMIT 20
08-09 12:11:31.362  9219  9341 I Icing   : Indexing done com.google.android.gms-internal.3p:MobileApplication
08-09 12:11:31.362  9219  9341 E Icing   : Aborting indexing of corpus internal.3p:MobileApplication
08-09 12:11:31.363  9219  9341 I Icing   : Indexing com.google.android.gms-internal.3p:Person from com.google.android.gms
08-09 12:11:31.364  9219  9341 E SQLiteLog: (1) no such table: Person_com.google.android.gms_seq_table in "SELECT * FROM [Person_com.google.android.gms_seq_table] WHERE seqno>0 AND tag IS NULL ORDER BY seqno LIMIT 20"
08-09 12:11:31.364  9219  9341 E Icing   : Cursor call threw an exception: no such table: Person_com.google.android.gms_seq_table (code 1 SQLITE_ERROR): , while compiling: SELECT * FROM [Person_com.google.android.gms_seq_table] WHERE seqno>0 AND tag IS NULL ORDER BY seqno LIMIT 20
08-09 12:11:31.365  9219  9341 I Icing   : Indexing done com.google.android.gms-internal.3p:Person
08-09 12:11:31.365  9219  9341 E Icing   : Aborting indexing of corpus internal.3p:Person
08-09 12:11:31.373  1532  1697 W DeviceAppInfoWork: missing version info.
08-09 12:11:31.404  9219  9341 I Icing   : Using regular flags by method 2
08-09 12:11:31.430  9219  9341 I Icing   : Usage reports ok 1, Failed Usage reports 0, indexed 0, rejected 0
08-09 12:11:31.455  9219  9341 I Icing   : Usage reports ok 0, Failed Usage reports 0, indexed 0, rejected 0
08-09 12:11:31.521  9219  9341 I Icing   : Usage reports ok 0, Failed Usage reports 0, indexed 0, rejected 0
08-09 12:11:31.523  9219  9341 I Icing   : Indexing com.google.android.gms-postals_data_id from com.google.android.gms
08-09 12:11:31.529  9219  9341 I Icing   : Indexing done com.google.android.gms-postals_data_id
08-09 12:11:31.530  9219  9341 I Icing   : Indexing com.google.android.gms-emails_data_id from com.google.android.gms
08-09 12:11:31.537  9219  9341 I Icing   : Indexing done com.google.android.gms-emails_data_id
08-09 12:11:31.537  9219  9341 I Icing   : Indexing com.google.android.gms-contacts_contact_id from com.google.android.gms
08-09 12:11:31.551  9219  9341 I Icing   : Indexing com.google.android.gms-apps from com.google.android.gms
08-09 12:11:31.554  9219  9341 I Icing   : Indexing done com.google.android.gms-apps
08-09 12:11:31.555  9219  9341 I Icing   : Indexing com.google.android.gms-phones_data_id from com.google.android.gms
08-09 12:11:31.595  9219  9341 I Icing   : Indexing done com.google.android.gms-contacts_contact_id
08-09 12:11:31.598  9219  9341 I Icing   : Indexing done com.google.android.gms-phones_data_id
08-09 12:11:32.602  8911  8911 W Choreographer: Frame time is 0.203263 ms in the future!  Check that graphics HAL is generating vsync timestamps using the correct timebase.
08-09 12:11:32.768  4472  9098 I Finsky:background: [161] DSC::L: Update all listeners for download <16:RUNNING:62%[62%]> in group com.devsisters.ck:MwjtIzqJS4aCel_65UiosQ
08-09 12:11:32.769  4472  9098 I Finsky:background: [161] DSC::L: Updating listener DownloadServiceManagerListener::aqfz@5163067 for download <16:RUNNING:62%[62%]>
08-09 12:11:32.769  4472  9098 I Finsky:background: [161] DS: Received onProgress request_id=16
08-09 12:11:32.769  4472  9098 I Finsky:background: [161] RM: receive resource status onProgress download_request_id=16, group_id=UnityDataAssetPack reason: bulk_update isid: MwjtIzqJS4aCel_65UiosQ, status_code=RESOURCE_STATUS_IN_PROGRESS, legacy_status_code=192, size: 206243580/332028638
08-09 12:11:32.770  4472  9098 I Finsky:background: [161] DSC::L: Updating listener wro@4233c05 for download <16:RUNNING:62%[62%]>
08-09 12:11:32.771  4472  9098 I Finsky:background: [161] DSC::L: Updating listener DownloadServiceManagerListener::ukd@c13eb7c for download <16:RUNNING:62%[62%]>
08-09 12:11:32.773  4472  4552 I Finsky:background: [46] RM: getStatus resourceRequestId=9fb9e231-b8b7-4081-aaf8-317c25f2b8d5 requestId=16 package=com.devsisters.ck artifact=UnityDataAssetPack isid=MwjtIzqJS4aCel_65UiosQ
08-09 12:11:32.773  4472  4552 I Finsky:background: [46] DSC: reviveDownload(16)
08-09 12:11:32.773  4472  4559 I Finsky:background: [51] DS: reviveDownload(request_id=16)
08-09 12:11:32.788  4472  9098 I Finsky:background: [161] DS: DS: onReviveDownload(request_id=16, files_to_download=[UnityDataAssetPack(size:332028638)], context[group_id=com.devsisters.ck:MwjtIzqJS4aCel_65UiosQ], display_data[invisible=false, title=CookieRun: Kingdom], network_restrictions=ANY_NETWORK status=running, bytes_downloaded=206243580, total_bytes=332028638, retry[count=0, next_retry=n/a])
08-09 12:11:32.790  4472  4472 I Finsky:background: [2] RF: onProgress request_id=16 isid=MwjtIzqJS4aCel_65UiosQ
08-09 12:11:32.791  4472  4472 I Finsky:background: [2] RF: resourceStatus for request_id=16 group=com.devsisters.ck artifact=UnityDataAssetPack collectedBytes= 206243580 / 332028638
08-09 12:11:32.791  4472  4472 I Finsky:background: [2] RF: Group=com.devsisters.ck totalBytesDownloaded= 340319815 / 466104873 for 4 artifacts
08-09 12:11:32.794  4472  4472 I Finsky:background: [2] RF: Preventing total bytes update to listeners
08-09 12:11:33.223  8597  8644 D LocalImageResolver: Couldn't use ImageDecoder for drawable, falling back to non-resized load.
08-09 12:11:33.225  8597  8644 D LocalImageResolver: Couldn't use ImageDecoder for drawable, falling back to non-resized load.
08-09 12:11:34.646  1060  1060 D BoundBrokerSvc: onUnbind: Intent { act=com.google.android.gms.common.telemetry.service.START dat=chimera-action:/... cmp=com.google.android.gms/.chimera.PersistentApiService }
08-09 12:11:34.752  4472  9098 I Finsky:background: [161] DSC::L: Update all listeners for download <16:RUNNING:62%[62%]> in group com.devsisters.ck:MwjtIzqJS4aCel_65UiosQ
08-09 12:11:34.752  4472  9098 I Finsky:background: [161] DSC::L: Updating listener DownloadServiceManagerListener::aqfz@5163067 for download <16:RUNNING:62%[62%]>
08-09 12:11:34.752  4472  9098 I Finsky:background: [161] DS: Received onProgress request_id=16
08-09 12:11:34.752  4472  9098 I Finsky:background: [161] RM: receive resource status onProgress download_request_id=16, group_id=UnityDataAssetPack reason: bulk_update isid: MwjtIzqJS4aCel_65UiosQ, status_code=RESOURCE_STATUS_IN_PROGRESS, legacy_status_code=192, size: 207665708/332028638
08-09 12:11:34.753  4472  9098 I Finsky:background: [161] DSC::L: Updating listener wro@4233c05 for download <16:RUNNING:62%[62%]>
08-09 12:11:34.753  4472  9098 I Finsky:background: [161] DSC::L: Updating listener DownloadServiceManagerListener::ukd@c13eb7c for download <16:RUNNING:62%[62%]>
08-09 12:11:34.753  4472  4552 I Finsky:background: [46] RM: getStatus resourceRequestId=9fb9e231-b8b7-4081-aaf8-317c25f2b8d5 requestId=16 package=com.devsisters.ck artifact=UnityDataAssetPack isid=MwjtIzqJS4aCel_65UiosQ
08-09 12:11:34.753  4472  4552 I Finsky:background: [46] DSC: reviveDownload(16)
08-09 12:11:34.754  4472  4559 I Finsky:background: [51] DS: reviveDownload(request_id=16)
08-09 12:11:34.766  4472  9098 I Finsky:background: [161] DS: DS: onReviveDownload(request_id=16, files_to_download=[UnityDataAssetPack(size:332028638)], context[group_id=com.devsisters.ck:MwjtIzqJS4aCel_65UiosQ], display_data[invisible=false, title=CookieRun: Kingdom], network_restrictions=ANY_NETWORK status=running, bytes_downloaded=207665708, total_bytes=332028638, retry[count=0, next_retry=n/a])
08-09 12:11:34.767  4472  4472 I Finsky:background: [2] RF: onProgress request_id=16 isid=MwjtIzqJS4aCel_65UiosQ
08-09 12:11:34.768  4472  4472 I Finsky:background: [2] RF: resourceStatus for request_id=16 group=com.devsisters.ck artifact=UnityDataAssetPack collectedBytes= 207665708 / 332028638
08-09 12:11:34.768  4472  4472 I Finsky:background: [2] RF: Group=com.devsisters.ck totalBytesDownloaded= 341741943 / 466104873 for 4 artifacts
08-09 12:11:34.770  4472  4472 I Finsky:background: [2] Updated time lastBroadcast=2026-08-09T05:11:30.833Z current=2026-08-09T05:11:34.770Z
08-09 12:11:34.770  4472  4472 I Finsky:background: [2] bytesCompleted/bytesTotal/ratio = 341741943 / 466104873 / 0.733187
08-09 12:11:34.779  4472  9118 I Finsky:background: [167] IV2: onTaskProgress com.devsisters.ck[iid:2] [isid:MwjtIzqJS4aCel_65UiosQ] status:RESOURCE_FETCH_PROGRESS, size: 341741943/466104873
08-09 12:11:34.780  4472  9112 I Finsky:background: [163] IQ: Notifying installation update. [Package:com.devsisters.ck, isid:MwjtIzqJS4aCel_65UiosQ] state:DOWNLOADING, status=DOWNLOADING, status_code=0, reason=bulk_update, tsc=PT14M49.198S, attempt=0
08-09 12:11:34.795  4472  4472 I Finsky:background: [2] PIM: Ignore install package event for: com.devsisters.ck, isid: MwjtIzqJS4aCel_65UiosQ
08-09 12:11:34.803  8911  9025 I Finsky  : [110] Install States emitted for 9 apps
08-09 12:11:34.813   327  1658 D FakeWifi: Faking wifi for com.android.vending
08-09 12:11:34.814   327  1658 D FakeWifi: Faking wifi for com.android.vending
08-09 12:11:34.814  8911  9025 D FakeWifi: Faking wifi for com.android.vending
08-09 12:11:34.817  8911  9025 D FakeWifi: Faking wifi for com.android.vending
08-09 12:11:34.817  8911  9025 D FakeWifi: Faking wifi for com.android.vending
08-09 12:11:34.817  8911  9025 D FakeWifi: Faking wifi for com.android.vending
08-09 12:11:34.817  8911  9025 D FakeWifi: Faking wifi for com.android.vending
08-09 12:11:34.819   327  6244 D FakeWifi: Faking wifi for com.android.vending
08-09 12:11:34.819   327  6244 D FakeWifi: Faking wifi for com.android.vending
08-09 12:11:34.819  8911  9025 D FakeWifi: Faking wifi for com.android.vending
08-09 12:11:34.820  8911  9025 D FakeWifi: Faking wifi for com.android.vending
08-09 12:11:34.820  8911  9025 D FakeWifi: Faking wifi for com.android.vending
08-09 12:11:34.820  8911  9025 D FakeWifi: Faking wifi for com.android.vending
08-09 12:11:34.820  8911  9025 D FakeWifi: Faking wifi for com.android.vending
08-09 12:11:35.204  8597  8644 D LocalImageResolver: Couldn't use ImageDecoder for drawable, falling back to non-resized load.
08-09 12:11:35.206  8597  8644 D LocalImageResolver: Couldn't use ImageDecoder for drawable, falling back to non-resized load.
08-09 12:11:36.750  4472  9098 I Finsky:background: [161] DSC::L: Update all listeners for download <16:RUNNING:63%[63%]> in group com.devsisters.ck:MwjtIzqJS4aCel_65UiosQ
08-09 12:11:36.750  4472  9098 I Finsky:background: [161] DSC::L: Updating listener DownloadServiceManagerListener::aqfz@5163067 for download <16:RUNNING:63%[63%]>
08-09 12:11:36.750  4472  9098 I Finsky:background: [161] DS: Received onProgress request_id=16
08-09 12:11:36.750  4472  9098 I Finsky:background: [161] RM: receive resource status onProgress download_request_id=16, group_id=UnityDataAssetPack reason: bulk_update isid: MwjtIzqJS4aCel_65UiosQ, status_code=RESOURCE_STATUS_IN_PROGRESS, legacy_status_code=192, size: 209314402/332028638
08-09 12:11:36.750  4472  9098 I Finsky:background: [161] DSC::L: Updating listener wro@4233c05 for download <16:RUNNING:63%[63%]>
08-09 12:11:36.750  4472  9098 I Finsky:background: [161] DSC::L: Updating listener DownloadServiceManagerListener::ukd@c13eb7c for download <16:RUNNING:63%[63%]>
08-09 12:11:36.751  4472  4631 I Finsky:background: [59] RM: getStatus resourceRequestId=9fb9e231-b8b7-4081-aaf8-317c25f2b8d5 requestId=16 package=com.devsisters.ck artifact=UnityDataAssetPack isid=MwjtIzqJS4aCel_65UiosQ
08-09 12:11:36.751  4472  4631 I Finsky:background: [59] DSC: reviveDownload(16)
08-09 12:11:36.751  4472  4559 I Finsky:background: [51] DS: reviveDownload(request_id=16)
08-09 12:11:36.760  4472  9098 I Finsky:background: [161] DS: DS: onReviveDownload(request_id=16, files_to_download=[UnityDataAssetPack(size:332028638)], context[group_id=com.devsisters.ck:MwjtIzqJS4aCel_65UiosQ], display_data[invisible=false, title=CookieRun: Kingdom], network_restrictions=ANY_NETWORK status=running, bytes_downloaded=209314402, total_bytes=332028638, retry[count=0, next_retry=n/a])
08-09 12:11:36.761  4472  4472 I Finsky:background: [2] RF: onProgress request_id=16 isid=MwjtIzqJS4aCel_65UiosQ
08-09 12:11:36.761  4472  4472 I Finsky:background: [2] RF: resourceStatus for request_id=16 group=com.devsisters.ck artifact=UnityDataAssetPack collectedBytes= 209314402 / 332028638
08-09 12:11:36.761  4472  4472 I Finsky:background: [2] RF: Group=com.devsisters.ck totalBytesDownloaded= 343390637 / 466104873 for 4 artifacts
08-09 12:11:36.762  4472  4472 I Finsky:background: [2] RF: Preventing total bytes update to listeners
08-09 12:11:37.188  8597  8644 D LocalImageResolver: Couldn't use ImageDecoder for drawable, falling back to non-resized load.
08-09 12:11:37.188  8597  8644 D LocalImageResolver: Couldn't use ImageDecoder for drawable, falling back to non-resized load.
08-09 12:11:38.979  4472  9098 I Finsky:background: [161] DSC::L: Update all listeners for download <16:RUNNING:63%[63%]> in group com.devsisters.ck:MwjtIzqJS4aCel_65UiosQ
08-09 12:11:38.979  4472  9098 I Finsky:background: [161] DSC::L: Updating listener DownloadServiceManagerListener::aqfz@5163067 for download <16:RUNNING:63%[63%]>
08-09 12:11:38.979  4472  9098 I Finsky:background: [161] DS: Received onProgress request_id=16
08-09 12:11:38.979  4472  9098 I Finsky:background: [161] RM: receive resource status onProgress download_request_id=16, group_id=UnityDataAssetPack reason: bulk_update isid: MwjtIzqJS4aCel_65UiosQ, status_code=RESOURCE_STATUS_IN_PROGRESS, legacy_status_code=192, size: 210449867/332028638
08-09 12:11:38.979  4472  9098 I Finsky:background: [161] DSC::L: Updating listener wro@4233c05 for download <16:RUNNING:63%[63%]>
08-09 12:11:38.979  4472  9098 I Finsky:background: [161] DSC::L: Updating listener DownloadServiceManagerListener::ukd@c13eb7c for download <16:RUNNING:63%[63%]>
08-09 12:11:38.980  4472  4559 I Finsky:background: [51] RM: getStatus resourceRequestId=9fb9e231-b8b7-4081-aaf8-317c25f2b8d5 requestId=16 package=com.devsisters.ck artifact=UnityDataAssetPack isid=MwjtIzqJS4aCel_65UiosQ
08-09 12:11:38.980  4472  4559 I Finsky:background: [51] DSC: reviveDownload(16)
08-09 12:11:38.982  4472  4559 I Finsky:background: [51] DS: reviveDownload(request_id=16)
08-09 12:11:39.011  4472  9098 I Finsky:background: [161] DS: DS: onReviveDownload(request_id=16, files_to_download=[UnityDataAssetPack(size:332028638)], context[group_id=com.devsisters.ck:MwjtIzqJS4aCel_65UiosQ], display_data[invisible=false, title=CookieRun: Kingdom], network_restrictions=ANY_NETWORK status=running, bytes_downloaded=210449867, total_bytes=332028638, retry[count=0, next_retry=n/a])
08-09 12:11:39.013  4472  4472 I Finsky:background: [2] RF: onProgress request_id=16 isid=MwjtIzqJS4aCel_65UiosQ
08-09 12:11:39.013  4472  4472 I Finsky:background: [2] RF: resourceStatus for request_id=16 group=com.devsisters.ck artifact=UnityDataAssetPack collectedBytes= 210449867 / 332028638
08-09 12:11:39.013  4472  4472 I Finsky:background: [2] RF: Group=com.devsisters.ck totalBytesDownloaded= 344526102 / 466104873 for 4 artifacts
08-09 12:11:39.016  4472  4472 I Finsky:background: [2] Updated time lastBroadcast=2026-08-09T05:11:34.770Z current=2026-08-09T05:11:39.016Z
08-09 12:11:39.017  4472  4472 I Finsky:background: [2] bytesCompleted/bytesTotal/ratio = 344526102 / 466104873 / 0.739160
08-09 12:11:39.017  9219  9650 I ChimeraConfigurator: Starting update, reason: 4 urgentFeatures: vision.ocr:-1
08-09 12:11:39.019  4472  9118 I Finsky:background: [167] IV2: onTaskProgress com.devsisters.ck[iid:2] [isid:MwjtIzqJS4aCel_65UiosQ] status:RESOURCE_FETCH_PROGRESS, size: 344526102/466104873
08-09 12:11:39.025  4472  9112 I Finsky:background: [163] IQ: Notifying installation update. [Package:com.devsisters.ck, isid:MwjtIzqJS4aCel_65UiosQ] state:DOWNLOADING, status=DOWNLOADING, status_code=0, reason=bulk_update, tsc=PT14M53.442S, attempt=0
08-09 12:11:39.041  4472  4472 I Finsky:background: [2] PIM: Ignore install package event for: com.devsisters.ck, isid: MwjtIzqJS4aCel_65UiosQ
08-09 12:11:39.053  8911  9025 I Finsky  : [110] Install States emitted for 9 apps
08-09 12:11:39.055   327  1658 D FakeWifi: Faking wifi for com.android.vending
08-09 12:11:39.055   327  1658 D FakeWifi: Faking wifi for com.android.vending
08-09 12:11:39.056  8911  8994 D FakeWifi: Faking wifi for com.android.vending
08-09 12:11:39.056  8911  8994 D FakeWifi: Faking wifi for com.android.vending
08-09 12:11:39.058  8911  8994 D FakeWifi: Faking wifi for com.android.vending
08-09 12:11:39.058  8911  8994 D FakeWifi: Faking wifi for com.android.vending
08-09 12:11:39.058  8911  8994 D FakeWifi: Faking wifi for com.android.vending
08-09 12:11:39.072   327   514 D FakeWifi: Faking wifi for com.android.vending
08-09 12:11:39.072   327   514 D FakeWifi: Faking wifi for com.android.vending
08-09 12:11:39.074  8911  8993 D FakeWifi: Faking wifi for com.android.vending
08-09 12:11:39.074  8911  8993 D FakeWifi: Faking wifi for com.android.vending
08-09 12:11:39.075  8911  8993 D FakeWifi: Faking wifi for com.android.vending
08-09 12:11:39.076  9219  9650 I ChimeraConfigurator: Detected pending changes for urgent request: [vision.ocr]. Pending module sets: container:2628319190800+mlkit.ocr.common+tflite_dynamite+vision.ocr
08-09 12:11:39.077  8911  8993 D FakeWifi: Faking wifi for com.android.vending
08-09 12:11:39.077  8911  8993 D FakeWifi: Faking wifi for com.android.vending
08-09 12:11:39.099  9219  9650 D FakeWifi: Faking wifi for com.google.android.gms
08-09 12:11:39.133  1060  9543 I NetworkScheduler.Stats: Task com.google.android.gms/com.google.android.gms.games.chimera.GamesSyncServiceMainProxy started execution. cause:4 exec_start_elapsed_seconds: 60854 [CONTEXT service_id=218 ]
08-09 12:11:39.136  1060  9611 I NetworkScheduler.Stats: Task com.google.android.gms/com.google.android.gms.games.chimera.GamesSyncServiceMainProxy started execution. cause:4 exec_start_elapsed_seconds: 60854 [CONTEXT service_id=218 ]
08-09 12:11:39.145  8911  9149 I Finsky  : [162] Module info request for [{MlkitOcrCommon.optional:262831100800:}] modules from package com.google.android.gms v=262831032 hasAccount:true authEnabled:false
08-09 12:11:39.145  9219  9240 I PlayGamesServices[GamesSyncAdapter]: Starting sync for dac2a921
08-09 12:11:39.145  9219  9341 I PlayGamesServices[GamesSyncAdapter]: Starting sync for ddb5abdf
08-09 12:11:39.148  8911  9149 D FakeWifi: Faking wifi for com.google.android.gsf
08-09 12:11:39.148  8911  9149 D FakeWifi: Faking wifi for com.google.android.gsf
08-09 12:11:39.149  8911  8955 D FakeWifi: Faking wifi for com.android.vending
08-09 12:11:39.150  8911  8955 D FakeWifi: Faking wifi for com.android.vending
08-09 12:11:39.150   327  6240 D CompatibilityChangeReporter: Compat change id reported: 201794303; UID 10095; state: ENABLED
08-09 12:11:39.153  9219  9240 I PlayGamesServices[GamesSyncAdapter]: Sync duration for dac2a921: 3
08-09 12:11:39.153  9219  9341 I PlayGamesServices[GamesSyncAdapter]: Sync duration for ddb5abdf: 7
08-09 12:11:39.171  9219  9266 W PlayGamesServices[UiUtils]: AppVersion: Cannot find the installed destination app.
08-09 12:11:39.172  1060  9613 I NetworkScheduler.Stats: Task com.google.android.gms/com.google.android.gms.games.chimera.GamesSyncServiceMainProxy finished executing. cause:4 result: 1 elapsed_millis: 82 uptime_millis: 82 exec_start_elapsed_seconds: 60854 [CONTEXT service_id=218 ]
08-09 12:11:39.172  9219  9266 W PlayGamesServices[UiUtils]: AppVersionName: Cannot find the installed destination app.
08-09 12:11:39.188  9219  9266 W PlayGamesServices[UiUtils]: AppVersion: Cannot find the installed destination app.
08-09 12:11:39.188  9219  9266 W PlayGamesServices[UiUtils]: AppVersionName: Cannot find the installed destination app.
08-09 12:11:39.196  1060  9613 I NetworkScheduler.Stats: Task com.google.android.gms/com.google.android.gms.games.chimera.GamesSyncServiceMainProxy finished executing. cause:4 result: 1 elapsed_millis: 57 uptime_millis: 57 exec_start_elapsed_seconds: 60854 [CONTEXT service_id=218 ]
08-09 12:11:39.208  8911  8952 D TrafficStats: tagSocket(98) with statsTag=0x4be64f9b, statsUid=-1
08-09 12:11:39.265  1060  9613 I NetworkScheduler.Stats: Task com.google.android.gms/com.google.android.gms.auth.account.be.legacy.AuthCronService started execution. cause:5 exec_start_elapsed_seconds: 60854 [CONTEXT service_id=218 ]
08-09 12:11:39.268  9219  9219 D BoundBrokerSvc: onBind: Intent { act=com.google.android.gms.semanticlocationhistory.settings.SettingsSyncOneOffService.ACTION_TASK_READY dat=chimera-action:/... cmp=com.google.android.gms/.chimera.GmsInternalBoundBrokerService }
08-09 12:11:39.268  9219  9219 D BoundBrokerSvc: Loading bound service for intent: Intent { act=com.google.android.gms.semanticlocationhistory.settings.SettingsSyncOneOffService.ACTION_TASK_READY dat=chimera-action:/... cmp=com.google.android.gms/.chimera.GmsInternalBoundBrokerService }
08-09 12:11:39.273  1060  9613 I NetworkScheduler.Stats: Task com.google.android.gms/com.google.android.gms.semanticlocationhistory.settings.SettingsSyncOneOffService started execution. cause:5 exec_start_elapsed_seconds: 60854 [CONTEXT service_id=218 ]
08-09 12:11:39.437  8597  8644 D LocalImageResolver: Couldn't use ImageDecoder for drawable, falling back to non-resized load.
08-09 12:11:39.437  8597  8644 D LocalImageResolver: Couldn't use ImageDecoder for drawable, falling back to non-resized load.
08-09 12:11:39.505  1739  1760 D TrafficStats: tagSocket(103) with statsTag=0x1809, statsUid=-1
08-09 12:11:39.584  1060  8050 W GmsUrlRequestImpl: [https://android.googleapis.com/auth/devicekey] Content-Type header is overwritten.
08-09 12:11:39.621  1060  1757 D TrafficStats: tagSocket(250) with statsTag=0x4000401, statsUid=10095
08-09 12:11:39.631  1060  1757 D TrafficStats: tagSocket(195) with statsTag=0x4000401, statsUid=10095
08-09 12:11:39.646  8911  8911 I Finsky  : [2] Received response for moduleDelivery with status=4
08-09 12:11:39.648  9219  9650 E DynamicModuleDownloader: Zapp module request failed: 1,4
08-09 12:11:39.648  9219  9650 W ZappDownloader: No successful Zapp module downloads for requested modules [MlkitOcrCommon.optional:262831100800:permitMetered].
08-09 12:11:39.648  9219  9650 I GmsDebugLogger: [30] [MlkitOcrCommon.optional:262831100800]
08-09 12:11:39.655  9219  9650 W ChimeraConfigService: Retry attempt was throttled. [CONTEXT service_id=264 ]
08-09 12:11:39.655  9219  9650 I GmsDebugLogger: [83] 1 [vision.ocr]
08-09 12:11:39.664  9219  9649 W Vision  : Request for optional module download of ocr failed. Request again.
08-09 12:11:39.669  9219  9649 W Vision  : Would have logged:
08-09 12:11:39.669  9219  9649 W Vision  : # iuph@37884fe7
08-09 12:11:39.669  9219  9649 I Vision  : Schedule retrying download ocr at 60854847 with backoff 640 seconds
08-09 12:11:39.683  1060  8050 W GLSUser : [AppCertManager] Exception while requesting key: 
08-09 12:11:39.683  1060  8050 W GLSUser : java.util.concurrent.ExecutionException: dcxa: Parsing Exception
08-09 12:11:39.683  1060  8050 W GLSUser : 	at hrho.j(:com.google.android.gms@262831032@26.28.31 (190800-947936219):21)
08-09 12:11:39.683  1060  8050 W GLSUser : 	at hrhx.t(:com.google.android.gms@262831032@26.28.31 (190800-947936219):73)
08-09 12:11:39.683  1060  8050 W GLSUser : 	at amoh.b(:com.google.android.gms@262831032@26.28.31 (190800-947936219):441)
08-09 12:11:39.683  1060  8050 W GLSUser : 	at amof.b(:com.google.android.gms@262831032@26.28.31 (190800-947936219):29)
08-09 12:11:39.683  1060  8050 W GLSUser : 	at amoa.a(:com.google.android.gms@262831032@26.28.31 (190800-947936219):1)
08-09 12:11:39.683  1060  8050 W GLSUser : 	at amod.a(:com.google.android.gms@262831032@26.28.31 (190800-947936219):58)
08-09 12:11:39.683  1060  8050 W GLSUser : 	at ahkz.call(:com.google.android.gms@262831032@26.28.31 (190800-947936219):56)
08-09 12:11:39.683  1060  8050 W GLSUser : 	at java.util.concurrent.FutureTask.run(FutureTask.java:264)
08-09 12:11:39.683  1060  8050 W GLSUser : 	at bldv.c(:com.google.android.gms@262831032@26.28.31 (190800-947936219):50)
08-09 12:11:39.683  1060  8050 W GLSUser : 	at bldv.run(:com.google.android.gms@262831032@26.28.31 (190800-947936219):71)
08-09 12:11:39.683  1060  8050 W GLSUser : 	at java.util.concurrent.ThreadPoolExecutor.runWorker(ThreadPoolExecutor.java:1137)
08-09 12:11:39.683  1060  8050 W GLSUser : 	at java.util.concurrent.ThreadPoolExecutor$Worker.run(ThreadPoolExecutor.java:637)
08-09 12:11:39.683  1060  8050 W GLSUser : 	at bljp.run(:com.google.android.gms@262831032@26.28.31 (190800-947936219):8)
08-09 12:11:39.683  1060  8050 W GLSUser : 	at java.lang.Thread.run(Thread.java:1012)
08-09 12:11:39.683  1060  8050 W GLSUser : Caused by: dcxa: Parsing Exception
08-09 12:11:39.683  1060  8050 W GLSUser : 	at dcye.kD(:com.google.android.gms@262831032@26.28.31 (190800-947936219):15)
08-09 12:11:39.683  1060  8050 W GLSUser : 	at hrkl.run(:com.google.android.gms@262831032@26.28.31 (190800-947936219):56)
08-09 12:11:39.683  1060  8050 W GLSUser : 	at bldv.c(:com.google.android.gms@262831032@26.28.31 (190800-947936219):50)
08-09 12:11:39.683  1060  8050 W GLSUser : 	at bldv.run(:com.google.android.gms@262831032@26.28.31 (190800-947936219):90)
08-09 12:11:39.683  1060  8050 W GLSUser : 	... 4 more
08-09 12:11:39.683  1060  8050 W GLSUser : Caused by: jgin: Protocol message end-group tag did not match expected tag.
08-09 12:11:39.683  1060  8050 W GLSUser : 	at jgkf.a(:com.google.android.gms@262831032@26.28.31 (190800-947936219):57)
08-09 12:11:39.683  1060  8050 W GLSUser : 	at jgjd.i(:com.google.android.gms@262831032@26.28.31 (190800-947936219):440)
08-09 12:11:39.683  1060  8050 W GLSUser : 	at jgho.S(:com.google.android.gms@262831032@26.28.31 (190800-947936219):22)
08-09 12:11:39.683  1060  8050 W GLSUser : 	at jghj.q(:com.google.android.gms@262831032@26.28.31 (190800-947936219):3)
08-09 12:11:39.683  1060  8050 W GLSUser : 	at jgfi.e(:com.google.android.gms@262831032@26.28.31 (190800-947936219):7)
08-09 12:11:39.683  1060  8050 W GLSUser : 	at jgfi.b(:com.google.android.gms@262831032@26.28.31 (190800-947936219):1)
08-09 12:11:39.683  1060  8050 W GLSUser : 	at jgfi.m(:com.google.android.gms@262831032@26.28.31 (190800-947936219):1)
08-09 12:11:39.683  1060  8050 W GLSUser : 	at dcyd.a(:com.google.android.gms@262831032@26.28.31 (190800-947936219):11)
08-09 12:11:39.683  1060  8050 W GLSUser : 	at dcyi.call(:com.google.android.gms@262831032@26.28.31 (190800-947936219):8)
08-09 12:11:39.683  1060  8050 W GLSUser : 	at java.util.concurrent.FutureTask.run(FutureTask.java:264)
08-09 12:11:39.683  1060  8050 W GLSUser : 	at bldv.c(:com.google.android.gms@262831032@26.28.31 (190800-947936219):50)
08-09 12:11:39.683  1060  8050 W GLSUser : 	at bldv.run(:com.google.android.gms@262831032@26.28.31 (190800-947936219):71)
08-09 12:11:39.683  1060  8050 W GLSUser : 	... 4 more
08-09 12:11:39.685  1060  7949 W .gms.persistent: Long monitor contention with owner highpool[38] (8050) at boolean amoh.b()(:com.google.android.gms@262831032@26.28.31 (190800-947936219):547) waiters=0 in java.lang.String amof.a(java.lang.String) for 343ms
08-09 12:11:39.685  1060  7949 W GLSUser : [DeviceKeyStore] Cannot load key: Device key file not found.
08-09 12:11:39.686  1060  7949 W GLSUser : [DeviceKeyStore] Cannot load key: Device key file not found.
08-09 12:11:39.691  1060  9611 I NetworkScheduler.Stats: Task com.google.android.gms/com.google.android.gms.auth.account.be.legacy.AuthCronService finished executing. cause:5 result: 3 elapsed_millis: 471 uptime_millis: 471 exec_start_elapsed_seconds: 60854 [CONTEXT service_id=218 ]
08-09 12:11:39.730  9219  9219 D BoundBrokerSvc: onBind: Intent { act=com.google.android.gms.semanticlocationhistory.deidentifieddata.storevisits.StoreVisitsProcessingService.ACTION_TASK_READY dat=chimera-action:/... cmp=com.google.android.gms/.chimera.GmsInternalBoundBrokerService }
08-09 12:11:39.730  9219  9219 D BoundBrokerSvc: Loading bound service for intent: Intent { act=com.google.android.gms.semanticlocationhistory.deidentifieddata.storevisits.StoreVisitsProcessingService.ACTION_TASK_READY dat=chimera-action:/... cmp=com.google.android.gms/.chimera.GmsInternalBoundBrokerService }
08-09 12:11:39.733  1060  9635 I NetworkScheduler.Stats: Task com.google.android.gms/com.google.android.gms.semanticlocationhistory.deidentifieddata.storevisits.StoreVisitsProcessingService started execution. cause:5 exec_start_elapsed_seconds: 60854 [CONTEXT service_id=218 ]
08-09 12:11:39.756  9219  9219 D BoundBrokerSvc: onUnbind: Intent { act=com.google.android.gms.semanticlocationhistory.deidentifieddata.storevisits.StoreVisitsProcessingService.ACTION_TASK_READY dat=chimera-action:/... cmp=com.google.android.gms/.chimera.GmsInternalBoundBrokerService }
08-09 12:11:39.756  1060  9611 I NetworkScheduler.Stats: Task com.google.android.gms/com.google.android.gms.semanticlocationhistory.deidentifieddata.storevisits.StoreVisitsProcessingService finished executing. cause:5 result: 1 elapsed_millis: 26 uptime_millis: 26 exec_start_elapsed_seconds: 60854 [CONTEXT service_id=218 ]
08-09 12:11:39.786  9219  9219 D BoundBrokerSvc: onBind: Intent { act=com.google.android.gms.semanticlocationhistory.deidentifieddata.uploads.BatchDeidentifiedDataUploadService.ACTION_TASK_READY dat=chimera-action:/... cmp=com.google.android.gms/.chimera.GmsInternalBoundBrokerService }
08-09 12:11:39.786  9219  9219 D BoundBrokerSvc: Loading bound service for intent: Intent { act=com.google.android.gms.semanticlocationhistory.deidentifieddata.uploads.BatchDeidentifiedDataUploadService.ACTION_TASK_READY dat=chimera-action:/... cmp=com.google.android.gms/.chimera.GmsInternalBoundBrokerService }
08-09 12:11:39.789  1060  9635 I NetworkScheduler.Stats: Task com.google.android.gms/com.google.android.gms.semanticlocationhistory.deidentifieddata.uploads.BatchDeidentifiedDataUploadService started execution. cause:5 exec_start_elapsed_seconds: 60854 [CONTEXT service_id=218 ]
08-09 12:11:39.793  9219  9257 D TrafficStats: tagSocket(148) with statsTag=0x4009500, statsUid=10097
08-09 12:11:39.834  9219  9257 W ProviderHelper: Unknown dynamite feature providerinstaller.dynamite
08-09 12:11:39.834  9219  9257 I DynamiteModule: Considering local module com.google.android.gms.providerinstaller.dynamite:1 and remote module com.google.android.gms.providerinstaller.dynamite:0
08-09 12:11:39.834  9219  9257 I DynamiteModule: Selected local version of com.google.android.gms.providerinstaller.dynamite
08-09 12:11:39.838  9219  9257 W Conscrypt: Could not set socket write timeout: java.net.SocketException: Socket closed
08-09 12:11:39.838  9219  9257 W Conscrypt: 	at com.google.android.gms.org.conscrypt.Platform.setSocketWriteTimeout(:com.google.android.gms@262831032@26.28.31 (190800-947936219):204)
08-09 12:11:39.838  9219  9257 W Conscrypt: 	at com.google.android.gms.org.conscrypt.ConscryptFileDescriptorSocket.setSoWriteTimeout(:com.google.android.gms@262831032@26.28.31 (190800-947936219):4)
08-09 12:11:39.839  9219  9219 D BoundBrokerSvc: onUnbind: Intent { act=com.google.android.gms.semanticlocationhistory.deidentifieddata.uploads.BatchDeidentifiedDataUploadService.ACTION_TASK_READY dat=chimera-action:/... cmp=com.google.android.gms/.chimera.GmsInternalBoundBrokerService }
08-09 12:11:39.840  1060  9610 I NetworkScheduler.Stats: Task com.google.android.gms/com.google.android.gms.semanticlocationhistory.deidentifieddata.uploads.BatchDeidentifiedDataUploadService finished executing. cause:5 result: 1 elapsed_millis: 57 uptime_millis: 57 exec_start_elapsed_seconds: 60854 [CONTEXT service_id=218 ]
08-09 12:11:39.868  9219  9219 D BoundBrokerSvc: onBind: Intent { act=com.google.android.gms.semanticlocationhistory.federated.regionfetcher.RegionMddDownloadScheduleService.ACTION_TASK_READY dat=chimera-action:/... cmp=com.google.android.gms/.chimera.GmsInternalBoundBrokerService }
08-09 12:11:39.869  9219  9219 D BoundBrokerSvc: Loading bound service for intent: Intent { act=com.google.android.gms.semanticlocationhistory.federated.regionfetcher.RegionMddDownloadScheduleService.ACTION_TASK_READY dat=chimera-action:/... cmp=com.google.android.gms/.chimera.GmsInternalBoundBrokerService }
08-09 12:11:39.873  1060  9611 I NetworkScheduler.Stats: Task com.google.android.gms/com.google.android.gms.semanticlocationhistory.federated.regionfetcher.RegionMddDownloadScheduleService started execution. cause:5 exec_start_elapsed_seconds: 60855 [CONTEXT service_id=218 ]
08-09 12:11:39.878  9219  9240 I LocationHistory: Account-level location setting is turned off. [CONTEXT service_id=314 ]
08-09 12:11:39.881  1060  9611 I NetworkScheduler.Stats: Task com.google.android.gms/com.google.android.gms.semanticlocationhistory.federated.regionfetcher.RegionMddDownloadScheduleService finished executing. cause:5 result: 2 elapsed_millis: 12 uptime_millis: 12 exec_start_elapsed_seconds: 60855 [CONTEXT service_id=218 ]
08-09 12:11:39.881  9219  9219 D BoundBrokerSvc: onUnbind: Intent { act=com.google.android.gms.semanticlocationhistory.federated.regionfetcher.RegionMddDownloadScheduleService.ACTION_TASK_READY dat=chimera-action:/... cmp=com.google.android.gms/.chimera.GmsInternalBoundBrokerService }
08-09 12:11:39.921  1060  9610 I NetworkScheduler.Stats: Task com.google.android.gms/com.google.android.gms.mdisync.service.MdiSyncBackgroundTaskService started execution. cause:5 exec_start_elapsed_seconds: 60855 [CONTEXT service_id=218 ]
08-09 12:11:39.932  9219  9664 I MdiSyncModule: Dispatching task '2_PERIODIC'...
08-09 12:11:39.933  9219  9664 I MdiSyncModule: Running singleton-scoped task '2 PERIODIC (2_PERIODIC)'...
08-09 12:11:39.975  9219  9257 W Conscrypt: Could not set socket write timeout: java.net.SocketException: Socket closed
08-09 12:11:39.975  9219  9257 W Conscrypt: 	at com.google.android.gms.org.conscrypt.Platform.setSocketWriteTimeout(:com.google.android.gms@262831032@26.28.31 (190800-947936219):204)
08-09 12:11:39.975  9219  9257 W Conscrypt: 	at com.google.android.gms.org.conscrypt.ConscryptFileDescriptorSocket.setSoWriteTimeout(:com.google.android.gms@262831032@26.28.31 (190800-947936219):4)
08-09 12:11:40.037  9219  9664 I MdiSyncModule: Singleton-scoped task '2 PERIODIC (2_PERIODIC)' finished with result '0'!
08-09 12:11:40.039  9219  9664 I GmsCoreXrpcWrapper: Returning a channel provider with trafficStatsTag=67130881 trafficStatsUid=-1
08-09 12:11:40.047  9219  9664 I MdiSyncModule: Running account-scoped task '2 PERIODIC (2_PERIODIC)'...
08-09 12:11:40.103  9219  9664 I MdiSyncModule: Running account-scoped task '2 PERIODIC (2_PERIODIC)'...
08-09 12:11:40.160  9219  9664 I MdiSyncModule: Task '2 PERIODIC (2_PERIODIC)' finished with result '0'!
08-09 12:11:40.164  1060  9611 I NetworkScheduler.Stats: Task com.google.android.gms/com.google.android.gms.mdisync.service.MdiSyncBackgroundTaskService finished executing. cause:5 result: 1 elapsed_millis: 259 uptime_millis: 259 exec_start_elapsed_seconds: 60855 [CONTEXT service_id=218 ]
08-09 12:11:40.265  1060  1073 W GLSUser : [DeviceKeyStore] Cannot load key: Device key file not found.
08-09 12:11:40.265  1060  1073 W GLSUser : [DeviceKeyStore] Cannot load key: Device key file not found.
08-09 12:11:40.645    38  9643 I keystore2: keystore2::watchdog: Watchdog thread idle -> terminating. Have a great day.
08-09 12:11:40.665  8911  8960 I PlayCommon: [64] Preparing logs for uploading
08-09 12:11:40.666   327  6240 D FakeWifi: Faking wifi for com.android.vending
08-09 12:11:40.666   327  6240 D FakeWifi: Faking wifi for com.android.vending
08-09 12:11:40.666  8911  8960 D FakeWifi: Faking wifi for com.android.vending
08-09 12:11:40.667  8911  8960 D FakeWifi: Faking wifi for com.android.vending
08-09 12:11:40.667  8911  8960 D FakeWifi: Faking wifi for com.android.vending
08-09 12:11:40.667  8911  8960 D FakeWifi: Faking wifi for com.android.vending
08-09 12:11:40.668  8911  8960 D FakeWifi: Faking wifi for com.android.vending
08-09 12:11:40.674  8911  8960 I PlayCommon: [64] Connecting to server: https://play.googleapis.com/play/log?format=raw&proto_v2=true
08-09 12:11:40.880  8911  8960 D TrafficStats: tagSocket(92) with statsTag=0x6900, statsUid=-1
08-09 12:11:41.030  4472  9098 I Finsky:background: [161] DSC::L: Update all listeners for download <16:RUNNING:63%[63%]> in group com.devsisters.ck:MwjtIzqJS4aCel_65UiosQ
08-09 12:11:41.030  4472  9098 I Finsky:background: [161] DSC::L: Updating listener DownloadServiceManagerListener::aqfz@5163067 for download <16:RUNNING:63%[63%]>
08-09 12:11:41.030  4472  9098 I Finsky:background: [161] DS: Received onProgress request_id=16
08-09 12:11:41.030  4472  9098 I Finsky:background: [161] RM: receive resource status onProgress download_request_id=16, group_id=UnityDataAssetPack reason: bulk_update isid: MwjtIzqJS4aCel_65UiosQ, status_code=RESOURCE_STATUS_IN_PROGRESS, legacy_status_code=192, size: 211664922/332028638
08-09 12:11:41.030  4472  9098 I Finsky:background: [161] DSC::L: Updating listener wro@4233c05 for download <16:RUNNING:63%[63%]>
08-09 12:11:41.030  4472  9098 I Finsky:background: [161] DSC::L: Updating listener DownloadServiceManagerListener::ukd@c13eb7c for download <16:RUNNING:63%[63%]>
08-09 12:11:41.031  4472  4552 I Finsky:background: [46] RM: getStatus resourceRequestId=9fb9e231-b8b7-4081-aaf8-317c25f2b8d5 requestId=16 package=com.devsisters.ck artifact=UnityDataAssetPack isid=MwjtIzqJS4aCel_65UiosQ
08-09 12:11:41.031  4472  4552 I Finsky:background: [46] DSC: reviveDownload(16)
08-09 12:11:41.031  4472  4631 I Finsky:background: [59] DS: reviveDownload(request_id=16)
08-09 12:11:41.041  4472  9098 I Finsky:background: [161] DS: DS: onReviveDownload(request_id=16, files_to_download=[UnityDataAssetPack(size:332028638)], context[group_id=com.devsisters.ck:MwjtIzqJS4aCel_65UiosQ], display_data[invisible=false, title=CookieRun: Kingdom], network_restrictions=ANY_NETWORK status=running, bytes_downloaded=211664922, total_bytes=332028638, retry[count=0, next_retry=n/a])
08-09 12:11:41.044  4472  4472 I Finsky:background: [2] RF: onProgress request_id=16 isid=MwjtIzqJS4aCel_65UiosQ
08-09 12:11:41.044  4472  4472 I Finsky:background: [2] RF: resourceStatus for request_id=16 group=com.devsisters.ck artifact=UnityDataAssetPack collectedBytes= 211664922 / 332028638
08-09 12:11:41.044  4472  4472 I Finsky:background: [2] RF: Group=com.devsisters.ck totalBytesDownloaded= 345741157 / 466104873 for 4 artifacts
08-09 12:11:41.045  4472  4472 I Finsky:background: [2] Updated time lastBroadcast=2026-08-09T05:11:39.016Z current=2026-08-09T05:11:41.045Z
08-09 12:11:41.046  4472  4472 I Finsky:background: [2] bytesCompleted/bytesTotal/ratio = 345741157 / 466104873 / 0.741767
08-09 12:11:41.049  4472  9118 I Finsky:background: [167] IV2: onTaskProgress com.devsisters.ck[iid:2] [isid:MwjtIzqJS4aCel_65UiosQ] status:RESOURCE_FETCH_PROGRESS, size: 345741157/466104873
08-09 12:11:41.051  4472  9112 I Finsky:background: [163] IQ: Notifying installation update. [Package:com.devsisters.ck, isid:MwjtIzqJS4aCel_65UiosQ] state:DOWNLOADING, status=DOWNLOADING, status_code=0, reason=bulk_update, tsc=PT14M55.469S, attempt=0
