08-09 12:13:41.232  8911  9025 D FakeWifi: Faking wifi for com.android.vending
08-09 12:13:41.232  8911  9025 D FakeWifi: Faking wifi for com.android.vending
08-09 12:13:41.245   327   514 D FakeWifi: Faking wifi for com.android.vending
08-09 12:13:41.245   327   514 D FakeWifi: Faking wifi for com.android.vending
08-09 12:13:41.245  8911  9027 D FakeWifi: Faking wifi for com.android.vending
08-09 12:13:41.246  8911  9027 D FakeWifi: Faking wifi for com.android.vending
08-09 12:13:41.246  8911  9027 D FakeWifi: Faking wifi for com.android.vending
08-09 12:13:41.246  8911  9027 D FakeWifi: Faking wifi for com.android.vending
08-09 12:13:41.246  8911  9027 D FakeWifi: Faking wifi for com.android.vending
08-09 12:13:41.632  8597  8644 D LocalImageResolver: Couldn't use ImageDecoder for drawable, falling back to non-resized load.
08-09 12:13:41.633  8597  8644 D LocalImageResolver: Couldn't use ImageDecoder for drawable, falling back to non-resized load.
08-09 12:13:43.246  4472  9098 I Finsky:background: [161] DSC::L: Update all listeners for download <16:RUNNING:88%[88%]> in group com.devsisters.ck:MwjtIzqJS4aCel_65UiosQ
08-09 12:13:43.246  4472  9098 I Finsky:background: [161] DSC::L: Updating listener DownloadServiceManagerListener::aqfz@5163067 for download <16:RUNNING:88%[88%]>
08-09 12:13:43.246  4472  9098 I Finsky:background: [161] DS: Received onProgress request_id=16
08-09 12:13:43.246  4472  9098 I Finsky:background: [161] RM: receive resource status onProgress download_request_id=16, group_id=UnityDataAssetPack reason: bulk_update isid: MwjtIzqJS4aCel_65UiosQ, status_code=RESOURCE_STATUS_IN_PROGRESS, legacy_status_code=192, size: 293662173/332028638
08-09 12:13:43.246  4472  9098 I Finsky:background: [161] DSC::L: Updating listener wro@4233c05 for download <16:RUNNING:88%[88%]>
08-09 12:13:43.246  4472  9098 I Finsky:background: [161] DSC::L: Updating listener DownloadServiceManagerListener::ukd@c13eb7c for download <16:RUNNING:88%[88%]>
08-09 12:13:43.246  4472  4631 I Finsky:background: [59] RM: getStatus resourceRequestId=9fb9e231-b8b7-4081-aaf8-317c25f2b8d5 requestId=16 package=com.devsisters.ck artifact=UnityDataAssetPack isid=MwjtIzqJS4aCel_65UiosQ
08-09 12:13:43.246  4472  4631 I Finsky:background: [59] DSC: reviveDownload(16)
08-09 12:13:43.247  4472  4552 I Finsky:background: [46] DS: reviveDownload(request_id=16)
08-09 12:13:43.257  4472  9098 I Finsky:background: [161] DS: DS: onReviveDownload(request_id=16, files_to_download=[UnityDataAssetPack(size:332028638)], context[group_id=com.devsisters.ck:MwjtIzqJS4aCel_65UiosQ], display_data[invisible=false, title=CookieRun: Kingdom], network_restrictions=ANY_NETWORK status=running, bytes_downloaded=293662173, total_bytes=332028638, retry[count=0, next_retry=n/a])
08-09 12:13:43.257  4472  4472 I Finsky:background: [2] RF: onProgress request_id=16 isid=MwjtIzqJS4aCel_65UiosQ
08-09 12:13:43.257  4472  4472 I Finsky:background: [2] RF: resourceStatus for request_id=16 group=com.devsisters.ck artifact=UnityDataAssetPack collectedBytes= 293662173 / 332028638
08-09 12:13:43.257  4472  4472 I Finsky:background: [2] RF: Group=com.devsisters.ck totalBytesDownloaded= 427738408 / 466104873 for 4 artifacts
08-09 12:13:43.261  4472  4472 I Finsky:background: [2] Updated time lastBroadcast=2026-08-09T05:13:41.211Z current=2026-08-09T05:13:43.261Z
08-09 12:13:43.263  4472  4472 I Finsky:background: [2] bytesCompleted/bytesTotal/ratio = 427738408 / 466104873 / 0.917687
08-09 12:13:43.265  4472  9118 I Finsky:background: [167] IV2: onTaskProgress com.devsisters.ck[iid:2] [isid:MwjtIzqJS4aCel_65UiosQ] status:RESOURCE_FETCH_PROGRESS, size: 427738408/466104873
08-09 12:13:43.268  4472  9112 I Finsky:background: [163] IQ: Notifying installation update. [Package:com.devsisters.ck, isid:MwjtIzqJS4aCel_65UiosQ] state:DOWNLOADING, status=DOWNLOADING, status_code=0, reason=bulk_update, tsc=PT16M57.686S, attempt=0
08-09 12:13:43.281  4472  4472 I Finsky:background: [2] PIM: Ignore install package event for: com.devsisters.ck, isid: MwjtIzqJS4aCel_65UiosQ
08-09 12:13:43.282  8911  8994 I Finsky  : [90] Install States emitted for 9 apps
08-09 12:13:43.285   327   514 D FakeWifi: Faking wifi for com.android.vending
08-09 12:13:43.285   327   514 D FakeWifi: Faking wifi for com.android.vending
08-09 12:13:43.286  8911  9025 D FakeWifi: Faking wifi for com.android.vending
08-09 12:13:43.287  8911  9025 D FakeWifi: Faking wifi for com.android.vending
08-09 12:13:43.287  8911  9025 D FakeWifi: Faking wifi for com.android.vending
08-09 12:13:43.287  8911  9025 D FakeWifi: Faking wifi for com.android.vending
08-09 12:13:43.287  8911  9025 D FakeWifi: Faking wifi for com.android.vending
08-09 12:13:43.299   327  6237 D FakeWifi: Faking wifi for com.android.vending
08-09 12:13:43.299   327  6237 D FakeWifi: Faking wifi for com.android.vending
08-09 12:13:43.300  8911  8993 D FakeWifi: Faking wifi for com.android.vending
08-09 12:13:43.300  8911  8993 D FakeWifi: Faking wifi for com.android.vending
08-09 12:13:43.300  8911  8993 D FakeWifi: Faking wifi for com.android.vending
08-09 12:13:43.300  8911  8993 D FakeWifi: Faking wifi for com.android.vending
08-09 12:13:43.300  8911  8993 D FakeWifi: Faking wifi for com.android.vending
08-09 12:13:43.683  8597  8644 D LocalImageResolver: Couldn't use ImageDecoder for drawable, falling back to non-resized load.
08-09 12:13:43.684  8597  8644 D LocalImageResolver: Couldn't use ImageDecoder for drawable, falling back to non-resized load.
08-09 12:13:43.778   327  3961 D FakeWifi: Faking wifi for com.google.android.gsf
08-09 12:13:43.779   327  3961 D FakeWifi: Faking wifi for com.google.android.gsf
08-09 12:13:43.779  1060  9687 D FakeWifi: Faking wifi for com.google.android.gms
08-09 12:13:43.779  1060  9687 D FakeWifi: Faking wifi for com.google.android.gsf
08-09 12:13:43.779  1060  9687 D FakeWifi: Faking wifi for com.google.android.gsf
08-09 12:13:43.779  1060  9687 D FakeWifi: Faking wifi for com.google.android.gsf
08-09 12:13:45.251  4472  9098 I Finsky:background: [161] DSC::L: Update all listeners for download <16:RUNNING:88%[88%]> in group com.devsisters.ck:MwjtIzqJS4aCel_65UiosQ
08-09 12:13:45.251  4472  9098 I Finsky:background: [161] DSC::L: Updating listener DownloadServiceManagerListener::aqfz@5163067 for download <16:RUNNING:88%[88%]>
08-09 12:13:45.251  4472  9098 I Finsky:background: [161] DS: Received onProgress request_id=16
08-09 12:13:45.251  4472  9098 I Finsky:background: [161] RM: receive resource status onProgress download_request_id=16, group_id=UnityDataAssetPack reason: bulk_update isid: MwjtIzqJS4aCel_65UiosQ, status_code=RESOURCE_STATUS_IN_PROGRESS, legacy_status_code=192, size: 295133314/332028638
08-09 12:13:45.252  4472  9098 I Finsky:background: [161] DSC::L: Updating listener wro@4233c05 for download <16:RUNNING:88%[88%]>
08-09 12:13:45.252  4472  9098 I Finsky:background: [161] DSC::L: Updating listener DownloadServiceManagerListener::ukd@c13eb7c for download <16:RUNNING:88%[88%]>
08-09 12:13:45.253  4472  4552 I Finsky:background: [46] RM: getStatus resourceRequestId=9fb9e231-b8b7-4081-aaf8-317c25f2b8d5 requestId=16 package=com.devsisters.ck artifact=UnityDataAssetPack isid=MwjtIzqJS4aCel_65UiosQ
08-09 12:13:45.254  4472  4552 I Finsky:background: [46] DSC: reviveDownload(16)
08-09 12:13:45.256  4472  4552 I Finsky:background: [46] DS: reviveDownload(request_id=16)
08-09 12:13:45.262  4472  9098 I Finsky:background: [161] DS: DS: onReviveDownload(request_id=16, files_to_download=[UnityDataAssetPack(size:332028638)], context[group_id=com.devsisters.ck:MwjtIzqJS4aCel_65UiosQ], display_data[invisible=false, title=CookieRun: Kingdom], network_restrictions=ANY_NETWORK status=running, bytes_downloaded=295133314, total_bytes=332028638, retry[count=0, next_retry=n/a])
08-09 12:13:45.263  4472  4472 I Finsky:background: [2] RF: onProgress request_id=16 isid=MwjtIzqJS4aCel_65UiosQ
08-09 12:13:45.264  4472  4472 I Finsky:background: [2] RF: resourceStatus for request_id=16 group=com.devsisters.ck artifact=UnityDataAssetPack collectedBytes= 295133314 / 332028638
08-09 12:13:45.264  4472  4472 I Finsky:background: [2] RF: Group=com.devsisters.ck totalBytesDownloaded= 429209549 / 466104873 for 4 artifacts
08-09 12:13:45.268  4472  4472 I Finsky:background: [2] Updated time lastBroadcast=2026-08-09T05:13:43.262Z current=2026-08-09T05:13:45.268Z
08-09 12:13:45.268  4472  4472 I Finsky:background: [2] bytesCompleted/bytesTotal/ratio = 429209549 / 466104873 / 0.920843
08-09 12:13:45.269  4472  9118 I Finsky:background: [167] IV2: onTaskProgress com.devsisters.ck[iid:2] [isid:MwjtIzqJS4aCel_65UiosQ] status:RESOURCE_FETCH_PROGRESS, size: 429209549/466104873
08-09 12:13:45.274  4472  9112 I Finsky:background: [163] IQ: Notifying installation update. [Package:com.devsisters.ck, isid:MwjtIzqJS4aCel_65UiosQ] state:DOWNLOADING, status=DOWNLOADING, status_code=0, reason=bulk_update, tsc=PT16M59.692S, attempt=0
08-09 12:13:45.296  4472  4472 I Finsky:background: [2] PIM: Ignore install package event for: com.devsisters.ck, isid: MwjtIzqJS4aCel_65UiosQ
08-09 12:13:45.297  8911  8993 I Finsky  : [89] Install States emitted for 9 apps
08-09 12:13:45.299   327   514 D FakeWifi: Faking wifi for com.android.vending
08-09 12:13:45.299   327   514 D FakeWifi: Faking wifi for com.android.vending
08-09 12:13:45.299  8911  9027 D FakeWifi: Faking wifi for com.android.vending
08-09 12:13:45.300  8911  9027 D FakeWifi: Faking wifi for com.android.vending
08-09 12:13:45.305  8911  9027 D FakeWifi: Faking wifi for com.android.vending
08-09 12:13:45.306  8911  9027 D FakeWifi: Faking wifi for com.android.vending
08-09 12:13:45.306  8911  9027 D FakeWifi: Faking wifi for com.android.vending
08-09 12:13:45.309   327  6237 D FakeWifi: Faking wifi for com.android.vending
08-09 12:13:45.311   327  6237 D FakeWifi: Faking wifi for com.android.vending
08-09 12:13:45.311  8911  9025 D FakeWifi: Faking wifi for com.android.vending
08-09 12:13:45.311  8911  9025 D FakeWifi: Faking wifi for com.android.vending
08-09 12:13:45.312  8911  9025 D FakeWifi: Faking wifi for com.android.vending
08-09 12:13:45.312  8911  9025 D FakeWifi: Faking wifi for com.android.vending
08-09 12:13:45.312  8911  9025 D FakeWifi: Faking wifi for com.android.vending
08-09 12:13:45.699  8597  8644 D LocalImageResolver: Couldn't use ImageDecoder for drawable, falling back to non-resized load.
08-09 12:13:45.700  8597  8644 D LocalImageResolver: Couldn't use ImageDecoder for drawable, falling back to non-resized load.
08-09 12:13:47.356  4472  9098 I Finsky:background: [161] DSC::L: Update all listeners for download <16:RUNNING:89%[89%]> in group com.devsisters.ck:MwjtIzqJS4aCel_65UiosQ
08-09 12:13:47.356  4472  9098 I Finsky:background: [161] DSC::L: Updating listener DownloadServiceManagerListener::aqfz@5163067 for download <16:RUNNING:89%[89%]>
08-09 12:13:47.356  4472  9098 I Finsky:background: [161] DS: Received onProgress request_id=16
08-09 12:13:47.356  4472  9098 I Finsky:background: [161] RM: receive resource status onProgress download_request_id=16, group_id=UnityDataAssetPack reason: bulk_update isid: MwjtIzqJS4aCel_65UiosQ, status_code=RESOURCE_STATUS_IN_PROGRESS, legacy_status_code=192, size: 296440278/332028638
08-09 12:13:47.356  4472  9098 I Finsky:background: [161] DSC::L: Updating listener wro@4233c05 for download <16:RUNNING:89%[89%]>
08-09 12:13:47.356  4472  9098 I Finsky:background: [161] DSC::L: Updating listener DownloadServiceManagerListener::ukd@c13eb7c for download <16:RUNNING:89%[89%]>
08-09 12:13:47.357  4472  4552 I Finsky:background: [46] RM: getStatus resourceRequestId=9fb9e231-b8b7-4081-aaf8-317c25f2b8d5 requestId=16 package=com.devsisters.ck artifact=UnityDataAssetPack isid=MwjtIzqJS4aCel_65UiosQ
08-09 12:13:47.357  4472  4552 I Finsky:background: [46] DSC: reviveDownload(16)
08-09 12:13:47.357  4472  4631 I Finsky:background: [59] DS: reviveDownload(request_id=16)
08-09 12:13:47.363  4472  9098 I Finsky:background: [161] DS: DS: onReviveDownload(request_id=16, files_to_download=[UnityDataAssetPack(size:332028638)], context[group_id=com.devsisters.ck:MwjtIzqJS4aCel_65UiosQ], display_data[invisible=false, title=CookieRun: Kingdom], network_restrictions=ANY_NETWORK status=running, bytes_downloaded=296440278, total_bytes=332028638, retry[count=0, next_retry=n/a])
08-09 12:13:47.364  4472  4472 I Finsky:background: [2] RF: onProgress request_id=16 isid=MwjtIzqJS4aCel_65UiosQ
08-09 12:13:47.364  4472  4472 I Finsky:background: [2] RF: resourceStatus for request_id=16 group=com.devsisters.ck artifact=UnityDataAssetPack collectedBytes= 296440278 / 332028638
08-09 12:13:47.364  4472  4472 I Finsky:background: [2] RF: Group=com.devsisters.ck totalBytesDownloaded= 430516513 / 466104873 for 4 artifacts
08-09 12:13:47.365  4472  4472 I Finsky:background: [2] Updated time lastBroadcast=2026-08-09T05:13:45.268Z current=2026-08-09T05:13:47.365Z
08-09 12:13:47.366  4472  4472 I Finsky:background: [2] bytesCompleted/bytesTotal/ratio = 430516513 / 466104873 / 0.923647
08-09 12:13:47.373  4472  9118 I Finsky:background: [167] IV2: onTaskProgress com.devsisters.ck[iid:2] [isid:MwjtIzqJS4aCel_65UiosQ] status:RESOURCE_FETCH_PROGRESS, size: 430516513/466104873
08-09 12:13:47.376  4472  9112 I Finsky:background: [163] IQ: Notifying installation update. [Package:com.devsisters.ck, isid:MwjtIzqJS4aCel_65UiosQ] state:DOWNLOADING, status=DOWNLOADING, status_code=0, reason=bulk_update, tsc=PT17M1.793S, attempt=0
08-09 12:13:47.388  4472  4472 I Finsky:background: [2] PIM: Ignore install package event for: com.devsisters.ck, isid: MwjtIzqJS4aCel_65UiosQ
08-09 12:13:47.391  8911  8994 I Finsky  : [90] Install States emitted for 9 apps
08-09 12:13:47.395   327  3961 D FakeWifi: Faking wifi for com.android.vending
08-09 12:13:47.395   327  3961 D FakeWifi: Faking wifi for com.android.vending
08-09 12:13:47.396  8911  9027 D FakeWifi: Faking wifi for com.android.vending
08-09 12:13:47.396  8911  9027 D FakeWifi: Faking wifi for com.android.vending
08-09 12:13:47.396  8911  9027 D FakeWifi: Faking wifi for com.android.vending
08-09 12:13:47.396  8911  9027 D FakeWifi: Faking wifi for com.android.vending
08-09 12:13:47.396  8911  9027 D FakeWifi: Faking wifi for com.android.vending
08-09 12:13:47.406   327  3961 D FakeWifi: Faking wifi for com.android.vending
08-09 12:13:47.406   327  3961 D FakeWifi: Faking wifi for com.android.vending
08-09 12:13:47.406  8911  9025 D FakeWifi: Faking wifi for com.android.vending
08-09 12:13:47.406  8911  9025 D FakeWifi: Faking wifi for com.android.vending
08-09 12:13:47.406  8911  9025 D FakeWifi: Faking wifi for com.android.vending
08-09 12:13:47.406  8911  9025 D FakeWifi: Faking wifi for com.android.vending
08-09 12:13:47.407  8911  9025 D FakeWifi: Faking wifi for com.android.vending
08-09 12:13:47.816  8597  8644 D LocalImageResolver: Couldn't use ImageDecoder for drawable, falling back to non-resized load.
08-09 12:13:47.817  8597  8644 D LocalImageResolver: Couldn't use ImageDecoder for drawable, falling back to non-resized load.
08-09 12:13:49.357  4472  9098 I Finsky:background: [161] DSC::L: Update all listeners for download <16:RUNNING:89%[89%]> in group com.devsisters.ck:MwjtIzqJS4aCel_65UiosQ
08-09 12:13:49.357  4472  9098 I Finsky:background: [161] DSC::L: Updating listener DownloadServiceManagerListener::aqfz@5163067 for download <16:RUNNING:89%[89%]>
08-09 12:13:49.357  4472  9098 I Finsky:background: [161] DS: Received onProgress request_id=16
08-09 12:13:49.357  4472  9098 I Finsky:background: [161] RM: receive resource status onProgress download_request_id=16, group_id=UnityDataAssetPack reason: bulk_update isid: MwjtIzqJS4aCel_65UiosQ, status_code=RESOURCE_STATUS_IN_PROGRESS, legacy_status_code=192, size: 298304578/332028638
08-09 12:13:49.357  4472  9098 I Finsky:background: [161] DSC::L: Updating listener wro@4233c05 for download <16:RUNNING:89%[89%]>
08-09 12:13:49.357  4472  9098 I Finsky:background: [161] DSC::L: Updating listener DownloadServiceManagerListener::ukd@c13eb7c for download <16:RUNNING:89%[89%]>
08-09 12:13:49.357  4472  4559 I Finsky:background: [51] RM: getStatus resourceRequestId=9fb9e231-b8b7-4081-aaf8-317c25f2b8d5 requestId=16 package=com.devsisters.ck artifact=UnityDataAssetPack isid=MwjtIzqJS4aCel_65UiosQ
08-09 12:13:49.357  4472  4559 I Finsky:background: [51] DSC: reviveDownload(16)
08-09 12:13:49.359  4472  4559 I Finsky:background: [51] DS: reviveDownload(request_id=16)
08-09 12:13:49.370  4472  9098 I Finsky:background: [161] DS: DS: onReviveDownload(request_id=16, files_to_download=[UnityDataAssetPack(size:332028638)], context[group_id=com.devsisters.ck:MwjtIzqJS4aCel_65UiosQ], display_data[invisible=false, title=CookieRun: Kingdom], network_restrictions=ANY_NETWORK status=running, bytes_downloaded=298304578, total_bytes=332028638, retry[count=0, next_retry=n/a])
08-09 12:13:49.375  4472  4472 I Finsky:background: [2] RF: onProgress request_id=16 isid=MwjtIzqJS4aCel_65UiosQ
08-09 12:13:49.375  4472  4472 I Finsky:background: [2] RF: resourceStatus for request_id=16 group=com.devsisters.ck artifact=UnityDataAssetPack collectedBytes= 298304578 / 332028638
08-09 12:13:49.375  4472  4472 I Finsky:background: [2] RF: Group=com.devsisters.ck totalBytesDownloaded= 432380813 / 466104873 for 4 artifacts
08-09 12:13:49.376  4472  4472 I Finsky:background: [2] Updated time lastBroadcast=2026-08-09T05:13:47.365Z current=2026-08-09T05:13:49.376Z
08-09 12:13:49.377  4472  4472 I Finsky:background: [2] bytesCompleted/bytesTotal/ratio = 432380813 / 466104873 / 0.927647
08-09 12:13:49.379  4472  9118 I Finsky:background: [167] IV2: onTaskProgress com.devsisters.ck[iid:2] [isid:MwjtIzqJS4aCel_65UiosQ] status:RESOURCE_FETCH_PROGRESS, size: 432380813/466104873
08-09 12:13:49.382  4472  9112 I Finsky:background: [163] IQ: Notifying installation update. [Package:com.devsisters.ck, isid:MwjtIzqJS4aCel_65UiosQ] state:DOWNLOADING, status=DOWNLOADING, status_code=0, reason=bulk_update, tsc=PT17M3.799S, attempt=0
08-09 12:13:49.393  4472  4472 I Finsky:background: [2] PIM: Ignore install package event for: com.devsisters.ck, isid: MwjtIzqJS4aCel_65UiosQ
08-09 12:13:49.394  8911  8993 I Finsky  : [89] Install States emitted for 9 apps
08-09 12:13:49.396   327   514 D FakeWifi: Faking wifi for com.android.vending
08-09 12:13:49.396   327   514 D FakeWifi: Faking wifi for com.android.vending
08-09 12:13:49.397  8911  9025 D FakeWifi: Faking wifi for com.android.vending
08-09 12:13:49.397  8911  9025 D FakeWifi: Faking wifi for com.android.vending
08-09 12:13:49.397  8911  9025 D FakeWifi: Faking wifi for com.android.vending
08-09 12:13:49.397  8911  9025 D FakeWifi: Faking wifi for com.android.vending
08-09 12:13:49.397  8911  9025 D FakeWifi: Faking wifi for com.android.vending
08-09 12:13:49.407   327  6237 D FakeWifi: Faking wifi for com.android.vending
08-09 12:13:49.407   327  6237 D FakeWifi: Faking wifi for com.android.vending
08-09 12:13:49.408  8911  8994 D FakeWifi: Faking wifi for com.android.vending
08-09 12:13:49.408  8911  8994 D FakeWifi: Faking wifi for com.android.vending
08-09 12:13:49.408  8911  8994 D FakeWifi: Faking wifi for com.android.vending
08-09 12:13:49.408  8911  8994 D FakeWifi: Faking wifi for com.android.vending
08-09 12:13:49.408  8911  8994 D FakeWifi: Faking wifi for com.android.vending
08-09 12:13:49.481  8911  8911 W Choreographer: Frame time is 0.122988 ms in the future!  Check that graphics HAL is generating vsync timestamps using the correct timebase.
08-09 12:13:49.799  8597  8644 D LocalImageResolver: Couldn't use ImageDecoder for drawable, falling back to non-resized load.
08-09 12:13:49.799  8597  8644 D LocalImageResolver: Couldn't use ImageDecoder for drawable, falling back to non-resized load.
08-09 12:13:51.358  4472  9098 I Finsky:background: [161] DSC::L: Update all listeners for download <16:RUNNING:90%[90%]> in group com.devsisters.ck:MwjtIzqJS4aCel_65UiosQ
08-09 12:13:51.358  4472  9098 I Finsky:background: [161] DSC::L: Updating listener DownloadServiceManagerListener::aqfz@5163067 for download <16:RUNNING:90%[90%]>
08-09 12:13:51.358  4472  9098 I Finsky:background: [161] DS: Received onProgress request_id=16
08-09 12:13:51.358  4472  9098 I Finsky:background: [161] RM: receive resource status onProgress download_request_id=16, group_id=UnityDataAssetPack reason: bulk_update isid: MwjtIzqJS4aCel_65UiosQ, status_code=RESOURCE_STATUS_IN_PROGRESS, legacy_status_code=192, size: 299215898/332028638
08-09 12:13:51.359  4472  9098 I Finsky:background: [161] DSC::L: Updating listener wro@4233c05 for download <16:RUNNING:90%[90%]>
08-09 12:13:51.359  4472  9098 I Finsky:background: [161] DSC::L: Updating listener DownloadServiceManagerListener::ukd@c13eb7c for download <16:RUNNING:90%[90%]>
08-09 12:13:51.360  4472  4631 I Finsky:background: [59] RM: getStatus resourceRequestId=9fb9e231-b8b7-4081-aaf8-317c25f2b8d5 requestId=16 package=com.devsisters.ck artifact=UnityDataAssetPack isid=MwjtIzqJS4aCel_65UiosQ
08-09 12:13:51.360  4472  4631 I Finsky:background: [59] DSC: reviveDownload(16)
08-09 12:13:51.360  4472  4552 I Finsky:background: [46] DS: reviveDownload(request_id=16)
08-09 12:13:51.364  4472  9098 I Finsky:background: [161] DS: DS: onReviveDownload(request_id=16, files_to_download=[UnityDataAssetPack(size:332028638)], context[group_id=com.devsisters.ck:MwjtIzqJS4aCel_65UiosQ], display_data[invisible=false, title=CookieRun: Kingdom], network_restrictions=ANY_NETWORK status=running, bytes_downloaded=299215898, total_bytes=332028638, retry[count=0, next_retry=n/a])
08-09 12:13:51.366  4472  4472 I Finsky:background: [2] RF: onProgress request_id=16 isid=MwjtIzqJS4aCel_65UiosQ
08-09 12:13:51.366  4472  4472 I Finsky:background: [2] RF: resourceStatus for request_id=16 group=com.devsisters.ck artifact=UnityDataAssetPack collectedBytes= 299215898 / 332028638
08-09 12:13:51.366  4472  4472 I Finsky:background: [2] RF: Group=com.devsisters.ck totalBytesDownloaded= 433292133 / 466104873 for 4 artifacts
08-09 12:13:51.371  4472  4472 I Finsky:background: [2] RF: Preventing total bytes update to listeners
08-09 12:13:51.799  8597  8644 D LocalImageResolver: Couldn't use ImageDecoder for drawable, falling back to non-resized load.
08-09 12:13:51.800  8597  8644 D LocalImageResolver: Couldn't use ImageDecoder for drawable, falling back to non-resized load.
08-09 12:13:52.381  8911  8911 W Choreographer: Frame time is 0.022072 ms in the future!  Check that graphics HAL is generating vsync timestamps using the correct timebase.
08-09 12:13:53.610  4472  9098 I Finsky:background: [161] DSC::L: Update all listeners for download <16:RUNNING:90%[90%]> in group com.devsisters.ck:MwjtIzqJS4aCel_65UiosQ
08-09 12:13:53.610  4472  9098 I Finsky:background: [161] DSC::L: Updating listener DownloadServiceManagerListener::aqfz@5163067 for download <16:RUNNING:90%[90%]>
08-09 12:13:53.610  4472  9098 I Finsky:background: [161] DS: Received onProgress request_id=16
08-09 12:13:53.610  4472  9098 I Finsky:background: [161] RM: receive resource status onProgress download_request_id=16, group_id=UnityDataAssetPack reason: bulk_update isid: MwjtIzqJS4aCel_65UiosQ, status_code=RESOURCE_STATUS_IN_PROGRESS, legacy_status_code=192, size: 300582835/332028638
08-09 12:13:53.610  4472  9098 I Finsky:background: [161] DSC::L: Updating listener wro@4233c05 for download <16:RUNNING:90%[90%]>
08-09 12:13:53.610  4472  9098 I Finsky:background: [161] DSC::L: Updating listener DownloadServiceManagerListener::ukd@c13eb7c for download <16:RUNNING:90%[90%]>
08-09 12:13:53.611  4472  4552 I Finsky:background: [46] RM: getStatus resourceRequestId=9fb9e231-b8b7-4081-aaf8-317c25f2b8d5 requestId=16 package=com.devsisters.ck artifact=UnityDataAssetPack isid=MwjtIzqJS4aCel_65UiosQ
08-09 12:13:53.611  4472  4552 I Finsky:background: [46] DSC: reviveDownload(16)
08-09 12:13:53.612  4472  4552 I Finsky:background: [46] DS: reviveDownload(request_id=16)
08-09 12:13:53.616  4472  9098 I Finsky:background: [161] DS: DS: onReviveDownload(request_id=16, files_to_download=[UnityDataAssetPack(size:332028638)], context[group_id=com.devsisters.ck:MwjtIzqJS4aCel_65UiosQ], display_data[invisible=false, title=CookieRun: Kingdom], network_restrictions=ANY_NETWORK status=running, bytes_downloaded=300582835, total_bytes=332028638, retry[count=0, next_retry=n/a])
08-09 12:13:53.621  4472  4472 I Finsky:background: [2] RF: onProgress request_id=16 isid=MwjtIzqJS4aCel_65UiosQ
08-09 12:13:53.621  4472  4472 I Finsky:background: [2] RF: resourceStatus for request_id=16 group=com.devsisters.ck artifact=UnityDataAssetPack collectedBytes= 300582835 / 332028638
08-09 12:13:53.622  4472  4472 I Finsky:background: [2] RF: Group=com.devsisters.ck totalBytesDownloaded= 434659070 / 466104873 for 4 artifacts
08-09 12:13:53.624  4472  4472 I Finsky:background: [2] Updated time lastBroadcast=2026-08-09T05:13:49.376Z current=2026-08-09T05:13:53.624Z
08-09 12:13:53.624  4472  4472 I Finsky:background: [2] bytesCompleted/bytesTotal/ratio = 434659070 / 466104873 / 0.932535
08-09 12:13:53.627  4472  9118 I Finsky:background: [167] IV2: onTaskProgress com.devsisters.ck[iid:2] [isid:MwjtIzqJS4aCel_65UiosQ] status:RESOURCE_FETCH_PROGRESS, size: 434659070/466104873
08-09 12:13:53.630  4472  9112 I Finsky:background: [163] IQ: Notifying installation update. [Package:com.devsisters.ck, isid:MwjtIzqJS4aCel_65UiosQ] state:DOWNLOADING, status=DOWNLOADING, status_code=0, reason=bulk_update, tsc=PT17M8.048S, attempt=0
08-09 12:13:53.646  4472  4472 I Finsky:background: [2] PIM: Ignore install package event for: com.devsisters.ck, isid: MwjtIzqJS4aCel_65UiosQ
08-09 12:13:53.648  8911  9025 I Finsky  : [110] Install States emitted for 9 apps
08-09 12:13:53.658   327  6237 D FakeWifi: Faking wifi for com.android.vending
08-09 12:13:53.658   327  6237 D FakeWifi: Faking wifi for com.android.vending
08-09 12:13:53.658  8911  9025 D FakeWifi: Faking wifi for com.android.vending
08-09 12:13:53.661  8911  9025 D FakeWifi: Faking wifi for com.android.vending
08-09 12:13:53.661  8911  9025 D FakeWifi: Faking wifi for com.android.vending
08-09 12:13:53.661  8911  9025 D FakeWifi: Faking wifi for com.android.vending
08-09 12:13:53.661  8911  9025 D FakeWifi: Faking wifi for com.android.vending
08-09 12:13:53.666   327   514 D FakeWifi: Faking wifi for com.android.vending
08-09 12:13:53.666   327   514 D FakeWifi: Faking wifi for com.android.vending
08-09 12:13:53.666  8911  9025 D FakeWifi: Faking wifi for com.android.vending
08-09 12:13:53.666  8911  9025 D FakeWifi: Faking wifi for com.android.vending
08-09 12:13:53.666  8911  9025 D FakeWifi: Faking wifi for com.android.vending
08-09 12:13:53.666  8911  9025 D FakeWifi: Faking wifi for com.android.vending
08-09 12:13:53.666  8911  9025 D FakeWifi: Faking wifi for com.android.vending
08-09 12:13:54.049  8597  8644 D LocalImageResolver: Couldn't use ImageDecoder for drawable, falling back to non-resized load.
08-09 12:13:54.049  8597  8644 D LocalImageResolver: Couldn't use ImageDecoder for drawable, falling back to non-resized load.
08-09 12:13:55.758  4472  9098 I Finsky:background: [161] DSC::L: Update all listeners for download <16:RUNNING:90%[90%]> in group com.devsisters.ck:MwjtIzqJS4aCel_65UiosQ
08-09 12:13:55.758  4472  9098 I Finsky:background: [161] DSC::L: Updating listener DownloadServiceManagerListener::aqfz@5163067 for download <16:RUNNING:90%[90%]>
08-09 12:13:55.758  4472  9098 I Finsky:background: [161] DS: Received onProgress request_id=16
08-09 12:13:55.759  4472  9098 I Finsky:background: [161] RM: receive resource status onProgress download_request_id=16, group_id=UnityDataAssetPack reason: bulk_update isid: MwjtIzqJS4aCel_65UiosQ, status_code=RESOURCE_STATUS_IN_PROGRESS, legacy_status_code=192, size: 301584794/332028638
08-09 12:13:55.759  4472  9098 I Finsky:background: [161] DSC::L: Updating listener wro@4233c05 for download <16:RUNNING:90%[90%]>
08-09 12:13:55.759  4472  9098 I Finsky:background: [161] DSC::L: Updating listener DownloadServiceManagerListener::ukd@c13eb7c for download <16:RUNNING:90%[90%]>
08-09 12:13:55.760  4472  4552 I Finsky:background: [46] RM: getStatus resourceRequestId=9fb9e231-b8b7-4081-aaf8-317c25f2b8d5 requestId=16 package=com.devsisters.ck artifact=UnityDataAssetPack isid=MwjtIzqJS4aCel_65UiosQ
08-09 12:13:55.760  4472  4552 I Finsky:background: [46] DSC: reviveDownload(16)
08-09 12:13:55.761  4472  4559 I Finsky:background: [51] DS: reviveDownload(request_id=16)
08-09 12:13:55.776  4472  9098 I Finsky:background: [161] DS: DS: onReviveDownload(request_id=16, files_to_download=[UnityDataAssetPack(size:332028638)], context[group_id=com.devsisters.ck:MwjtIzqJS4aCel_65UiosQ], display_data[invisible=false, title=CookieRun: Kingdom], network_restrictions=ANY_NETWORK status=running, bytes_downloaded=301584794, total_bytes=332028638, retry[count=0, next_retry=n/a])
08-09 12:13:55.777  4472  4472 I Finsky:background: [2] RF: onProgress request_id=16 isid=MwjtIzqJS4aCel_65UiosQ
08-09 12:13:55.777  4472  4472 I Finsky:background: [2] RF: resourceStatus for request_id=16 group=com.devsisters.ck artifact=UnityDataAssetPack collectedBytes= 301584794 / 332028638
08-09 12:13:55.777  4472  4472 I Finsky:background: [2] RF: Group=com.devsisters.ck totalBytesDownloaded= 435661029 / 466104873 for 4 artifacts
08-09 12:13:55.780  4472  4472 I Finsky:background: [2] Updated time lastBroadcast=2026-08-09T05:13:53.624Z current=2026-08-09T05:13:55.780Z
08-09 12:13:55.780  4472  4472 I Finsky:background: [2] bytesCompleted/bytesTotal/ratio = 435661029 / 466104873 / 0.934685
08-09 12:13:55.781  4472  9118 I Finsky:background: [167] IV2: onTaskProgress com.devsisters.ck[iid:2] [isid:MwjtIzqJS4aCel_65UiosQ] status:RESOURCE_FETCH_PROGRESS, size: 435661029/466104873
08-09 12:13:55.784  4472  9112 I Finsky:background: [163] IQ: Notifying installation update. [Package:com.devsisters.ck, isid:MwjtIzqJS4aCel_65UiosQ] state:DOWNLOADING, status=DOWNLOADING, status_code=0, reason=bulk_update, tsc=PT17M10.202S, attempt=0
08-09 12:13:55.794  4472  4472 I Finsky:background: [2] PIM: Ignore install package event for: com.devsisters.ck, isid: MwjtIzqJS4aCel_65UiosQ
08-09 12:13:55.795  8911  8993 I Finsky  : [89] Install States emitted for 9 apps
08-09 12:13:55.798   327  6237 D FakeWifi: Faking wifi for com.android.vending
08-09 12:13:55.799   327  6237 D FakeWifi: Faking wifi for com.android.vending
08-09 12:13:55.799  8911  8994 D FakeWifi: Faking wifi for com.android.vending
08-09 12:13:55.799  8911  8994 D FakeWifi: Faking wifi for com.android.vending
08-09 12:13:55.800  8911  8994 D FakeWifi: Faking wifi for com.android.vending
08-09 12:13:55.800  8911  8994 D FakeWifi: Faking wifi for com.android.vending
08-09 12:13:55.800  8911  8994 D FakeWifi: Faking wifi for com.android.vending
08-09 12:13:55.806   327  3961 D FakeWifi: Faking wifi for com.android.vending
08-09 12:13:55.807   327  3961 D FakeWifi: Faking wifi for com.android.vending
08-09 12:13:55.807  8911  8993 D FakeWifi: Faking wifi for com.android.vending
08-09 12:13:55.807  8911  8993 D FakeWifi: Faking wifi for com.android.vending
08-09 12:13:55.807  8911  8993 D FakeWifi: Faking wifi for com.android.vending
08-09 12:13:55.807  8911  8993 D FakeWifi: Faking wifi for com.android.vending
08-09 12:13:55.807  8911  8993 D FakeWifi: Faking wifi for com.android.vending
08-09 12:13:56.201  8597  8644 D LocalImageResolver: Couldn't use ImageDecoder for drawable, falling back to non-resized load.
08-09 12:13:56.202  8597  8644 D LocalImageResolver: Couldn't use ImageDecoder for drawable, falling back to non-resized load.
08-09 12:13:57.757  4472  9098 I Finsky:background: [161] DSC::L: Update all listeners for download <16:RUNNING:91%[91%]> in group com.devsisters.ck:MwjtIzqJS4aCel_65UiosQ
08-09 12:13:57.757  4472  9098 I Finsky:background: [161] DSC::L: Updating listener DownloadServiceManagerListener::aqfz@5163067 for download <16:RUNNING:91%[91%]>
08-09 12:13:57.758  4472  9098 I Finsky:background: [161] DS: Received onProgress request_id=16
08-09 12:13:57.758  4472  9098 I Finsky:background: [161] RM: receive resource status onProgress download_request_id=16, group_id=UnityDataAssetPack reason: bulk_update isid: MwjtIzqJS4aCel_65UiosQ, status_code=RESOURCE_STATUS_IN_PROGRESS, legacy_status_code=192, size: 303288681/332028638
08-09 12:13:57.758  4472  9098 I Finsky:background: [161] DSC::L: Updating listener wro@4233c05 for download <16:RUNNING:91%[91%]>
08-09 12:13:57.758  4472  9098 I Finsky:background: [161] DSC::L: Updating listener DownloadServiceManagerListener::ukd@c13eb7c for download <16:RUNNING:91%[91%]>
08-09 12:13:57.758  4472  4552 I Finsky:background: [46] RM: getStatus resourceRequestId=9fb9e231-b8b7-4081-aaf8-317c25f2b8d5 requestId=16 package=com.devsisters.ck artifact=UnityDataAssetPack isid=MwjtIzqJS4aCel_65UiosQ
08-09 12:13:57.759  4472  4552 I Finsky:background: [46] DSC: reviveDownload(16)
08-09 12:13:57.759  4472  4631 I Finsky:background: [59] DS: reviveDownload(request_id=16)
08-09 12:13:57.765  4472  9098 I Finsky:background: [161] DS: DS: onReviveDownload(request_id=16, files_to_download=[UnityDataAssetPack(size:332028638)], context[group_id=com.devsisters.ck:MwjtIzqJS4aCel_65UiosQ], display_data[invisible=false, title=CookieRun: Kingdom], network_restrictions=ANY_NETWORK status=running, bytes_downloaded=303288681, total_bytes=332028638, retry[count=0, next_retry=n/a])
08-09 12:13:57.768  4472  4472 I Finsky:background: [2] RF: onProgress request_id=16 isid=MwjtIzqJS4aCel_65UiosQ
08-09 12:13:57.769  4472  4472 I Finsky:background: [2] RF: resourceStatus for request_id=16 group=com.devsisters.ck artifact=UnityDataAssetPack collectedBytes= 303288681 / 332028638
08-09 12:13:57.769  4472  4472 I Finsky:background: [2] RF: Group=com.devsisters.ck totalBytesDownloaded= 437364916 / 466104873 for 4 artifacts
08-09 12:13:57.774  4472  4472 I Finsky:background: [2] RF: Preventing total bytes update to listeners
08-09 12:13:58.198  8597  8644 D LocalImageResolver: Couldn't use ImageDecoder for drawable, falling back to non-resized load.
08-09 12:13:58.199  8597  8644 D LocalImageResolver: Couldn't use ImageDecoder for drawable, falling back to non-resized load.
08-09 12:13:59.759  4472  9098 I Finsky:background: [161] DSC::L: Update all listeners for download <16:RUNNING:91%[91%]> in group com.devsisters.ck:MwjtIzqJS4aCel_65UiosQ
08-09 12:13:59.759  4472  9098 I Finsky:background: [161] DSC::L: Updating listener DownloadServiceManagerListener::aqfz@5163067 for download <16:RUNNING:91%[91%]>
08-09 12:13:59.759  4472  9098 I Finsky:background: [161] DS: Received onProgress request_id=16
08-09 12:13:59.759  4472  9098 I Finsky:background: [161] RM: receive resource status onProgress download_request_id=16, group_id=UnityDataAssetPack reason: bulk_update isid: MwjtIzqJS4aCel_65UiosQ, status_code=RESOURCE_STATUS_IN_PROGRESS, legacy_status_code=192, size: 304549070/332028638
08-09 12:13:59.759  4472  9098 I Finsky:background: [161] DSC::L: Updating listener wro@4233c05 for download <16:RUNNING:91%[91%]>
08-09 12:13:59.760  4472  9098 I Finsky:background: [161] DSC::L: Updating listener DownloadServiceManagerListener::ukd@c13eb7c for download <16:RUNNING:91%[91%]>
08-09 12:13:59.760  4472  4631 I Finsky:background: [59] RM: getStatus resourceRequestId=9fb9e231-b8b7-4081-aaf8-317c25f2b8d5 requestId=16 package=com.devsisters.ck artifact=UnityDataAssetPack isid=MwjtIzqJS4aCel_65UiosQ
08-09 12:13:59.760  4472  4631 I Finsky:background: [59] DSC: reviveDownload(16)
08-09 12:13:59.761  4472  4559 I Finsky:background: [51] DS: reviveDownload(request_id=16)
08-09 12:13:59.769  4472  9098 I Finsky:background: [161] DS: DS: onReviveDownload(request_id=16, files_to_download=[UnityDataAssetPack(size:332028638)], context[group_id=com.devsisters.ck:MwjtIzqJS4aCel_65UiosQ], display_data[invisible=false, title=CookieRun: Kingdom], network_restrictions=ANY_NETWORK status=running, bytes_downloaded=304549070, total_bytes=332028638, retry[count=0, next_retry=n/a])
08-09 12:13:59.772  4472  4472 I Finsky:background: [2] RF: onProgress request_id=16 isid=MwjtIzqJS4aCel_65UiosQ
08-09 12:13:59.772  4472  4472 I Finsky:background: [2] RF: resourceStatus for request_id=16 group=com.devsisters.ck artifact=UnityDataAssetPack collectedBytes= 304549070 / 332028638
08-09 12:13:59.772  4472  4472 I Finsky:background: [2] RF: Group=com.devsisters.ck totalBytesDownloaded= 438625305 / 466104873 for 4 artifacts
08-09 12:13:59.773  4472  4472 I Finsky:background: [2] Updated time lastBroadcast=2026-08-09T05:13:55.780Z current=2026-08-09T05:13:59.773Z
08-09 12:13:59.776  4472  4472 I Finsky:background: [2] bytesCompleted/bytesTotal/ratio = 438625305 / 466104873 / 0.941044
08-09 12:13:59.777  4472  9118 I Finsky:background: [167] IV2: onTaskProgress com.devsisters.ck[iid:2] [isid:MwjtIzqJS4aCel_65UiosQ] status:RESOURCE_FETCH_PROGRESS, size: 438625305/466104873
08-09 12:13:59.779  4472  9112 I Finsky:background: [163] IQ: Notifying installation update. [Package:com.devsisters.ck, isid:MwjtIzqJS4aCel_65UiosQ] state:DOWNLOADING, status=DOWNLOADING, status_code=0, reason=bulk_update, tsc=PT17M14.197S, attempt=0
08-09 12:13:59.791  4472  4472 I Finsky:background: [2] PIM: Ignore install package event for: com.devsisters.ck, isid: MwjtIzqJS4aCel_65UiosQ
08-09 12:13:59.795  8911  8994 I Finsky  : [90] Install States emitted for 9 apps
08-09 12:13:59.796   327  6237 D FakeWifi: Faking wifi for com.android.vending
08-09 12:13:59.797   327  6237 D FakeWifi: Faking wifi for com.android.vending
08-09 12:13:59.797  8911  9027 D FakeWifi: Faking wifi for com.android.vending
08-09 12:13:59.797  8911  9027 D FakeWifi: Faking wifi for com.android.vending
08-09 12:13:59.797  8911  9027 D FakeWifi: Faking wifi for com.android.vending
08-09 12:13:59.798  8911  9027 D FakeWifi: Faking wifi for com.android.vending
08-09 12:13:59.798  8911  9027 D FakeWifi: Faking wifi for com.android.vending
08-09 12:13:59.807   327  3961 D FakeWifi: Faking wifi for com.android.vending
08-09 12:13:59.807   327  3961 D FakeWifi: Faking wifi for com.android.vending
08-09 12:13:59.807  8911  8993 D FakeWifi: Faking wifi for com.android.vending
08-09 12:13:59.807  8911  8993 D FakeWifi: Faking wifi for com.android.vending
08-09 12:13:59.807  8911  8993 D FakeWifi: Faking wifi for com.android.vending
08-09 12:13:59.807  8911  8993 D FakeWifi: Faking wifi for com.android.vending
08-09 12:13:59.807  8911  8993 D FakeWifi: Faking wifi for com.android.vending
08-09 12:14:00.199  8597  8644 D LocalImageResolver: Couldn't use ImageDecoder for drawable, falling back to non-resized load.
08-09 12:14:00.200  8597  8644 D LocalImageResolver: Couldn't use ImageDecoder for drawable, falling back to non-resized load.
08-09 12:14:01.802  4472  9098 I Finsky:background: [161] DSC::L: Update all listeners for download <16:RUNNING:91%[91%]> in group com.devsisters.ck:MwjtIzqJS4aCel_65UiosQ
08-09 12:14:01.802  4472  9098 I Finsky:background: [161] DSC::L: Updating listener DownloadServiceManagerListener::aqfz@5163067 for download <16:RUNNING:91%[91%]>
08-09 12:14:01.802  4472  9098 I Finsky:background: [161] DS: Received onProgress request_id=16
08-09 12:14:01.802  4472  9098 I Finsky:background: [161] RM: receive resource status onProgress download_request_id=16, group_id=UnityDataAssetPack reason: bulk_update isid: MwjtIzqJS4aCel_65UiosQ, status_code=RESOURCE_STATUS_IN_PROGRESS, legacy_status_code=192, size: 305427251/332028638
08-09 12:14:01.803  4472  9098 I Finsky:background: [161] DSC::L: Updating listener wro@4233c05 for download <16:RUNNING:91%[91%]>
08-09 12:14:01.803  4472  9098 I Finsky:background: [161] DSC::L: Updating listener DownloadServiceManagerListener::ukd@c13eb7c for download <16:RUNNING:91%[91%]>
08-09 12:14:01.805  4472  4559 I Finsky:background: [51] RM: getStatus resourceRequestId=9fb9e231-b8b7-4081-aaf8-317c25f2b8d5 requestId=16 package=com.devsisters.ck artifact=UnityDataAssetPack isid=MwjtIzqJS4aCel_65UiosQ
08-09 12:14:01.805  4472  4559 I Finsky:background: [51] DSC: reviveDownload(16)
08-09 12:14:01.808  4472  4631 I Finsky:background: [59] DS: reviveDownload(request_id=16)
08-09 12:14:01.827  4472  9098 I Finsky:background: [161] DS: DS: onReviveDownload(request_id=16, files_to_download=[UnityDataAssetPack(size:332028638)], context[group_id=com.devsisters.ck:MwjtIzqJS4aCel_65UiosQ], display_data[invisible=false, title=CookieRun: Kingdom], network_restrictions=ANY_NETWORK status=running, bytes_downloaded=305427251, total_bytes=332028638, retry[count=0, next_retry=n/a])
08-09 12:14:01.833  4472  4472 I Finsky:background: [2] RF: onProgress request_id=16 isid=MwjtIzqJS4aCel_65UiosQ
08-09 12:14:01.834  4472  4472 I Finsky:background: [2] RF: resourceStatus for request_id=16 group=com.devsisters.ck artifact=UnityDataAssetPack collectedBytes= 305427251 / 332028638
08-09 12:14:01.834  4472  4472 I Finsky:background: [2] RF: Group=com.devsisters.ck totalBytesDownloaded= 439503486 / 466104873 for 4 artifacts
08-09 12:14:01.836  4472  4472 I Finsky:background: [2] Updated time lastBroadcast=2026-08-09T05:13:59.773Z current=2026-08-09T05:14:01.836Z
08-09 12:14:01.837  4472  4472 I Finsky:background: [2] bytesCompleted/bytesTotal/ratio = 439503486 / 466104873 / 0.942928
08-09 12:14:01.841  4472  9118 I Finsky:background: [167] IV2: onTaskProgress com.devsisters.ck[iid:2] [isid:MwjtIzqJS4aCel_65UiosQ] status:RESOURCE_FETCH_PROGRESS, size: 439503486/466104873
08-09 12:14:01.842  4472  9112 I Finsky:background: [163] IQ: Notifying installation update. [Package:com.devsisters.ck, isid:MwjtIzqJS4aCel_65UiosQ] state:DOWNLOADING, status=DOWNLOADING, status_code=0, reason=bulk_update, tsc=PT17M16.26S, attempt=0
08-09 12:14:01.853  4472  4472 I Finsky:background: [2] PIM: Ignore install package event for: com.devsisters.ck, isid: MwjtIzqJS4aCel_65UiosQ
08-09 12:14:01.856  8911  9025 I Finsky  : [110] Install States emitted for 9 apps
08-09 12:14:01.857   327  6237 D FakeWifi: Faking wifi for com.android.vending
08-09 12:14:01.857   327  6237 D FakeWifi: Faking wifi for com.android.vending
08-09 12:14:01.858  8911  8994 D FakeWifi: Faking wifi for com.android.vending
08-09 12:14:01.858  8911  8994 D FakeWifi: Faking wifi for com.android.vending
08-09 12:14:01.858  8911  8994 D FakeWifi: Faking wifi for com.android.vending
08-09 12:14:01.858  8911  8994 D FakeWifi: Faking wifi for com.android.vending
08-09 12:14:01.858  8911  8994 D FakeWifi: Faking wifi for com.android.vending
08-09 12:14:01.865   327  3961 D FakeWifi: Faking wifi for com.android.vending
08-09 12:14:01.866   327  3961 D FakeWifi: Faking wifi for com.android.vending
08-09 12:14:01.866  8911  9027 D FakeWifi: Faking wifi for com.android.vending
08-09 12:14:01.866  8911  9027 D FakeWifi: Faking wifi for com.android.vending
08-09 12:14:01.866  8911  9027 D FakeWifi: Faking wifi for com.android.vending
08-09 12:14:01.867  8911  9027 D FakeWifi: Faking wifi for com.android.vending
08-09 12:14:01.867  8911  9027 D FakeWifi: Faking wifi for com.android.vending
08-09 12:14:02.248  8597  8644 D LocalImageResolver: Couldn't use ImageDecoder for drawable, falling back to non-resized load.
08-09 12:14:02.249  8597  8644 D LocalImageResolver: Couldn't use ImageDecoder for drawable, falling back to non-resized load.
08-09 12:14:03.836  4472  9098 I Finsky:background: [161] DSC::L: Update all listeners for download <16:RUNNING:92%[92%]> in group com.devsisters.ck:MwjtIzqJS4aCel_65UiosQ
08-09 12:14:03.836  4472  9098 I Finsky:background: [161] DSC::L: Updating listener DownloadServiceManagerListener::aqfz@5163067 for download <16:RUNNING:92%[92%]>
08-09 12:14:03.836  4472  9098 I Finsky:background: [161] DS: Received onProgress request_id=16
08-09 12:14:03.836  4472  9098 I Finsky:background: [161] RM: receive resource status onProgress download_request_id=16, group_id=UnityDataAssetPack reason: bulk_update isid: MwjtIzqJS4aCel_65UiosQ, status_code=RESOURCE_STATUS_IN_PROGRESS, legacy_status_code=192, size: 307006074/332028638
08-09 12:14:03.837  4472  9098 I Finsky:background: [161] DSC::L: Updating listener wro@4233c05 for download <16:RUNNING:92%[92%]>
08-09 12:14:03.837  4472  9098 I Finsky:background: [161] DSC::L: Updating listener DownloadServiceManagerListener::ukd@c13eb7c for download <16:RUNNING:92%[92%]>
08-09 12:14:03.839  4472  4631 I Finsky:background: [59] RM: getStatus resourceRequestId=9fb9e231-b8b7-4081-aaf8-317c25f2b8d5 requestId=16 package=com.devsisters.ck artifact=UnityDataAssetPack isid=MwjtIzqJS4aCel_65UiosQ
08-09 12:14:03.839  4472  4631 I Finsky:background: [59] DSC: reviveDownload(16)
08-09 12:14:03.839  4472  4552 I Finsky:background: [46] DS: reviveDownload(request_id=16)
08-09 12:14:03.845  4472  9098 I Finsky:background: [161] DS: DS: onReviveDownload(request_id=16, files_to_download=[UnityDataAssetPack(size:332028638)], context[group_id=com.devsisters.ck:MwjtIzqJS4aCel_65UiosQ], display_data[invisible=false, title=CookieRun: Kingdom], network_restrictions=ANY_NETWORK status=running, bytes_downloaded=307006074, total_bytes=332028638, retry[count=0, next_retry=n/a])
08-09 12:14:03.846  4472  4472 I Finsky:background: [2] RF: onProgress request_id=16 isid=MwjtIzqJS4aCel_65UiosQ
08-09 12:14:03.846  4472  4472 I Finsky:background: [2] RF: resourceStatus for request_id=16 group=com.devsisters.ck artifact=UnityDataAssetPack collectedBytes= 307006074 / 332028638
08-09 12:14:03.846  4472  4472 I Finsky:background: [2] RF: Group=com.devsisters.ck totalBytesDownloaded= 441082309 / 466104873 for 4 artifacts
08-09 12:14:03.848  4472  4472 I Finsky:background: [2] Updated time lastBroadcast=2026-08-09T05:14:01.836Z current=2026-08-09T05:14:03.847Z
08-09 12:14:03.849  4472  4472 I Finsky:background: [2] bytesCompleted/bytesTotal/ratio = 441082309 / 466104873 / 0.946316
08-09 12:14:03.850  4472  9118 I Finsky:background: [167] IV2: onTaskProgress com.devsisters.ck[iid:2] [isid:MwjtIzqJS4aCel_65UiosQ] status:RESOURCE_FETCH_PROGRESS, size: 441082309/466104873
08-09 12:14:03.853  4472  9112 I Finsky:background: [163] IQ: Notifying installation update. [Package:com.devsisters.ck, isid:MwjtIzqJS4aCel_65UiosQ] state:DOWNLOADING, status=DOWNLOADING, status_code=0, reason=bulk_update, tsc=PT17M18.27S, attempt=0
08-09 12:14:03.861  4472  4472 I Finsky:background: [2] PIM: Ignore install package event for: com.devsisters.ck, isid: MwjtIzqJS4aCel_65UiosQ
08-09 12:14:03.863  8911  8994 I Finsky  : [90] Install States emitted for 9 apps
08-09 12:14:03.865   327  6237 D FakeWifi: Faking wifi for com.android.vending
08-09 12:14:03.865   327  6237 D FakeWifi: Faking wifi for com.android.vending
08-09 12:14:03.865  8911  9027 D FakeWifi: Faking wifi for com.android.vending
08-09 12:14:03.865  8911  9027 D FakeWifi: Faking wifi for com.android.vending
08-09 12:14:03.866  8911  9027 D FakeWifi: Faking wifi for com.android.vending
08-09 12:14:03.866  8911  9027 D FakeWifi: Faking wifi for com.android.vending
08-09 12:14:03.866  8911  9027 D FakeWifi: Faking wifi for com.android.vending
08-09 12:14:03.873   327  3961 D FakeWifi: Faking wifi for com.android.vending
08-09 12:14:03.873   327  3961 D FakeWifi: Faking wifi for com.android.vending
08-09 12:14:03.873  8911  8994 D FakeWifi: Faking wifi for com.android.vending
08-09 12:14:03.874  8911  8994 D FakeWifi: Faking wifi for com.android.vending
08-09 12:14:03.874  8911  8994 D FakeWifi: Faking wifi for com.android.vending
08-09 12:14:03.874  8911  8994 D FakeWifi: Faking wifi for com.android.vending
08-09 12:14:03.874  8911  8994 D FakeWifi: Faking wifi for com.android.vending
08-09 12:14:04.282  8597  8644 D LocalImageResolver: Couldn't use ImageDecoder for drawable, falling back to non-resized load.
08-09 12:14:04.283  8597  8644 D LocalImageResolver: Couldn't use ImageDecoder for drawable, falling back to non-resized load.
08-09 12:14:05.833  4472  9098 I Finsky:background: [161] DSC::L: Update all listeners for download <16:RUNNING:92%[92%]> in group com.devsisters.ck:MwjtIzqJS4aCel_65UiosQ
08-09 12:14:05.834  4472  9098 I Finsky:background: [161] DSC::L: Updating listener DownloadServiceManagerListener::aqfz@5163067 for download <16:RUNNING:92%[92%]>
08-09 12:14:05.834  4472  9098 I Finsky:background: [161] DS: Received onProgress request_id=16
08-09 12:14:05.834  4472  9098 I Finsky:background: [161] RM: receive resource status onProgress download_request_id=16, group_id=UnityDataAssetPack reason: bulk_update isid: MwjtIzqJS4aCel_65UiosQ, status_code=RESOURCE_STATUS_IN_PROGRESS, legacy_status_code=192, size: 308451364/332028638
08-09 12:14:05.834  4472  9098 I Finsky:background: [161] DSC::L: Updating listener wro@4233c05 for download <16:RUNNING:92%[92%]>
08-09 12:14:05.834  4472  9098 I Finsky:background: [161] DSC::L: Updating listener DownloadServiceManagerListener::ukd@c13eb7c for download <16:RUNNING:92%[92%]>
08-09 12:14:05.835  4472  4559 I Finsky:background: [51] RM: getStatus resourceRequestId=9fb9e231-b8b7-4081-aaf8-317c25f2b8d5 requestId=16 package=com.devsisters.ck artifact=UnityDataAssetPack isid=MwjtIzqJS4aCel_65UiosQ
08-09 12:14:05.835  4472  4559 I Finsky:background: [51] DSC: reviveDownload(16)
08-09 12:14:05.836  4472  4631 I Finsky:background: [59] DS: reviveDownload(request_id=16)
08-09 12:14:05.845  4472  9098 I Finsky:background: [161] DS: DS: onReviveDownload(request_id=16, files_to_download=[UnityDataAssetPack(size:332028638)], context[group_id=com.devsisters.ck:MwjtIzqJS4aCel_65UiosQ], display_data[invisible=false, title=CookieRun: Kingdom], network_restrictions=ANY_NETWORK status=running, bytes_downloaded=308451364, total_bytes=332028638, retry[count=0, next_retry=n/a])
08-09 12:14:05.847  4472  4472 I Finsky:background: [2] RF: onProgress request_id=16 isid=MwjtIzqJS4aCel_65UiosQ
