08-09 11:50:37.755   327   370 D PackageWatchdog: rescue-party-observer added the following packages to monitor [android]
08-09 11:50:37.756   327   370 I PackageWatchdog: Syncing state, reason: updated observers
08-09 11:50:37.756   327   370 I PackageWatchdog: Saving observer state to file
08-09 11:50:37.769   327   327 I PackageWatchdog: Syncing health check requests for packages: {}
08-09 11:50:37.769   327   327 I ExplicitHealthCheckController: Service not ready to get health check supported packages. Binding...
08-09 11:50:37.773   327   327 I ExplicitHealthCheckController: Explicit health check service is bound
08-09 11:50:37.773   327   327 I PackageWatchdog: Syncing health check requests for packages: {}
08-09 11:50:37.773   327   327 I ExplicitHealthCheckController: Service not ready to get health check supported packages. Binding...
08-09 11:50:37.773   327   327 I ExplicitHealthCheckController: Not binding to service, service already connecting
08-09 11:50:37.774   327   327 I ExplicitHealthCheckController: Explicit health check service is connected ComponentInfo{android.ext.services/android.ext.services.watchdog.ExplicitHealthCheckServiceImpl}
08-09 11:50:37.774   327   327 I ExplicitHealthCheckController: Service initialized, syncing requests
08-09 11:50:37.775   327   327 I PackageWatchdog: Syncing health check requests for packages: {}
08-09 11:50:37.775   327   327 D ExplicitHealthCheckController: Getting health check supported packages
08-09 11:50:37.778   327  4410 I ExplicitHealthCheckController: Explicit health check supported packages [PackageConfig{com.android.networkstack, 86400000}]
08-09 11:50:37.779   327  4410 D PackageWatchdog: Received supported packages [PackageConfig{com.android.networkstack, 86400000}]
08-09 11:50:37.779   327  4410 D ExplicitHealthCheckController: Getting health check requested packages
08-09 11:50:37.779   327  4410 I ExplicitHealthCheckController: Explicit health check requested packages []
08-09 11:50:37.779   327  4410 I ExplicitHealthCheckController: No more health check requests, unbinding...
08-09 11:50:37.780   327  4410 I ExplicitHealthCheckController: Explicit health check service is unbound
08-09 11:50:37.823  6263  6263 V SystemUIBootTiming: StartServices com.android.systemui.usb.StorageNotification took to complete: 80ms
08-09 11:50:37.830  6263  6263 V SystemUIBootTiming: StartServices com.android.systemui.user.ui.dialog.UserSwitcherDialogCoordinator took to complete: 6ms
08-09 11:50:37.851  6263  6263 V SystemUIBootTiming: StartServices com.android.systemui.util.NotificationChannels took to complete: 21ms
08-09 11:50:37.859  6263  6263 V SystemUIBootTiming: StartServices com.android.systemui.util.leak.GarbageMonitor took to complete: 8ms
08-09 11:50:37.884  6263  6263 V SystemUIBootTiming: StartServices com.android.systemui.volume.VolumeUI took to complete: 25ms
08-09 11:50:37.899   327   886 I RescueParty: Starting to observe: [android], updated namespace: runtime_native_boot
08-09 11:50:37.902   327   370 I PackageWatchdog: Syncing state, reason: observing new packages
08-09 11:50:37.902   327   370 D PackageWatchdog: rescue-party-observer added the following packages to monitor [android]
08-09 11:50:37.902   327   370 I PackageWatchdog: Syncing state, reason: updated observers
08-09 11:50:37.902   327   370 I PackageWatchdog: Saving observer state to file
08-09 11:50:37.907   327   327 I PackageWatchdog: Syncing health check requests for packages: {}
08-09 11:50:37.907   327   327 I ExplicitHealthCheckController: Service not ready to get health check supported packages. Binding...
08-09 11:50:37.911   327   327 I ExplicitHealthCheckController: Explicit health check service is bound
08-09 11:50:37.913   327   327 I ExplicitHealthCheckController: Explicit health check service is connected ComponentInfo{android.ext.services/android.ext.services.watchdog.ExplicitHealthCheckServiceImpl}
08-09 11:50:37.914   327   327 I ExplicitHealthCheckController: Service initialized, syncing requests
08-09 11:50:37.914   327   327 I PackageWatchdog: Syncing health check requests for packages: {}
08-09 11:50:37.914   327   327 D ExplicitHealthCheckController: Getting health check supported packages
08-09 11:50:37.919   327   886 I ExplicitHealthCheckController: Explicit health check supported packages [PackageConfig{com.android.networkstack, 86400000}]
08-09 11:50:37.919   327   886 D PackageWatchdog: Received supported packages [PackageConfig{com.android.networkstack, 86400000}]
08-09 11:50:37.919   327   886 D ExplicitHealthCheckController: Getting health check requested packages
08-09 11:50:37.920   327   886 I ExplicitHealthCheckController: Explicit health check requested packages []
08-09 11:50:37.920   327   886 I ExplicitHealthCheckController: No more health check requests, unbinding...
08-09 11:50:37.922   327   886 I ExplicitHealthCheckController: Explicit health check service is unbound
08-09 11:50:37.958  6263  6263 V SystemUIBootTiming: StartServices com.android.systemui.wmshell.WMShell took to complete: 74ms
08-09 11:50:37.959  6263  6263 V SystemUIBootTiming: StartServices com.android.systemui.VendorServices took to complete: 0ms
08-09 11:50:38.060  6263  6263 V SystemUIBootTiming: StartServices took to complete: 13051ms
08-09 11:50:38.064  6263  6263 W ActivityThread: getPackageInfo() called with an older ApplicationInfo than the cached version for package com.android.systemui
08-09 11:50:38.069  6263  6263 W ActivityThread: getPackageInfo() called with an older ApplicationInfo than the cached version for package com.android.systemui
08-09 11:50:38.082   327   327 D WallpaperManagerService: WPMS.onServiceConnected-ComponentInfo{com.android.systemui/com.android.systemui.wallpapers.ImageWallpaper}
08-09 11:50:38.082   327   327 D WallpaperManagerService: WPMS.attachServiceLocked
08-09 11:50:38.084  6263  6263 V WindowManagerShell: Display added: 0
08-09 11:50:38.089   327   327 D WallpaperManagerService: WPMS.connectLocked-ComponentInfo{com.android.systemui/com.android.systemui.wallpapers.ImageWallpaper}
08-09 11:50:38.093   327   327 W WindowManager: addWindowToken: Attempted to add binder token: android.os.Binder@33c3a4b for already created window token: WallpaperWindowToken{b69dc28 token=android.os.Binder@33c3a4b} displayId=0
08-09 11:50:38.102   327   327 V WallpaperManagerService: WPMS.connectLocked-ComponentInfo{com.android.systemui/com.android.systemui.wallpapers.ImageWallpaper} took to complete: 7ms
08-09 11:50:38.102   327   327 V WallpaperManagerService: WPMS.attachServiceLocked took to complete: 20ms
08-09 11:50:38.111   327   327 D WallpaperManagerService: WPMS.saveSettingsLocked-0
08-09 11:50:38.112   327  4411 I RescueParty: Starting to observe: [android], updated namespace: display_manager
08-09 11:50:38.112   327   370 I PackageWatchdog: Syncing state, reason: observing new packages
08-09 11:50:38.113   327   370 D PackageWatchdog: rescue-party-observer added the following packages to monitor [android]
08-09 11:50:38.113   327   370 I PackageWatchdog: Syncing state, reason: updated observers
08-09 11:50:38.113   327   370 I PackageWatchdog: Not pruning observers, elapsed time: 0ms
08-09 11:50:38.113   327   370 I PackageWatchdog: Saving observer state to file
08-09 11:50:38.142   327   327 V WallpaperManagerService: WPMS.saveSettingsLocked-0 took to complete: 31ms
08-09 11:50:38.142   327   327 V WallpaperManagerService: WPMS.onServiceConnected-ComponentInfo{com.android.systemui/com.android.systemui.wallpapers.ImageWallpaper} took to complete: 60ms
08-09 11:50:38.142   327   327 D WallpaperManagerService: WPMS.onServiceConnected-ComponentInfo{com.android.systemui/com.android.systemui.wallpapers.ImageWallpaper}
08-09 11:50:38.142   327   327 D WallpaperManagerService: WPMS.attachServiceLocked
08-09 11:50:38.142   327   327 V WallpaperManagerService: WPMS.attachServiceLocked took to complete: 0ms
08-09 11:50:38.142   327   327 V WallpaperManagerService: WPMS.onServiceConnected-ComponentInfo{com.android.systemui/com.android.systemui.wallpapers.ImageWallpaper} took to complete: 0ms
08-09 11:50:38.144   327  6240 D CoreBackPreview: Window{54ab27 u0 ShellDropTarget}: Setting back callback OnBackInvokedCallbackInfo{mCallback=android.window.IOnBackInvokedCallback$Stub$Proxy@1d6d2c3, mPriority=0}
08-09 11:50:38.145   327   327 I PackageWatchdog: Syncing health check requests for packages: {}
08-09 11:50:38.145   327   327 I ExplicitHealthCheckController: Service not ready to get health check supported packages. Binding...
08-09 11:50:38.148   327   327 I ExplicitHealthCheckController: Explicit health check service is bound
08-09 11:50:38.151   327   327 I ExplicitHealthCheckController: Explicit health check service is connected ComponentInfo{android.ext.services/android.ext.services.watchdog.ExplicitHealthCheckServiceImpl}
08-09 11:50:38.151   327   327 I ExplicitHealthCheckController: Service initialized, syncing requests
08-09 11:50:38.151   327   327 I PackageWatchdog: Syncing health check requests for packages: {}
08-09 11:50:38.151   327   327 D ExplicitHealthCheckController: Getting health check supported packages
08-09 11:50:38.160   327   886 I ExplicitHealthCheckController: Explicit health check supported packages [PackageConfig{com.android.networkstack, 86400000}]
08-09 11:50:38.160   327   886 D PackageWatchdog: Received supported packages [PackageConfig{com.android.networkstack, 86400000}]
08-09 11:50:38.160   327   886 D ExplicitHealthCheckController: Getting health check requested packages
08-09 11:50:38.165   327   886 I ExplicitHealthCheckController: Explicit health check requested packages []
08-09 11:50:38.166   327   886 I ExplicitHealthCheckController: No more health check requests, unbinding...
08-09 11:50:38.168   327   886 I ExplicitHealthCheckController: Explicit health check service is unbound
08-09 11:50:38.195   327   383 W BrightnessThrottler: DeviceConfig BrightnessThrottlingData is null
08-09 11:50:38.246   327  4411 W JobScheduler: Job didn't exist in JobStore: 33ccdb5 #u0a96/-43 com.google.android.googlequicksearchbox/com.google.android.apps.gsa.tasks.BackgroundTasksJobService
08-09 11:50:38.272   327   383 W BrightnessThrottler: DeviceConfig BrightnessThrottlingData is null
08-09 11:50:38.530   327   362 D VRI[Application Not Responding: system]: updatePointerIcon called with position out of bounds
08-09 11:50:38.545   327   362 D VRI[Application Not Responding: system]: updatePointerIcon called with position out of bounds
08-09 11:50:38.559   327   693 I RescueParty: Starting to observe: [android], updated namespace: tethering
08-09 11:50:38.560   327   370 I PackageWatchdog: Syncing state, reason: observing new packages
08-09 11:50:38.561   327   370 D PackageWatchdog: rescue-party-observer added the following packages to monitor [android]
08-09 11:50:38.561   327   327 I PackageWatchdog: Syncing health check requests for packages: {}
08-09 11:50:38.561   327   327 I ExplicitHealthCheckController: Service not ready to get health check supported packages. Binding...
08-09 11:50:38.561   327   370 I PackageWatchdog: Syncing state, reason: updated observers
08-09 11:50:38.561   327   370 I PackageWatchdog: Not pruning observers, elapsed time: 0ms
08-09 11:50:38.561   327   370 I PackageWatchdog: Saving observer state to file
08-09 11:50:38.562   327   362 D VRI[Application Not Responding: system]: updatePointerIcon called with position out of bounds
08-09 11:50:38.565   327   327 I ExplicitHealthCheckController: Explicit health check service is bound
08-09 11:50:38.570   327   327 I PackageWatchdog: Syncing health check requests for packages: {}
08-09 11:50:38.570   327   327 I ExplicitHealthCheckController: Service not ready to get health check supported packages. Binding...
08-09 11:50:38.570   327   327 I ExplicitHealthCheckController: Not binding to service, service already connecting
08-09 11:50:38.571   327   327 I ExplicitHealthCheckController: Explicit health check service is connected ComponentInfo{android.ext.services/android.ext.services.watchdog.ExplicitHealthCheckServiceImpl}
08-09 11:50:38.571   327   327 I ExplicitHealthCheckController: Service initialized, syncing requests
08-09 11:50:38.571   327   327 I PackageWatchdog: Syncing health check requests for packages: {}
08-09 11:50:38.571   327   327 D ExplicitHealthCheckController: Getting health check supported packages
08-09 11:50:38.573   327   693 I ExplicitHealthCheckController: Explicit health check supported packages [PackageConfig{com.android.networkstack, 86400000}]
08-09 11:50:38.573   327   693 D PackageWatchdog: Received supported packages [PackageConfig{com.android.networkstack, 86400000}]
08-09 11:50:38.573   327   693 D ExplicitHealthCheckController: Getting health check requested packages
08-09 11:50:38.574   327   693 I ExplicitHealthCheckController: Explicit health check requested packages []
08-09 11:50:38.574   327   693 I ExplicitHealthCheckController: No more health check requests, unbinding...
08-09 11:50:38.575   327   693 I ExplicitHealthCheckController: Explicit health check service is unbound
08-09 11:50:38.578   327   362 D VRI[Application Not Responding: system]: updatePointerIcon called with position out of bounds
08-09 11:50:38.596   327   362 D VRI[Application Not Responding: system]: updatePointerIcon called with position out of bounds
08-09 11:50:38.631   327   362 D VRI[Application Not Responding: system]: updatePointerIcon called with position out of bounds
08-09 11:50:38.647   327   362 D VRI[Application Not Responding: system]: updatePointerIcon called with position out of bounds
08-09 11:50:38.664   327   362 D VRI[Application Not Responding: system]: updatePointerIcon called with position out of bounds
08-09 11:50:38.672   327  3961 D OomAdjuster: Not killing cached processes
08-09 11:50:38.681   327   362 D VRI[Application Not Responding: system]: updatePointerIcon called with position out of bounds
08-09 11:50:38.682   327  6240 D SystemServerTiming: getUserSwitchability-0
08-09 11:50:38.682   327  6240 D SystemServerTiming: TM.isInCall
08-09 11:50:38.683   327  6240 V SystemServerTiming: TM.isInCall took to complete: 1ms
08-09 11:50:38.683   327  6240 D SystemServerTiming: hasUserRestriction-DISALLOW_USER_SWITCH
08-09 11:50:38.683   327  6240 V SystemServerTiming: hasUserRestriction-DISALLOW_USER_SWITCH took to complete: 0ms
08-09 11:50:38.683   327  6240 D SystemServerTiming: getInt-ALLOW_USER_SWITCHING_WHEN_SYSTEM_USER_LOCKED
08-09 11:50:38.683   327  6240 V SystemServerTiming: getInt-ALLOW_USER_SWITCHING_WHEN_SYSTEM_USER_LOCKED took to complete: 0ms
08-09 11:50:38.683   327  6240 D SystemServerTiming: isUserUnlocked-USER_SYSTEM
08-09 11:50:38.683   327  6240 V SystemServerTiming: isUserUnlocked-USER_SYSTEM took to complete: 0ms
08-09 11:50:38.683   327  6240 V SystemServerTiming: getUserSwitchability-0 took to complete: 1ms
08-09 11:50:38.700   327   362 D VRI[Application Not Responding: system]: updatePointerIcon called with position out of bounds
08-09 11:50:38.712   327   362 D VRI[Application Not Responding: system]: updatePointerIcon called with position out of bounds
08-09 11:50:38.729   327   362 D VRI[Application Not Responding: system]: updatePointerIcon called with position out of bounds
08-09 11:50:38.745   327   362 D VRI[Application Not Responding: system]: updatePointerIcon called with position out of bounds
08-09 11:50:38.762   327   362 D VRI[Application Not Responding: system]: updatePointerIcon called with position out of bounds
08-09 11:50:38.783   327   362 D VRI[Application Not Responding: system]: updatePointerIcon called with position out of bounds
08-09 11:50:38.797   327   362 D VRI[Application Not Responding: system]: updatePointerIcon called with position out of bounds
08-09 11:50:40.986   327   327 W Looper  : Slow dispatch took 1398ms main h=android.app.ActivityThread$H c=android.app.LoadedApk$ServiceDispatcher$RunConnection@6924d7d m=0
08-09 11:50:41.430   327   327 W Looper  : Slow delivery took 843ms main h=com.android.server.notification.NotificationManagerService$WorkerHandler c=com.android.server.notification.NotificationManagerService$EnqueueNotificationRunnable@17b4479 m=0
08-09 11:50:41.435   327   327 W Looper  : Drained
08-09 11:50:41.952   327   327 W Looper  : Slow dispatch took 513ms main h=android.service.notification.NotificationListenerService$MyHandler c=null m=1
08-09 11:50:41.952   327   327 W Looper  : Slow delivery took 516ms main h=android.service.notification.NotificationListenerService$MyHandler c=null m=1
08-09 11:50:41.970   327   327 W Looper  : Drained
08-09 11:50:42.198   327   362 W Looper  : Slow dispatch took 158ms android.ui h=android.view.Choreographer$FrameHandler c=android.view.Choreographer$FrameDisplayEventReceiver@aa673ec m=0
08-09 11:50:42.330   327   362 D CoreBackPreview: Window{b338488 u0 Application Not Responding: system}: Setting back callback null
08-09 11:50:42.605   327   364 V WindowManager: Unknown focus tokens, dropping reportFocusChanged
08-09 11:50:42.926   327   362 W Looper  : Slow dispatch took 727ms android.ui h=com.android.server.am.AppNotRespondingDialog$1 c=null m=1
08-09 11:50:42.928   327   362 W Looper  : Slow delivery took 881ms android.ui h=android.view.Choreographer$FrameHandler c=android.view.Choreographer$FrameDisplayEventReceiver@aa673ec m=0
08-09 11:50:42.952   327   362 W Looper  : Drained
08-09 11:50:43.001   327  1380 I RescueParty: Starting to observe: [com.android.launcher3], updated namespace: launcher
08-09 11:50:43.041   327  3961 I RescueParty: Starting to observe: [android, com.android.systemui], updated namespace: window_manager
08-09 11:50:43.094   327   370 I PackageWatchdog: Syncing state, reason: observing new packages
08-09 11:50:43.094   327   370 D PackageWatchdog: rescue-party-observer added the following packages to monitor [com.android.launcher3]
08-09 11:50:43.094   327   370 I PackageWatchdog: Syncing state, reason: updated observers
08-09 11:50:43.094   327   370 I PackageWatchdog: Syncing state, reason: observing new packages
08-09 11:50:43.094   327   370 I PackageWatchdog: Not pruning observers, elapsed time: 0ms
08-09 11:50:43.094   327   370 D PackageWatchdog: rescue-party-observer added the following packages to monitor [android, com.android.systemui]
08-09 11:50:43.094   327   370 I PackageWatchdog: Syncing state, reason: updated observers
08-09 11:50:43.095   327   370 I PackageWatchdog: Not pruning observers, elapsed time: 0ms
08-09 11:50:43.095   327   370 I PackageWatchdog: Saving observer state to file
08-09 11:50:43.110   327   327 I PackageWatchdog: Syncing health check requests for packages: {}
08-09 11:50:43.110   327   327 I ExplicitHealthCheckController: Service not ready to get health check supported packages. Binding...
08-09 11:50:43.112   327   327 I ExplicitHealthCheckController: Explicit health check service is bound
08-09 11:50:43.112   327   327 I PackageWatchdog: Syncing health check requests for packages: {}
08-09 11:50:43.112   327   327 I ExplicitHealthCheckController: Service not ready to get health check supported packages. Binding...
08-09 11:50:43.112   327   327 I ExplicitHealthCheckController: Not binding to service, service already connecting
08-09 11:50:43.112   327   327 I ExplicitHealthCheckController: Explicit health check service is connected ComponentInfo{android.ext.services/android.ext.services.watchdog.ExplicitHealthCheckServiceImpl}
08-09 11:50:43.113   327   327 I ExplicitHealthCheckController: Service initialized, syncing requests
08-09 11:50:43.113   327   327 I PackageWatchdog: Syncing health check requests for packages: {}
08-09 11:50:43.113   327   327 D ExplicitHealthCheckController: Getting health check supported packages
08-09 11:50:43.118   327  1658 I ExplicitHealthCheckController: Explicit health check supported packages [PackageConfig{com.android.networkstack, 86400000}]
08-09 11:50:43.118   327  1658 D PackageWatchdog: Received supported packages [PackageConfig{com.android.networkstack, 86400000}]
08-09 11:50:43.118   327  1658 D ExplicitHealthCheckController: Getting health check requested packages
08-09 11:50:43.121   327   693 I ExplicitHealthCheckController: Explicit health check requested packages []
08-09 11:50:43.121   327   693 I ExplicitHealthCheckController: No more health check requests, unbinding...
08-09 11:50:43.122   327   693 I ExplicitHealthCheckController: Explicit health check service is unbound
08-09 11:50:43.140   327  3961 I RescueParty: Starting to observe: [android], updated namespace: activity_manager_native_boot
08-09 11:50:43.141   327   370 I PackageWatchdog: Syncing state, reason: observing new packages
08-09 11:50:43.141   327   370 D PackageWatchdog: rescue-party-observer added the following packages to monitor [android]
08-09 11:50:43.141   327   370 I PackageWatchdog: Syncing state, reason: updated observers
08-09 11:50:43.141   327   370 I PackageWatchdog: Not pruning observers, elapsed time: 0ms
08-09 11:50:43.141   327   370 I PackageWatchdog: Saving observer state to file
08-09 11:50:43.152   327   327 I PackageWatchdog: Syncing health check requests for packages: {}
08-09 11:50:43.152   327   327 I ExplicitHealthCheckController: Service not ready to get health check supported packages. Binding...
08-09 11:50:43.154   327   327 I ExplicitHealthCheckController: Explicit health check service is bound
08-09 11:50:43.170   327   327 I ExplicitHealthCheckController: Explicit health check service is connected ComponentInfo{android.ext.services/android.ext.services.watchdog.ExplicitHealthCheckServiceImpl}
08-09 11:50:43.170   327   327 I ExplicitHealthCheckController: Service initialized, syncing requests
08-09 11:50:43.170   327   327 I PackageWatchdog: Syncing health check requests for packages: {}
08-09 11:50:43.170   327   327 D ExplicitHealthCheckController: Getting health check supported packages
08-09 11:50:43.174   327  3961 I ExplicitHealthCheckController: Explicit health check supported packages [PackageConfig{com.android.networkstack, 86400000}]
08-09 11:50:43.174   327  3961 D PackageWatchdog: Received supported packages [PackageConfig{com.android.networkstack, 86400000}]
08-09 11:50:43.174   327  3961 D ExplicitHealthCheckController: Getting health check requested packages
08-09 11:50:43.174   327   693 I ExplicitHealthCheckController: Explicit health check requested packages []
08-09 11:50:43.174   327   693 I ExplicitHealthCheckController: No more health check requests, unbinding...
08-09 11:50:43.175   327   693 I ExplicitHealthCheckController: Explicit health check service is unbound
08-09 11:50:43.422   327   364 E BLASTSyncEngine: WM sent Transaction to organized, but never received commit callback. Application ANR likely to follow.
08-09 11:50:43.635   327  4410 W JobScheduler: Job didn't exist in JobStore: 26a20a7 #u0a96/-43 com.google.android.googlequicksearchbox/com.google.android.apps.gsa.tasks.BackgroundTasksJobService
08-09 11:50:43.660   327   327 W JobScheduler: Job didn't exist in JobStore: 34e0338 #1000/100033 com.android.contacts/com.google/sayyid.azzam.mufhadol@gmail.com:android
08-09 11:50:43.678   327  4410 D OomAdjuster: Not killing cached processes
08-09 11:50:44.272   327  4410 W BroadcastQueue: Background execution not allowed: receiving Intent { act=android.intent.action.PACKAGE_ADDED dat=package: flg=0x4000010 (has extras) } to com.google.android.packageinstaller/com.android.packageinstaller.PackageInstalledReceiver
08-09 11:50:44.274   327   371 W BroadcastQueue: Background execution not allowed: receiving Intent { act=android.intent.action.PACKAGE_ADDED dat=package: flg=0x4000010 (has extras) } to com.android.vending/com.google.android.finsky.packagemonitor.impl.PackageMonitorReceiverImpl$RegisteredReceiver
08-09 11:50:44.274   327   371 W BroadcastQueue: Background execution not allowed: receiving Intent { act=android.intent.action.PACKAGE_ADDED dat=package: flg=0x4000010 (has extras) } to com.android.vending/com.google.android.finsky.packagemonitor.backgroundimpl.BackgroundPackageMonitorReceiverImpl$RegisteredReceiver
08-09 11:50:44.274   327   371 W BroadcastQueue: Background execution not allowed: receiving Intent { act=android.intent.action.PACKAGE_ADDED dat=package: flg=0x4000010 (has extras) } to com.google.android.gms/.gass.chimera.PackageChangeBroadcastReceiver
08-09 11:50:44.274   327   371 W BroadcastQueue: Background execution not allowed: receiving Intent { act=android.intent.action.PACKAGE_ADDED dat=package: flg=0x4000010 (has extras) } to com.google.android.gms/.chimera.GmsIntentOperationService$PersistentTrustedReceiver
08-09 11:50:44.274   327   371 W BroadcastQueue: Background execution not allowed: receiving Intent { act=android.intent.action.PACKAGE_ADDED dat=package: flg=0x4000010 (has extras) } to com.google.android.googlequicksearchbox/com.google.android.apps.gsa.googlequicksearchbox.GelStubAppWatcher
08-09 11:50:44.284   327   371 D CompatibilityChangeReporter: Compat change id reported: 168419799; UID 10069; state: DISABLED
08-09 11:50:44.285   327   371 D CompatibilityChangeReporter: Compat change id reported: 273564678; UID 10069; state: DISABLED
08-09 11:50:44.638   327   327 W Looper  : Slow dispatch took 848ms main h=android.service.notification.NotificationListenerService$MyHandler c=null m=1
08-09 11:50:44.638   327   327 W Looper  : Slow delivery took 851ms main h=android.service.notification.NotificationListenerService$MyHandler c=null m=1
08-09 11:50:44.691   327   327 W Looper  : Drained
08-09 11:50:45.017   327  4410 W BroadcastQueue: Permission Denial: receiving Intent { act=com.google.gservices.intent.action.GSERVICES_OVERRIDE flg=0x1000010 (has extras) } to com.google.android.ims/.receivers.RcsAutoStartReceiver requires com.google.android.providers.gsf.permission.WRITE_GSERVICES due to sender com.android.vending (uid 10094)
08-09 11:50:45.222   327   886 W ActivityManager: Slow operation: 107ms so far, now at startProcess: done creating new process record
08-09 11:50:45.222   327   886 W ActivityManager: Slow operation: 107ms so far, now at startProcess: stepping in to startProcess
08-09 11:50:45.233   327   886 D CompatibilityChangeReporter: Compat change id reported: 135634846; UID 10107; state: DISABLED
08-09 11:50:45.235   327   886 D CompatibilityChangeReporter: Compat change id reported: 177438394; UID 10107; state: DISABLED
08-09 11:50:45.235   327   886 D CompatibilityChangeReporter: Compat change id reported: 135772972; UID 10107; state: DISABLED
08-09 11:50:45.237   327   886 D CompatibilityChangeReporter: Compat change id reported: 135754954; UID 10107; state: ENABLED
08-09 11:50:45.240   327   886 W ActivityManager: Slow operation: 124ms so far, now at startProcess: done starting proc!
08-09 11:50:45.248   327   372 D CompatibilityChangeReporter: Compat change id reported: 143937733; UID 10107; state: ENABLED
08-09 11:50:45.400   327   372 W ActivityManager: Slow operation: 179ms so far, now at startProcess: returned from zygote!
08-09 11:50:45.400   327   372 W ActivityManager: Slow operation: 179ms so far, now at startProcess: done updating battery stats
08-09 11:50:45.401   327   372 W ActivityManager: Slow operation: 179ms so far, now at startProcess: building log message
08-09 11:50:45.401   327   372 I ActivityManager: Start proc 6583:org.lineageos.etar/u0a107 for broadcast {org.lineageos.etar/com.android.calendar.alerts.AlertReceiver}
08-09 11:50:45.401   327   372 W ActivityManager: Slow operation: 179ms so far, now at startProcess: starting to update pids map
08-09 11:50:45.410   327   372 W ActivityManager: Slow operation: 188ms so far, now at startProcess: done updating pids map
08-09 11:50:45.496   327  3961 I RescueParty: Starting to observe: [android], updated namespace: battery_saver
08-09 11:50:45.516   327   370 I PackageWatchdog: Syncing state, reason: observing new packages
08-09 11:50:45.516   327   370 D PackageWatchdog: rescue-party-observer added the following packages to monitor [android]
08-09 11:50:45.516   327   370 I PackageWatchdog: Syncing state, reason: updated observers
08-09 11:50:45.516   327   370 I PackageWatchdog: Not pruning observers, elapsed time: 0ms
08-09 11:50:45.516   327   370 I PackageWatchdog: Saving observer state to file
08-09 11:50:45.585   327   327 I PackageWatchdog: Syncing health check requests for packages: {}
08-09 11:50:45.585   327   327 I ExplicitHealthCheckController: Service not ready to get health check supported packages. Binding...
08-09 11:50:45.590   327   327 I ExplicitHealthCheckController: Explicit health check service is bound
08-09 11:50:45.593   327   327 I ExplicitHealthCheckController: Explicit health check service is connected ComponentInfo{android.ext.services/android.ext.services.watchdog.ExplicitHealthCheckServiceImpl}
08-09 11:50:45.594   327   327 I ExplicitHealthCheckController: Service initialized, syncing requests
08-09 11:50:45.594   327   327 I PackageWatchdog: Syncing health check requests for packages: {}
08-09 11:50:45.594   327   327 D ExplicitHealthCheckController: Getting health check supported packages
08-09 11:50:45.597   327  3961 I ExplicitHealthCheckController: Explicit health check supported packages [PackageConfig{com.android.networkstack, 86400000}]
08-09 11:50:45.597   327  3961 D PackageWatchdog: Received supported packages [PackageConfig{com.android.networkstack, 86400000}]
08-09 11:50:45.597   327  3961 D ExplicitHealthCheckController: Getting health check requested packages
08-09 11:50:45.598   327   693 I ExplicitHealthCheckController: Explicit health check requested packages []
08-09 11:50:45.598   327   693 I ExplicitHealthCheckController: No more health check requests, unbinding...
08-09 11:50:45.604   327   693 I ExplicitHealthCheckController: Explicit health check service is unbound
08-09 11:50:45.707   327  1380 D CompatibilityChangeReporter: Compat change id reported: 168419799; UID 10107; state: DISABLED
08-09 11:50:45.707   327  1380 D CompatibilityChangeReporter: Compat change id reported: 273564678; UID 10107; state: DISABLED
08-09 11:50:45.742  6263  6263 V WindowManagerShell: Display changed: 0
08-09 11:50:46.107   327   886 I RescueParty: Starting to observe: [android], updated namespace: wifi
08-09 11:50:46.109   327   370 I PackageWatchdog: Syncing state, reason: observing new packages
08-09 11:50:46.109   327   370 D PackageWatchdog: rescue-party-observer added the following packages to monitor [android]
08-09 11:50:46.109   327   370 I PackageWatchdog: Syncing state, reason: updated observers
08-09 11:50:46.109   327   370 I PackageWatchdog: Not pruning observers, elapsed time: 0ms
08-09 11:50:46.109   327   370 I PackageWatchdog: Saving observer state to file
08-09 11:50:46.129   327   327 I PackageWatchdog: Syncing health check requests for packages: {}
08-09 11:50:46.129   327   327 I ExplicitHealthCheckController: Service not ready to get health check supported packages. Binding...
08-09 11:50:46.138   327   327 I ExplicitHealthCheckController: Explicit health check service is bound
08-09 11:50:46.142   327   327 I ExplicitHealthCheckController: Explicit health check service is connected ComponentInfo{android.ext.services/android.ext.services.watchdog.ExplicitHealthCheckServiceImpl}
08-09 11:50:46.142   327   327 I ExplicitHealthCheckController: Service initialized, syncing requests
08-09 11:50:46.143   327   327 I PackageWatchdog: Syncing health check requests for packages: {}
08-09 11:50:46.143   327   327 D ExplicitHealthCheckController: Getting health check supported packages
08-09 11:50:46.158   327  3961 I ExplicitHealthCheckController: Explicit health check supported packages [PackageConfig{com.android.networkstack, 86400000}]
08-09 11:50:46.158   327  3961 D PackageWatchdog: Received supported packages [PackageConfig{com.android.networkstack, 86400000}]
08-09 11:50:46.158   327  3961 D ExplicitHealthCheckController: Getting health check requested packages
08-09 11:50:46.161   327  6240 I ExplicitHealthCheckController: Explicit health check requested packages []
08-09 11:50:46.162   327  6240 I ExplicitHealthCheckController: No more health check requests, unbinding...
08-09 11:50:46.170   327  6240 I ExplicitHealthCheckController: Explicit health check service is unbound
08-09 11:50:46.210   327   693 I RescueParty: Starting to observe: [android, com.android.phone], updated namespace: telephony
08-09 11:50:46.211   327   370 I PackageWatchdog: Syncing state, reason: observing new packages
08-09 11:50:46.214   327   370 D PackageWatchdog: rescue-party-observer added the following packages to monitor [android, com.android.phone]
08-09 11:50:46.214   327   370 I PackageWatchdog: Syncing state, reason: updated observers
08-09 11:50:46.214   327   370 I PackageWatchdog: Not pruning observers, elapsed time: 0ms
08-09 11:50:46.214   327   327 I PackageWatchdog: Syncing health check requests for packages: {}
08-09 11:50:46.214   327   327 I ExplicitHealthCheckController: Service not ready to get health check supported packages. Binding...
08-09 11:50:46.216   327   370 I PackageWatchdog: Saving observer state to file
08-09 11:50:46.230   327   327 I ExplicitHealthCheckController: Explicit health check service is bound
08-09 11:50:46.241   327   327 I PackageWatchdog: Syncing health check requests for packages: {}
08-09 11:50:46.241   327   327 I ExplicitHealthCheckController: Service not ready to get health check supported packages. Binding...
08-09 11:50:46.241   327   327 I ExplicitHealthCheckController: Not binding to service, service already connecting
08-09 11:50:46.241   327   327 I ExplicitHealthCheckController: Explicit health check service is connected ComponentInfo{android.ext.services/android.ext.services.watchdog.ExplicitHealthCheckServiceImpl}
08-09 11:50:46.241   327   327 I ExplicitHealthCheckController: Service initialized, syncing requests
08-09 11:50:46.241   327   327 I PackageWatchdog: Syncing health check requests for packages: {}
08-09 11:50:46.241   327   327 D ExplicitHealthCheckController: Getting health check supported packages
08-09 11:50:46.246   327  1380 I ExplicitHealthCheckController: Explicit health check supported packages [PackageConfig{com.android.networkstack, 86400000}]
08-09 11:50:46.246   327  1380 D PackageWatchdog: Received supported packages [PackageConfig{com.android.networkstack, 86400000}]
08-09 11:50:46.246   327  1380 D ExplicitHealthCheckController: Getting health check requested packages
08-09 11:50:46.246   327  1380 I ExplicitHealthCheckController: Explicit health check requested packages []
08-09 11:50:46.246   327  1380 I ExplicitHealthCheckController: No more health check requests, unbinding...
08-09 11:50:46.250   327  1380 I ExplicitHealthCheckController: Explicit health check service is unbound
08-09 11:50:46.424   327  3961 I ActivityManager: Background started FGS: Allowed [callingPackage: org.lineageos.etar; callingUid: 10107; uidState: RCVR; intent: Intent { cmp=org.lineageos.etar/com.android.calendar.alerts.AlertService (has extras) }; code:SYSTEM_ALLOW_LISTED; tempAllowListReason:<,reasonCode:SYSTEM_ALLOW_LISTED,duration:9223372036854775807,callingUid:-1>; targetSdkVersion:33; callerTargetSdkVersion:33; startForegroundCount:0; bindFromPackage:null]
08-09 11:50:46.508   327   693 W ActivityManager: Foreground service started from background can not have location/camera/microphone access: service org.lineageos.etar/com.android.calendar.alerts.AlertService
08-09 11:50:46.790   327   327 W Looper  : Slow dispatch took 129ms main h=android.service.notification.NotificationListenerService$MyHandler c=null m=1
08-09 11:50:46.794   327  6239 D CompatibilityChangeReporter: Compat change id reported: 143231523; UID 10107; state: DISABLED
08-09 11:50:47.850   327   327 W Looper  : Slow dispatch took 278ms main h=android.service.notification.NotificationListenerService$MyHandler c=null m=1
08-09 11:50:47.853   327   327 W Looper  : Slow delivery took 281ms main h=android.service.notification.NotificationListenerService$MyHandler c=null m=1
08-09 11:50:47.861   327   327 W Looper  : Drained
08-09 11:50:47.934  6263  6263 V WindowManagerShell: Display changed: 0
08-09 11:50:48.853   327  6240 D OomAdjuster: Not killing cached processes
08-09 11:50:48.867   327   327 W Looper  : Slow dispatch took 135ms main h=android.service.notification.NotificationListenerService$MyHandler c=null m=1
08-09 11:50:50.682   327   327 W Looper  : Slow dispatch took 500ms main h=org.lineageos.platform.internal.display.TwilightTracker$LocationHandler c=null m=1
08-09 11:50:50.682   327   327 W Looper  : Slow delivery took 462ms main h=com.android.server.power.Notifier$NotifierHandler c=null m=1
08-09 11:50:50.682   327   327 W Looper  : Drained
08-09 11:50:51.346   327   693 I RescueParty: Starting to observe: [android], updated namespace: app_standby
08-09 11:50:51.711   327   327 I AutofillManagerService: Ignoring change on augmented_autofill_mode
08-09 11:50:52.123   327   362 W Looper  : Slow dispatch took 360ms android.ui h=android.os.Handler c=com.android.server.autofill.ui.AutoFillUI$$ExternalSyntheticLambda9@9bda546 m=0
08-09 11:50:52.218   327   361 W Looper  : Slow dispatch took 506ms android.fg h=android.os.Handler c=com.android.server.Watchdog$HandlerChecker@3bbe08b m=0
08-09 11:50:52.342   327   327 E RemoteAugmentedAutofillService: Bad service name for flags 1048704: com.google.android.as/com.google.android.apps.miphone.aiai.app.AiAiAugmentedAutofillService
08-09 11:50:52.432   327   403 D CompatibilityChangeReporter: Compat change id reported: 218533173; UID 10125; state: ENABLED
08-09 11:50:52.456   327   327 I AutofillManagerService: Ignoring change on autofill_dialog_hints
08-09 11:50:52.456   327   327 I AutofillManagerService: Ignoring change on autofill_save_dialog_landscape_body_height_max_percent
08-09 11:50:52.456   327   327 I AutofillManagerService: Ignoring change on autofill_save_dialog_portrait_body_height_max_percent
08-09 11:50:52.456   327   327 I AutofillManagerService: Ignoring change on autofill_dialog_enabled
08-09 11:50:52.456   327   327 W Looper  : Slow dispatch took 1099ms main h=android.app.ActivityThread$H c=android.provider.DeviceConfig$$ExternalSyntheticLambda0@e203e5c m=0
08-09 11:50:52.456   327   327 W Looper  : Slow delivery took 1099ms main h=com.android.server.alarm.AlarmManagerService$AlarmHandler c=null m=7
08-09 11:50:52.542   327   327 W Looper  : Drained
08-09 11:50:52.637   327   370 I PackageWatchdog: Syncing state, reason: observing new packages
08-09 11:50:52.637   327   370 D PackageWatchdog: rescue-party-observer added the following packages to monitor [android]
08-09 11:50:52.637   327   370 I PackageWatchdog: Syncing state, reason: updated observers
08-09 11:50:52.637   327   370 I PackageWatchdog: Not pruning observers, elapsed time: 0ms
08-09 11:50:52.659   327   370 I PackageWatchdog: Saving observer state to file
08-09 11:50:52.823   327   327 W Looper  : Slow dispatch took 265ms main h=android.service.notification.NotificationListenerService$MyHandler c=null m=1
08-09 11:50:52.825   327   327 W Looper  : Slow delivery took 283ms main h=android.service.notification.NotificationListenerService$MyHandler c=null m=1
08-09 11:50:52.826   327   327 I PackageWatchdog: Syncing health check requests for packages: {}
08-09 11:50:52.826   327   327 I ExplicitHealthCheckController: Service not ready to get health check supported packages. Binding...
08-09 11:50:52.836   327   327 I ExplicitHealthCheckController: Explicit health check service is bound
08-09 11:50:52.919   327   327 W Looper  : Drained
08-09 11:50:52.939   327   327 I ExplicitHealthCheckController: Explicit health check service is connected ComponentInfo{android.ext.services/android.ext.services.watchdog.ExplicitHealthCheckServiceImpl}
08-09 11:50:52.939   327   327 I ExplicitHealthCheckController: Service initialized, syncing requests
08-09 11:50:52.939   327   327 I PackageWatchdog: Syncing health check requests for packages: {}
08-09 11:50:52.939   327   327 D ExplicitHealthCheckController: Getting health check supported packages
08-09 11:50:52.967   327  4411 I ExplicitHealthCheckController: Explicit health check supported packages [PackageConfig{com.android.networkstack, 86400000}]
08-09 11:50:52.969   327  4411 D PackageWatchdog: Received supported packages [PackageConfig{com.android.networkstack, 86400000}]
08-09 11:50:52.970   327  4411 D ExplicitHealthCheckController: Getting health check requested packages
08-09 11:50:52.980   327  1380 I ExplicitHealthCheckController: Explicit health check requested packages []
08-09 11:50:52.980   327  1380 I ExplicitHealthCheckController: No more health check requests, unbinding...
08-09 11:50:52.981   327  1380 I ExplicitHealthCheckController: Explicit health check service is unbound
08-09 11:50:53.007   327  4410 D PackageManager: Ignoring attempt to set enabled state of disabled component com.google.android.gms/com.google.android.gms.update.OtaSuggestionSummaryProvider
08-09 11:50:53.010   327  3961 D PackageManager: Ignoring attempt to set enabled state of disabled component com.google.android.gms/com.google.android.gms.update.SystemUpdateActivity
08-09 11:50:53.934   327   327 W Looper  : Slow dispatch took 129ms main h=android.service.notification.NotificationListenerService$MyHandler c=null m=1
08-09 11:50:54.056   327   361 I ActivityTaskManager: Config changes=80000000 {1.0 ?mcc?mnc [en_US] ldltr sw656dp w1214dp h580dp 180dpi lrg long land night finger qwerty/v/v dpad/v winConfig={ mBounds=Rect(0, 0 - 1366, 738) mAppBounds=Rect(0, 0 - 1366, 684) mMaxBounds=Rect(0, 0 - 1366, 738) mDisplayRotation=ROTATION_0 mWindowingMode=fullscreen mDisplayWindowingMode=fullscreen mActivityType=undefined mAlwaysOnTop=undefined mRotation=ROTATION_0} as.4 s.273 fontWeightAdjustment=0}
08-09 11:50:54.347   327  6245 D SystemServerTiming: getUserSwitchability-0
08-09 11:50:54.347   327  6245 D SystemServerTiming: TM.isInCall
08-09 11:50:54.348   327  6245 V SystemServerTiming: TM.isInCall took to complete: 0ms
08-09 11:50:54.348   327  6245 D SystemServerTiming: hasUserRestriction-DISALLOW_USER_SWITCH
08-09 11:50:54.348   327  6245 V SystemServerTiming: hasUserRestriction-DISALLOW_USER_SWITCH took to complete: 0ms
08-09 11:50:54.348   327  6245 D SystemServerTiming: getInt-ALLOW_USER_SWITCHING_WHEN_SYSTEM_USER_LOCKED
08-09 11:50:54.348   327  6245 V SystemServerTiming: getInt-ALLOW_USER_SWITCHING_WHEN_SYSTEM_USER_LOCKED took to complete: 0ms
08-09 11:50:54.348   327  6245 D SystemServerTiming: isUserUnlocked-USER_SYSTEM
08-09 11:50:54.348   327  6245 V SystemServerTiming: isUserUnlocked-USER_SYSTEM took to complete: 0ms
08-09 11:50:54.348   327  6245 V SystemServerTiming: getUserSwitchability-0 took to complete: 1ms
08-09 11:50:54.707   327   327 W Looper  : Slow dispatch took 657ms main h=android.app.ActivityThread$H c=null m=156
08-09 11:50:54.726   327   361 I WindowManager: Override config changes=80000000 {1.0 ?mcc?mnc [en_US] ldltr sw656dp w1214dp h580dp 180dpi lrg long land night finger qwerty/v/v dpad/v winConfig={ mBounds=Rect(0, 0 - 1366, 738) mAppBounds=Rect(0, 0 - 1366, 684) mMaxBounds=Rect(0, 0 - 1366, 738) mDisplayRotation=ROTATION_0 mWindowingMode=fullscreen mDisplayWindowingMode=fullscreen mActivityType=undefined mAlwaysOnTop=undefined mRotation=ROTATION_0} as.4 s.273 fontWeightAdjustment=0} for displayId=0
08-09 11:50:54.814   327   327 W Looper  : Slow delivery took 658ms main h=android.app.ActivityThread$H c=null m=156
08-09 11:50:54.814   327   327 W Looper  : Slow dispatch took 107ms main h=android.app.ActivityThread$H c=null m=156
08-09 11:50:54.947   327   327 W Looper  : Slow dispatch took 133ms main h=android.app.ActivityThread$H c=null m=156
08-09 11:50:58.702   327  6239 D OomAdjuster: Not killing cached processes
08-09 11:51:00.026   327   327 W Looper  : Slow dispatch took 4974ms main h=com.android.providers.settings.SettingsProvider$SettingsRegistry$MyHandler c=null m=1
08-09 11:51:00.434   327   327 W Looper  : Slow dispatch took 405ms main h=android.app.ActivityThread$H c=null m=159
08-09 11:51:00.435    38  6834 W keystore2: keystore2::watchdog: ### Keystore Watchdog report - BEGIN ###
08-09 11:51:00.435    38  6834 W keystore2: keystore2::watchdog: When extracting from a bug report, please include this header
08-09 11:51:00.435    38  6834 W keystore2: keystore2::watchdog: and all 1 records below.
08-09 11:51:00.437    38  6834 W keystore2: keystore2::watchdog: ThreadId(11) IKeystoreSecurityLevel::generateKey Pending: 5.19755485s Overdue 197.556694ms: SecurityLevel SecurityLevel(1)
08-09 11:51:00.437    38  6834 W keystore2: keystore2::watchdog: ### Keystore Watchdog report - END ###
08-09 11:51:01.649    38  6834 W keystore2: keystore2::watchdog: ### Keystore Watchdog report - BEGIN ###
08-09 11:51:01.649    38  6834 W keystore2: keystore2::watchdog: When extracting from a bug report, please include this header
08-09 11:51:01.649    38  6834 W keystore2: keystore2::watchdog: and all 2 records below.
08-09 11:51:01.649    38  6834 W keystore2: keystore2::watchdog: ThreadId(11) IKeystoreSecurityLevel::generateKey Pending: 6.411441109s Overdue 1.411442735s: SecurityLevel SecurityLevel(1)
08-09 11:51:01.649    38  6834 W keystore2: keystore2::watchdog: ThreadId(11) In KeystoreSecurityLevel::generate_key (No attestation): calling generate_key. Pending: 6.199596047s Overdue 1.19959661s: SecurityLevel SecurityLevel(1)
08-09 11:51:01.649    38  6834 W keystore2: keystore2::watchdog: ### Keystore Watchdog report - END ###
08-09 11:51:02.407   327   327 W Looper  : Slow dispatch took 1973ms main h=android.app.ActivityThread$H c=<recycled PooledLambda@8a1ce98> m=0
08-09 11:51:02.611   327   327 W Looper  : Slow dispatch took 204ms main h=android.os.Handler c=com.android.server.job.controllers.ContentObserverController$TriggerRunnable@6313c44 m=0
08-09 11:51:02.780   327   422 I WindowManager: ANR in Window{fb5b643 u0 com.google.android.gms/com.google.android.gms.auth.uiflows.minutemaid.MinuteMaidActivity}. Reason:fb5b643 com.google.android.gms/com.google.android.gms.auth.uiflows.minutemaid.MinuteMaidActivity (server) is not responding. Waited 5637ms for MotionEvent
08-09 11:51:02.782   327   327 W Looper  : Slow dispatch took 130ms main h=android.app.ActivityThread$H c=com.android.server.am.ActivityManagerService$$ExternalSyntheticLambda11@3eb912d m=0
08-09 11:51:03.008  2461  2461 W ActivityThread: getPackageInfo() called with an older ApplicationInfo than the cached version for package com.google.android.configupdater
08-09 11:51:03.906  6263  6263 V ActivityThread: getPackageInfo() caused update to cached ApplicationInfo for package com.google.android.gms
08-09 11:51:03.982   327  6243 E AppOps  : Bad call made by uid 10094. Package "com.google.android.gms" does not belong to uid 10094.
08-09 11:51:04.213   327  4411 D OomAdjuster: Not killing cached processes
08-09 11:51:04.326   327   361 W Looper  : Slow dispatch took 10435ms android.fg h=android.os.Handler c=com.android.server.om.OverlayManagerService$$ExternalSyntheticLambda1@9477fe3 m=0
08-09 11:51:04.332   327   361 W Looper  : Slow delivery took 1743ms android.fg h=android.os.Handler c=com.android.server.power.hint.HintManagerService$UidObserver$$ExternalSyntheticLambda1@8facde0 m=0
08-09 11:51:04.413   327  6237 E AppOps  : Bad call made by uid 10094. Package "com.google.android.gms" does not belong to uid 10094.
08-09 11:51:04.426   327  3961 E AppOps  : Bad call made by uid 10094. Package "com.google.android.gms" does not belong to uid 10094.
08-09 11:51:04.447   327   361 W Looper  : Slow dispatch took 115ms android.fg h=android.os.Handler c=com.android.server.om.IdmapDaemon$Connection$$ExternalSyntheticLambda0@2e741d1 m=0
08-09 11:51:04.591   327   361 W Looper  : Drained
08-09 11:51:04.622   327   364 W WindowManager: App freeze timeout expired.
08-09 11:51:04.622   327   364 W WindowManager: Force clearing freeze: ActivityRecord{d4b504e u0 com.google.android.gms/.auth.uiflows.minutemaid.MinuteMaidActivity} t36}
08-09 11:51:04.642   327   364 I WindowManager: Screen frozen for +9s332ms due to ActivityRecord{d4b504e u0 com.google.android.gms/.auth.uiflows.minutemaid.MinuteMaidActivity} t36}
08-09 11:51:04.684   327   358 W ActivityManager: stopServiceToken startId 1219 is last, but have 1 remaining args
08-09 11:51:06.165   327  1390 W ContentProviderHelper: Slow operation: 447ms so far, now at getContentProviderImpl: got app info for user
08-09 11:51:06.165   327  1390 W ContentProviderHelper: Slow operation: 447ms so far, now at getContentProviderImpl: before checkContentProviderPermission
08-09 11:51:06.166   327  1390 W ContentProviderHelper: Slow operation: 447ms so far, now at getContentProviderImpl: after checkContentProviderPermission
08-09 11:51:06.166   327  1390 W ContentProviderHelper: Slow operation: 447ms so far, now at getContentProviderImpl: before getProviderByClass
08-09 11:51:06.166   327  1390 W ContentProviderHelper: Slow operation: 447ms so far, now at getContentProviderImpl: after getProviderByClass
08-09 11:51:06.166   327  1390 W ContentProviderHelper: Slow operation: 447ms so far, now at getContentProviderImpl: before getApplicationInfo
08-09 11:51:06.166   327  1390 W ContentProviderHelper: Slow operation: 447ms so far, now at getContentProviderImpl: after getApplicationInfo
08-09 11:51:06.166   327  1390 W ContentProviderHelper: Slow operation: 447ms so far, now at getContentProviderImpl: now have ContentProviderRecord
08-09 11:51:06.166   327  1390 W ContentProviderHelper: Slow operation: 447ms so far, now at getContentProviderImpl: before set stopped state
08-09 11:51:06.166   327  1390 W ContentProviderHelper: Slow operation: 447ms so far, now at getContentProviderImpl: after set stopped state
