08-09 12:22:24.300  9219  9266 W PlayGamesServices[UiUtils]: AppVersionName: Cannot find the installed destination app.
08-09 12:22:24.318  9219 10225 I GamesModuleInfoProvider: Retrieved module info: GamesModuleInfo{version=262831001} [CONTEXT service_id=1 ]
08-09 12:22:24.342  9219 10065 D TrafficStats: tagSocket(213) with statsTag=0x4000e00, statsUid=10095
08-09 12:22:24.387  9219 10065 W Conscrypt: Could not set socket write timeout: java.net.SocketException: Socket closed
08-09 12:22:24.387  9219 10065 W Conscrypt: 	at com.google.android.gms.org.conscrypt.Platform.setSocketWriteTimeout(:com.google.android.gms@262831032@26.28.31 (190800-947936219):204)
08-09 12:22:24.387  9219 10065 W Conscrypt: 	at com.google.android.gms.org.conscrypt.ConscryptFileDescriptorSocket.setSoWriteTimeout(:com.google.android.gms@262831032@26.28.31 (190800-947936219):4)
08-09 12:22:24.398  9219  9219 W Choreographer: Frame time is 0.050256 ms in the future!  Check that graphics HAL is generating vsync timestamps using the correct timebase.
08-09 12:22:24.398 10086 10086 W Choreographer: Frame time is 0.056077 ms in the future!  Check that graphics HAL is generating vsync timestamps using the correct timebase.
08-09 12:22:24.464  9219 10065 W Conscrypt: Could not set socket write timeout: java.net.SocketException: Socket closed
08-09 12:22:24.464  9219 10065 W Conscrypt: 	at com.google.android.gms.org.conscrypt.Platform.setSocketWriteTimeout(:com.google.android.gms@262831032@26.28.31 (190800-947936219):204)
08-09 12:22:24.464  9219 10065 W Conscrypt: 	at com.google.android.gms.org.conscrypt.ConscryptFileDescriptorSocket.setSoWriteTimeout(:com.google.android.gms@262831032@26.28.31 (190800-947936219):4)
08-09 12:22:24.756   327   370 W system_server: Long monitor contention with owner batterystats-handler (376) at android.util.StatsEvent$Buffer android.util.StatsEvent$Buffer.obtain()(StatsEvent.java:856) waiters=0 in android.util.StatsEvent$Buffer android.util.StatsEvent$Buffer.obtain() for 371ms
08-09 12:22:24.833  9219  9266 W PlayGamesServices[UiUtils]: AppVersion: Cannot find the installed destination app.
08-09 12:22:24.833  9219  9266 W PlayGamesServices[UiUtils]: AppVersionName: Cannot find the installed destination app.
08-09 12:22:25.020 10086 10108 E AppSecurity: Kill Process ..........................[E10313]
08-09 12:22:25.269 10086 10095 I m.devsisters.ck: Background concurrent copying GC freed 78725(4993KB) AllocSpace objects, 59(21MB) LOS objects, 84% free, 4402KB/28MB, paused 143us,38us total 900.768ms
08-09 12:22:25.286 10086 10096 W JavaBinder: BinderProxy is being destroyed but the application did not call unlinkToDeath to unlink all of its death recipients beforehand.  Releasing leaked death recipient: com.google.android.play.core.assetpacks.internal.r
08-09 12:22:25.287 10086 10096 I BpBinder: onLastStrongRef automatically unlinking death recipients: <uncached descriptor>
08-09 12:22:25.289  9219  9290 I PlayOnPcPopupDecider: isEligible verdict: NOT_ELIGIBLE_PACKAGE_NOT_ALLOWED [CONTEXT service_id=1 ]
08-09 12:22:25.739  9219  9334 W gle.android.gms: Long monitor contention with owner highpool[0] (9248) at java.lang.Object m26.afhy.a()(:com.google.android.gms.optional_games@262831017@26.28.31 (100000-0):30) waiters=0 in java.lang.Object m26.afhy.a() for 449ms
08-09 12:22:25.756 10086 10108 D TrafficStats: tagSocket(5) with statsTag=0xffffffff, statsUid=-1
08-09 12:22:26.416 10086 10103 D TrafficStats: tagSocket(93) with statsTag=0xffffffff, statsUid=-1
08-09 12:22:26.451  9219  9219 W Choreographer: Frame time is 0.092735 ms in the future!  Check that graphics HAL is generating vsync timestamps using the correct timebase.
08-09 12:22:26.717 10086 10108 W AppSecurity: 5160796E717133216B646A6A6A6B6E2D23576C716C777D48673F293361663E3536643F2C363639622E313C3330283162333324673A613C6236646F3232356C2D23486C7270646E644A613321363D6B37613338332E3C6B3336283D32366724383B323F2C3467683737613F35623D6C31
08-09 12:22:26.767    83   156 V [minigbm:gbm_mesa_internals.cpp(382)]: Allocated: 1366x738, stride: 5632, map_stride: 5632
08-09 12:22:26.938   327  5966 I ActivityManager: Process com.devsisters.ck (pid 10086) has died: fg  TOP 
08-09 12:22:26.943   327   373 I libprocessgroup: Successfully killed process cgroup uid 10146 pid 10086 in 0ms
08-09 12:22:26.943   327  6240 I WindowManager: WIN DEATH: Window{6bbe0ab u0 com.devsisters.ck/com.devsisters.plugin.OvenUnityPlayerActivity}
08-09 12:22:26.944   327  6240 W InputManager-JNI: Input channel object '6bbe0ab com.devsisters.ck/com.devsisters.plugin.OvenUnityPlayerActivity (client)' was disposed without first being removed with the input manager!
08-09 12:22:26.944    73    73 I Zygote  : Process 10086 exited due to signal 9 (Killed)
08-09 12:22:26.951  1060  1060 D BoundBrokerSvc: onUnbind: Intent { act=com.google.android.gms.common.telemetry.service.START dat=chimera-action:/... cmp=com.google.android.gms/.chimera.PersistentApiService }
08-09 12:22:26.959   327   375 W libprocessgroup: Failed to open /dev/stune/top-app/cgroup.procs: No such file or directory
08-09 12:22:26.960   327   375 W libprocessgroup: Failed to open /dev/cpuset/top-app/cgroup.procs: No such file or directory
08-09 12:22:26.960   327   375 W libprocessgroup: Failed to open /dev/blkio//cgroup.procs: No such file or directory
08-09 12:22:26.966   327   362 V GameManagerService: Game power mode OFF (process remomved or state changed to background)
08-09 12:22:26.967  9219  9219 D BoundBrokerSvc: onUnbind: Intent { act=com.google.android.gms.appset.service.START dat=chimera-action:/... cmp=com.google.android.gms/.chimera.GmsApiService }
08-09 12:22:26.982  9219  9219 D BoundBrokerSvc: onUnbind: Intent { act=com.google.android.gms.measurement.START pkg=com.google.android.gms }
08-09 12:22:27.041   327   375 W libprocessgroup: Failed to open /dev/stune/top-app/cgroup.procs: No such file or directory
08-09 12:22:27.041   327   375 W libprocessgroup: Failed to open /dev/cpuset/top-app/cgroup.procs: No such file or directory
08-09 12:22:27.042   327   375 W libprocessgroup: Failed to open /dev/blkio//cgroup.procs: No such file or directory
08-09 12:22:27.249   327   364 W ActivityTaskManager: Activity top resumed state loss timeout for ActivityRecord{b3129fd u0 com.devsisters.ck/com.devsisters.plugin.OvenUnityPlayerActivity} t53 f} isExiting}
08-09 12:22:27.295  1532  1532 I A       : (REDACTED) onApplyWindowInsets: systemWindowInsets=%s
08-09 12:22:27.296  1532  1532 I A       : (REDACTED) onApplyWindowInsets: systemWindowInsets=%s
08-09 12:22:27.309   327   365 W WindowManager: Failed to deliver inset state change to w=Window{6bbe0ab u0 com.devsisters.ck/com.devsisters.plugin.OvenUnityPlayerActivity EXITING}
08-09 12:22:27.309   327   365 W WindowManager: android.os.DeadObjectException
08-09 12:22:27.309   327   365 W WindowManager: 	at android.os.BinderProxy.transactNative(Native Method)
08-09 12:22:27.309   327   365 W WindowManager: 	at android.os.BinderProxy.transact(BinderProxy.java:584)
08-09 12:22:27.309   327   365 W WindowManager: 	at android.view.IWindow$Stub$Proxy.insetsControlChanged(IWindow.java:473)
08-09 12:22:27.309   327   365 W WindowManager: 	at com.android.server.wm.WindowState.notifyInsetsControlChanged(WindowState.java:4043)
08-09 12:22:27.309   327   365 W WindowManager: 	at com.android.server.wm.InsetsStateController.lambda$notifyPendingInsetsControlChanged$4$com-android-server-wm-InsetsStateController(InsetsStateController.java:351)
08-09 12:22:27.309   327   365 W WindowManager: 	at com.android.server.wm.InsetsStateController$$ExternalSyntheticLambda2.run(Unknown Source:2)
08-09 12:22:27.309   327   365 W WindowManager: 	at com.android.server.wm.WindowAnimator.executeAfterPrepareSurfacesRunnables(WindowAnimator.java:345)
08-09 12:22:27.309   327   365 W WindowManager: 	at com.android.server.wm.WindowAnimator.animate(WindowAnimator.java:226)
08-09 12:22:27.309   327   365 W WindowManager: 	at com.android.server.wm.WindowAnimator.lambda$new$1$com-android-server-wm-WindowAnimator(WindowAnimator.java:106)
08-09 12:22:27.309   327   365 W WindowManager: 	at com.android.server.wm.WindowAnimator$$ExternalSyntheticLambda1.doFrame(Unknown Source:2)
08-09 12:22:27.309   327   365 W WindowManager: 	at android.view.Choreographer$CallbackRecord.run(Choreographer.java:1229)
08-09 12:22:27.309   327   365 W WindowManager: 	at android.view.Choreographer$CallbackRecord.run(Choreographer.java:1239)
08-09 12:22:27.309   327   365 W WindowManager: 	at android.view.Choreographer.doCallbacks(Choreographer.java:899)
08-09 12:22:27.309   327   365 W WindowManager: 	at android.view.Choreographer.doFrame(Choreographer.java:827)
08-09 12:22:27.309   327   365 W WindowManager: 	at android.view.Choreographer$FrameDisplayEventReceiver.run(Choreographer.java:1214)
08-09 12:22:27.309   327   365 W WindowManager: 	at android.os.Handler.handleCallback(Handler.java:942)
08-09 12:22:27.309   327   365 W WindowManager: 	at android.os.Handler.dispatchMessage(Handler.java:99)
08-09 12:22:27.309   327   365 W WindowManager: 	at android.os.Looper.loopOnce(Looper.java:201)
08-09 12:22:27.309   327   365 W WindowManager: 	at android.os.Looper.loop(Looper.java:288)
08-09 12:22:27.309   327   365 W WindowManager: 	at android.os.HandlerThread.run(HandlerThread.java:67)
08-09 12:22:27.309   327   365 W WindowManager: 	at com.android.server.ServiceThread.run(ServiceThread.java:44)
08-09 12:22:27.335   914  1492 E OpenGLRenderer: Unable to match the desired swap behavior.
08-09 12:22:27.345    83   156 V [minigbm:gbm_mesa_internals.cpp(382)]: Allocated: 1366x738, stride: 5504, map_stride: 0
08-09 12:22:27.348    83   156 V [minigbm:gbm_mesa_internals.cpp(382)]: Allocated: 1366x738, stride: 5504, map_stride: 0
08-09 12:22:27.349  1532  1732 E OpenGLRenderer: Unable to match the desired swap behavior.
08-09 12:22:27.351    83   156 V [minigbm:gbm_mesa_internals.cpp(382)]: Allocated: 1366x738, stride: 5504, map_stride: 0
08-09 12:22:27.362    83   156 V [minigbm:gbm_mesa_internals.cpp(382)]: Allocated: 1366x738, stride: 5504, map_stride: 0
08-09 12:22:27.366    83   156 V [minigbm:gbm_mesa_internals.cpp(382)]: Allocated: 1366x738, stride: 5504, map_stride: 0
08-09 12:22:27.372    83   156 V [minigbm:gbm_mesa_internals.cpp(382)]: Allocated: 1366x738, stride: 5504, map_stride: 0
08-09 12:22:27.401    83   156 V [minigbm:gbm_mesa_internals.cpp(382)]: Allocated: 1366x116, stride: 5632, map_stride: 5632
08-09 12:22:27.401  9219  9219 I [minigbm:gbm_mesa_internals.cpp(213)]: Using device /dev/dri/renderD128 as requested by gralloc.gbm.device
08-09 12:22:27.431   327  3961 D CoreBackPreview: Window{71c5fcb u0 com.google.android.gms}: Setting back callback null
08-09 12:22:27.431   327  3961 W InputManager-JNI: Input channel object '71c5fcb com.google.android.gms (client)' was disposed without first being removed with the input manager!
08-09 12:22:27.544   327  3961 D ConnectivityService: requestNetwork for uid/pid:10125/8597 asUid: 10120 activeRequest: null callbackRequest: 313 [NetworkRequest [ REQUEST id=314, [ Capabilities: INTERNET&NOT_RESTRICTED&TRUSTED&NOT_VCN_MANAGED Uid: 10120 RequestorUid: 10125 RequestorPkg: com.android.systemui UnderlyingNetworks: Null] ]] callback flags: 0 order: 2147483647
08-09 12:22:27.544   327   468 D EthernetNetworkFactory: eth0: onNetworkUnneeded for request: NetworkRequest [ REQUEST id=310, [ Capabilities: INTERNET&NOT_RESTRICTED&TRUSTED&NOT_VCN_MANAGED Uid: 10146 RequestorUid: 10125 RequestorPkg: com.android.systemui UnderlyingNetworks: Null] ]
08-09 12:22:27.545   327   469 D ConnectivityService: NetReassign [314 : null → 100]
08-09 12:22:27.545   327   468 D EthernetNetworkFactory: eth0: onNetworkNeeded for request: NetworkRequest [ REQUEST id=314, [ Capabilities: INTERNET&NOT_RESTRICTED&TRUSTED&NOT_VCN_MANAGED Uid: 10120 RequestorUid: 10125 RequestorPkg: com.android.systemui UnderlyingNetworks: Null] ]
08-09 12:22:27.545   327   468 D EthernetNetworkFactory: IpClient already started
08-09 12:22:27.546   661   661 D PhoneSwitcherNetworkRequstListener: got request NetworkRequest [ REQUEST id=314, [ Capabilities: INTERNET&NOT_RESTRICTED&TRUSTED&NOT_VCN_MANAGED Uid: 10120 RequestorUid: 10125 RequestorPkg: com.android.systemui UnderlyingNetworks: Null] ]
08-09 12:22:27.546   327   458 D UntrustedWifiNetworkFactory: got request NetworkRequest [ REQUEST id=314, [ Capabilities: INTERNET&NOT_RESTRICTED&TRUSTED&NOT_VCN_MANAGED Uid: 10120 RequestorUid: 10125 RequestorPkg: com.android.systemui UnderlyingNetworks: Null] ]
08-09 12:22:27.546   327   458 D OemPaidWifiNetworkFactory: got request NetworkRequest [ REQUEST id=314, [ Capabilities: INTERNET&NOT_RESTRICTED&TRUSTED&NOT_VCN_MANAGED Uid: 10120 RequestorUid: 10125 RequestorPkg: com.android.systemui UnderlyingNetworks: Null] ]
08-09 12:22:27.547   327   458 D MultiInternetWifiNetworkFactory: got request NetworkRequest [ REQUEST id=314, [ Capabilities: INTERNET&NOT_RESTRICTED&TRUSTED&NOT_VCN_MANAGED Uid: 10120 RequestorUid: 10125 RequestorPkg: com.android.systemui UnderlyingNetworks: Null] ]
08-09 12:22:27.593   914   942 D QuickstepModelDelegate: notifyAppTargetEvent action=1 launchLocation=workspace/0/[-1,-1]/[1,1]
08-09 12:22:27.624  9219  9219 D BoundBrokerSvc: onBind: Intent { act=com.google.android.gms.inappreach.service.START dat=chimera-action:/... cmp=com.google.android.gms/.chimera.GmsApiService }
08-09 12:22:27.624  9219  9219 D BoundBrokerSvc: Loading bound service for intent: Intent { act=com.google.android.gms.inappreach.service.START dat=chimera-action:/... cmp=com.google.android.gms/.chimera.GmsApiService }
08-09 12:22:27.725  1308  1308 I HdmBroadcastRecvUpd: (REDACTED) received broadcast: %s
08-09 12:22:27.779  1308  1764 I HdmHotwordRequestListen: (REDACTED) received broadcast: %s
08-09 12:22:27.779  1532  1532 I A       : (REDACTED) onApplyWindowInsets: systemWindowInsets=%s
08-09 12:22:27.779  1532  1532 I A       : (REDACTED) onApplyWindowInsets: systemWindowInsets=%s
08-09 12:22:27.782  1308  1764 I SodaTriggeringFrontend: (REDACTED) #onConfigUpdate. requester: %s
08-09 12:22:27.801  1308  1765 I SodaTriggeringFrontend: #onConfigUpdate inside sequencer
08-09 12:22:27.806  1308  1765 I A       : (REDACTED) Voice Match (Speaker-id) supported : %b 
08-09 12:22:27.812  1308  1765 I A       : (REDACTED) hotword enrollment state is enrolled:  %b, speakerId model exist: %b. Voice Match supported : %b 
08-09 12:22:27.816  1308  1765 I A       : (REDACTED) isHotwordAvailable():  %b, isHotwordEnabled() %b 
08-09 12:22:27.817  1308  1765 I A       : (REDACTED) isHotwordAvailable():  %b, isHotwordEnabled() %b 
08-09 12:22:27.820  1308  1765 I A       : (REDACTED) Hotword enrollment state : %s.
08-09 12:22:27.826  1308  1765 I A       : (REDACTED) Voice Match (Speaker-id) supported : %b 
08-09 12:22:27.827  1308  1765 I A       : (REDACTED) Voice Match (Speaker-id) supported : %b 
08-09 12:22:27.827  1308  1765 I A       : (REDACTED) hotword enrollment state is enrolled:  %b, speakerId model exist: %b, voice match supported : %b
08-09 12:22:27.829  1308  1765 I A       : (REDACTED) Hotword isNonVoiceMatchHotwordEnabled: %b, isHotwordAvailable : %b, isHotwordEnabled : %b, isVoiceMatchSupported: %b, isHotwordEnrolled: %b.
08-09 12:22:27.833  1308  1765 I SodaTriggeringFrontend: (REDACTED) Ignore the legacy hotword request. voice match enabled %b, isHotwordSupported %b, isIncompleteEnrollmentState %b, nonVoiceMatchHotwordEnabled %b
08-09 12:22:27.985   327   365 W WindowManager: Failed to deliver inset state change to w=Window{6bbe0ab u0 com.devsisters.ck/com.devsisters.plugin.OvenUnityPlayerActivity EXITING}
08-09 12:22:27.985   327   365 W WindowManager: android.os.DeadObjectException
08-09 12:22:27.985   327   365 W WindowManager: 	at android.os.BinderProxy.transactNative(Native Method)
08-09 12:22:27.985   327   365 W WindowManager: 	at android.os.BinderProxy.transact(BinderProxy.java:584)
08-09 12:22:27.985   327   365 W WindowManager: 	at android.view.IWindow$Stub$Proxy.insetsControlChanged(IWindow.java:473)
08-09 12:22:27.985   327   365 W WindowManager: 	at com.android.server.wm.WindowState.notifyInsetsControlChanged(WindowState.java:4043)
08-09 12:22:27.985   327   365 W WindowManager: 	at com.android.server.wm.InsetsStateController.lambda$notifyPendingInsetsControlChanged$4$com-android-server-wm-InsetsStateController(InsetsStateController.java:351)
08-09 12:22:27.985   327   365 W WindowManager: 	at com.android.server.wm.InsetsStateController$$ExternalSyntheticLambda2.run(Unknown Source:2)
08-09 12:22:27.985   327   365 W WindowManager: 	at com.android.server.wm.WindowAnimator.executeAfterPrepareSurfacesRunnables(WindowAnimator.java:345)
08-09 12:22:27.985   327   365 W WindowManager: 	at com.android.server.wm.RootWindowContainer.performSurfacePlacementNoTrace(RootWindowContainer.java:835)
08-09 12:22:27.985   327   365 W WindowManager: 	at com.android.server.wm.RootWindowContainer.performSurfacePlacement(RootWindowContainer.java:779)
08-09 12:22:27.985   327   365 W WindowManager: 	at com.android.server.wm.WindowSurfacePlacer.performSurfacePlacementLoop(WindowSurfacePlacer.java:177)
08-09 12:22:27.985   327   365 W WindowManager: 	at com.android.server.wm.WindowSurfacePlacer.performSurfacePlacement(WindowSurfacePlacer.java:126)
08-09 12:22:27.985   327   365 W WindowManager: 	at com.android.server.wm.WindowSurfacePlacer.performSurfacePlacement(WindowSurfacePlacer.java:115)
08-09 12:22:27.985   327   365 W WindowManager: 	at com.android.server.wm.WindowSurfacePlacer$Traverser.run(WindowSurfacePlacer.java:57)
08-09 12:22:27.985   327   365 W WindowManager: 	at android.os.Handler.handleCallback(Handler.java:942)
08-09 12:22:27.985   327   365 W WindowManager: 	at android.os.Handler.dispatchMessage(Handler.java:99)
08-09 12:22:27.985   327   365 W WindowManager: 	at android.os.Looper.loopOnce(Looper.java:201)
08-09 12:22:27.985   327   365 W WindowManager: 	at android.os.Looper.loop(Looper.java:288)
08-09 12:22:27.985   327   365 W WindowManager: 	at android.os.HandlerThread.run(HandlerThread.java:67)
08-09 12:22:27.985   327   365 W WindowManager: 	at com.android.server.ServiceThread.run(ServiceThread.java:44)
08-09 12:22:28.044    99   190 W TransactionTracing: Could not find layer handle 0x7f16aa03a950
08-09 12:22:28.108   327   357 W WindowManager: Exception thrown during dispatchAppVisibility Window{6bbe0ab u0 com.devsisters.ck/com.devsisters.plugin.OvenUnityPlayerActivity EXITING}
08-09 12:22:28.108   327   357 W WindowManager: android.os.DeadObjectException
08-09 12:22:28.108   327   357 W WindowManager: 	at android.os.BinderProxy.transactNative(Native Method)
08-09 12:22:28.108   327   357 W WindowManager: 	at android.os.BinderProxy.transact(BinderProxy.java:584)
08-09 12:22:28.108   327   357 W WindowManager: 	at android.view.IWindow$Stub$Proxy.dispatchAppVisibility(IWindow.java:536)
08-09 12:22:28.108   327   357 W WindowManager: 	at com.android.server.wm.WindowState.sendAppVisibilityToClients(WindowState.java:3498)
08-09 12:22:28.108   327   357 W WindowManager: 	at com.android.server.wm.WindowContainer.sendAppVisibilityToClients(WindowContainer.java:1234)
08-09 12:22:28.108   327   357 W WindowManager: 	at com.android.server.wm.WindowToken.setClientVisible(WindowToken.java:392)
08-09 12:22:28.108   327   357 W WindowManager: 	at com.android.server.wm.ActivityRecord.setClientVisible(ActivityRecord.java:6847)
08-09 12:22:28.108   327   357 W WindowManager: 	at com.android.server.wm.ActivityRecord.onAnimationFinished(ActivityRecord.java:7669)
08-09 12:22:28.108   327   357 W WindowManager: 	at com.android.server.wm.WindowContainer.doAnimationFinished(WindowContainer.java:3397)
08-09 12:22:28.108   327   357 W WindowManager: 	at com.android.server.wm.WindowContainer.onAnimationFinished(WindowContainer.java:3409)
08-09 12:22:28.108   327   357 W WindowManager: 	at com.android.server.wm.WindowContainer$$ExternalSyntheticLambda4.onAnimationFinished(Unknown Source:2)
08-09 12:22:28.108   327   357 W WindowManager: 	at com.android.server.wm.SurfaceAnimator.lambda$getFinishedCallback$0$com-android-server-wm-SurfaceAnimator(SurfaceAnimator.java:133)
08-09 12:22:28.108   327   357 W WindowManager: 	at com.android.server.wm.SurfaceAnimator$$ExternalSyntheticLambda1.run(Unknown Source:8)
08-09 12:22:28.108   327   357 W WindowManager: 	at com.android.server.wm.SurfaceAnimator.lambda$getFinishedCallback$1$com-android-server-wm-SurfaceAnimator(SurfaceAnimator.java:143)
08-09 12:22:28.108   327   357 W WindowManager: 	at com.android.server.wm.SurfaceAnimator$$ExternalSyntheticLambda0.onAnimationFinished(Unknown Source:4)
08-09 12:22:28.108   327   357 W WindowManager: 	at com.android.server.wm.RemoteAnimationController.onAnimationFinished(RemoteAnimationController.java:316)
08-09 12:22:28.108   327   357 W WindowManager: 	at com.android.server.wm.RemoteAnimationController.-$$Nest$monAnimationFinished(Unknown Source:0)
08-09 12:22:28.108   327   357 W WindowManager: 	at com.android.server.wm.RemoteAnimationController$FinishedCallback.onAnimationFinished(RemoteAnimationController.java:432)
08-09 12:22:28.108   327   357 W WindowManager: 	at android.view.IRemoteAnimationFinishedCallback$Stub.onTransact(IRemoteAnimationFinishedCallback.java:89)
08-09 12:22:28.108   327   357 W WindowManager: 	at android.os.Binder.execTransactInternal(Binder.java:1285)
08-09 12:22:28.108   327   357 W WindowManager: 	at android.os.Binder.execTransact(Binder.java:1244)
08-09 12:22:28.108   327   357 I Process : Sending signal. PID: 10086 SIG: 9
08-09 12:22:28.118    77   169 I hwcomposer: uninhibiting sleep for Waydroid#0
08-09 12:22:28.121   327   364 W ActivityManager: setHasOverlayUi called on unknown pid: 10086
08-09 12:22:28.135    99   190 W TransactionTracing: Could not find layer handle 0x7f16aa03f7b0
08-09 12:22:28.136    99    99 E ClientCache: failed to get buffer, invalid process token
08-09 12:22:28.136    99    99 E BpTransactionCompletedListener: Failed to transact (-32)
08-09 12:22:33.826   327   327 W WindowManager: removeWindowToken: Attempted to remove non-existing token: android.os.Binder@3f20e60
08-09 12:22:53.904   327   327 D CompatibilityChangeReporter: Compat change id reported: 135634846; UID 10146; state: DISABLED
08-09 12:22:53.905   327   327 D CompatibilityChangeReporter: Compat change id reported: 177438394; UID 10146; state: DISABLED
08-09 12:22:53.905   327   327 D CompatibilityChangeReporter: Compat change id reported: 135772972; UID 10146; state: DISABLED
08-09 12:22:53.906   327   327 D CompatibilityChangeReporter: Compat change id reported: 135754954; UID 10146; state: ENABLED
08-09 12:22:53.907   327   372 D CompatibilityChangeReporter: Compat change id reported: 143937733; UID 10146; state: ENABLED
08-09 12:22:53.909  8911  8911 I Finsky  : [2] SCH: job service start with id 9916.
08-09 12:22:53.928    73    73 D Zygote  : Forked child process 10266
08-09 12:22:53.930   327   372 I ActivityManager: Start proc 10266:com.devsisters.ck/u0a146 for service {com.devsisters.ck/com.google.android.datatransport.runtime.scheduling.jobscheduling.JobInfoSchedulerService}
08-09 12:22:53.933  8911 10267 I Finsky  : [245] SCH: Satisfied jobs for 9916 are: 16-16161616
08-09 12:22:53.937  9219 10265 I ChimeraConfigurator: Starting update, reason: 4 urgentFeatures: vision.ocr:-1
08-09 12:22:53.947  8911 10264 I Finsky  : [244] SCH: Job 16-16161616 starting
08-09 12:22:53.947  8911  8911 I Finsky  : [2] WM::SCH: Logging work start for 16-16161616
08-09 12:22:53.953 10266 10266 E libprocessgroup: Failed to make and chown /sys/fs/cgroup/uid_10146: Read-only file system
08-09 12:22:53.953 10266 10266 W Zygote  : createProcessGroup failed, kernel missing CONFIG_CGROUP_CPUACCT?
08-09 12:22:53.955  8911 10268 I Finsky  : [246] Flushing event logs for [CqSZN7CHRnTYEolwmyFWnk9UXyD_XC1iYcoDtPOkSow]
08-09 12:22:53.955  8911 10268 I Finsky  : [246] Flushing event logs for [45Pvc91GNa9dn8vA9B6jLua00wvNh2dBsJSCNR91PHA]
08-09 12:22:53.956  8911  8960 I PlayCommon: [64] Preparing logs for uploading
08-09 12:22:53.956   327  6240 D FakeWifi: Faking wifi for com.android.vending
08-09 12:22:53.957   327  6240 D FakeWifi: Faking wifi for com.android.vending
08-09 12:22:53.958  8911  8960 D FakeWifi: Faking wifi for com.android.vending
08-09 12:22:53.958  8911  8960 D FakeWifi: Faking wifi for com.android.vending
08-09 12:22:53.958  8911  8960 D FakeWifi: Faking wifi for com.android.vending
08-09 12:22:53.958  8911  8960 D FakeWifi: Faking wifi for com.android.vending
08-09 12:22:53.959  8911  8960 D FakeWifi: Faking wifi for com.android.vending
08-09 12:22:53.962 10266 10266 W m.devsisters.ck: Unexpected CPU variant for x86: x86_64.
08-09 12:22:53.962 10266 10266 W m.devsisters.ck: Known variants: atom, sandybridge, silvermont, kabylake, default
08-09 12:22:53.963 10266 10266 I houdini : [10266] Houdini now in android app mode
08-09 12:22:53.963 10266 10266 I houdini : [10266] Intel Bridge Technology for Google Play Games on Windows Only, Copyright(C) Intel Corp. 2012-2025.
08-09 12:22:53.963 10266 10266 I houdini : [10266] Use permitted only under a valid commercial software license agreement - all other rights reserved.
08-09 12:22:53.963 10266 10266 I houdini : [10266] Initialize library(version: 14.0.0_z.GoogleGame_com1.2 RELEASE)... successfully.
08-09 12:22:53.966  8911  8960 I PlayCommon: [64] Connecting to server: https://play.googleapis.com/play/log?format=raw&proto_v2=true
08-09 12:22:53.971 10266 10266 E m.devsisters.ck: Not starting debugger since process cannot load the jdwp agent.
08-09 12:22:53.985   327  3961 D CompatibilityChangeReporter: Compat change id reported: 168419799; UID 10146; state: DISABLED
08-09 12:22:53.985   327  3961 D CompatibilityChangeReporter: Compat change id reported: 273564678; UID 10146; state: DISABLED
08-09 12:22:53.994 10266 10266 D CompatibilityChangeReporter: Compat change id reported: 171979766; UID 10146; state: ENABLED
08-09 12:22:54.009  9219 10265 I ChimeraConfigurator: Detected pending changes for urgent request: [vision.ocr]. Pending module sets: container:2628319190800+mlkit.ocr.common+tflite_dynamite+vision.ocr
08-09 12:22:54.037  9219 10265 D FakeWifi: Faking wifi for com.google.android.gms
08-09 12:22:54.043 10266 10266 W ziparchive: Unable to open '/data/app/~~LvDFVRQpKmGrD4mAbAAJIA==/com.devsisters.ck-JJ4TYgXvKtvwFHpTH244oA==/split_UnityDataAssetPack.dm': No such file or directory
08-09 12:22:54.043 10266 10266 W ziparchive: Unable to open '/data/app/~~LvDFVRQpKmGrD4mAbAAJIA==/com.devsisters.ck-JJ4TYgXvKtvwFHpTH244oA==/split_UnityDataAssetPack.dm': No such file or directory
08-09 12:22:54.043 10266 10266 W m.devsisters.ck: Entry not found
08-09 12:22:54.044 10266 10266 W ziparchive: Unable to open '/data/app/~~LvDFVRQpKmGrD4mAbAAJIA==/com.devsisters.ck-JJ4TYgXvKtvwFHpTH244oA==/split_config.arm64_v8a.dm': No such file or directory
08-09 12:22:54.044 10266 10266 W ziparchive: Unable to open '/data/app/~~LvDFVRQpKmGrD4mAbAAJIA==/com.devsisters.ck-JJ4TYgXvKtvwFHpTH244oA==/split_config.arm64_v8a.dm': No such file or directory
08-09 12:22:54.044 10266 10266 W m.devsisters.ck: Entry not found
08-09 12:22:54.059  8911  9029 I Finsky  : [113] Module info request for [{MlkitOcrCommon.optional:262831100800:}] modules from package com.google.android.gms v=262831032 hasAccount:true authEnabled:false
08-09 12:22:54.063  8911  9029 D FakeWifi: Faking wifi for com.google.android.gsf
08-09 12:22:54.063  8911  9029 D FakeWifi: Faking wifi for com.google.android.gsf
08-09 12:22:54.065  8911  8957 D FakeWifi: Faking wifi for com.android.vending
08-09 12:22:54.065  8911  8957 D FakeWifi: Faking wifi for com.android.vending
08-09 12:22:54.084  8911  8960 D TrafficStats: tagSocket(139) with statsTag=0x6900, statsUid=-1
08-09 12:22:54.145  9219  9227 W gle.android.gms: Cleared Reference was only reachable from finalizer (only reported once)
08-09 12:22:54.154  9219  9227 I gle.android.gms: Background concurrent copying GC freed 386040(17MB) AllocSpace objects, 46(3460KB) LOS objects, 66% free, 15MB/45MB, paused 44us,46us total 114.476ms
08-09 12:22:54.165  8911  8911 I Finsky  : [2] Received response for moduleDelivery with status=4
08-09 12:22:54.170  9219 10265 E DynamicModuleDownloader: Zapp module request failed: 1,4
08-09 12:22:54.170  9219 10265 W ZappDownloader: No successful Zapp module downloads for requested modules [MlkitOcrCommon.optional:262831100800:permitMetered].
08-09 12:22:54.170  9219 10265 I GmsDebugLogger: [30] [MlkitOcrCommon.optional:262831100800]
08-09 12:22:54.180  9219 10265 W ChimeraConfigService: Retry attempt was throttled. [CONTEXT service_id=264 ]
08-09 12:22:54.180  9219 10265 I GmsDebugLogger: [83] 1 [vision.ocr]
08-09 12:22:54.186  9219 10262 W Vision  : Request for optional module download of ocr failed. Request again.
08-09 12:22:54.186  9219 10262 W Vision  : Would have logged:
08-09 12:22:54.186  9219 10262 W Vision  : # iuph@37884fe7
08-09 12:22:54.186  9219 10262 I Vision  : Schedule retrying download ocr at 61529364 with backoff 1280 seconds
08-09 12:22:54.199  8911  8960 I PlayCommon: [64] Successfully uploaded logs.
08-09 12:22:54.243  4472  4472 I Endpoint: (REDACTED) Created gRPC endpoint for service %s
08-09 12:22:54.301  4747  4747 I Endpoint: (REDACTED) Created gRPC endpoint for service %s
08-09 12:22:54.353  8911  8941 I Finsky  : [48] playLoggingServerUrl: https://play.googleapis.com/play/log
08-09 12:22:54.353  8911  8941 I Finsky  : [48] playLoggingServerTimestampUrl: https://play.googleapis.com/play/log/timestamp
08-09 12:22:54.357  8911 10268 I Finsky  : [246] SCH: jobFinished: 16-16161616. TimeElapsed: 410ms.
08-09 12:22:54.357  8911 10268 I Finsky  : [246] WM::SCH: Logging work end for 16-16161616
08-09 12:22:54.367  8911  8947 I Finsky  : [54] SCH: Scheduling phonesky job Id: 26-1414141414, CT: 1786250866711, Constraints: [{ L: 43045169, D: 43945169, C: CHARGING_NONE, I: IDLE_NONE, N: NET_NONE, B: BATTERY_ANY }]
08-09 12:22:54.374 10266 10266 I AppSecurity: BUILD VERSION : 3.2.0.0
08-09 12:22:54.375  8911  8945 I Finsky  : [52] SCH: Scheduling 1 system job(s)
08-09 12:22:54.376  8911  8945 I Finsky  : [52] SCH: Scheduling system job Id: 9960, L: 40937505, D: 41837505, C: false, I: false, N: 0
08-09 12:22:54.386  8911 10264 I Finsky  : [244] SCH: job service finished with id 9916.
08-09 12:22:59.847 10266 10266 W m.devsisters.ck: JIT profile information will not be recorded: profile file does not exist.
08-09 12:22:59.847 10266 10266 W m.devsisters.ck: JIT profile information will not be recorded: profile file does not exist.
08-09 12:22:59.858 10266 10266 V GraphicsEnvironment: ANGLE Developer option for 'com.devsisters.ck' set to: 'default'
08-09 12:22:59.859 10266 10266 V GraphicsEnvironment: ANGLE GameManagerService for com.devsisters.ck: false
08-09 12:22:59.859 10266 10266 V GraphicsEnvironment: Neither updatable production driver nor prerelease driver is supported.
08-09 12:22:59.863 10266 10266 D NetworkSecurityConfig: No Network Security Config specified, using platform default
08-09 12:22:59.864 10266 10266 D NetworkSecurityConfig: No Network Security Config specified, using platform default
08-09 12:22:59.932   327  1378 W PackageConfigPersister: App-specific configuration not found for packageName: com.devsisters.ck and userId: 0
08-09 12:22:59.976 10266 10266 D CompatibilityChangeReporter: Compat change id reported: 183155436; UID 10146; state: ENABLED
08-09 12:22:59.978 10266 10266 D SessionsDependencies: Dependency to CRASHLYTICS added.
08-09 12:22:59.979 10266 10266 I FirebaseApp: Device unlocked: initializing all Firebase APIs for app [DEFAULT]
08-09 12:22:59.985 10266 10266 D FirebaseSessions: Initializing Firebase Sessions SDK.
08-09 12:23:00.000 10266 10266 I FirebaseCrashlytics: Initializing Firebase Crashlytics 19.4.2 for com.devsisters.ck
08-09 12:23:00.011 10266 10266 D SessionsDependencies: Subscriber CRASHLYTICS registered.
08-09 12:23:00.023 10266 10312 D LifecycleServiceBinder: Binding service to application.
08-09 12:23:00.042 10266 10266 I FirebaseInitProvider: FirebaseApp initialization successful
08-09 12:23:00.043 10266 10310 W m.devsisters.ck: ClassLoaderContext classpath size mismatch. expected=17, found=0 (DLC[];PCL[base.apk*2023022054:base.apk!classes2.dex*3508579478:base.apk!classes3.dex*353133004:base.apk!classes4.dex*665109585:base.apk!classes5.dex*1067433331:base.apk!classes6.dex*678549858:base.apk!classes7.dex*3541901023:base.apk!classes8.dex*1664458205:base.apk!classes9.dex*3558794863:base.apk!classes10.dex*2941766442:base.apk!classes11.dex*1973359216:base.apk!classes12.dex*1916994002:base.apk!classes13.dex*394565547:base.apk!classes14.dex*3895911718:base.apk!classes15.dex*2900514514:base.apk!classes16.dex*2291897002:base.apk!classes17.dex*791744086]{PCL[/system/framework/org.apache.http.legacy.jar*3751013904]#PCL[/system/framework/com.android.location.provider.jar*1318803953]#PCL[/system/framework/com.android.media.remotedisplay.jar*3508004919]#PCL[/system_ext/framework/androidx.window.extensions.jar*1341008790]#PCL[/system_ext/framework/androidx.window.sidecar.jar*498821022]} | DLC[];PCL[])
08-09 12:23:00.054 10266 10310 I DynamiteModule: Considering local module com.google.android.gms.measurement.dynamite:141 and remote module com.google.android.gms.measurement.dynamite:201
08-09 12:23:00.054 10266 10310 I DynamiteModule: Selected remote version of com.google.android.gms.measurement.dynamite, version >= 201
08-09 12:23:00.054 10266 10310 V DynamiteModule: Dynamite loader version >= 2, using loadModule2NoCrashUtils
08-09 12:23:00.067 10266 10266 D WM-WrkMgrInitializer: Initializing WorkManager with default configuration.
08-09 12:23:00.080 10266 10319 I FirebaseCrashlytics: No version control information found
08-09 12:23:00.083 10266 10322 I DynamiteModule: Considering local module com.google.android.gms.cronet_dynamite:0 and remote module com.google.android.gms.cronet_dynamite:4911
08-09 12:23:00.083 10266 10322 I DynamiteModule: Selected remote version of com.google.android.gms.cronet_dynamite, version >= 4911
08-09 12:23:00.083 10266 10322 V DynamiteModule: Dynamite loader version >= 2, using loadModule2NoCrashUtils
08-09 12:23:00.083 10266 10310 W System  : ClassLoader referenced unknown path: 
08-09 12:23:00.108 10266 10323 D CompatibilityChangeReporter: Compat change id reported: 160794467; UID 10146; state: ENABLED
08-09 12:23:00.160 10266 10335 W com.facebook.internal.NativeProtocol: Apps that target Android API 30+ (Android 11+) cannot call Facebook native apps unless the package visibility needs are declared. Please follow https://developers.facebook.com/docs/android/troubleshooting/#faq_267321845055988 to make the declaration.
08-09 12:23:00.176 10266 10310 W m.devsisters.ck: ClassLoaderContext classpath size mismatch. expected=17, found=9 (DLC[];PCL[base.apk*2023022054:base.apk!classes2.dex*3508579478:base.apk!classes3.dex*353133004:base.apk!classes4.dex*665109585:base.apk!classes5.dex*1067433331:base.apk!classes6.dex*678549858:base.apk!classes7.dex*3541901023:base.apk!classes8.dex*1664458205:base.apk!classes9.dex*3558794863:base.apk!classes10.dex*2941766442:base.apk!classes11.dex*1973359216:base.apk!classes12.dex*1916994002:base.apk!classes13.dex*394565547:base.apk!classes14.dex*3895911718:base.apk!classes15.dex*2900514514:base.apk!classes16.dex*2291897002:base.apk!classes17.dex*791744086]{PCL[/system/framework/org.apache.http.legacy.jar*3751013904]#PCL[/system/framework/com.android.location.provider.jar*1318803953]#PCL[/system/framework/com.android.media.remotedisplay.jar*3508004919]#PCL[/system_ext/framework/androidx.window.extensions.jar*1341008790]#PCL[/system_ext/framework/androidx.window.sidecar.jar*498821022]} | DLC[];PCL[/data/app/~~LvDFVRQpKmGrD4mAbAAJIA==/com.devsisters.ck-JJ4TYgXvKtvwFHpTH244oA==/base.apk*1920479069:/data/app/~~LvDFVRQpKmGrD4mAbAAJIA==/com.devsisters.ck-JJ4TYgXvKtvwFHpTH244oA==/base.apk!classes2.dex*1848582875:/data/app/~~LvDFVRQpKmGrD4mAbAAJIA==/com.devsisters.ck-JJ4TYgXvKtvwFHpTH244oA==/base.apk!classes3.dex*1388050400:/data/app/~~LvDFVRQpKmGrD4mAbAAJIA==/com.devsisters.ck-JJ4TYgXvKtvwFHpTH244oA==/base.apk!classes4.dex*141736960:/data/app/~~LvDFVRQpKmGrD4mAbAAJIA==/com.devsisters.ck-JJ4TYgXvKtvwFHpTH244oA==/base.apk!classes5.dex*4063961438:/data/app/~~LvDFVRQpKmGrD4mAbAAJIA==/com.devsisters.ck-JJ4TYgXvKtvwFHpTH244oA==/base.apk!classes6.dex*3392167062:/data/app/~~LvDFVRQpKmGrD4mAbAAJIA==/com.devsisters.ck-JJ4TYgXvKtvwFHpTH244oA==/base.apk!classes7.dex*630342073:/data/app/~~LvDFVRQpKmGrD4mAbAAJIA==/com.devsisters.ck-JJ4TYgXvKtvwFHpTH244oA==/base.apk!classes8.dex*188543720:/data/app/~~LvDFVRQpKmGrD4mAbAAJIA==/com.devsisters.ck-JJ4TYgXvKtvwFHpTH244oA==/base.apk!classes9.dex*779496156]{PCL[/system/framework/org.apache.http.legacy.jar*3751013904]})
08-09 12:23:00.220 10266 10310 I m.devsisters.ck: Waiting for a blocking GC ClassLinker
08-09 12:23:00.242 10266 10310 I m.devsisters.ck: WaitForGcToComplete blocked ClassLinker on Background for 22.086ms
08-09 12:23:00.253 10266 10322 W m.devsisters.ck: ClassLoaderContext classpath size mismatch. expected=17, found=9 (DLC[];PCL[base.apk*2023022054:base.apk!classes2.dex*3508579478:base.apk!classes3.dex*353133004:base.apk!classes4.dex*665109585:base.apk!classes5.dex*1067433331:base.apk!classes6.dex*678549858:base.apk!classes7.dex*3541901023:base.apk!classes8.dex*1664458205:base.apk!classes9.dex*3558794863:base.apk!classes10.dex*2941766442:base.apk!classes11.dex*1973359216:base.apk!classes12.dex*1916994002:base.apk!classes13.dex*394565547:base.apk!classes14.dex*3895911718:base.apk!classes15.dex*2900514514:base.apk!classes16.dex*2291897002:base.apk!classes17.dex*791744086]{PCL[/system/framework/org.apache.http.legacy.jar*3751013904]#PCL[/system/framework/com.android.location.provider.jar*1318803953]#PCL[/system/framework/com.android.media.remotedisplay.jar*3508004919]#PCL[/system_ext/framework/androidx.window.extensions.jar*1341008790]#PCL[/system_ext/framework/androidx.window.sidecar.jar*498821022]} | DLC[];PCL[/data/app/~~LvDFVRQpKmGrD4mAbAAJIA==/com.devsisters.ck-JJ4TYgXvKtvwFHpTH244oA==/base.apk*1920479069:/data/app/~~LvDFVRQpKmGrD4mAbAAJIA==/com.devsisters.ck-JJ4TYgXvKtvwFHpTH244oA==/base.apk!classes2.dex*1848582875:/data/app/~~LvDFVRQpKmGrD4mAbAAJIA==/com.devsisters.ck-JJ4TYgXvKtvwFHpTH244oA==/base.apk!classes3.dex*1388050400:/data/app/~~LvDFVRQpKmGrD4mAbAAJIA==/com.devsisters.ck-JJ4TYgXvKtvwFHpTH244oA==/base.apk!classes4.dex*141736960:/data/app/~~LvDFVRQpKmGrD4mAbAAJIA==/com.devsisters.ck-JJ4TYgXvKtvwFHpTH244oA==/base.apk!classes5.dex*4063961438:/data/app/~~LvDFVRQpKmGrD4mAbAAJIA==/com.devsisters.ck-JJ4TYgXvKtvwFHpTH244oA==/base.apk!classes6.dex*3392167062:/data/app/~~LvDFVRQpKmGrD4mAbAAJIA==/com.devsisters.ck-JJ4TYgXvKtvwFHpTH244oA==/base.apk!classes7.dex*630342073:/data/app/~~LvDFVRQpKmGrD4mAbAAJIA==/com.devsisters.ck-JJ4TYgXvKtvwFHpTH244oA==/base.apk!classes8.dex*188543720:/data/app/~~LvDFVRQpKmGrD4mAbAAJIA==/com.devsisters.ck-JJ4TYgXvKtvwFHpTH244oA==/base.apk!classes9.dex*779496156]{PCL[/system/framework/org.apache.http.legacy.jar*3751013904]})
08-09 12:23:00.255 10266 10310 I m.devsisters.ck: Waiting for a blocking GC ClassLinker
08-09 12:23:00.256 10266 10322 I m.devsisters.ck: Waiting for a blocking GC ClassLinker
08-09 12:23:00.281 10266 10324 I m.devsisters.ck: Waiting for a blocking GC ClassLinker
08-09 12:23:00.299 10266 10310 I m.devsisters.ck: WaitForGcToComplete blocked ClassLinker on Background for 43.379ms
08-09 12:23:00.299 10266 10322 I m.devsisters.ck: Waiting for a blocking GC ClassLinker
08-09 12:23:00.299 10266 10324 I m.devsisters.ck: Waiting for a blocking GC ClassLinker
08-09 12:23:00.300 10266 10322 I m.devsisters.ck: WaitForGcToComplete blocked ClassLinker on ClassLinker for 43.637ms
08-09 12:23:00.301 10266 10324 I m.devsisters.ck: WaitForGcToComplete blocked ClassLinker on ClassLinker for 20.316ms
08-09 12:23:00.305 10266 10324 D FBAudienceNetwork: SDK dex loading time: 201
08-09 12:23:00.339  1060  8547 I PhenotypeResourceReader: unable to find any Phenotype resource metadata for com.devsisters.ck
08-09 12:23:00.352 10266 10350 I PhClient: (REDACTED) Shared storage file not found for %s
08-09 12:23:00.357 10266 10348 E m.devsisters.ck: No package ID 6a found for ID 0x6a0b0013.
08-09 12:23:00.358 10266 10348 I FA      : App measurement initialized, version: 177005
08-09 12:23:00.358 10266 10348 I FA      : To enable debug logging run: adb shell setprop log.tag.FA VERBOSE
08-09 12:23:00.358 10266 10348 I FA      : To enable faster debug mode event logging run:
08-09 12:23:00.358 10266 10348 I FA      :   adb shell setprop debug.firebase.analytics.app com.devsisters.ck
08-09 12:23:00.363  1060  8547 W PhBaseOp: Phenotype API error. Event: # jnma@e750a17a, EventCode: COMMIT_CONFIG [CONTEXT service_id=51 ]
08-09 12:23:00.363  1060  8547 W PhBaseOp: fgue: 29547: Stale snapshot for com.google.android.gms.measurement#com.devsisters.ck(new configuration available)
08-09 12:23:00.363  1060  8547 W PhBaseOp: 	at fgwh.d(:com.google.android.gms@262831032@26.28.31 (190800-947936219):443)
08-09 12:23:00.363  1060  8547 W PhBaseOp: 	at fgwh.b(:com.google.android.gms@262831032@26.28.31 (190800-947936219):44)
08-09 12:23:00.363  1060  8547 W PhBaseOp: 	at fgwg.i(:com.google.android.gms@262831032@26.28.31 (190800-947936219):3)
08-09 12:23:00.363  1060  8547 W PhBaseOp: 	at fgwc.h(:com.google.android.gms@262831032@26.28.31 (190800-947936219):36)
08-09 12:23:00.363  1060  8547 W PhBaseOp: 	at fgwc.f(:com.google.android.gms@262831032@26.28.31 (190800-947936219):18)
08-09 12:23:00.363  1060  8547 W PhBaseOp: 	at dbmd.fI(:com.google.android.gms@262831032@26.28.31 (190800-947936219):1)
08-09 12:23:00.363  1060  8547 W PhBaseOp: 	at dbmo.run(:com.google.android.gms@262831032@26.28.31 (190800-947936219):123)
08-09 12:23:00.363  1060  8547 W PhBaseOp: 	at hiif.run(:com.google.android.gms@262831032@26.28.31 (190800-947936219):23)
08-09 12:23:00.363  1060  8547 W PhBaseOp: 	at bldv.c(:com.google.android.gms@262831032@26.28.31 (190800-947936219):50)
08-09 12:23:00.363  1060  8547 W PhBaseOp: 	at bldv.run(:com.google.android.gms@262831032@26.28.31 (190800-947936219):71)
08-09 12:23:00.363  1060  8547 W PhBaseOp: 	at java.util.concurrent.ThreadPoolExecutor.runWorker(ThreadPoolExecutor.java:1137)
08-09 12:23:00.363  1060  8547 W PhBaseOp: 	at java.util.concurrent.ThreadPoolExecutor$Worker.run(ThreadPoolExecutor.java:637)
08-09 12:23:00.363  1060  8547 W PhBaseOp: 	at bljp.run(:com.google.android.gms@262831032@26.28.31 (190800-947936219):8)
08-09 12:23:00.363  1060  8547 W PhBaseOp: 	at java.lang.Thread.run(Thread.java:1012)
08-09 12:23:00.364  1060  8547 W AsyncOperation: operation=CommitToConfigurationOperationCall, opStatusCode=29547 [CONTEXT service_id=51 ]
08-09 12:23:00.364  1060  8547 W AsyncOperation: OperationException[Status{statusCode=Stale snapshot for com.google.android.gms.measurement#com.devsisters.ck(new configuration available), resolution=null}]
08-09 12:23:00.364  1060  8547 W AsyncOperation: 	at fgwc.h(:com.google.android.gms@262831032@26.28.31 (190800-947936219):66)
08-09 12:23:00.364  1060  8547 W AsyncOperation: 	at fgwc.f(:com.google.android.gms@262831032@26.28.31 (190800-947936219):18)
08-09 12:23:00.364  1060  8547 W AsyncOperation: 	at dbmd.fI(:com.google.android.gms@262831032@26.28.31 (190800-947936219):1)
08-09 12:23:00.364  1060  8547 W AsyncOperation: 	at dbmo.run(:com.google.android.gms@262831032@26.28.31 (190800-947936219):123)
08-09 12:23:00.364  1060  8547 W AsyncOperation: 	at hiif.run(:com.google.android.gms@262831032@26.28.31 (190800-947936219):23)
08-09 12:23:00.364  1060  8547 W AsyncOperation: 	at bldv.c(:com.google.android.gms@262831032@26.28.31 (190800-947936219):50)
08-09 12:23:00.364  1060  8547 W AsyncOperation: 	at bldv.run(:com.google.android.gms@262831032@26.28.31 (190800-947936219):71)
08-09 12:23:00.364  1060  8547 W AsyncOperation: 	at java.util.concurrent.ThreadPoolExecutor.runWorker(ThreadPoolExecutor.java:1137)
08-09 12:23:00.364  1060  8547 W AsyncOperation: 	at java.util.concurrent.ThreadPoolExecutor$Worker.run(ThreadPoolExecutor.java:637)
08-09 12:23:00.364  1060  8547 W AsyncOperation: 	at bljp.run(:com.google.android.gms@262831032@26.28.31 (190800-947936219):8)
08-09 12:23:00.364  1060  8547 W AsyncOperation: 	at java.lang.Thread.run(Thread.java:1012)
08-09 12:23:00.382  9219  9219 D BoundBrokerSvc: onBind: Intent { act=com.google.android.gms.measurement.START pkg=com.google.android.gms }
08-09 12:23:00.382  9219  9219 D BoundBrokerSvc: Loading bound service for intent: Intent { act=com.google.android.gms.measurement.START pkg=com.google.android.gms }
08-09 12:23:00.412 10266 10334 D TrafficStats: tagSocket(92) with statsTag=0xffffffff, statsUid=-1
08-09 12:23:00.412 10266 10330 D TrafficStats: tagSocket(93) with statsTag=0xffffffff, statsUid=-1
08-09 12:23:00.414 10266 10333 D TrafficStats: tagSocket(91) with statsTag=0xffffffff, statsUid=-1
08-09 12:23:00.418 10266 10266 D SessionLifecycleService: Service bound to new client on process 10266
08-09 12:23:00.419 10266 10354 D SessionLifecycleService: App has not yet foregrounded. Using previously stored session.
08-09 12:23:00.419 10266 10354 D SessionLifecycleService: Client android.os.Messenger@1356226 bound at 61535596. Clients: 1
08-09 12:23:00.421 10266 10266 D SessionLifecycleClient: Connected to SessionLifecycleService. Queue size 0
08-09 12:23:00.422   327  1378 D FakeWifi: Faking wifi for com.devsisters.ck
08-09 12:23:00.422   327  1378 D FakeWifi: Faking wifi for com.devsisters.ck
08-09 12:23:00.434 10266 10317 D FakeWifi: Faking wifi for com.devsisters.ck
08-09 12:23:00.435 10266 10317 D FakeWifi: Faking wifi for com.devsisters.ck
08-09 12:23:00.435 10266 10317 D FakeWifi: Faking wifi for com.devsisters.ck
08-09 12:23:00.435 10266 10317 D FakeWifi: Faking wifi for com.devsisters.ck
08-09 12:23:00.447   327  1378 D FakeWifi: Faking wifi for com.devsisters.ck
08-09 12:23:00.447   327  1378 D FakeWifi: Faking wifi for com.devsisters.ck
08-09 12:23:00.450 10266 10317 D FakeWifi: Faking wifi for com.devsisters.ck
08-09 12:23:00.450 10266 10317 D FakeWifi: Faking wifi for com.devsisters.ck
08-09 12:23:00.451 10266 10317 D FakeWifi: Faking wifi for com.devsisters.ck
08-09 12:23:00.452 10266 10317 D FakeWifi: Faking wifi for com.devsisters.ck
08-09 12:23:00.462  9219  9219 D BoundBrokerSvc: onBind: Intent { act=com.google.android.gms.appset.service.START dat=chimera-action:/... cmp=com.google.android.gms/.chimera.GmsApiService }
08-09 12:23:00.462  9219  9219 D BoundBrokerSvc: Loading bound service for intent: Intent { act=com.google.android.gms.appset.service.START dat=chimera-action:/... cmp=com.google.android.gms/.chimera.GmsApiService }
08-09 12:23:00.463 10266 10317 I TRuntime.CctTransportBackend: Making request to: https://firebaselogging-pa.googleapis.com/v1/firelog/legacy/batchlog
08-09 12:23:00.465  9219 10355 D AdvertisingIdClient: AdvertisingIdClient already created.
08-09 12:23:00.465  9219 10355 D AdvertisingIdClient: AdvertisingIdClient is not bounded. Starting to bind it...
08-09 12:23:00.486  9219 10355 D AdvertisingIdClient: AdvertisingIdClient is bounded
08-09 12:23:00.493  9219 10355 I AdvertisingIdClient: shouldSendLog 60295911
08-09 12:23:00.494  9219 10355 I AdvertisingIdClient: GetInfoInternal elapse 28ms
08-09 12:23:00.520 10266 10317 D TrafficStats: tagSocket(110) with statsTag=0xffffffff, statsUid=-1
08-09 12:23:00.543 10266 10352 I ApplovinQualityService: [SafeDK] SafeDK Device ID: 94704dd2-4eb7-4f78-a78d-a75c7fce1361, SafeDK version: 5.12.9, isOnUiThread = false
08-09 12:23:02.863 10266 10317 I TRuntime.CctTransportBackend: Status Code: 200
08-09 12:23:02.968 10266 10297 D TrafficStats: tagSocket(115) with statsTag=0xffffffff, statsUid=-1
08-09 12:23:03.482 10266 10297 W AppSecurity: 5160796E717133216F647C6F606D25215160796E7171406539253D6535676D33673C24626535312C37313E392E676A363728383761303F3966643A31363625214E607A7262626C48673F29393B373E643664312C37613D622E313C643A286831373524676263683037303A65606138
08-09 12:23:06.062 10266 10372 D ProfileInstaller: Skipping profile installation for com.devsisters.ck
08-09 12:23:09.185   327   357 D FakeWifi: Faking wifi for com.google.android.gsf
08-09 12:23:09.185   327   357 D FakeWifi: Faking wifi for com.google.android.gsf
08-09 12:23:09.188  1060  9981 D FakeWifi: Faking wifi for com.google.android.gms
08-09 12:23:09.189  1060  9981 D FakeWifi: Faking wifi for com.google.android.gsf
08-09 12:23:09.189  1060  9981 D FakeWifi: Faking wifi for com.google.android.gsf
08-09 12:23:09.189  1060  9981 D FakeWifi: Faking wifi for com.google.android.gsf
08-09 12:23:10.541  9219  9219 D BoundBrokerSvc: onUnbind: Intent { act=com.google.android.gms.measurement.START pkg=com.google.android.gms }
08-09 12:23:14.849 10266 10297 E AppSecurity: Kill Process ..........................[D14001]
08-09 12:23:15.043 10266 10297 W AppSecurity: 5160796E717133216B646A6A6A6B6E2D23576C716C777D48673F293937616F316560392C62633B362E316F3130286B673A6324386567383536366F3960353D2D23486C7270646E644A61332167316B6265346B652E376B6032283D67616624603A616D2C35636F67353C3B6566633D64
08-09 12:23:15.062   327   357 I ActivityTaskManager: START u0 {act=controller flg=0x50010000 cmp=com.devsisters.ck/yb.a (has extras)} from uid 10146
