08-09 11:53:30.886   327  6241 D CoreBackPreview: Window{94b73d0 u0 com.google.android.gms/com.google.android.gms.auth.uiflows.minutemaid.MinuteMaidActivity}: Setting back callback OnBackInvokedCallbackInfo{mCallback=android.window.IOnBackInvokedCallback$Stub$Proxy@a0279b0, mPriority=0}
08-09 11:53:31.402   327   327 W Looper  : Slow dispatch took 135ms main h=android.service.notification.NotificationListenerService$MyHandler c=null m=1
08-09 11:53:31.419   327   327 E RemoteAugmentedAutofillService: Bad service name for flags 1048704: com.google.android.as/com.google.android.apps.miphone.aiai.app.AiAiAugmentedAutofillService
08-09 11:53:31.422   327   327 D AutofillSession: clearPendingIntentLocked
08-09 11:53:32.889   327  6241 D OomAdjuster: Not killing cached processes
08-09 11:53:33.831  7223  7223 D VRI[NavigationBar0]: updatePointerIcon called with position out of bounds
08-09 11:53:36.134   327   693 D CoreBackPreview: Window{94b73d0 u0 com.google.android.gms/com.google.android.gms.auth.uiflows.minutemaid.MinuteMaidActivity}: Setting back callback OnBackInvokedCallbackInfo{mCallback=android.window.IOnBackInvokedCallback$Stub$Proxy@5551ad, mPriority=0}
08-09 11:53:37.335   327   327 W JobScheduler: Job didn't exist in JobStore: c2fa6c9 #1000/100034 com.android.contacts/com.google/sayyid.azzam.mufhadol@gmail.com:android
08-09 11:53:37.950   327  4101 D OomAdjuster: Not killing cached processes
08-09 11:53:41.249  7223  7223 D VRI[NavigationBar0]: updatePointerIcon called with position out of bounds
08-09 11:53:43.464   327   371 D OomAdjuster: Not killing cached processes
08-09 11:53:43.959   327   520 E SyncManager: Couldn't find backoff values for Account {name=xxxxxxxxxxx@xxxxx.xxx, type=com.google}/com.google.android.gms.people:u0
08-09 11:53:44.051   327   520 E SyncManager: Couldn't find backoff values for Account {name=xxxxxxxxxxx@xxxxx.xxx, type=com.google}/com.google.android.gms.games.background:u0
08-09 11:53:44.105   327   520 E SyncManager: Couldn't find backoff values for Account {name=xxxxxxxxxxx@xxxxx.xxx, type=com.google}/com.google.android.gms.fitness:u0
08-09 11:53:44.126   327   520 E SyncManager: Couldn't find backoff values for Account {name=xxxxxxxxxxx@xxxxx.xxx, type=com.google}/com.android.contacts:u0
08-09 11:53:44.170   327   520 E SyncManager: Couldn't find backoff values for Account {name=xxxxxxxxxxx@xxxxx.xxx, type=com.google}/com.google.android.gms.reminders:u0
08-09 11:53:44.214   327   520 E SyncManager: Couldn't find backoff values for Account {name=xxxxxxxxxxx@xxxxx.xxx, type=com.google}/com.google.android.gms.subscribedfeeds:u0
08-09 11:53:44.252   327   520 E SyncManager: Couldn't find backoff values for Account {name=xxxxxxxxxxx@xxxxx.xxx, type=com.google}/com.google.android.location.reporting:u0
08-09 11:53:44.322   327   520 E SyncManager: Couldn't find backoff values for Account {name=xxxxxxxxxxx@xxxxx.xxx, type=com.google}/com.google.android.gms.games:u0
08-09 11:53:44.343   327   520 E SyncManager: SYNC_OP_STATE_INVALID: disallowed by settings/network
08-09 11:53:44.424   327  6241 D CompatibilityChangeReporter: Compat change id reported: 161252188; UID 10095; state: DISABLED
08-09 11:53:44.593   327   327 W JobScheduler: Job didn't exist in JobStore: a2b44ec #1000/100052 com.google.android.gms.people/com.google/leapofazzam@gmail.com:android
08-09 11:53:44.682   327   327 W JobScheduler: Job didn't exist in JobStore: 1ba3f97 #1000/100054 com.google.android.gms.games.background/com.google/leapofazzam@gmail.com:android
08-09 11:53:44.889   327   520 E SyncManager: Couldn't find backoff values for Account {name=xxxxxxxxxxx@xxxxx.xxx, type=com.google}/com.android.calendar:u0
08-09 11:53:45.109   327   357 D BackupTransportManager: Transport com.google.android.gms/.backup.BackupTransportService updated its attributes
08-09 11:53:45.124   327  4363 D CompatibilityChangeReporter: Compat change id reported: 161145287; UID 10095; state: DISABLED
08-09 11:53:45.325   327   327 W JobScheduler: Job didn't exist in JobStore: 5dc21e3 #1000/100062 subscribedfeeds/com.google/leapofazzam@gmail.com:android
08-09 11:53:45.640   327   327 W JobScheduler: Job didn't exist in JobStore: 1dd4868 #1000/100074 com.google.android.location.reporting/com.google/leapofazzam@gmail.com:android
08-09 11:53:45.821   327   327 W Looper  : Slow dispatch took 149ms main h=android.app.job.JobServiceEngine$JobHandler c=null m=1
08-09 11:53:45.932   327  6243 W JobScheduler: Job didn't exist in JobStore: eca1495 #u0a96/-121 com.google.android.googlequicksearchbox/com.google.android.apps.gsa.tasks.BackgroundTasksJobService
08-09 11:53:45.957   327   327 W JobScheduler: Job didn't exist in JobStore: 5435efd #1000/100050 com.google.android.gms.fitness/com.google/sayyid.azzam.mufhadol@gmail.com:android
08-09 11:53:45.977   327   327 W JobScheduler: Job didn't exist in JobStore: cfe357f #1000/100058 com.google.android.gms.reminders/com.google/leapofazzam@gmail.com:android
08-09 11:53:46.614   327   327 W JobScheduler: Job didn't exist in JobStore: efa3a64 #1000/100080 com.android.contacts/com.google/leapofazzam@gmail.com:android
08-09 11:53:46.665   327   520 E SyncManager: Job params not found for 100080
08-09 11:53:46.797   327  1380 D PackageManager: Ignoring attempt to set enabled state of disabled component com.android.vending/com.google.android.finsky.systemupdateactivity.SystemUpdateActivity
08-09 11:53:47.174   327  1380 D BiometricService: canAuthenticate: User=0, Caller=0, Authenticators=255
08-09 11:53:47.178   327  1380 D BiometricService/PreAuthInfo: getCanAuthenticateInternal Modality: 0 AuthenticatorStatus: 2
08-09 11:53:47.178   327  1380 D AuthService: canAuthenticate, userId: 0, callingUserId: 0, authenticators: 255, result: 12
08-09 11:53:47.364   327  6243 W JobScheduler: Job didn't exist in JobStore: 8359590 #u0a96/2000001001 com.google.android.googlequicksearchbox/com.google.android.libraries.notifications.entrypoints.scheduled.ScheduledTaskService
08-09 11:53:47.994   327   327 W Looper  : Slow dispatch took 439ms main h=android.app.job.JobServiceEngine$JobHandler c=null m=2
08-09 11:53:47.994   327   327 W Looper  : Slow delivery took 429ms main h=com.android.server.notification.NotificationManagerService$WorkerHandler c=com.android.server.notification.NotificationManagerService$CancelNotificationRunnable@19f6d86 m=0
08-09 11:53:47.994   327   327 W Looper  : Drained
08-09 11:53:48.153   327   327 W JobScheduler: Job didn't exist in JobStore: 9c0a75e #1000/100083 com.google.android.gms.chromesync/com.google/leapofazzam@gmail.com:android
08-09 11:53:48.568   327  6241 D OomAdjuster: Not killing cached processes
08-09 11:53:48.730   327   520 E SyncManager: Job params not found for 100083
08-09 11:53:49.161   327   327 W Looper  : Slow dispatch took 423ms main h=android.os.Handler c=com.android.server.content.SyncManager$$ExternalSyntheticLambda11@9f6cc3c m=0
08-09 11:53:50.014   327   327 W Looper  : Slow delivery took 419ms main h=android.os.Handler c=com.android.server.content.SyncManager$$ExternalSyntheticLambda11@6e9f31a m=0
08-09 11:53:50.014   327   327 W Looper  : Slow dispatch took 848ms main h=android.os.Handler c=com.android.server.content.SyncManager$$ExternalSyntheticLambda11@6e9f31a m=0
08-09 11:53:50.165   327   327 W Looper  : Slow dispatch took 144ms main h=android.os.Handler c=com.android.server.content.SyncManager$$ExternalSyntheticLambda11@f7bcb72 m=0
08-09 11:53:50.681   327   327 W Looper  : Slow dispatch took 471ms main h=android.os.Handler c=com.android.server.content.SyncManager$$ExternalSyntheticLambda11@814211f m=0
08-09 11:53:50.904   327  4101 W JobScheduler: Job didn't exist in JobStore: 263a403 #u0a96/2000001001 com.google.android.googlequicksearchbox/com.google.android.libraries.notifications.entrypoints.scheduled.ScheduledTaskService
08-09 11:53:50.947   327   327 W Looper  : Drained
08-09 11:53:51.398    38  7728 W keystore2: keystore2::watchdog: ### Keystore Watchdog report - BEGIN ###
08-09 11:53:51.398    38  7728 W keystore2: keystore2::watchdog: When extracting from a bug report, please include this header
08-09 11:53:51.398    38  7728 W keystore2: keystore2::watchdog: and all 1 records below.
08-09 11:53:51.546    38  7728 W keystore2: keystore2::watchdog: ThreadId(1) KeystoreDB::store_new_key Pending: 648.143566ms Overdue 148.145515ms
08-09 11:53:51.546    38  7728 W keystore2: keystore2::watchdog: ### Keystore Watchdog report - END ###
08-09 11:53:51.559   327   327 W Looper  : Slow dispatch took 565ms main h=android.app.ActivityThread$H c=android.app.LoadedApk$ServiceDispatcher$RunConnection@8130ece m=0
08-09 11:53:51.560   327   327 W Looper  : Slow delivery took 533ms main h=com.android.server.power.Notifier$NotifierHandler c=null m=7
08-09 11:53:51.567   327   327 W Looper  : Drained
08-09 11:53:52.108   327   327 W Looper  : Slow dispatch took 428ms main h=android.app.job.JobServiceEngine$JobHandler c=null m=1
08-09 11:53:52.108   327   327 W Looper  : Slow delivery took 433ms main h=com.android.server.power.Notifier$NotifierHandler c=null m=7
08-09 11:53:52.492   327   327 W Looper  : Slow dispatch took 383ms main h=com.android.server.job.controllers.ConnectivityController$CcHandler c=null m=0
08-09 11:53:52.498   327   327 W Looper  : Drained
08-09 11:53:52.576    38  7728 W keystore2: keystore2::watchdog: ### Keystore Watchdog report - BEGIN ###
08-09 11:53:52.576    38  7728 W keystore2: keystore2::watchdog: When extracting from a bug report, please include this header
08-09 11:53:52.626    38  7728 W keystore2: keystore2::watchdog: and all 1 records below.
08-09 11:53:52.627    38  7728 W keystore2: keystore2::watchdog: ThreadId(1) KeystoreDB::store_new_key Pending: 1.72922012s Overdue 1.22922118s
08-09 11:53:52.627    38  7728 W keystore2: keystore2::watchdog: ### Keystore Watchdog report - END ###
08-09 11:53:53.125   327   362 W Looper  : Slow delivery took 459ms android.ui h=com.android.server.am.ActivityManagerService$UiHandler c=null m=31
08-09 11:53:53.136   327   362 W Looper  : Drained
08-09 11:53:53.385   327   361 W Looper  : Slow dispatch took 261ms android.fg h=android.os.Handler c=com.android.server.Watchdog$HandlerChecker@3bbe08b m=0
08-09 11:53:53.392   327   327 W Looper  : Slow delivery took 445ms main h=com.android.server.alarm.AlarmManagerService$AlarmHandler c=android.app.PendingIntent$FinishedDispatcher@2f30d7 m=0
08-09 11:53:53.395   327   327 W Looper  : Slow dispatch took 281ms main h=com.android.server.alarm.AlarmManagerService$AlarmHandler c=android.app.PendingIntent$FinishedDispatcher@2f30d7 m=0
08-09 11:53:53.398   327   327 W Looper  : Drained
08-09 11:53:53.479   327   327 W JobScheduler: Job didn't exist in JobStore: 5d92288 #1000/100085 com.google.android.gms.reminders/com.google/leapofazzam@gmail.com:android
08-09 11:53:53.585   327  3978 D OomAdjuster: Not killing cached processes
08-09 11:53:53.671   327   520 E SyncManager: Job params not found for 100085
08-09 11:53:55.019   327  6241 D BackupTransportManager: Transport com.google.android.gms/.backup.BackupTransportService updated its attributes
08-09 11:53:56.880   327   327 W JobScheduler: Job didn't exist in JobStore: c76b5c1 #1000/100080 com.android.contacts/com.google/leapofazzam@gmail.com:android
08-09 11:53:57.128  7223  7223 D VRI[NavigationBar0]: updatePointerIcon called with position out of bounds
08-09 11:53:58.820   327  1380 D OomAdjuster: Not killing cached processes
08-09 11:53:59.230   327  1380 W JobScheduler: Job didn't exist in JobStore: fe4a647 #u0a96/-45 com.google.android.googlequicksearchbox/com.google.android.apps.gsa.tasks.BackgroundTasksJobService
08-09 11:53:59.278   327  1380 W BackupManagerService: [UserID:0] dataChanged but no participant pkg='com.google.android.syncadapters.calendar' uid=10099
08-09 11:53:59.279   327  1380 W BackupManagerService: [UserID:0] dataChanged but no participant pkg='com.google.android.syncadapters.calendar' uid=10099
08-09 11:54:01.629  7223  7223 D VRI[NavigationBar0]: updatePointerIcon called with position out of bounds
08-09 11:54:03.540  7223  7223 D VRI[NavigationBar0]: updatePointerIcon called with position out of bounds
08-09 11:54:04.729   327   370 D OomAdjuster: Not killing cached processes
08-09 11:54:05.812   327   693 W JobScheduler: Job didn't exist in JobStore: bad84cd #u0a96/-121 com.google.android.googlequicksearchbox/com.google.android.apps.gsa.tasks.BackgroundTasksJobService
08-09 11:54:05.924   327   693 W ActivityManager: Unable to start service Intent { act=com.google.android.gms.lockbox.service.START pkg=com.google.android.gms } U=0: not found
08-09 11:54:05.925   327  4363 W ActivityManager: Unbind failed: could not find connection for android.os.BinderProxy@2ab2782
08-09 11:54:05.942   327   693 W JobScheduler: Job didn't exist in JobStore: b233a32 #u0a96/-47 com.google.android.googlequicksearchbox/com.google.android.apps.gsa.tasks.BackgroundTasksJobService
08-09 11:54:05.954   327   693 W JobScheduler: Job didn't exist in JobStore: 9759e93 #u0a96/-87 com.google.android.googlequicksearchbox/com.google.android.apps.gsa.tasks.BackgroundTasksJobService
08-09 11:54:05.959   327   327 W JobScheduler: Job didn't exist in JobStore: 827028 #1000/100083 com.google.android.gms.chromesync/com.google/leapofazzam@gmail.com:android
08-09 11:54:05.963   327   327 W JobScheduler: Job didn't exist in JobStore: eb26deb #1000/100085 com.google.android.gms.reminders/com.google/leapofazzam@gmail.com:android
08-09 11:54:06.068    38  7728 I keystore2: keystore2::watchdog: Watchdog thread idle -> terminating. Have a great day.
08-09 11:54:08.847   327  6241 I ActivityManager: Process com.google.android.apps.messaging (pid 2148) has died: cch+15 CEM 
08-09 11:54:09.794   327   357 D OomAdjuster: Not killing cached processes
08-09 11:54:11.053   327   327 W JobScheduler: Job didn't exist in JobStore: dbccfa4 #1000/100080 com.android.contacts/com.google/leapofazzam@gmail.com:android
08-09 11:54:12.290  7223  7223 D VRI[NavigationBar0]: updatePointerIcon called with position out of bounds
08-09 11:54:12.624  7223  7223 D VRI[NavigationBar0]: updatePointerIcon called with position out of bounds
08-09 11:54:12.807  7223  7223 D VRI[NavigationBar0]: updatePointerIcon called with position out of bounds
08-09 11:54:12.946  7223  7223 D VRI[NavigationBar0]: updatePointerIcon called with position out of bounds
08-09 11:54:13.086  7223  7223 D VRI[NavigationBar0]: updatePointerIcon called with position out of bounds
08-09 11:54:13.902  7223  7223 D VRI[NavigationBar0]: updatePointerIcon called with position out of bounds
08-09 11:54:14.155  7223  7223 D VRI[StatusBar]: updatePointerIcon called with position out of bounds
08-09 11:54:14.172  7223  7223 D VRI[StatusBar]: updatePointerIcon called with position out of bounds
08-09 11:54:14.189  7223  7223 D VRI[StatusBar]: updatePointerIcon called with position out of bounds
08-09 11:54:14.205  7223  7223 D VRI[StatusBar]: updatePointerIcon called with position out of bounds
08-09 11:54:14.222  7223  7223 D VRI[StatusBar]: updatePointerIcon called with position out of bounds
08-09 11:54:14.239  7223  7223 D VRI[StatusBar]: updatePointerIcon called with position out of bounds
08-09 11:54:14.255  7223  7223 D VRI[StatusBar]: updatePointerIcon called with position out of bounds
08-09 11:54:14.272  7223  7223 D VRI[StatusBar]: updatePointerIcon called with position out of bounds
08-09 11:54:14.289  7223  7223 D VRI[StatusBar]: updatePointerIcon called with position out of bounds
08-09 11:54:14.305  7223  7223 D VRI[StatusBar]: updatePointerIcon called with position out of bounds
08-09 11:54:14.321  7223  7223 D VRI[StatusBar]: updatePointerIcon called with position out of bounds
08-09 11:54:14.339  7223  7223 D VRI[StatusBar]: updatePointerIcon called with position out of bounds
08-09 11:54:14.355  7223  7223 D VRI[StatusBar]: updatePointerIcon called with position out of bounds
08-09 11:54:14.372  7223  7223 D VRI[StatusBar]: updatePointerIcon called with position out of bounds
08-09 11:54:14.388  7223  7223 D VRI[StatusBar]: updatePointerIcon called with position out of bounds
08-09 11:54:14.405  7223  7223 D VRI[StatusBar]: updatePointerIcon called with position out of bounds
08-09 11:54:14.422  7223  7223 D VRI[StatusBar]: updatePointerIcon called with position out of bounds
08-09 11:54:14.438  7223  7223 D VRI[StatusBar]: updatePointerIcon called with position out of bounds
08-09 11:54:14.455  7223  7223 D VRI[StatusBar]: updatePointerIcon called with position out of bounds
08-09 11:54:14.472  7223  7223 D VRI[StatusBar]: updatePointerIcon called with position out of bounds
08-09 11:54:14.488  7223  7223 D VRI[StatusBar]: updatePointerIcon called with position out of bounds
08-09 11:54:14.505  7223  7223 D VRI[StatusBar]: updatePointerIcon called with position out of bounds
08-09 11:54:14.522  7223  7223 D VRI[StatusBar]: updatePointerIcon called with position out of bounds
08-09 11:54:14.538  7223  7223 D VRI[StatusBar]: updatePointerIcon called with position out of bounds
08-09 11:54:14.555  7223  7223 D VRI[StatusBar]: updatePointerIcon called with position out of bounds
08-09 11:54:14.572  7223  7223 D VRI[StatusBar]: updatePointerIcon called with position out of bounds
08-09 11:54:14.588  7223  7223 D VRI[StatusBar]: updatePointerIcon called with position out of bounds
08-09 11:54:14.605  7223  7223 D VRI[StatusBar]: updatePointerIcon called with position out of bounds
08-09 11:54:14.622  7223  7223 D VRI[StatusBar]: updatePointerIcon called with position out of bounds
08-09 11:54:15.738  7223  7223 D VRI[StatusBar]: updatePointerIcon called with position out of bounds
08-09 11:54:15.921  7223  7223 D VRI[StatusBar]: updatePointerIcon called with position out of bounds
08-09 11:54:16.070  7223  7223 D VRI[StatusBar]: updatePointerIcon called with position out of bounds
08-09 11:54:16.771   327  6245 D OomAdjuster: Not killing cached processes
08-09 11:54:21.759   327  6245 D SystemServerTiming: getUserSwitchability-0
08-09 11:54:21.759   327  6245 D SystemServerTiming: TM.isInCall
08-09 11:54:21.760   327   357 D SystemServerTiming: getUserSwitchability-0
08-09 11:54:21.760   327   357 D SystemServerTiming: TM.isInCall
08-09 11:54:21.769   327  6245 V SystemServerTiming: TM.isInCall took to complete: 8ms
08-09 11:54:21.769   327  6245 D SystemServerTiming: hasUserRestriction-DISALLOW_USER_SWITCH
08-09 11:54:21.769   327  6245 V SystemServerTiming: hasUserRestriction-DISALLOW_USER_SWITCH took to complete: 0ms
08-09 11:54:21.770   327  6245 D SystemServerTiming: getInt-ALLOW_USER_SWITCHING_WHEN_SYSTEM_USER_LOCKED
08-09 11:54:21.772   327  6245 V SystemServerTiming: getInt-ALLOW_USER_SWITCHING_WHEN_SYSTEM_USER_LOCKED took to complete: 2ms
08-09 11:54:21.772   327  6245 D SystemServerTiming: isUserUnlocked-USER_SYSTEM
08-09 11:54:21.772   327  6245 V SystemServerTiming: isUserUnlocked-USER_SYSTEM took to complete: 0ms
08-09 11:54:21.772   327  6245 V SystemServerTiming: getUserSwitchability-0 took to complete: 12ms
08-09 11:54:21.774   327   357 V SystemServerTiming: TM.isInCall took to complete: 14ms
08-09 11:54:21.774   327   357 D SystemServerTiming: hasUserRestriction-DISALLOW_USER_SWITCH
08-09 11:54:21.774   327   357 V SystemServerTiming: hasUserRestriction-DISALLOW_USER_SWITCH took to complete: 0ms
08-09 11:54:21.774   327   357 D SystemServerTiming: getInt-ALLOW_USER_SWITCHING_WHEN_SYSTEM_USER_LOCKED
08-09 11:54:21.774   327   357 V SystemServerTiming: getInt-ALLOW_USER_SWITCHING_WHEN_SYSTEM_USER_LOCKED took to complete: 0ms
08-09 11:54:21.774   327   357 D SystemServerTiming: isUserUnlocked-USER_SYSTEM
08-09 11:54:21.774   327   357 V SystemServerTiming: isUserUnlocked-USER_SYSTEM took to complete: 0ms
08-09 11:54:21.774   327   357 V SystemServerTiming: getUserSwitchability-0 took to complete: 14ms
08-09 11:54:21.837   327   886 D OomAdjuster: Not killing cached processes
08-09 11:54:21.960   327   886 W NotificationHistory: Attempted to add notif for locked/gone/disabled user 0
08-09 11:54:22.278   327   886 D CompatibilityChangeReporter: Compat change id reported: 171306433; UID 10095; state: ENABLED
08-09 11:54:22.279   327   886 D CompatibilityChangeReporter: Compat change id reported: 218533173; UID 10095; state: ENABLED
08-09 11:54:22.286   327   886 D CompatibilityChangeReporter: Compat change id reported: 168419799; UID 10095; state: DISABLED
08-09 11:54:22.286   327   886 D CompatibilityChangeReporter: Compat change id reported: 273564678; UID 10095; state: DISABLED
08-09 11:54:23.022  7223  7223 D VRI[NavigationBar0]: updatePointerIcon called with position out of bounds
08-09 11:54:23.931   327  1380 D CompatibilityChangeReporter: Compat change id reported: 201794303; UID 10095; state: ENABLED
08-09 11:54:24.908   327   327 W JobScheduler: Job didn't exist in JobStore: 9f944af #1000/100080 com.android.contacts/com.google/leapofazzam@gmail.com:android
08-09 11:54:25.209   327  1380 I ActivityTaskManager: START u0 {flg=0x2000000 cmp=com.google.android.gms/.auth.uiflows.addaccount.WrapperControlledActivity (has extras)} from uid 10095
08-09 11:54:25.302   327  1380 D CompatibilityChangeReporter: Compat change id reported: 265464455; UID 10095; state: DISABLED
08-09 11:54:25.304   327  1380 D CompatibilityChangeReporter: Compat change id reported: 265452344; UID 10095; state: DISABLED
08-09 11:54:25.305   327  1380 D CompatibilityChangeReporter: Compat change id reported: 266124927; UID 10095; state: DISABLED
08-09 11:54:25.306   327  1380 D CompatibilityChangeReporter: Compat change id reported: 265451093; UID 10095; state: DISABLED
08-09 11:54:25.306   327  1380 D CompatibilityChangeReporter: Compat change id reported: 265456536; UID 10095; state: DISABLED
08-09 11:54:25.307   327  1380 D CompatibilityChangeReporter: Compat change id reported: 255940284; UID 10095; state: DISABLED
08-09 11:54:25.307   327  1380 D CompatibilityChangeReporter: Compat change id reported: 236283604; UID 10095; state: DISABLED
08-09 11:54:25.308   327  1380 D CompatibilityChangeReporter: Compat change id reported: 263959004; UID 10095; state: DISABLED
08-09 11:54:25.308   327  1380 D CompatibilityChangeReporter: Compat change id reported: 264304459; UID 10095; state: DISABLED
08-09 11:54:25.308   327  1380 D CompatibilityChangeReporter: Compat change id reported: 264301586; UID 10095; state: DISABLED
08-09 11:54:25.308   327  1380 D CompatibilityChangeReporter: Compat change id reported: 254631730; UID 10095; state: DISABLED
08-09 11:54:25.308   327  1380 D CompatibilityChangeReporter: Compat change id reported: 273509367; UID 10095; state: DISABLED
08-09 11:54:25.309   327  1380 D CompatibilityChangeReporter: Compat change id reported: 263259275; UID 10095; state: DISABLED
08-09 11:54:25.315   327  1380 D CompatibilityChangeReporter: Compat change id reported: 194480991; UID 10095; state: ENABLED
08-09 11:54:25.363   327  1380 D CompatibilityChangeReporter: Compat change id reported: 174042980; UID 10095; state: DISABLED
08-09 11:54:25.393   327  1380 D CompatibilityChangeReporter: Compat change id reported: 197654537; UID 10095; state: ENABLED
08-09 11:54:25.412   327  1380 D CompatibilityChangeReporter: Compat change id reported: 184838306; UID 10095; state: DISABLED
08-09 11:54:25.413   327  1380 D CompatibilityChangeReporter: Compat change id reported: 185004937; UID 10095; state: DISABLED
08-09 11:54:25.413   327  1380 D CompatibilityChangeReporter: Compat change id reported: 181136395; UID 10095; state: DISABLED
08-09 11:54:25.415   327  1380 D CompatibilityChangeReporter: Compat change id reported: 174042936; UID 10095; state: DISABLED
08-09 11:54:25.418   327  6241 W BackupManagerService: [UserID:0] dataChanged but no participant pkg='com.google.android.syncadapters.calendar' uid=10099
08-09 11:54:25.418   327  6241 W BackupManagerService: [UserID:0] dataChanged but no participant pkg='com.google.android.syncadapters.calendar' uid=10099
08-09 11:54:25.503   327  6243 W ActivityTaskManager: Tried to set launchTime (0) < mLastActivityLaunchTime (59717802)
08-09 11:54:25.711   327   327 W NotificationHistory: Attempted to add notif for locked/gone/disabled user 0
08-09 11:54:25.965   327  6243 I ActivityTaskManager: START u0 {act=com.google.android.gms.auth.addaccount.POST_ADD_ACCOUNT cmp=com.google.android.gms/.setupservices.GoogleServicesActivity (has extras)} from uid 10095
08-09 11:54:26.029   327  6240 D CoreBackPreview: Window{b015e21 u0 com.google.android.gms/com.google.android.gms.auth.uiflows.addaccount.WrapperControlledActivity}: Setting back callback OnBackInvokedCallbackInfo{mCallback=android.window.IOnBackInvokedCallback$Stub$Proxy@ebe497e, mPriority=0}
08-09 11:54:26.172   327  6243 W ActivityTaskManager: Tried to set launchTime (0) < mLastActivityLaunchTime (59820694)
08-09 11:54:26.472   327  1380 W BackupManagerService: [UserID:0] dataChanged but no participant pkg='com.google.android.syncadapters.calendar' uid=10099
08-09 11:54:26.495   327  6243 W BackupManagerService: [UserID:0] dataChanged but no participant pkg='com.google.android.syncadapters.calendar' uid=10099
08-09 11:54:26.633  7433  7619 E ActivityThread: Failed to find provider info for com.google.android.setupwizard.account
08-09 11:54:26.747   327  6240 D CompatibilityChangeReporter: Compat change id reported: 158482162; UID 10095; state: ENABLED
08-09 11:54:26.788   327   886 W JobScheduler: Job didn't exist in JobStore: 21c691b #u0a96/-369 com.google.android.googlequicksearchbox/com.google.android.apps.gsa.tasks.BackgroundTasksJobService
08-09 11:54:26.860   327   886 D OomAdjuster: Not killing cached processes
08-09 11:54:28.584   327  6240 D CompatibilityChangeReporter: Compat change id reported: 161145287; UID 10125; state: DISABLED
08-09 11:54:31.850   327   327 W Looper  : Slow dispatch took 162ms main h=com.android.server.job.JobSchedulerService$JobHandler c=null m=8
08-09 11:54:31.909   327   886 D OomAdjuster: Not killing cached processes
08-09 11:54:32.121   327  6243 D CoreBackPreview: Window{d39b896 u0 com.google.android.gms/com.google.android.gms.setupservices.GoogleServicesActivity}: Setting back callback OnBackInvokedCallbackInfo{mCallback=android.window.IOnBackInvokedCallback$Stub$Proxy@47f0804, mPriority=0}
08-09 11:54:33.363   327   886 W BackupManagerService: [UserID:0] dataChanged but no participant pkg='com.google.android.syncadapters.calendar' uid=10099
08-09 11:54:33.365   327   886 W BackupManagerService: [UserID:0] dataChanged but no participant pkg='com.google.android.syncadapters.calendar' uid=10099
08-09 11:54:33.447   327  6243 D CoreBackPreview: Window{94b73d0 u0 com.google.android.gms/com.google.android.gms.auth.uiflows.minutemaid.MinuteMaidActivity}: Setting back callback null
08-09 11:54:35.359   327   371 W BroadcastQueue: Background execution not allowed: receiving Intent { act=com.google.android.gsf.settings.GoogleLocationSettings.UPDATE_LOCATION_SETTINGS flg=0x10 (has extras) } to com.google.android.gms/.chimera.GmsIntentOperationService$SharedUidReceiver
08-09 11:54:35.359   327   371 W BroadcastQueue: Background execution not allowed: receiving Intent { act=com.google.android.gsf.settings.GoogleLocationSettings.UPDATE_LOCATION_SETTINGS flg=0x10 (has extras) } to com.google.android.gsf/.settings.GoogleLocationSettings$LocationSettingsChangedListener
08-09 11:54:35.484   327   364 W ActivityTaskManager: Launch timeout has expired, giving up wake lock!
08-09 11:54:35.653   327   693 I ActivityManager: Killing 7502:com.google.android.webview:sandboxed_process0:org.chromium.content.app.SandboxedProcessService0:0/u0a95i1 (adj 0): isolated not needed
08-09 11:54:35.741   327  5966 I ActivityTaskManager: START u0 {flg=0x2000000 cmp=com.google.android.gms/.auth.uiflows.addaccount.WrapperControlledActivity (has extras)} from uid 10095
08-09 11:54:35.831   327   377 E KernelCpuSpeedReader: Failed to read cpu-freq: /sys/devices/system/cpu/cpu0/cpufreq/stats/time_in_state: open failed: ENOENT (No such file or directory)
08-09 11:54:35.926   327  6240 W ActivityTaskManager: Tried to set launchTime (0) < mLastActivityLaunchTime (59821351)
08-09 11:54:36.043   327  6240 I ActivityManager: Killing 1589:android.process.media/u0a56 (adj 985): empty #17
08-09 11:54:36.050   327  6240 I ActivityManager: Killing 2031:com.android.externalstorage/u0a62 (adj 995): empty #18
08-09 11:54:36.050   327  6240 I ActivityManager: Killing 1970:com.android.shell/2000 (adj 995): empty #19
08-09 11:54:36.052   327  6240 I ActivityManager: Killing 1885:com.android.dynsystem:dynsystem/1000 (adj 999): empty #20
08-09 11:54:36.054   327  6240 I ActivityManager: Killing 1901:com.android.managedprovisioning/u0a61 (adj 999): empty #21
08-09 11:54:36.056   327  6240 I ActivityManager: Killing 1855:com.android.dynsystem/1000 (adj 999): empty #22
08-09 11:54:36.057   327  6240 I ActivityManager: Killing 1353:com.android.printspooler/u0a73 (adj 999): empty #23
08-09 11:54:36.060   327  6240 I ActivityManager: Killing 1708:com.stevesoltys.seedvault/u0a119 (adj 999): empty #24
08-09 11:54:36.060   327  6240 I ActivityManager: Killing 1601:com.android.localtransport/1000 (adj 999): empty #25
08-09 11:54:36.060   327  6240 I ActivityManager: Killing 1416:org.protonaosp.deviceconfig/u0a122 (adj 999): empty #26
08-09 11:54:36.070   327  6240 I ActivityManager: Killing 1369:com.google.android.projection.gearhead:projection/u0a91 (adj 999): empty #27
08-09 11:54:36.081   327  4363 W BackupManagerService: [UserID:0] dataChanged but no participant pkg='com.google.android.syncadapters.calendar' uid=10099
08-09 11:54:36.084   327  6243 W BackupManagerService: [UserID:0] dataChanged but no participant pkg='com.google.android.syncadapters.calendar' uid=10099
08-09 11:54:36.224   327  6240 I ActivityManager: Killing 1331:org.lineageos.settingsconfig/u0a130 (adj 999): empty #28
08-09 11:54:36.416   327   327 W Looper  : Slow dispatch took 315ms main h=android.app.job.JobServiceEngine$JobHandler c=null m=2
08-09 11:54:36.416   327   327 W Looper  : Slow delivery took 316ms main h=com.android.server.power.Notifier$NotifierHandler c=null m=7
08-09 11:54:36.469   327   357 I ActivityTaskManager: START u0 {act=com.google.android.apps.restore.APP_PICKER_ADD_ACCOUNT cmp=com.google.android.apps.restore/com.google.android.apps.pixelmigrate.cloudrestore.component.AppPickerHostActivity (has extras)} from uid 10095
08-09 11:54:36.474   327   357 D CompatibilityChangeReporter: Compat change id reported: 265464455; UID 10088; state: DISABLED
08-09 11:54:36.476   327   357 D CompatibilityChangeReporter: Compat change id reported: 265452344; UID 10088; state: DISABLED
08-09 11:54:36.479   327   357 D CompatibilityChangeReporter: Compat change id reported: 266124927; UID 10088; state: DISABLED
08-09 11:54:36.480   327   357 D CompatibilityChangeReporter: Compat change id reported: 265451093; UID 10088; state: DISABLED
08-09 11:54:36.486   327   357 D CompatibilityChangeReporter: Compat change id reported: 265456536; UID 10088; state: DISABLED
08-09 11:54:36.489   327   357 D CompatibilityChangeReporter: Compat change id reported: 255940284; UID 10088; state: DISABLED
08-09 11:54:36.489   327   357 D CompatibilityChangeReporter: Compat change id reported: 236283604; UID 10088; state: DISABLED
08-09 11:54:36.490   327   357 D CompatibilityChangeReporter: Compat change id reported: 263959004; UID 10088; state: DISABLED
08-09 11:54:36.491   327   357 D CompatibilityChangeReporter: Compat change id reported: 264304459; UID 10088; state: DISABLED
08-09 11:54:36.491   327   357 D CompatibilityChangeReporter: Compat change id reported: 264301586; UID 10088; state: DISABLED
08-09 11:54:36.492   327   357 D CompatibilityChangeReporter: Compat change id reported: 254631730; UID 10088; state: DISABLED
08-09 11:54:36.492   327   357 D CompatibilityChangeReporter: Compat change id reported: 273509367; UID 10088; state: DISABLED
08-09 11:54:36.492   327   357 D CompatibilityChangeReporter: Compat change id reported: 263259275; UID 10088; state: DISABLED
08-09 11:54:36.589   327   357 D CompatibilityChangeReporter: Compat change id reported: 194480991; UID 10088; state: ENABLED
08-09 11:54:36.603   327   357 D CompatibilityChangeReporter: Compat change id reported: 174042980; UID 10088; state: DISABLED
08-09 11:54:36.605   327   357 D CompatibilityChangeReporter: Compat change id reported: 184838306; UID 10088; state: DISABLED
08-09 11:54:36.606   327   357 D CompatibilityChangeReporter: Compat change id reported: 185004937; UID 10088; state: DISABLED
08-09 11:54:36.606   327   357 D CompatibilityChangeReporter: Compat change id reported: 181136395; UID 10088; state: DISABLED
08-09 11:54:36.609   327   357 D CompatibilityChangeReporter: Compat change id reported: 174042936; UID 10088; state: DISABLED
08-09 11:54:36.767   327   693 D CoreBackPreview: Window{ee0188f u0 com.google.android.gms/com.google.android.gms.auth.uiflows.addaccount.WrapperControlledActivity}: Setting back callback OnBackInvokedCallbackInfo{mCallback=android.window.IOnBackInvokedCallback$Stub$Proxy@50a2f25, mPriority=0}
08-09 11:54:37.002   327   327 W Looper  : Slow dispatch took 563ms main h=android.app.ActivityThread$H c=null m=131
08-09 11:54:37.042   327   327 W Looper  : Drained
08-09 11:54:37.046   327  1389 D CoreBackPreview: Window{b015e21 u0 com.google.android.gms/com.google.android.gms.auth.uiflows.addaccount.WrapperControlledActivity}: Setting back callback null
08-09 11:54:37.237   327   358 W ContentProviderHelper: Slow operation: 56ms so far, now at getContentProviderImpl: done!
08-09 11:54:37.294   327  6240 I ActivityManager: Killing 1175:com.android.deskclock/u0a101 (adj 985): empty #17
08-09 11:54:37.300   327  6240 I ActivityManager: Killing 2800:com.google.android.onetimeinitializer/u0a89 (adj 975): empty #17
08-09 11:54:37.341   327   886 I ActivityManager: Killing 3338:org.calyxos.backup.contacts/u0a100 (adj 975): empty #17
08-09 11:54:37.342   327   886 I ActivityManager: Killing 1210:com.google.android.projection.gearhead:car/u0a91 (adj 985): empty #18
08-09 11:54:37.977   327   362 W Looper  : Slow delivery took 240ms android.ui h=com.android.server.am.ActivityManagerService$UiHandler c=null m=31
08-09 11:54:37.993   327   362 W Looper  : Drained
08-09 11:54:38.470   327   886 W ActivityManager: Unable to start service Intent { act=com.google.android.setupcompat.SetupCompatService.BIND pkg=com.google.android.setupwizard } U=0: not found
08-09 11:54:38.559   327   886 W JobScheduler: Job didn't exist in JobStore: f2e8a99 #u0a88/27 com.google.android.apps.restore/androidx.work.impl.background.systemjob.SystemJobService
08-09 11:54:38.591   327  1658 I WindowManager: Queue is too deep! Purged item with taskid=47
08-09 11:54:39.732   327   364 I ActivityManager: Killing 1488:org.lineageos.lineageparts/1000 (adj 975): empty #17
08-09 11:54:39.774   327  1380 D BiometricService: canAuthenticate: User=0, Caller=0, Authenticators=15
08-09 11:54:39.774   327  3978 D CoreBackPreview: Window{ee0188f u0 com.google.android.gms/com.google.android.gms.auth.uiflows.addaccount.WrapperControlledActivity}: Setting back callback null
08-09 11:54:39.788   327  1380 D BiometricService/PreAuthInfo: getCanAuthenticateInternal Modality: 0 AuthenticatorStatus: 2
08-09 11:54:39.788   327  1380 D AuthService: canAuthenticate, userId: 0, callingUserId: 0, authenticators: 15, result: 12
08-09 11:54:39.803   327   693 D BiometricService: canAuthenticate: User=0, Caller=0, Authenticators=32768
08-09 11:54:39.803   327   693 D BiometricService/PreAuthInfo: getCanAuthenticateInternal Modality: 1 AuthenticatorStatus: 9
08-09 11:54:39.803   327   693 D AuthService: canAuthenticate, userId: 0, callingUserId: 0, authenticators: 32768, result: 11
08-09 11:54:39.803   327   693 D BiometricService: canAuthenticate: User=0, Caller=0, Authenticators=15
08-09 11:54:39.803   327   693 D BiometricService/PreAuthInfo: getCanAuthenticateInternal Modality: 0 AuthenticatorStatus: 2
08-09 11:54:39.804   327   693 D AuthService: canAuthenticate, userId: 0, callingUserId: 0, authenticators: 15, result: 12
08-09 11:54:39.816   327  1380 D BiometricService: canAuthenticate: User=0, Caller=0, Authenticators=15
08-09 11:54:39.819   327  1380 D BiometricService/PreAuthInfo: getCanAuthenticateInternal Modality: 0 AuthenticatorStatus: 2
08-09 11:54:39.819   327  1380 D AuthService: canAuthenticate, userId: 0, callingUserId: 0, authenticators: 15, result: 12
08-09 11:54:39.831   327   358 D BiometricService: canAuthenticate: User=0, Caller=0, Authenticators=15
08-09 11:54:39.832   327   358 D BiometricService/PreAuthInfo: getCanAuthenticateInternal Modality: 0 AuthenticatorStatus: 2
08-09 11:54:39.832   327   358 D AuthService: canAuthenticate, userId: 0, callingUserId: 0, authenticators: 15, result: 12
08-09 11:54:39.847   327   358 D CoreBackPreview: Window{d39b896 u0 com.google.android.gms/com.google.android.gms.setupservices.GoogleServicesActivity}: Setting back callback null
08-09 11:54:43.242   327  1658 W BroadcastQueue: Permission Denial: receiving Intent { act=com.google.gservices.intent.action.GSERVICES_OVERRIDE flg=0x1000010 (has extras) } to com.google.android.ims/.receivers.RcsAutoStartReceiver requires com.google.android.providers.gsf.permission.WRITE_GSERVICES due to sender com.android.vending (uid 10094)
08-09 11:54:43.582  1203  8088 W PackageParser: Unknown element under <manifest>: queries at /data/user_de/0/com.google.android.gms/app_chimera/m/00000001/dl-AdsFdrDynamite.integ_261710500100000.apk Binary XML file line #15
08-09 11:54:44.978   327   327 W Looper  : Slow dispatch took 1039ms main h=android.app.ActivityThread$H c=null m=114
08-09 11:54:44.980   327   327 W Looper  : Slow delivery took 1037ms main h=android.app.ActivityThread$H c=null m=121
08-09 11:54:44.981   327   327 W Looper  : Drained
08-09 11:54:45.650   327   886 W JobScheduler: Job didn't exist in JobStore: 2b97d09 #u0a96/-1000020 com.google.android.googlequicksearchbox/com.google.android.apps.gsa.tasks.BackgroundTasksJobService
08-09 11:54:48.543   327  6240 W ActivityManager: Slow operation: 59ms so far, now at startProcess: done creating new process record
08-09 11:54:48.543   327  6240 W ActivityManager: Slow operation: 59ms so far, now at startProcess: stepping in to startProcess
08-09 11:54:48.564   327  6240 D CompatibilityChangeReporter: Compat change id reported: 135634846; UID 10117; state: DISABLED
08-09 11:54:48.564   327  6240 W ActivityManager: Slow operation: 80ms so far, now at startProcess: done starting proc!
08-09 11:54:48.588   327   372 D CompatibilityChangeReporter: Compat change id reported: 143937733; UID 10117; state: ENABLED
08-09 11:54:48.677   327   372 W ActivityManager: Slow operation: 134ms so far, now at startProcess: returned from zygote!
08-09 11:54:48.726   327   327 W Looper  : Slow dispatch took 173ms main h=android.app.job.JobServiceEngine$JobHandler c=null m=2
08-09 11:54:48.816   327   372 W ActivityManager: Slow operation: 273ms so far, now at startProcess: done updating battery stats
08-09 11:54:48.824   327   372 W ActivityManager: Slow operation: 281ms so far, now at startProcess: building log message
08-09 11:54:48.824   327   372 I ActivityManager: Start proc 8107:com.google.android.apps.messaging/u0a117 for service {com.google.android.apps.messaging/com.google.android.apps.messaging.rcsmigration.RcsMigrationService}
08-09 11:54:48.838   327   372 W ActivityManager: Slow operation: 295ms so far, now at startProcess: starting to update pids map
08-09 11:54:48.838   327   372 W ActivityManager: Slow operation: 295ms so far, now at startProcess: done updating pids map
08-09 11:54:48.842   327   358 W JobScheduler: Job didn't exist in JobStore: 7cc8cf4 #u0a96/-45 com.google.android.googlequicksearchbox/com.google.android.apps.gsa.tasks.BackgroundTasksJobService
08-09 11:54:49.245   327  3978 W ActivityManager: Slow operation: 192ms so far, now at attachApplicationLocked: immediately before bindApplication
08-09 11:54:49.248   327  3978 W ActivityManager: Slow operation: 195ms so far, now at attachApplicationLocked: immediately after bindApplication
08-09 11:54:49.248   327  3978 W ActivityManager: Slow operation: 196ms so far, now at attachApplicationLocked: after updateLruProcessLocked
08-09 11:54:49.269   327  3978 W ActivityManager: Slow operation: 217ms so far, now at attachApplicationLocked: after mServices.attachApplicationLocked
08-09 11:54:49.574   327   422 I WindowManager: ANR in Window{c6dcdcc u0 NavigationBar0}. Reason:c6dcdcc NavigationBar0 (server) is not responding. Waited 5019ms for MotionEvent
08-09 11:54:49.575  1203  7797 W PackageParser: Unknown element under <manifest>: queries at /data/user_de/0/com.google.android.gms/app_chimera/m/00000001/dl-AdsFdrDynamite.integ_261710500100000.apk Binary XML file line #15
08-09 11:54:52.335   327   422 D CompatibilityChangeReporter: Compat change id reported: 184838306; UID 1000; state: DISABLED
08-09 11:54:52.335   327   422 D CompatibilityChangeReporter: Compat change id reported: 185004937; UID 1000; state: DISABLED
08-09 11:54:52.575   327   362 I ActivityTaskManager: START u0 {act=android.intent.action.MAIN cat=[android.intent.category.HOME] flg=0x10000100 cmp=com.android.launcher3/.uioverrides.QuickstepLauncher (has extras)} from uid 0
08-09 11:54:52.615   327  8203 I ActivityManager: dumpStackTraces pids={689=true, 713=true, 861=true, 914=true, 1060=true, 1072=true, 1203=true, 1239=true, 1254=true, 1308=true, 1393=true, 1427=true, 1452=true, 1532=true, 1570=true, 1739=true, 1936=true, 2362=true, 2461=true, 2697=true, 2840=true, 2893=true, 3041=true, 3094=true, 3156=true, 3375=true, 4041=true, 4471=true, 4472=true, 4604=true, 4747=true, 6583=true, 6855=true, 7433=true, 8107=true} nativepids=[31, 38, 71, 72, 96, 99, 125, 129, 130, 131, 144, 153]
08-09 11:54:52.653   327   361 W Looper  : Slow dispatch took 153ms android.fg h=android.os.Handler c=android.app.LoadedApk$ReceiverDispatcher$Args$$ExternalSyntheticLambda0@f987586 m=0
08-09 11:54:52.859   327   362 W Looper  : Slow dispatch took 408ms android.ui h=com.android.server.policy.PhoneWindowManager$PolicyHandler c=com.android.server.policy.PhoneWindowManager$DisplayHomeButtonHandler$$ExternalSyntheticLambda0@edb52f7 m=0
08-09 11:54:52.879   327   362 W Looper  : Slow delivery took 428ms android.ui h=com.android.server.am.ActivityManagerService$UiHandler c=null m=31
08-09 11:54:52.881   327   362 W Looper  : Drained
08-09 11:54:53.073   327  8203 I ActivityManager: Skipping next CPU consuming process, not a java proc: 327
08-09 11:54:53.073   327  8203 I ActivityManager: Skipping next CPU consuming process, not a java proc: 18
08-09 11:54:53.073   327  8203 I ActivityManager: Skipping next CPU consuming process, not a java proc: 77
08-09 11:54:53.073   327  8203 I ActivityManager: Skipping next CPU consuming process, not a java proc: 96
08-09 11:54:53.073   327  8203 I ActivityManager: Skipping next CPU consuming process, not a java proc: 99
08-09 11:54:53.073   327  8203 I ActivityManager: Skipping next CPU consuming process, not a java proc: 7223
08-09 11:54:53.074   327  8203 I ActivityManager: Skipping next CPU consuming process, not a java proc: 1
08-09 11:54:53.156   327  8203 I ActivityManager: Dumping to /data/anr/anr_2026-08-09-11-54-53-086
08-09 11:54:53.156   327  8203 I ActivityManager: Collecting stacks for pid 7223
08-09 11:54:53.353   327   361 W Looper  : Slow dispatch took 116ms android.fg h=android.os.Handler c=com.android.server.Watchdog$HandlerChecker@3bbe08b m=0
08-09 11:54:53.681   327   693 W JobScheduler: Job didn't exist in JobStore: f4d8da2 #u0a90/1 com.google.android.configupdater/.MainJobService
08-09 11:54:56.460   327   693 W ActivityManager: stopServiceToken startId 30 is last, but have 1 remaining args
08-09 11:54:58.556   327   403 W DeviceIdleController: motion timeout went off and device isn't stationary
08-09 11:54:59.354   327   327 W Looper  : Slow dispatch took 865ms main h=com.android.server.job.JobSchedulerService$JobHandler c=null m=0
08-09 11:54:59.354   327   327 W Looper  : Slow delivery took 865ms main h=com.android.server.power.Notifier$NotifierHandler c=null m=7
08-09 11:54:59.365   327   327 W Looper  : Drained
08-09 11:54:59.388   327   327 W JobScheduler: Job didn't exist in JobStore: bccc1a5 #u0a93/2 com.google.android.partnersetup/.PhenotypeJobService
08-09 11:55:00.043   327  8203 I ActivityManager: Collecting stacks for pid 327
08-09 11:55:01.411   327   362 W Looper  : Slow delivery took 488ms android.ui h=com.android.server.am.ActivityManagerService$UiHandler c=null m=31
08-09 11:55:01.412   327   327 W Looper  : Slow delivery took 485ms main h=android.os.Handler c=com.android.internal.os.BinderCallsStats$1@7e30ee7 m=0
08-09 11:55:01.412   327   327 W Looper  : Drained
08-09 11:55:01.413   327   362 W Looper  : Drained
08-09 11:55:01.857   327  8203 I ActivityManager: Collecting stacks for pid 1139
08-09 11:55:02.387   327   693 D CompatibilityChangeReporter: Compat change id reported: 161145287; UID 10117; state: DISABLED
08-09 11:55:02.688   327  8203 I ActivityManager: Collecting stacks for pid 661
08-09 11:55:02.734   327  6239 W ActivityManager: Unable to start service Intent { act=com.google.android.gms.lockbox.service.START pkg=com.google.android.gms } U=0: not found
08-09 11:55:02.757   327   815 W ActivityManager: Unbind failed: could not find connection for android.os.BinderProxy@205177c
08-09 11:55:03.223   327  8203 I ActivityManager: Collecting stacks for pid 636
08-09 11:55:03.254   327  6239 W JobScheduler: Job didn't exist in JobStore: b3f826f #u0a96/-47 com.google.android.googlequicksearchbox/com.google.android.apps.gsa.tasks.BackgroundTasksJobService
08-09 11:55:03.436   327   693 D CompatibilityChangeReporter: Compat change id reported: 161252188; UID 10117; state: DISABLED
08-09 11:55:03.439   327  1658 W JobScheduler: Job didn't exist in JobStore: 946da14 #u0a96/-87 com.google.android.googlequicksearchbox/com.google.android.apps.gsa.tasks.BackgroundTasksJobService
08-09 11:55:03.598   327  8203 I ActivityManager: Collecting stacks for pid 653
08-09 11:55:05.976  7223  7223 D VRI[NavigationBar0]: updatePointerIcon called with position out of bounds
08-09 11:55:06.164   327  4101 I RescueParty: Starting to observe: [android], updated namespace: app_hibernation
08-09 11:55:06.170   327   370 I PackageWatchdog: Syncing state, reason: observing new packages
08-09 11:55:06.170   327   370 D PackageWatchdog: rescue-party-observer added the following packages to monitor [android]
08-09 11:55:06.170   327   370 I PackageWatchdog: Syncing state, reason: updated observers
08-09 11:55:06.170   327   370 I PackageWatchdog: Not pruning observers, elapsed time: 0ms
08-09 11:55:06.170   327   370 I PackageWatchdog: Saving observer state to file
08-09 11:55:06.170   327   327 I PackageWatchdog: Syncing health check requests for packages: {}
08-09 11:55:06.215   327   327 I ExplicitHealthCheckController: Service not ready to get health check supported packages. Binding...
08-09 11:55:06.252   327   327 I ExplicitHealthCheckController: Explicit health check service is bound
08-09 11:55:06.252   327   327 I PackageWatchdog: Syncing health check requests for packages: {}
08-09 11:55:06.252   327   327 I ExplicitHealthCheckController: Service not ready to get health check supported packages. Binding...
08-09 11:55:06.252   327   327 I ExplicitHealthCheckController: Not binding to service, service already connecting
08-09 11:55:06.289   327  8203 I ActivityManager: Collecting stacks for native pid 31
08-09 11:55:06.290   327   327 D AppHibernationService: App hibernation changed to enabled=true
08-09 11:55:06.659   327   327 I ExplicitHealthCheckController: Explicit health check service is connected ComponentInfo{android.ext.services/android.ext.services.watchdog.ExplicitHealthCheckServiceImpl}
08-09 11:55:06.663   327   327 I ExplicitHealthCheckController: Service initialized, syncing requests
08-09 11:55:06.663   327   327 I PackageWatchdog: Syncing health check requests for packages: {}
08-09 11:55:06.663   327   327 D ExplicitHealthCheckController: Getting health check supported packages
08-09 11:55:06.738   327  4101 I ExplicitHealthCheckController: Explicit health check supported packages [PackageConfig{com.android.networkstack, 86400000}]
08-09 11:55:06.738   327  4101 D PackageWatchdog: Received supported packages [PackageConfig{com.android.networkstack, 86400000}]
08-09 11:55:06.738   327  4101 D ExplicitHealthCheckController: Getting health check requested packages
08-09 11:55:06.740   327  4101 I ExplicitHealthCheckController: Explicit health check requested packages []
08-09 11:55:06.740   327  4101 I ExplicitHealthCheckController: No more health check requests, unbinding...
08-09 11:55:06.743   327  4101 I ExplicitHealthCheckController: Explicit health check service is unbound
08-09 11:55:06.771   327  8203 I ActivityManager: Collecting stacks for native pid 38
08-09 11:55:06.986   327  8203 I ActivityManager: Collecting stacks for native pid 71
08-09 11:55:07.169   327  8203 I ActivityManager: Collecting stacks for native pid 72
08-09 11:55:07.454   327  8203 I ActivityManager: Collecting stacks for native pid 96
08-09 11:55:07.714   327  8203 I ActivityManager: Collecting stacks for native pid 99
08-09 11:55:07.832   327  6239 I RescueParty: Starting to observe: [android], updated namespace: input_native_boot
08-09 11:55:07.833   327   370 I PackageWatchdog: Syncing state, reason: observing new packages
08-09 11:55:07.833   327   370 D PackageWatchdog: rescue-party-observer added the following packages to monitor [android]
08-09 11:55:07.833   327   370 I PackageWatchdog: Syncing state, reason: updated observers
08-09 11:55:07.834   327   370 I PackageWatchdog: Saving observer state to file
08-09 11:55:07.845   327   327 I PackageWatchdog: Syncing health check requests for packages: {}
