08-09 12:23:15.067   327   357 W ActivityTaskManager: Background activity start [callingPackage: com.devsisters.ck; callingUid: 10146; appSwitchState: 2; isCallingUidForeground: false; callingUidHasAnyVisibleWindow: false; callingUidProcState: CACHED_EMPTY; isCallingUidPersistentSystemProcess: false; realCallingUid: 10146; isRealCallingUidForeground: false; realCallingUidHasAnyVisibleWindow: false; realCallingUidProcState: CACHED_EMPTY; isRealCallingUidPersistentSystemProcess: false; originatingPendingIntent: null; allowBackgroundActivityStart: false; intent: Intent { act=controller flg=0x50010000 cmp=com.devsisters.ck/yb.a (has extras) }; callerApp: ProcessRecord{8ddfd8a 10266:com.devsisters.ck/u0a146}; inVisibleTask: false]
08-09 12:23:15.080   327   357 D CompatibilityChangeReporter: Compat change id reported: 265464455; UID 10146; state: DISABLED
08-09 12:23:15.080   327   357 D CompatibilityChangeReporter: Compat change id reported: 265452344; UID 10146; state: DISABLED
08-09 12:23:15.081   327   357 D CompatibilityChangeReporter: Compat change id reported: 266124927; UID 10146; state: DISABLED
08-09 12:23:15.081   327   357 D CompatibilityChangeReporter: Compat change id reported: 265451093; UID 10146; state: DISABLED
08-09 12:23:15.081   327   357 D CompatibilityChangeReporter: Compat change id reported: 265456536; UID 10146; state: DISABLED
08-09 12:23:15.082   327   357 D CompatibilityChangeReporter: Compat change id reported: 255940284; UID 10146; state: DISABLED
08-09 12:23:15.082   327   357 D CompatibilityChangeReporter: Compat change id reported: 236283604; UID 10146; state: DISABLED
08-09 12:23:15.082   327   357 D CompatibilityChangeReporter: Compat change id reported: 263959004; UID 10146; state: DISABLED
08-09 12:23:15.082   327   357 D CompatibilityChangeReporter: Compat change id reported: 264304459; UID 10146; state: DISABLED
08-09 12:23:15.082   327   357 D CompatibilityChangeReporter: Compat change id reported: 264301586; UID 10146; state: DISABLED
08-09 12:23:15.083   327   357 D CompatibilityChangeReporter: Compat change id reported: 254631730; UID 10146; state: DISABLED
08-09 12:23:15.083   327   357 D CompatibilityChangeReporter: Compat change id reported: 273509367; UID 10146; state: DISABLED
08-09 12:23:15.083   327   357 D CompatibilityChangeReporter: Compat change id reported: 263259275; UID 10146; state: DISABLED
08-09 12:23:15.084   327   357 D CompatibilityChangeReporter: Compat change id reported: 194480991; UID 10146; state: ENABLED
08-09 12:23:15.090   327   357 D CompatibilityChangeReporter: Compat change id reported: 174042980; UID 10146; state: DISABLED
08-09 12:23:15.091   327   357 E ActivityTaskManager: Abort background activity starts from 10146
08-09 12:23:15.562  9219  9219 D BoundBrokerSvc: onUnbind: Intent { act=com.google.android.gms.appset.service.START dat=chimera-action:/... cmp=com.google.android.gms/.chimera.GmsApiService }
08-09 12:23:23.269   327   383 V DisplayPowerController[0]: Brightness [0.05] reason changing to: 'manual [ dim ]', previous reason: 'manual'.
08-09 12:23:23.269   327   383 I DisplayPowerController[0]: BrightnessEvent: disp=0, physDisp=local:0, brt=0.05, initBrt=0.39763778, rcmdBrt=NaN, preBrt=NaN, lux=0.0, preLux=0.0, hbmMax=1.0, hbmMode=off, rbcStrength=50, powerFactor=1.0, thrmMax=1.0, wasShortTermModelActive=false, flags=, reason=manual [ dim ], autoBrightness=false
08-09 12:23:23.897   327   383 I DisplayPowerController[0]: BrightnessEvent: disp=0, physDisp=local:0, brt=0.05, initBrt=0.05, rcmdBrt=NaN, preBrt=NaN, lux=0.0, preLux=0.0, hbmMax=1.0, hbmMode=off, rbcStrength=50, powerFactor=1.0, thrmMax=1.0, wasShortTermModelActive=false, flags=, reason=manual [ dim ], autoBrightness=false
08-09 12:23:26.315   327  6240 I ActivityManager: Process com.devsisters.ck (pid 10266) has died: cch+5 CEM 
08-09 12:23:26.315    73    73 I Zygote  : Process 10266 exited due to signal 9 (Killed)
08-09 12:23:26.316   327   373 I libprocessgroup: Successfully killed process cgroup uid 10146 pid 10266 in 0ms
08-09 12:23:59.359  8911  8925 I android.vending: oneway function results for code 2 on binder at 0x7fd2e8677fd0 will be dropped but finished with status UNKNOWN_TRANSACTION
08-09 12:23:59.367  8911  8925 I android.vending: oneway function results for code 2 on binder at 0x7fd2e866cfc0 will be dropped but finished with status UNKNOWN_TRANSACTION
08-09 12:24:01.317   327   327 W system_server: Long monitor contention with owner AlarmManager (416) at void com.android.server.alarm.AlarmManagerService$AlarmThread.run()(AlarmManagerService.java:4773) waiters=0 in void com.android.server.alarm.AlarmManagerService$DeliveryTracker.alarmComplete(android.os.IBinder) for 1.079s
08-09 12:24:01.328   327   327 W Looper  : Slow dispatch took 1306ms main h=com.android.server.alarm.AlarmManagerService$AlarmHandler c=com.android.server.alarm.AlarmManagerService$3$$ExternalSyntheticLambda0@9275b16 m=0
08-09 12:24:01.336   327   327 W Looper  : Slow delivery took 447ms main h=com.android.server.power.Notifier$NotifierHandler c=null m=7
08-09 12:24:02.290   327   327 W Looper  : Drained
08-09 12:24:02.329   327   422 D LightsService: Excessive delay setting light
08-09 12:24:02.415   327   383 V DisplayPowerController[0]: Brightness [0.39763778] reason changing to: 'manual', previous reason: 'manual [ dim ]'.
08-09 12:24:02.425   327   383 I DisplayPowerController[0]: BrightnessEvent: disp=0, physDisp=local:0, brt=0.39763778, initBrt=0.05, rcmdBrt=NaN, preBrt=NaN, lux=0.0, preLux=0.0, hbmMax=1.0, hbmMode=off, rbcStrength=50, powerFactor=1.0, thrmMax=1.0, wasShortTermModelActive=false, flags=, reason=manual, autoBrightness=false
08-09 12:24:02.429  8597  8715 I OpenGLRenderer: Davey! duration=949ms; Flags=0, FrameTimelineVsyncId=876812, IntendedVsync=61596208500341, Vsync=61596525166995, InputEventId=0, HandleInputStart=61596539930929, AnimationStart=61596539931686, PerformTraversalsStart=61596539998464, DrawStart=61596828292476, FrameDeadline=61596229167007, FrameInterval=61596539786821, FrameStartTime=16666666, SyncQueued=61596831220692, SyncStart=61596838928364, IssueDrawCommandsStart=61596843813989, SwapBuffers=61597103806062, FrameCompleted=61597165436873, DequeueBufferDuration=10260419, QueueBufferDuration=6844238, GpuCompleted=61597148262904, SwapBuffersCompleted=61597165436873, DisplayPresentTime=0, CommandSubmissionCompleted=61597103806062, 
08-09 12:24:02.511   914  6487 I OpenGLRenderer: Davey! duration=962ms; Flags=0, FrameTimelineVsyncId=876819, IntendedVsync=61596275167005, Vsync=61596325167003, InputEventId=0, HandleInputStart=61596343941741, AnimationStart=61596343943233, PerformTraversalsStart=61596343943592, DrawStart=61596772883417, FrameDeadline=61596295833671, FrameInterval=61596341062498, FrameStartTime=16666666, SyncQueued=61596855077034, SyncStart=61596858528779, IssueDrawCommandsStart=61596877637396, SwapBuffers=61597134079352, FrameCompleted=61597240765330, DequeueBufferDuration=1543863, QueueBufferDuration=11437084, GpuCompleted=61597226501946, SwapBuffersCompleted=61597240765330, DisplayPresentTime=0, CommandSubmissionCompleted=61597134079352, 
08-09 12:24:03.013   327   383 I DisplayPowerController[0]: BrightnessEvent: disp=0, physDisp=local:0, brt=0.39763778, initBrt=0.39763778, rcmdBrt=NaN, preBrt=NaN, lux=0.0, preLux=0.0, hbmMax=1.0, hbmMode=off, rbcStrength=50, powerFactor=1.0, thrmMax=1.0, wasShortTermModelActive=false, flags=, reason=manual, autoBrightness=false
08-09 12:24:03.565  8597  8597 D VRI[NavigationBar0]: updatePointerIcon called with position out of bounds
08-09 12:24:03.944   327  3961 D CompatibilityChangeReporter: Compat change id reported: 161252188; UID 10146; state: DISABLED
08-09 12:24:03.994   327  3961 I ActivityTaskManager: START u0 {act=android.intent.action.MAIN cat=[android.intent.category.LAUNCHER] flg=0x10200000 cmp=com.devsisters.ck/com.devsisters.plugin.OvenUnityPlayerActivity bnds=[1112,32][1249,132]} from uid 10120
08-09 12:24:04.169   327  3961 E CellBroadcastUtils: getDefaultCellBroadcastReceiverPackageName: no package found
08-09 12:24:04.236   327  3961 D CompatibilityChangeReporter: Compat change id reported: 184838306; UID 10146; state: DISABLED
08-09 12:24:04.238   327  3961 D CompatibilityChangeReporter: Compat change id reported: 185004937; UID 10146; state: DISABLED
08-09 12:24:04.239   327  3961 D CompatibilityChangeReporter: Compat change id reported: 181136395; UID 10146; state: DISABLED
08-09 12:24:04.241   327  3961 D CompatibilityChangeReporter: Compat change id reported: 174042936; UID 10146; state: DISABLED
08-09 12:24:04.267   327  3961 D CompatibilityChangeReporter: Compat change id reported: 197654537; UID 10146; state: ENABLED
08-09 12:24:04.302   327  3961 D CompatibilityChangeReporter: Compat change id reported: 205907456; UID 10146; state: ENABLED
08-09 12:24:04.376   327  3961 D CompatibilityChangeReporter: Compat change id reported: 194833441; UID 10146; state: ENABLED
08-09 12:24:04.488   327   364 D CompatibilityChangeReporter: Compat change id reported: 135634846; UID 10146; state: DISABLED
08-09 12:24:04.489   327   364 D CompatibilityChangeReporter: Compat change id reported: 177438394; UID 10146; state: DISABLED
08-09 12:24:04.489   327   364 D CompatibilityChangeReporter: Compat change id reported: 135772972; UID 10146; state: DISABLED
08-09 12:24:04.493   327   364 D CompatibilityChangeReporter: Compat change id reported: 135754954; UID 10146; state: ENABLED
08-09 12:24:04.520   914   914 I Choreographer: Skipped 46 frames!  The application may be doing too much work on its main thread.
08-09 12:24:04.588   914  6487 I OpenGLRenderer: Davey! duration=825ms; Flags=0, FrameTimelineVsyncId=877367, IntendedVsync=61598922555159, Vsync=61599688006981, InputEventId=854393563, HandleInputStart=61599699234000, AnimationStart=61599699865367, PerformTraversalsStart=61599706558062, DrawStart=61599706617468, FrameDeadline=61598959862082, FrameInterval=61599699143864, FrameStartTime=16640257, SyncQueued=61599706797152, SyncStart=61599707460910, IssueDrawCommandsStart=61599741762996, SwapBuffers=61599744702005, FrameCompleted=61599748715319, DequeueBufferDuration=13095, QueueBufferDuration=1688289, GpuCompleted=61599747664318, SwapBuffersCompleted=61599748715319, DisplayPresentTime=0, CommandSubmissionCompleted=61599744702005, 
08-09 12:24:04.590   327   364 W ActivityManager: Slow operation: 180ms so far, now at startProcess: done starting proc!
08-09 12:24:04.599   327   372 W ActivityManager: Slow operation: 139ms so far, now at startProcess: asking zygote to start proc
08-09 12:24:04.601   327   375 W libprocessgroup: Failed to open /dev/stune/top-app/cgroup.procs: No such file or directory
08-09 12:24:04.601   327   375 W libprocessgroup: Failed to open /dev/cpuset/top-app/cgroup.procs: No such file or directory
08-09 12:24:04.601   327   375 W libprocessgroup: Failed to open /dev/blkio//cgroup.procs: No such file or directory
08-09 12:24:04.603   327   372 D CompatibilityChangeReporter: Compat change id reported: 143937733; UID 10146; state: ENABLED
08-09 12:24:04.689  8597  8662 W Parcel  : Expecting binder but got null!
08-09 12:24:04.724   327  1378 D CompatibilityChangeReporter: Compat change id reported: 168419799; UID 10146; state: DISABLED
08-09 12:24:04.726   327  1378 D CompatibilityChangeReporter: Compat change id reported: 273564678; UID 10146; state: DISABLED
08-09 12:24:04.750    73    73 D Zygote  : Forked child process 10377
08-09 12:24:04.841   327   372 W ActivityManager: Slow operation: 381ms so far, now at startProcess: returned from zygote!
08-09 12:24:04.850   327   372 W ActivityManager: Slow operation: 390ms so far, now at startProcess: done updating battery stats
08-09 12:24:04.862   327   372 W ActivityManager: Slow operation: 403ms so far, now at startProcess: building log message
08-09 12:24:04.863   327   372 I ActivityManager: Start proc 10377:com.devsisters.ck/u0a146 for next-top-activity {com.devsisters.ck/com.devsisters.plugin.OvenUnityPlayerActivity}
08-09 12:24:04.863   327   372 W ActivityManager: Slow operation: 403ms so far, now at startProcess: starting to update pids map
08-09 12:24:04.863   327   361 W Looper  : Slow dispatch took 118ms android.fg h=android.os.Handler c=com.android.server.location.injector.SystemAppForegroundHelper$$ExternalSyntheticLambda0@ab53fa m=0
08-09 12:24:04.868   327  1378 D CoreBackPreview: Window{22c978f u0 com.devsisters.ck/SplashScreen}: Setting back callback OnBackInvokedCallbackInfo{mCallback=android.window.IOnBackInvokedCallback$Stub$Proxy@1d04625, mPriority=0}
08-09 12:24:04.900   327   372 W ActivityManager: Slow operation: 440ms so far, now at startProcess: done updating pids map
08-09 12:24:04.911 10377 10377 E libprocessgroup: Failed to make and chown /sys/fs/cgroup/uid_10146: Read-only file system
08-09 12:24:04.911 10377 10377 W Zygote  : createProcessGroup failed, kernel missing CONFIG_CGROUP_CPUACCT?
08-09 12:24:04.936 10377 10377 W m.devsisters.ck: Unexpected CPU variant for x86: x86_64.
08-09 12:24:04.936 10377 10377 W m.devsisters.ck: Known variants: atom, sandybridge, silvermont, kabylake, default
08-09 12:24:04.958  8597  8662 E OpenGLRenderer: Unable to match the desired swap behavior.
08-09 12:24:05.061 10377 10377 I houdini : [10377] Houdini now in android app mode
08-09 12:24:05.061 10377 10377 I houdini : [10377] Intel Bridge Technology for Google Play Games on Windows Only, Copyright(C) Intel Corp. 2012-2025.
08-09 12:24:05.061 10377 10377 I houdini : [10377] Use permitted only under a valid commercial software license agreement - all other rights reserved.
08-09 12:24:05.061 10377 10377 I houdini : [10377] Initialize library(version: 14.0.0_z.GoogleGame_com1.2 RELEASE)... successfully.
08-09 12:24:05.084    83   156 V [minigbm:gbm_mesa_internals.cpp(382)]: Allocated: 1366x738, stride: 5504, map_stride: 0
08-09 12:24:05.107    83   156 V [minigbm:gbm_mesa_internals.cpp(382)]: Allocated: 1366x738, stride: 5504, map_stride: 0
08-09 12:24:05.121    83   156 V [minigbm:gbm_mesa_internals.cpp(382)]: Allocated: 1366x738, stride: 5504, map_stride: 0
08-09 12:24:05.186   914   942 D QuickstepModelDelegate: notifyAppTargetEvent action=1 launchLocation=workspace/0/[5,0]/[1,1]
08-09 12:24:05.253   327   375 W libprocessgroup: Failed to open /dev/stune/top-app/cgroup.procs: No such file or directory
08-09 12:24:05.254   327   375 W libprocessgroup: Failed to open /dev/cpuset/top-app/cgroup.procs: No such file or directory
08-09 12:24:05.254   327   375 W libprocessgroup: Failed to open /dev/blkio//cgroup.procs: No such file or directory
08-09 12:24:05.265    96   222 W AudioFlinger: write blocked for 981 msecs, 25 delayed writes, thread 13
08-09 12:24:05.265 10377 10377 E m.devsisters.ck: Not starting debugger since process cannot load the jdwp agent.
08-09 12:24:05.324   327   375 W libprocessgroup: Failed to open /dev/stune/top-app/cgroup.procs: No such file or directory
08-09 12:24:05.324   327   375 W libprocessgroup: Failed to open /dev/cpuset/top-app/cgroup.procs: No such file or directory
08-09 12:24:05.324   327   375 W libprocessgroup: Failed to open /dev/blkio//cgroup.procs: No such file or directory
08-09 12:24:05.328    83   156 V [minigbm:gbm_mesa_internals.cpp(382)]: Allocated: 1366x738, stride: 5632, map_stride: 5632
08-09 12:24:05.501   327  3961 W ActivityManager: Slow operation: 87ms so far, now at attachApplicationLocked: immediately after bindApplication
08-09 12:24:05.501   327  3961 W ActivityManager: Slow operation: 87ms so far, now at attachApplicationLocked: after updateLruProcessLocked
08-09 12:24:05.503  1308  1308 I HdmBroadcastRecvUpd: (REDACTED) received broadcast: %s
08-09 12:24:05.524   327  3961 W ActivityManager: Slow operation: 111ms so far, now at attachApplicationLocked: after mServices.attachApplicationLocked
08-09 12:24:05.550   327   362 V GameManagerService: Game power mode ON (process state was changed to foreground)
08-09 12:24:05.567 10377 10377 D CompatibilityChangeReporter: Compat change id reported: 171979766; UID 10146; state: ENABLED
08-09 12:24:05.684  1308  1765 I HdmHotwordRequestListen: (REDACTED) received broadcast: %s
08-09 12:24:05.715  1308  1765 I SodaTriggeringFrontend: (REDACTED) #onConfigUpdate. requester: %s
08-09 12:24:05.764  1308  1765 I SodaTriggeringFrontend: #onConfigUpdate inside sequencer
08-09 12:24:05.780  1308  1765 I A       : (REDACTED) Voice Match (Speaker-id) supported : %b 
08-09 12:24:05.781  1308  1765 I A       : (REDACTED) hotword enrollment state is enrolled:  %b, speakerId model exist: %b. Voice Match supported : %b 
08-09 12:24:05.782  1308  1765 I A       : (REDACTED) isHotwordAvailable():  %b, isHotwordEnabled() %b 
08-09 12:24:05.782  1308  1765 I A       : (REDACTED) isHotwordAvailable():  %b, isHotwordEnabled() %b 
08-09 12:24:05.783  1308  1765 I A       : (REDACTED) Hotword enrollment state : %s.
08-09 12:24:05.783  1308  1765 I A       : (REDACTED) Voice Match (Speaker-id) supported : %b 
08-09 12:24:05.783  1308  1765 I A       : (REDACTED) Voice Match (Speaker-id) supported : %b 
08-09 12:24:05.784  1308  1765 I A       : (REDACTED) hotword enrollment state is enrolled:  %b, speakerId model exist: %b, voice match supported : %b
08-09 12:24:05.785  1308  1765 I A       : (REDACTED) Hotword isNonVoiceMatchHotwordEnabled: %b, isHotwordAvailable : %b, isHotwordEnabled : %b, isVoiceMatchSupported: %b, isHotwordEnrolled: %b.
08-09 12:24:05.787  1308  1765 I SodaTriggeringFrontend: (REDACTED) Ignore the legacy hotword request. voice match enabled %b, isHotwordSupported %b, isIncompleteEnrollmentState %b, nonVoiceMatchHotwordEnabled %b
08-09 12:24:05.852   327   422 D InputDispatcher: No new touched window at (869, 225) in display 0
08-09 12:24:05.852   327   422 I InputDispatcher: Dropping event because there is no touchable window at (869, 225) on display 0.
08-09 12:24:05.857   327   422 D InputDispatcher: No new touched window at (808, 250) in display 0
08-09 12:24:05.857   327   422 I InputDispatcher: Dropping event because there is no touchable window at (808, 250) on display 0.
08-09 12:24:05.870   327   422 D InputDispatcher: No new touched window at (768, 272) in display 0
08-09 12:24:05.871   327   422 I InputDispatcher: Dropping event because there is no touchable window at (768, 272) on display 0.
08-09 12:24:05.872   327   422 D InputDispatcher: No new touched window at (725, 293) in display 0
08-09 12:24:05.872   327   422 I InputDispatcher: Dropping event because there is no touchable window at (725, 293) on display 0.
08-09 12:24:05.882   327   422 D InputDispatcher: No new touched window at (676, 312) in display 0
08-09 12:24:05.882   327   422 I InputDispatcher: Dropping event because there is no touchable window at (676, 312) on display 0.
08-09 12:24:05.887   327   422 D InputDispatcher: No new touched window at (627, 335) in display 0
08-09 12:24:05.887   327   422 I InputDispatcher: Dropping event because there is no touchable window at (627, 335) on display 0.
08-09 12:24:05.894   327   422 D InputDispatcher: No new touched window at (568, 364) in display 0
08-09 12:24:05.894   327   422 I InputDispatcher: Dropping event because there is no touchable window at (568, 364) on display 0.
08-09 12:24:05.907   327   422 D InputDispatcher: No new touched window at (538, 388) in display 0
08-09 12:24:05.907   327   422 I InputDispatcher: Dropping event because there is no touchable window at (538, 388) on display 0.
08-09 12:24:05.915   327   422 D InputDispatcher: No new touched window at (494, 411) in display 0
08-09 12:24:05.915   327   422 I InputDispatcher: Dropping event because there is no touchable window at (494, 411) on display 0.
08-09 12:24:05.916   327   422 D InputDispatcher: No new touched window at (462, 425) in display 0
08-09 12:24:05.916   327   422 I InputDispatcher: Dropping event because there is no touchable window at (462, 425) on display 0.
08-09 12:24:05.927   327   422 D InputDispatcher: No new touched window at (441, 435) in display 0
08-09 12:24:05.927   327   422 I InputDispatcher: Dropping event because there is no touchable window at (441, 435) on display 0.
08-09 12:24:05.946   327   422 D InputDispatcher: No new touched window at (419, 446) in display 0
08-09 12:24:05.946   327   422 I InputDispatcher: Dropping event because there is no touchable window at (419, 446) on display 0.
08-09 12:24:05.947   327   422 D InputDispatcher: No new touched window at (401, 456) in display 0
08-09 12:24:05.947   327   422 I InputDispatcher: Dropping event because there is no touchable window at (401, 456) on display 0.
08-09 12:24:05.948   327   422 D InputDispatcher: No new touched window at (393, 464) in display 0
08-09 12:24:05.948   327   422 I InputDispatcher: Dropping event because there is no touchable window at (393, 464) on display 0.
08-09 12:24:05.953   327   422 D InputDispatcher: No new touched window at (385, 472) in display 0
08-09 12:24:05.953   327   422 I InputDispatcher: Dropping event because there is no touchable window at (385, 472) on display 0.
08-09 12:24:05.967   327   422 D InputDispatcher: No new touched window at (378, 479) in display 0
08-09 12:24:05.967   327   422 I InputDispatcher: Dropping event because there is no touchable window at (378, 479) on display 0.
08-09 12:24:06.101 10377 10377 W ziparchive: Unable to open '/data/app/~~LvDFVRQpKmGrD4mAbAAJIA==/com.devsisters.ck-JJ4TYgXvKtvwFHpTH244oA==/split_UnityDataAssetPack.dm': No such file or directory
08-09 12:24:06.101 10377 10377 W ziparchive: Unable to open '/data/app/~~LvDFVRQpKmGrD4mAbAAJIA==/com.devsisters.ck-JJ4TYgXvKtvwFHpTH244oA==/split_UnityDataAssetPack.dm': No such file or directory
08-09 12:24:06.122 10377 10377 W m.devsisters.ck: Entry not found
08-09 12:24:06.123 10377 10377 W ziparchive: Unable to open '/data/app/~~LvDFVRQpKmGrD4mAbAAJIA==/com.devsisters.ck-JJ4TYgXvKtvwFHpTH244oA==/split_config.arm64_v8a.dm': No such file or directory
08-09 12:24:06.123 10377 10377 W ziparchive: Unable to open '/data/app/~~LvDFVRQpKmGrD4mAbAAJIA==/com.devsisters.ck-JJ4TYgXvKtvwFHpTH244oA==/split_config.arm64_v8a.dm': No such file or directory
08-09 12:24:06.126 10377 10377 W m.devsisters.ck: Entry not found
08-09 12:24:06.140   327   422 W InputDispatcher: Not sending touch gesture to 1b7ae84 ActivityRecordInputSink com.devsisters.ck/com.devsisters.plugin.OvenUnityPlayerActivity because it is not responsive
08-09 12:24:06.140   327   422 I InputDispatcher: Dropping event because there is no touched window on display 0 to receive it: MotionEvent
08-09 12:24:06.147   327   422 W InputDispatcher: Not sending touch gesture to 1b7ae84 ActivityRecordInputSink com.devsisters.ck/com.devsisters.plugin.OvenUnityPlayerActivity because it is not responsive
08-09 12:24:06.147   327   422 I InputDispatcher: Dropping event because there is no touched window on display 0 to receive it: MotionEvent
08-09 12:24:06.154   327   422 W InputDispatcher: Not sending touch gesture to 1b7ae84 ActivityRecordInputSink com.devsisters.ck/com.devsisters.plugin.OvenUnityPlayerActivity because it is not responsive
08-09 12:24:06.154   327   422 I InputDispatcher: Dropping event because there is no touched window on display 0 to receive it: MotionEvent
08-09 12:24:06.164   327   422 W InputDispatcher: Not sending touch gesture to 1b7ae84 ActivityRecordInputSink com.devsisters.ck/com.devsisters.plugin.OvenUnityPlayerActivity because it is not responsive
08-09 12:24:06.164   327   422 I InputDispatcher: Dropping event because there is no touched window on display 0 to receive it: MotionEvent
08-09 12:24:06.169   327   422 W InputDispatcher: Not sending touch gesture to 1b7ae84 ActivityRecordInputSink com.devsisters.ck/com.devsisters.plugin.OvenUnityPlayerActivity because it is not responsive
08-09 12:24:06.169   327   422 I InputDispatcher: Dropping event because there is no touched window on display 0 to receive it: MotionEvent
08-09 12:24:06.176   327   422 W InputDispatcher: Not sending touch gesture to 1b7ae84 ActivityRecordInputSink com.devsisters.ck/com.devsisters.plugin.OvenUnityPlayerActivity because it is not responsive
08-09 12:24:06.176   327   422 I InputDispatcher: Dropping event because there is no touched window on display 0 to receive it: MotionEvent
08-09 12:24:06.184   327   422 W InputDispatcher: Not sending touch gesture to 1b7ae84 ActivityRecordInputSink com.devsisters.ck/com.devsisters.plugin.OvenUnityPlayerActivity because it is not responsive
08-09 12:24:06.184   327   422 I InputDispatcher: Dropping event because there is no touched window on display 0 to receive it: MotionEvent
08-09 12:24:06.190   327   422 W InputDispatcher: Not sending touch gesture to 1b7ae84 ActivityRecordInputSink com.devsisters.ck/com.devsisters.plugin.OvenUnityPlayerActivity because it is not responsive
08-09 12:24:06.190   327   422 I InputDispatcher: Dropping event because there is no touched window on display 0 to receive it: MotionEvent
08-09 12:24:06.198   327   422 W InputDispatcher: Not sending touch gesture to 1b7ae84 ActivityRecordInputSink com.devsisters.ck/com.devsisters.plugin.OvenUnityPlayerActivity because it is not responsive
08-09 12:24:06.198   327   422 I InputDispatcher: Dropping event because there is no touched window on display 0 to receive it: MotionEvent
08-09 12:24:06.205   327   422 W InputDispatcher: Not sending touch gesture to 1b7ae84 ActivityRecordInputSink com.devsisters.ck/com.devsisters.plugin.OvenUnityPlayerActivity because it is not responsive
08-09 12:24:06.205   327   422 I InputDispatcher: Dropping event because there is no touched window on display 0 to receive it: MotionEvent
08-09 12:24:06.217   327   422 W InputDispatcher: Not sending touch gesture to 1b7ae84 ActivityRecordInputSink com.devsisters.ck/com.devsisters.plugin.OvenUnityPlayerActivity because it is not responsive
08-09 12:24:06.217   327   422 I InputDispatcher: Dropping event because there is no touched window on display 0 to receive it: MotionEvent
08-09 12:24:06.220   327   422 W InputDispatcher: Not sending touch gesture to 1b7ae84 ActivityRecordInputSink com.devsisters.ck/com.devsisters.plugin.OvenUnityPlayerActivity because it is not responsive
08-09 12:24:06.220   327   422 I InputDispatcher: Dropping event because there is no touched window on display 0 to receive it: MotionEvent
08-09 12:24:06.229   327   422 W InputDispatcher: Not sending touch gesture to 1b7ae84 ActivityRecordInputSink com.devsisters.ck/com.devsisters.plugin.OvenUnityPlayerActivity because it is not responsive
08-09 12:24:06.229   327   422 I InputDispatcher: Dropping event because there is no touched window on display 0 to receive it: MotionEvent
08-09 12:24:06.234   327   422 W InputDispatcher: Not sending touch gesture to 1b7ae84 ActivityRecordInputSink com.devsisters.ck/com.devsisters.plugin.OvenUnityPlayerActivity because it is not responsive
08-09 12:24:06.234   327   422 I InputDispatcher: Dropping event because there is no touched window on display 0 to receive it: MotionEvent
08-09 12:24:06.242   327   422 W InputDispatcher: Not sending touch gesture to 1b7ae84 ActivityRecordInputSink com.devsisters.ck/com.devsisters.plugin.OvenUnityPlayerActivity because it is not responsive
08-09 12:24:06.242   327   422 I InputDispatcher: Dropping event because there is no touched window on display 0 to receive it: MotionEvent
08-09 12:24:06.248   327   422 W InputDispatcher: Not sending touch gesture to 1b7ae84 ActivityRecordInputSink com.devsisters.ck/com.devsisters.plugin.OvenUnityPlayerActivity because it is not responsive
08-09 12:24:06.249   327   422 I InputDispatcher: Dropping event because there is no touched window on display 0 to receive it: MotionEvent
08-09 12:24:06.255   327   422 W InputDispatcher: Not sending touch gesture to 1b7ae84 ActivityRecordInputSink com.devsisters.ck/com.devsisters.plugin.OvenUnityPlayerActivity because it is not responsive
08-09 12:24:06.255   327   422 I InputDispatcher: Dropping event because there is no touched window on display 0 to receive it: MotionEvent
08-09 12:24:06.264   327   422 W InputDispatcher: Not sending touch gesture to 1b7ae84 ActivityRecordInputSink com.devsisters.ck/com.devsisters.plugin.OvenUnityPlayerActivity because it is not responsive
08-09 12:24:06.264   327   422 I InputDispatcher: Dropping event because there is no touched window on display 0 to receive it: MotionEvent
08-09 12:24:06.270   327   422 W InputDispatcher: Not sending touch gesture to 1b7ae84 ActivityRecordInputSink com.devsisters.ck/com.devsisters.plugin.OvenUnityPlayerActivity because it is not responsive
08-09 12:24:06.270   327   422 I InputDispatcher: Dropping event because there is no touched window on display 0 to receive it: MotionEvent
08-09 12:24:06.278   327   422 W InputDispatcher: Not sending touch gesture to 1b7ae84 ActivityRecordInputSink com.devsisters.ck/com.devsisters.plugin.OvenUnityPlayerActivity because it is not responsive
08-09 12:24:06.278   327   422 I InputDispatcher: Dropping event because there is no touched window on display 0 to receive it: MotionEvent
08-09 12:24:06.290   327   422 W InputDispatcher: Not sending touch gesture to 1b7ae84 ActivityRecordInputSink com.devsisters.ck/com.devsisters.plugin.OvenUnityPlayerActivity because it is not responsive
08-09 12:24:06.290   327   422 I InputDispatcher: Dropping event because there is no touched window on display 0 to receive it: MotionEvent
08-09 12:24:06.292   327   422 W InputDispatcher: Not sending touch gesture to 1b7ae84 ActivityRecordInputSink com.devsisters.ck/com.devsisters.plugin.OvenUnityPlayerActivity because it is not responsive
08-09 12:24:06.292   327   422 I InputDispatcher: Dropping event because there is no touched window on display 0 to receive it: MotionEvent
08-09 12:24:06.299   327   422 W InputDispatcher: Not sending touch gesture to 1b7ae84 ActivityRecordInputSink com.devsisters.ck/com.devsisters.plugin.OvenUnityPlayerActivity because it is not responsive
08-09 12:24:06.299   327   422 I InputDispatcher: Dropping event because there is no touched window on display 0 to receive it: MotionEvent
08-09 12:24:06.306   327   422 W InputDispatcher: Not sending touch gesture to 1b7ae84 ActivityRecordInputSink com.devsisters.ck/com.devsisters.plugin.OvenUnityPlayerActivity because it is not responsive
08-09 12:24:06.306   327   422 I InputDispatcher: Dropping event because there is no touched window on display 0 to receive it: MotionEvent
08-09 12:24:06.314   327   422 W InputDispatcher: Not sending touch gesture to 1b7ae84 ActivityRecordInputSink com.devsisters.ck/com.devsisters.plugin.OvenUnityPlayerActivity because it is not responsive
08-09 12:24:06.314   327   422 I InputDispatcher: Dropping event because there is no touched window on display 0 to receive it: MotionEvent
08-09 12:24:06.321   327   422 W InputDispatcher: Not sending touch gesture to 1b7ae84 ActivityRecordInputSink com.devsisters.ck/com.devsisters.plugin.OvenUnityPlayerActivity because it is not responsive
08-09 12:24:06.321   327   422 I InputDispatcher: Dropping event because there is no touched window on display 0 to receive it: MotionEvent
08-09 12:24:06.329   327   422 W InputDispatcher: Not sending touch gesture to 1b7ae84 ActivityRecordInputSink com.devsisters.ck/com.devsisters.plugin.OvenUnityPlayerActivity because it is not responsive
08-09 12:24:06.329   327   422 I InputDispatcher: Dropping event because there is no touched window on display 0 to receive it: MotionEvent
08-09 12:24:06.335   327   422 W InputDispatcher: Not sending touch gesture to 1b7ae84 ActivityRecordInputSink com.devsisters.ck/com.devsisters.plugin.OvenUnityPlayerActivity because it is not responsive
08-09 12:24:06.335   327   422 I InputDispatcher: Dropping event because there is no touched window on display 0 to receive it: MotionEvent
08-09 12:24:06.353   327   422 W InputDispatcher: Not sending touch gesture to 1b7ae84 ActivityRecordInputSink com.devsisters.ck/com.devsisters.plugin.OvenUnityPlayerActivity because it is not responsive
08-09 12:24:06.353   327   422 I InputDispatcher: Dropping event because there is no touched window on display 0 to receive it: MotionEvent
08-09 12:24:06.354   327   422 W InputDispatcher: Window 1b7ae84 ActivityRecordInputSink com.devsisters.ck/com.devsisters.plugin.OvenUnityPlayerActivity already unregistered input channel
08-09 12:24:07.426   327   422 W InputDispatcher: Not sending touch gesture to 1b7ae84 ActivityRecordInputSink com.devsisters.ck/com.devsisters.plugin.OvenUnityPlayerActivity because it is not responsive
08-09 12:24:07.426   327   422 I InputDispatcher: Dropping event because there is no touched window on display 0 to receive it: MotionEvent
08-09 12:24:07.430   327   422 W InputDispatcher: Not sending touch gesture to 1b7ae84 ActivityRecordInputSink com.devsisters.ck/com.devsisters.plugin.OvenUnityPlayerActivity because it is not responsive
08-09 12:24:07.430   327   422 I InputDispatcher: Dropping event because there is no touched window on display 0 to receive it: MotionEvent
08-09 12:24:07.436   327   422 W InputDispatcher: Not sending touch gesture to 1b7ae84 ActivityRecordInputSink com.devsisters.ck/com.devsisters.plugin.OvenUnityPlayerActivity because it is not responsive
08-09 12:24:07.436   327   422 I InputDispatcher: Dropping event because there is no touched window on display 0 to receive it: MotionEvent
08-09 12:24:07.447   327   422 W InputDispatcher: Not sending touch gesture to 1b7ae84 ActivityRecordInputSink com.devsisters.ck/com.devsisters.plugin.OvenUnityPlayerActivity because it is not responsive
08-09 12:24:07.447   327   422 I InputDispatcher: Dropping event because there is no touched window on display 0 to receive it: MotionEvent
08-09 12:24:07.451   327   422 W InputDispatcher: Not sending touch gesture to 1b7ae84 ActivityRecordInputSink com.devsisters.ck/com.devsisters.plugin.OvenUnityPlayerActivity because it is not responsive
08-09 12:24:07.451   327   422 I InputDispatcher: Dropping event because there is no touched window on display 0 to receive it: MotionEvent
08-09 12:24:07.458   327   422 W InputDispatcher: Not sending touch gesture to 1b7ae84 ActivityRecordInputSink com.devsisters.ck/com.devsisters.plugin.OvenUnityPlayerActivity because it is not responsive
08-09 12:24:07.458   327   422 I InputDispatcher: Dropping event because there is no touched window on display 0 to receive it: MotionEvent
08-09 12:24:07.466   327   422 W InputDispatcher: Not sending touch gesture to 1b7ae84 ActivityRecordInputSink com.devsisters.ck/com.devsisters.plugin.OvenUnityPlayerActivity because it is not responsive
08-09 12:24:07.466   327   422 I InputDispatcher: Dropping event because there is no touched window on display 0 to receive it: MotionEvent
08-09 12:24:07.473   327   422 W InputDispatcher: Not sending touch gesture to 1b7ae84 ActivityRecordInputSink com.devsisters.ck/com.devsisters.plugin.OvenUnityPlayerActivity because it is not responsive
08-09 12:24:07.473   327   422 I InputDispatcher: Dropping event because there is no touched window on display 0 to receive it: MotionEvent
08-09 12:24:07.474 10377 10377 I AppSecurity: BUILD VERSION : 3.2.0.0
08-09 12:24:07.481   327   422 W InputDispatcher: Not sending touch gesture to 1b7ae84 ActivityRecordInputSink com.devsisters.ck/com.devsisters.plugin.OvenUnityPlayerActivity because it is not responsive
08-09 12:24:07.481   327   422 I InputDispatcher: Dropping event because there is no touched window on display 0 to receive it: MotionEvent
08-09 12:24:07.487   327   422 W InputDispatcher: Not sending touch gesture to 1b7ae84 ActivityRecordInputSink com.devsisters.ck/com.devsisters.plugin.OvenUnityPlayerActivity because it is not responsive
08-09 12:24:07.487   327   422 I InputDispatcher: Dropping event because there is no touched window on display 0 to receive it: MotionEvent
08-09 12:24:07.496   327   422 W InputDispatcher: Not sending touch gesture to 1b7ae84 ActivityRecordInputSink com.devsisters.ck/com.devsisters.plugin.OvenUnityPlayerActivity because it is not responsive
08-09 12:24:07.496   327   422 I InputDispatcher: Dropping event because there is no touched window on display 0 to receive it: MotionEvent
08-09 12:24:07.504   327   422 W InputDispatcher: Not sending touch gesture to 1b7ae84 ActivityRecordInputSink com.devsisters.ck/com.devsisters.plugin.OvenUnityPlayerActivity because it is not responsive
08-09 12:24:07.504   327   422 I InputDispatcher: Dropping event because there is no touched window on display 0 to receive it: MotionEvent
08-09 12:24:07.512   327   422 W InputDispatcher: Not sending touch gesture to 1b7ae84 ActivityRecordInputSink com.devsisters.ck/com.devsisters.plugin.OvenUnityPlayerActivity because it is not responsive
08-09 12:24:07.512   327   422 I InputDispatcher: Dropping event because there is no touched window on display 0 to receive it: MotionEvent
08-09 12:24:07.517   327   422 W InputDispatcher: Not sending touch gesture to 1b7ae84 ActivityRecordInputSink com.devsisters.ck/com.devsisters.plugin.OvenUnityPlayerActivity because it is not responsive
08-09 12:24:07.517   327   422 I InputDispatcher: Dropping event because there is no touched window on display 0 to receive it: MotionEvent
08-09 12:24:07.524   327   422 W InputDispatcher: Not sending touch gesture to 1b7ae84 ActivityRecordInputSink com.devsisters.ck/com.devsisters.plugin.OvenUnityPlayerActivity because it is not responsive
08-09 12:24:07.524   327   422 I InputDispatcher: Dropping event because there is no touched window on display 0 to receive it: MotionEvent
08-09 12:24:07.567   327   422 W InputDispatcher: Not sending touch gesture to 1b7ae84 ActivityRecordInputSink com.devsisters.ck/com.devsisters.plugin.OvenUnityPlayerActivity because it is not responsive
08-09 12:24:07.568   327   422 I InputDispatcher: Dropping event because there is no touched window on display 0 to receive it: MotionEvent
08-09 12:24:13.781 10377 10377 W m.devsisters.ck: JIT profile information will not be recorded: profile file does not exist.
08-09 12:24:13.781 10377 10377 W m.devsisters.ck: JIT profile information will not be recorded: profile file does not exist.
08-09 12:24:13.961 10377 10377 V GraphicsEnvironment: ANGLE Developer option for 'com.devsisters.ck' set to: 'default'
08-09 12:24:13.972 10377 10377 V GraphicsEnvironment: ANGLE GameManagerService for com.devsisters.ck: false
08-09 12:24:13.972 10377 10377 V GraphicsEnvironment: Neither updatable production driver nor prerelease driver is supported.
08-09 12:24:14.019 10377 10377 D NetworkSecurityConfig: No Network Security Config specified, using platform default
08-09 12:24:14.035 10377 10377 D NetworkSecurityConfig: No Network Security Config specified, using platform default
08-09 12:24:14.341   327   364 W ActivityTaskManager: Launch timeout has expired, giving up wake lock!
08-09 12:24:14.404   327  3961 W PackageConfigPersister: App-specific configuration not found for packageName: com.devsisters.ck and userId: 0
08-09 12:24:14.594 10377 10377 D CompatibilityChangeReporter: Compat change id reported: 183155436; UID 10146; state: ENABLED
08-09 12:24:14.610 10377 10377 D SessionsDependencies: Dependency to CRASHLYTICS added.
08-09 12:24:14.617 10377 10377 I FirebaseApp: Device unlocked: initializing all Firebase APIs for app [DEFAULT]
08-09 12:24:14.628 10377 10377 I FirebaseCrashlytics: Initializing Firebase Crashlytics 19.4.2 for com.devsisters.ck
08-09 12:24:14.702 10377 10377 D SessionsDependencies: Subscriber CRASHLYTICS registered.
08-09 12:24:14.980 10377 10377 D FirebaseSessions: Initializing Firebase Sessions SDK.
08-09 12:24:14.985 10377 10377 I FirebaseInitProvider: FirebaseApp initialization successful
08-09 12:24:15.127 10377 10409 W m.devsisters.ck: ClassLoaderContext classpath size mismatch. expected=17, found=0 (DLC[];PCL[base.apk*2023022054:base.apk!classes2.dex*3508579478:base.apk!classes3.dex*353133004:base.apk!classes4.dex*665109585:base.apk!classes5.dex*1067433331:base.apk!classes6.dex*678549858:base.apk!classes7.dex*3541901023:base.apk!classes8.dex*1664458205:base.apk!classes9.dex*3558794863:base.apk!classes10.dex*2941766442:base.apk!classes11.dex*1973359216:base.apk!classes12.dex*1916994002:base.apk!classes13.dex*394565547:base.apk!classes14.dex*3895911718:base.apk!classes15.dex*2900514514:base.apk!classes16.dex*2291897002:base.apk!classes17.dex*791744086]{PCL[/system/framework/org.apache.http.legacy.jar*3751013904]#PCL[/system/framework/com.android.location.provider.jar*1318803953]#PCL[/system/framework/com.android.media.remotedisplay.jar*3508004919]#PCL[/system_ext/framework/androidx.window.extensions.jar*1341008790]#PCL[/system_ext/framework/androidx.window.sidecar.jar*498821022]} | DLC[];PCL[])
08-09 12:24:15.131 10377 10377 D WM-WrkMgrInitializer: Initializing WorkManager with default configuration.
08-09 12:24:15.143 10377 10409 I DynamiteModule: Considering local module com.google.android.gms.measurement.dynamite:141 and remote module com.google.android.gms.measurement.dynamite:201
08-09 12:24:15.143 10377 10409 I DynamiteModule: Selected remote version of com.google.android.gms.measurement.dynamite, version >= 201
08-09 12:24:15.143 10377 10409 V DynamiteModule: Dynamite loader version >= 2, using loadModule2NoCrashUtils
08-09 12:24:15.143 10377 10415 D LifecycleServiceBinder: Binding service to application.
08-09 12:24:15.245 10377 10425 D CompatibilityChangeReporter: Compat change id reported: 160794467; UID 10146; state: ENABLED
08-09 12:24:15.254   327   357 D CompatibilityChangeReporter: Compat change id reported: 161145287; UID 10146; state: DISABLED
08-09 12:24:15.381 10377 10409 W System  : ClassLoader referenced unknown path: 
08-09 12:24:15.383 10377 10426 I DynamiteModule: Considering local module com.google.android.gms.cronet_dynamite:0 and remote module com.google.android.gms.cronet_dynamite:4911
08-09 12:24:15.383 10377 10426 I DynamiteModule: Selected remote version of com.google.android.gms.cronet_dynamite, version >= 4911
08-09 12:24:15.383 10377 10426 V DynamiteModule: Dynamite loader version >= 2, using loadModule2NoCrashUtils
08-09 12:24:15.505 10377 10439 W com.facebook.internal.NativeProtocol: Apps that target Android API 30+ (Android 11+) cannot call Facebook native apps unless the package visibility needs are declared. Please follow https://developers.facebook.com/docs/android/troubleshooting/#faq_267321845055988 to make the declaration.
08-09 12:24:15.529 10377 10413 I FirebaseCrashlytics: No version control information found
08-09 12:24:15.966   327   362 W Looper  : Slow dispatch took 104ms android.ui h=com.android.server.am.ActivityManagerService$UiHandler c=com.android.server.am.UidObserverController$$ExternalSyntheticLambda0@e29f82e m=0
08-09 12:24:15.991 10377 10427 I m.devsisters.ck: Waiting for a blocking GC ClassLinker
08-09 12:24:16.023 10377 10437 W m.devsisters.ck: Long monitor contention with owner AsyncTask #1 (10434) at javax.net.SocketFactory javax.net.ssl.SSLSocketFactory.getDefault()(SSLSocketFactory.java:156) waiters=1 in javax.net.SocketFactory javax.net.ssl.SSLSocketFactory.getDefault() for 241ms
08-09 12:24:16.374 10377 10426 W m.devsisters.ck: Long monitor contention with owner ScionFrontendApi (10409) at void android.app.LoadedApk$SplitDependencyLoaderImpl.constructSplit(int, int[], int)(LoadedApk.java:664) waiters=0 in boolean android.app.LoadedApk$SplitDependencyLoaderImpl.isSplitCached(int) for 957ms
08-09 12:24:16.453 10377 10436 D TrafficStats: tagSocket(89) with statsTag=0xffffffff, statsUid=-1
08-09 12:24:16.458 10377 10434 D TrafficStats: tagSocket(91) with statsTag=0xffffffff, statsUid=-1
08-09 12:24:16.462 10377 10437 D TrafficStats: tagSocket(90) with statsTag=0xffffffff, statsUid=-1
08-09 12:24:16.902 10377 10449 I ApplovinQualityService: [SafeDK] SafeDK Device ID: 94704dd2-4eb7-4f78-a78d-a75c7fce1361, SafeDK version: 5.12.9, isOnUiThread = false
08-09 12:24:16.915 10377 10377 I android_os_HwBinder: HwBinder: Starting hwbinderthread pool for getting: vendor.waydroid.window@1.1::IWaydroidWindow/default
08-09 12:24:16.943 10377 10455 W ServiceBindIntentUtils: Dynamic lookup for intent failed for action: com.google.android.gms.games.internal.connect.service.START
08-09 12:24:16.965 10377 10409 W m.devsisters.ck: ClassLoaderContext classpath size mismatch. expected=17, found=9 (DLC[];PCL[base.apk*2023022054:base.apk!classes2.dex*3508579478:base.apk!classes3.dex*353133004:base.apk!classes4.dex*665109585:base.apk!classes5.dex*1067433331:base.apk!classes6.dex*678549858:base.apk!classes7.dex*3541901023:base.apk!classes8.dex*1664458205:base.apk!classes9.dex*3558794863:base.apk!classes10.dex*2941766442:base.apk!classes11.dex*1973359216:base.apk!classes12.dex*1916994002:base.apk!classes13.dex*394565547:base.apk!classes14.dex*3895911718:base.apk!classes15.dex*2900514514:base.apk!classes16.dex*2291897002:base.apk!classes17.dex*791744086]{PCL[/system/framework/org.apache.http.legacy.jar*3751013904]#PCL[/system/framework/com.android.location.provider.jar*1318803953]#PCL[/system/framework/com.android.media.remotedisplay.jar*3508004919]#PCL[/system_ext/framework/androidx.window.extensions.jar*1341008790]#PCL[/system_ext/framework/androidx.window.sidecar.jar*498821022]} | DLC[];PCL[/data/app/~~LvDFVRQpKmGrD4mAbAAJIA==/com.devsisters.ck-JJ4TYgXvKtvwFHpTH244oA==/base.apk*1920479069:/data/app/~~LvDFVRQpKmGrD4mAbAAJIA==/com.devsisters.ck-JJ4TYgXvKtvwFHpTH244oA==/base.apk!classes2.dex*1848582875:/data/app/~~LvDFVRQpKmGrD4mAbAAJIA==/com.devsisters.ck-JJ4TYgXvKtvwFHpTH244oA==/base.apk!classes3.dex*1388050400:/data/app/~~LvDFVRQpKmGrD4mAbAAJIA==/com.devsisters.ck-JJ4TYgXvKtvwFHpTH244oA==/base.apk!classes4.dex*141736960:/data/app/~~LvDFVRQpKmGrD4mAbAAJIA==/com.devsisters.ck-JJ4TYgXvKtvwFHpTH244oA==/base.apk!classes5.dex*4063961438:/data/app/~~LvDFVRQpKmGrD4mAbAAJIA==/com.devsisters.ck-JJ4TYgXvKtvwFHpTH244oA==/base.apk!classes6.dex*3392167062:/data/app/~~LvDFVRQpKmGrD4mAbAAJIA==/com.devsisters.ck-JJ4TYgXvKtvwFHpTH244oA==/base.apk!classes7.dex*630342073:/data/app/~~LvDFVRQpKmGrD4mAbAAJIA==/com.devsisters.ck-JJ4TYgXvKtvwFHpTH244oA==/base.apk!classes8.dex*188543720:/data/app/~~LvDFVRQpKmGrD4mAbAAJIA==/com.devsisters.ck-JJ4TYgXvKtvwFHpTH244oA==/base.apk!classes9.dex*779496156]{PCL[/system/framework/org.apache.http.legacy.jar*3751013904]})
08-09 12:24:17.370 10377 10409 I m.devsisters.ck: Waiting for a blocking GC ClassLinker
08-09 12:24:17.918 10377 10437 W m.devsisters.ck: Long monitor contention with owner AsyncTask #1 (10434) at void sun.security.provider.X509Factory.addToCache(sun.security.util.Cache, byte[], java.lang.Object)(X509Factory.java:232) waiters=0 in sun.security.x509.X509CertImpl sun.security.provider.X509Factory.intern(java.security.cert.X509Certificate) for 390ms
08-09 12:24:17.925 10377 10436 W m.devsisters.ck: Long monitor contention with owner AsyncTask #1 (10434) at void sun.security.provider.X509Factory.addToCache(sun.security.util.Cache, byte[], java.lang.Object)(X509Factory.java:232) waiters=1 in sun.security.x509.X509CertImpl sun.security.provider.X509Factory.intern(java.security.cert.X509Certificate) for 372ms
08-09 12:24:18.042 10377 10386 I m.devsisters.ck: Background concurrent copying GC freed 24099(1952KB) AllocSpace objects, 37(21MB) LOS objects, 85% free, 4259KB/28MB, paused 65.374ms,50us total 2.522s
08-09 12:24:18.054 10377 10427 I m.devsisters.ck: WaitForGcToComplete blocked ClassLinker on Background for 2.062s
08-09 12:24:18.055 10377 10409 I m.devsisters.ck: Waiting for a blocking GC ClassLinker
08-09 12:24:18.062 10377 10409 I m.devsisters.ck: WaitForGcToComplete blocked ClassLinker on ClassLinker for 692.512ms
08-09 12:24:18.082 10377 10427 D FBAudienceNetwork: SDK dex loading time: 2849
08-09 12:24:18.327 10377 10426 W m.devsisters.ck: Long monitor contention with owner ScionFrontendApi (10409) at m2.ai m2.aj.b(android.content.Context, m2.ar, int, m2.ap)(:com.google.android.gms.dynamite_dynamiteloader@262831032@26.28.31 (190800-0):126) waiters=0 in m2.ai m2.aj.b(android.content.Context, m2.ar, int, m2.ap) for 1.235s
