08-09 11:51:58.557  7093  7093 V WindowManagerShell: 	PipController init took 5ms
08-09 11:51:58.559  7093  7093 V WindowManagerShell: 	FullscreenTaskListener init took 2ms
08-09 11:51:58.559  7093  7093 V WindowManagerShell: 	FreeformTaskListener init took 0ms
08-09 11:51:58.559  7093  7093 V WindowManagerShell: Adding external interface from StartingWindowController with key extra_shell_starting_window
08-09 11:51:58.559  7093  7093 V WindowManagerShell: 	StartingWindowController init took 0ms
08-09 11:51:58.559  7093  7093 V WindowManagerShell: Adding command class protolog for ProtoLogController
08-09 11:51:58.559  7093  7093 V WindowManagerShell: 	ProtoLogController init took 0ms
08-09 11:51:58.559  7093  7093 V WindowManagerShell: Adding dump callback for KidsModeTaskOrganizer
08-09 11:51:58.561  7093  7093 V WindowManagerShell: 	KidsModeTaskOrganizer init took 2ms
08-09 11:51:58.561  7093  7093 D ShellBackPreview: Back animation enabled=false
08-09 11:51:58.561  7093  7093 V WindowManagerShell: Adding external interface from BackAnimationController with key extra_shell_back_animation
08-09 11:51:58.561  7093  7093 V WindowManagerShell: 	BackAnimationController init took 1ms
08-09 11:51:58.678   327   327 D TrustManagerService: Removing dead TrustListener.
08-09 11:51:58.684   327  3978 D CompatibilityChangeReporter: Compat change id reported: 157233955; UID 10125; state: ENABLED
08-09 11:51:58.788   327  3978 I MR2ServiceImpl: registerManager | uid: 10125, pid: 7093, package: com.android.systemui, user: 0
08-09 11:51:58.930  7093  7093 V SystemUIBootTiming: DependencyInjection took to complete: 1ms
08-09 11:51:58.935  7093  7093 W ActivityThread: getPackageInfo() called with an older ApplicationInfo than the cached version for package com.android.systemui
08-09 11:51:58.936  7093  7093 W ActivityThread: getPackageInfo() called with an older ApplicationInfo than the cached version for package com.android.systemui
08-09 11:51:58.939  7093  7093 V SystemUIBootTiming: StartServices com.android.keyguard.KeyguardBiometricLockoutLogger took to complete: 0ms
08-09 11:51:58.939  7093  7093 V SystemUIBootTiming: StartServices com.android.systemui.ChooserSelector took to complete: 1ms
08-09 11:51:58.940  7093  7093 V SystemUIBootTiming: StartServices com.android.systemui.LatencyTester took to complete: 0ms
08-09 11:51:58.949  7093  7093 V SystemUIBootTiming: StartServices com.android.systemui.ScreenDecorations took to complete: 9ms
08-09 11:51:58.949  7093  7093 V SystemUIBootTiming: StartServices com.android.systemui.SliceBroadcastRelayHandler took to complete: 0ms
08-09 11:51:58.972   327  3978 D CoreBackPreview: Window{e441f98 u0 ScreenDecorOverlay}: Setting back callback OnBackInvokedCallbackInfo{mCallback=android.window.IOnBackInvokedCallback$Stub$Proxy@360de2d, mPriority=0}
08-09 11:51:58.976   327  3978 D CoreBackPreview: Window{9a349b0 u0 ScreenDecorOverlayBottom}: Setting back callback OnBackInvokedCallbackInfo{mCallback=android.window.IOnBackInvokedCallback$Stub$Proxy@3892fae, mPriority=0}
08-09 11:51:59.456  7093  7093 V SystemUIBootTiming: StartServices com.android.systemui.accessibility.SystemActions took to complete: 506ms
08-09 11:51:59.463  7093  7093 V SystemUIBootTiming: StartServices com.android.systemui.accessibility.WindowMagnification took to complete: 7ms
08-09 11:51:59.464  7093  7093 V SystemUIBootTiming: StartServices com.android.systemui.biometrics.AuthController took to complete: 1ms
08-09 11:51:59.464  7093  7093 V SystemUIBootTiming: StartServices com.android.systemui.broadcast.BroadcastDispatcherStartable took to complete: 0ms
08-09 11:51:59.467  7093  7093 V SystemUIBootTiming: StartServices com.android.systemui.clipboardoverlay.ClipboardListener took to complete: 3ms
08-09 11:51:59.467  7093  7093 V SystemUIBootTiming: StartServices com.android.systemui.controls.start.ControlsStartable took to complete: 0ms
08-09 11:51:59.468  7093  7093 V SystemUIBootTiming: StartServices com.android.systemui.dreams.DreamMonitor took to complete: 1ms
08-09 11:51:59.469  7093  7093 V SystemUIBootTiming: StartServices com.android.systemui.flags.FeatureFlagsDebugStartable took to complete: 2ms
08-09 11:51:59.504  7093  7093 V SystemUIBootTiming: StartServices com.android.systemui.globalactions.GlobalActionsComponent took to complete: 34ms
08-09 11:51:59.504  7093  7093 V SystemUIBootTiming: StartServices com.android.systemui.keyboard.KeyboardUI took to complete: 1ms
08-09 11:51:59.514  7093  7093 V SystemUIBootTiming: StartServices com.android.systemui.keyboard.PhysicalKeyboardCoreStartable took to complete: 10ms
08-09 11:51:59.520   327  4416 D ActivityTaskManager: Top Process State changed to PROCESS_STATE_TOP
08-09 11:51:59.571  7093  7093 V SystemUIBootTiming: StartServices com.android.systemui.keyguard.KeyguardViewMediator took to complete: 56ms
08-09 11:51:59.643  7093  7093 V SystemUIBootTiming: StartServices com.android.systemui.keyguard.data.quickaffordance.MuteQuickAffordanceCoreStartable took to complete: 73ms
08-09 11:51:59.870  7093  7093 V SystemUIBootTiming: StartServices com.android.systemui.keyguard.domain.interactor.KeyguardTransitionCoreStartable took to complete: 226ms
08-09 11:51:59.870  7093  7093 V SystemUIBootTiming: StartServices com.android.systemui.log.SessionTracker took to complete: 0ms
08-09 11:51:59.873  7093  7093 V SystemUIBootTiming: StartServices com.android.systemui.media.RingtonePlayer took to complete: 3ms
08-09 11:51:59.873  7093  7093 V SystemUIBootTiming: StartServices com.android.systemui.media.dialog.MediaOutputSwitcherDialogUI took to complete: 0ms
08-09 11:51:59.873  7093  7093 V SystemUIBootTiming: StartServices com.android.systemui.media.taptotransfer.MediaTttCommandLineHelper took to complete: 0ms
08-09 11:51:59.875  7093  7093 V SystemUIBootTiming: StartServices com.android.systemui.media.taptotransfer.receiver.MediaTttChipControllerReceiver took to complete: 1ms
08-09 11:51:59.878  7093  7093 V SystemUIBootTiming: StartServices com.android.systemui.media.taptotransfer.sender.MediaTttSenderCoordinator took to complete: 3ms
08-09 11:51:59.888  7093  7093 V SystemUIBootTiming: StartServices com.android.systemui.motiontool.MotionToolStartable took to complete: 11ms
08-09 11:51:59.905  7093  7093 V SystemUIBootTiming: StartServices com.android.systemui.power.PowerUI took to complete: 16ms
08-09 11:51:59.906  7093  7093 V SystemUIBootTiming: StartServices com.android.systemui.reardisplay.RearDisplayDialogController took to complete: 0ms
08-09 11:51:59.906  7093  7093 V SystemUIBootTiming: StartServices com.android.systemui.recents.Recents took to complete: 0ms
08-09 11:51:59.906  7093  7093 V SystemUIBootTiming: StartServices com.android.systemui.settings.UserFileManagerImpl took to complete: 0ms
08-09 11:51:59.917  7093  7093 V SystemUIBootTiming: StartServices com.android.systemui.shortcut.ShortcutKeyDispatcher took to complete: 11ms
08-09 11:51:59.918  7093  7093 V SystemUIBootTiming: StartServices com.android.systemui.statusbar.notification.InstantAppNotifier took to complete: 1ms
08-09 11:51:59.920  7093  7093 V SystemUIBootTiming: StartServices com.android.systemui.statusbar.notification.fsi.FsiChromeRepo took to complete: 1ms
08-09 11:51:59.926  7093  7093 V SystemUIBootTiming: StartServices com.android.systemui.statusbar.notification.fsi.FsiChromeViewBinder took to complete: 6ms
08-09 11:51:59.926  7093  7093 V SystemUIBootTiming: StartServices com.android.systemui.statusbar.notification.fsi.FsiChromeViewModelFactory took to complete: 0ms
08-09 11:51:59.929  7093  7093 V SystemUIBootTiming: StartServices com.android.systemui.statusbar.notification.interruption.KeyguardNotificationVisibilityProvider took to complete: 2ms
08-09 11:51:59.932   327  6243 I StatusBarManagerService: registerStatusBar bar=com.android.internal.statusbar.IStatusBar$Stub$Proxy@8cf8fee
08-09 11:52:00.183   327  6245 D CompatibilityChangeReporter: Compat change id reported: 182478738; UID 10125; state: ENABLED
08-09 11:52:00.398   327  3978 I ActivityTaskManager: Config changes=20000400 {1.0 ?mcc?mnc [en_US] ldltr sw656dp w1214dp h608dp 180dpi lrg long land night finger qwerty/v/v dpad/v winConfig={ mBounds=Rect(0, 0 - 1366, 738) mAppBounds=Rect(0, 0 - 1366, 684) mMaxBounds=Rect(0, 0 - 1366, 738) mDisplayRotation=ROTATION_0 mWindowingMode=fullscreen mDisplayWindowingMode=fullscreen mActivityType=undefined mAlwaysOnTop=undefined mRotation=ROTATION_0} as.4 s.446 fontWeightAdjustment=0}
08-09 11:52:00.404   327  3978 I WindowManager: Override config changes=20000400 {1.0 ?mcc?mnc [en_US] ldltr sw656dp w1214dp h608dp 180dpi lrg long land night finger qwerty/v/v dpad/v winConfig={ mBounds=Rect(0, 0 - 1366, 738) mAppBounds=Rect(0, 0 - 1366, 684) mMaxBounds=Rect(0, 0 - 1366, 738) mDisplayRotation=ROTATION_0 mWindowingMode=fullscreen mDisplayWindowingMode=fullscreen mActivityType=undefined mAlwaysOnTop=undefined mRotation=ROTATION_0} as.4 s.446 fontWeightAdjustment=0} for displayId=0
08-09 11:52:00.445   327  4101 D CoreBackPreview: Window{f94d0be u0 NavigationBar0}: Setting back callback OnBackInvokedCallbackInfo{mCallback=android.window.IOnBackInvokedCallback$Stub$Proxy@7283996, mPriority=0}
08-09 11:52:00.544   327  6245 D CoreBackPreview: Window{a1e0315 u0 NotificationShade}: Setting back callback OnBackInvokedCallbackInfo{mCallback=android.window.IOnBackInvokedCallback$Stub$Proxy@54ffc1b, mPriority=0}
08-09 11:52:00.551   327   327 W Looper  : Slow dispatch took 298ms main h=android.service.notification.NotificationListenerService$MyHandler c=null m=1
08-09 11:52:00.551   327   327 W Looper  : Slow delivery took 298ms main h=android.service.notification.NotificationListenerService$MyHandler c=null m=1
08-09 11:52:00.558   327  6239 I ActivityTaskManager: Config changes=400 {1.0 ?mcc?mnc [en_US] ldltr sw656dp w1214dp h580dp 180dpi lrg long land night finger qwerty/v/v dpad/v winConfig={ mBounds=Rect(0, 0 - 1366, 738) mAppBounds=Rect(0, 0 - 1366, 684) mMaxBounds=Rect(0, 0 - 1366, 738) mDisplayRotation=ROTATION_0 mWindowingMode=fullscreen mDisplayWindowingMode=fullscreen mActivityType=undefined mAlwaysOnTop=undefined mRotation=ROTATION_0} as.4 s.504 fontWeightAdjustment=0}
08-09 11:52:00.559   327   327 W Looper  : Drained
08-09 11:52:00.567   327  6239 I WindowManager: Override config changes=400 {1.0 ?mcc?mnc [en_US] ldltr sw656dp w1214dp h580dp 180dpi lrg long land night finger qwerty/v/v dpad/v winConfig={ mBounds=Rect(0, 0 - 1366, 738) mAppBounds=Rect(0, 0 - 1366, 684) mMaxBounds=Rect(0, 0 - 1366, 738) mDisplayRotation=ROTATION_0 mWindowingMode=fullscreen mDisplayWindowingMode=fullscreen mActivityType=undefined mAlwaysOnTop=undefined mRotation=ROTATION_0} as.4 s.504 fontWeightAdjustment=0} for displayId=0
08-09 11:52:00.585   327  1378 D CoreBackPreview: Window{2911082 u0 StatusBar}: Setting back callback OnBackInvokedCallbackInfo{mCallback=android.window.IOnBackInvokedCallback$Stub$Proxy@ea215ef, mPriority=0}
08-09 11:52:00.687  7093  7093 V SystemUIBootTiming: StartServices com.android.systemui.statusbar.phone.CentralSurfaces took to complete: 759ms
08-09 11:52:00.688  7093  7093 V SystemUIBootTiming: StartServices com.android.systemui.statusbar.phone.KeyguardLiftController took to complete: 0ms
08-09 11:52:00.688  7093  7093 V SystemUIBootTiming: StartServices com.android.systemui.statusbar.pipeline.mobile.data.repository.CarrierConfigCoreStartable took to complete: 0ms
08-09 11:52:00.688  7093  7093 V SystemUIBootTiming: StartServices com.android.systemui.statusbar.pipeline.mobile.ui.MobileUiAdapter took to complete: 0ms
08-09 11:52:00.698  7093  7093 V SystemUIBootTiming: StartServices com.android.systemui.stylus.StylusUsiPowerStartable took to complete: 10ms
08-09 11:52:00.698  7093  7093 V SystemUIBootTiming: StartServices com.android.systemui.temporarydisplay.chipbar.ChipbarCoordinator took to complete: 0ms
08-09 11:52:00.716  7093  7093 V SystemUIBootTiming: StartServices com.android.systemui.theme.ThemeOverlayController took to complete: 18ms
08-09 11:52:00.716  7093  7093 V SystemUIBootTiming: StartServices com.android.systemui.toast.ToastUI took to complete: 0ms
08-09 11:52:00.730  7093  7093 V SystemUIBootTiming: StartServices com.android.systemui.usb.StorageNotification took to complete: 14ms
08-09 11:52:00.730  7093  7093 V SystemUIBootTiming: StartServices com.android.systemui.user.ui.dialog.UserSwitcherDialogCoordinator took to complete: 0ms
08-09 11:52:00.736  7093  7093 V SystemUIBootTiming: StartServices com.android.systemui.util.NotificationChannels took to complete: 6ms
08-09 11:52:00.738  7093  7093 V SystemUIBootTiming: StartServices com.android.systemui.util.leak.GarbageMonitor took to complete: 3ms
08-09 11:52:00.740  7093  7093 V SystemUIBootTiming: StartServices com.android.systemui.volume.VolumeUI took to complete: 1ms
08-09 11:52:00.741  7093  7093 V SystemUIBootTiming: StartServices com.android.systemui.wmshell.WMShell took to complete: 2ms
08-09 11:52:00.742  7093  7093 V SystemUIBootTiming: StartServices com.android.systemui.VendorServices took to complete: 0ms
08-09 11:52:00.759  7093  7093 V SystemUIBootTiming: StartServices took to complete: 1820ms
08-09 11:52:00.761  7093  7093 W ActivityThread: getPackageInfo() called with an older ApplicationInfo than the cached version for package com.android.systemui
08-09 11:52:00.763  7093  7093 W ActivityThread: getPackageInfo() called with an older ApplicationInfo than the cached version for package com.android.systemui
08-09 11:52:00.765   327   327 D WallpaperManagerService: WPMS.onServiceConnected-ComponentInfo{com.android.systemui/com.android.systemui.wallpapers.ImageWallpaper}
08-09 11:52:00.765   327   327 D WallpaperManagerService: WPMS.attachServiceLocked
08-09 11:52:00.765  7093  7093 V WindowManagerShell: Display added: 0
08-09 11:52:00.769   327   327 D WallpaperManagerService: WPMS.connectLocked-ComponentInfo{com.android.systemui/com.android.systemui.wallpapers.ImageWallpaper}
08-09 11:52:00.769   327   327 W WindowManager: addWindowToken: Attempted to add binder token: android.os.Binder@33c3a4b for already created window token: WallpaperWindowToken{b69dc28 token=android.os.Binder@33c3a4b} displayId=0
08-09 11:52:00.773   327   327 V WallpaperManagerService: WPMS.connectLocked-ComponentInfo{com.android.systemui/com.android.systemui.wallpapers.ImageWallpaper} took to complete: 1ms
08-09 11:52:00.773   327   327 V WallpaperManagerService: WPMS.attachServiceLocked took to complete: 8ms
08-09 11:52:00.773   327   327 D WallpaperManagerService: WPMS.saveSettingsLocked-0
08-09 11:52:00.777   327  3978 D CoreBackPreview: Window{6515c31 u0 ShellDropTarget}: Setting back callback OnBackInvokedCallbackInfo{mCallback=android.window.IOnBackInvokedCallback$Stub$Proxy@5ae8a6d, mPriority=0}
08-09 11:52:00.786   327   327 V WallpaperManagerService: WPMS.saveSettingsLocked-0 took to complete: 13ms
08-09 11:52:00.786   327   327 V WallpaperManagerService: WPMS.onServiceConnected-ComponentInfo{com.android.systemui/com.android.systemui.wallpapers.ImageWallpaper} took to complete: 21ms
08-09 11:52:00.786   327   327 D WallpaperManagerService: WPMS.onServiceConnected-ComponentInfo{com.android.systemui/com.android.systemui.wallpapers.ImageWallpaper}
08-09 11:52:00.786   327   327 D WallpaperManagerService: WPMS.attachServiceLocked
08-09 11:52:00.786   327   327 V WallpaperManagerService: WPMS.attachServiceLocked took to complete: 0ms
08-09 11:52:00.786   327   327 V WallpaperManagerService: WPMS.onServiceConnected-ComponentInfo{com.android.systemui/com.android.systemui.wallpapers.ImageWallpaper} took to complete: 0ms
08-09 11:52:00.875   327  3978 D SystemServerTiming: getUserSwitchability-0
08-09 11:52:00.875   327  3978 D SystemServerTiming: TM.isInCall
08-09 11:52:00.875   327  3978 V SystemServerTiming: TM.isInCall took to complete: 0ms
08-09 11:52:00.875   327  3978 D SystemServerTiming: hasUserRestriction-DISALLOW_USER_SWITCH
08-09 11:52:00.875   327  3978 V SystemServerTiming: hasUserRestriction-DISALLOW_USER_SWITCH took to complete: 0ms
08-09 11:52:00.875   327  3978 D SystemServerTiming: getInt-ALLOW_USER_SWITCHING_WHEN_SYSTEM_USER_LOCKED
08-09 11:52:00.875   327  3978 V SystemServerTiming: getInt-ALLOW_USER_SWITCHING_WHEN_SYSTEM_USER_LOCKED took to complete: 0ms
08-09 11:52:00.875   327  3978 D SystemServerTiming: isUserUnlocked-USER_SYSTEM
08-09 11:52:00.875   327  3978 V SystemServerTiming: isUserUnlocked-USER_SYSTEM took to complete: 0ms
08-09 11:52:00.875   327  3978 V SystemServerTiming: getUserSwitchability-0 took to complete: 0ms
08-09 11:52:03.477   327  1378 D OomAdjuster: Not killing cached processes
--------- beginning of crash
08-09 11:52:03.875  7093  7194 F DEBUG   : *** *** *** *** *** *** *** *** *** *** *** *** *** *** *** ***
08-09 11:52:03.875  7093  7194 F DEBUG   : LineageOS Version: '20.0-20260403-GAPPS-waydroid_x86_64'
08-09 11:52:03.875  7093  7194 F DEBUG   : Build fingerprint: 'google/redfin/redfin:11/RQ3A.211001.001/eng.electr.20230318.111310:user/release-keys'
08-09 11:52:03.875  7093  7194 F DEBUG   : Revision: '0'
08-09 11:52:03.875  7093  7194 F DEBUG   : ABI: 'x86_64'
08-09 11:52:03.875  7093  7194 F DEBUG   : Timestamp: 2026-08-09 11:52:00.173939859+0700
08-09 11:52:03.876  7093  7194 F DEBUG   : Process uptime: 4s
08-09 11:52:03.876  7093  7194 F DEBUG   : Cmdline: com.android.systemui
08-09 11:52:03.876  7093  7194 F DEBUG   : pid: 7093, tid: 7194, name: NDK MediaCodec_  >>> com.android.systemui <<<
08-09 11:52:03.876  7093  7194 F DEBUG   : uid: 10125
08-09 11:52:03.876  7093  7194 F DEBUG   : signal 0 (SIGSEGV), code 1 (SEGV_MAPERR), fault addr --------
08-09 11:52:03.876  7093  7194 F DEBUG   : Cause: null pointer dereference
08-09 11:52:03.876  7093  7194 F DEBUG   :     rax 00000000000000e9  rbx 00007fd2d86164d0  rcx dc1e6e1572ae0801  rdx 0000000000000001
08-09 11:52:03.876  7093  7194 F DEBUG   :     r8  00007fd2510c5400  r9  0000000000000000  r10 0000000000000001  r11 0000000000000246
08-09 11:52:03.876  7093  7194 F DEBUG   :     r12 0000000000000000  r13 0000000000000000  r14 00007fd2510c5300  r15 00007fd2f8672390
08-09 11:52:03.876  7093  7194 F DEBUG   :     rdi 00007fd2f8672390  rsi 0000000000000000
08-09 11:52:03.876  7093  7194 F DEBUG   :     rbp 00007fd37862a7b0  rsp 00007fd2510c51d0  rip 00007fd563d79030
08-09 11:52:03.876  7093  7194 F DEBUG   : backtrace:
08-09 11:52:03.876  7093  7194 F DEBUG   :       #00 pc 000000000005c030  /system/lib64/libhidlbase.so (android::hardware::defaultServiceManager1_2(bool)+96) (BuildId: 08aa26ccc3160d8dbce5c97ef41ce9ce)
08-09 11:52:03.876  7093  7194 F DEBUG   :       #01 pc 000000000005dfaa  /system/lib64/libhidlbase.so (android::hardware::details::getRawServiceInternal(std::__1::basic_string<char, std::__1::char_traits<char>, std::__1::allocator<char> > const&, std::__1::basic_string<char, std::__1::char_traits<char>, std::__1::allocator<char> > const&, bool, bool)+346) (BuildId: 08aa26ccc3160d8dbce5c97ef41ce9ce)
08-09 11:52:03.876  7093  7194 F DEBUG   :       #02 pc 000000000000e88a  /system/lib64/android.hidl.allocator@1.0.so (android::sp<android::hidl::allocator::V1_0::IAllocator> android::hardware::details::getServiceInternal<android::hidl::allocator::V1_0::BpHwAllocator, android::hidl::allocator::V1_0::IAllocator, void, void>(std::__1::basic_string<char, std::__1::char_traits<char>, std::__1::allocator<char> > const&, bool, bool)+218) (BuildId: 0e515ecc098d0c91ce14038ab4673180)
08-09 11:52:03.876  7093  7194 F DEBUG   :       #03 pc 000000000000ea2f  /system/lib64/android.hidl.allocator@1.0.so (android::hidl::allocator::V1_0::IAllocator::getService(std::__1::basic_string<char, std::__1::char_traits<char>, std::__1::allocator<char> > const&, bool)+15) (BuildId: 0e515ecc098d0c91ce14038ab4673180)
08-09 11:52:03.876  7093  7194 F DEBUG   :       #04 pc 00000000000b7ec2  /system/lib64/libstagefright.so (android::hidl::allocator::V1_0::IAllocator::getService(char const*, bool)+194) (BuildId: 5f6aecdaf5cf96000c4ac811b8941803)
08-09 11:52:03.876  7093  7194 F DEBUG   :       #05 pc 00000000000b5340  /system/lib64/libstagefright.so (android::ACodec::allocateBuffersOnPort(unsigned int)+1184) (BuildId: 5f6aecdaf5cf96000c4ac811b8941803)
08-09 11:52:03.876  7093  7194 F DEBUG   :       #06 pc 00000000000b4b20  /system/lib64/libstagefright.so (android::ACodec::OutputPortSettingsChangedState::onOMXEvent(OMX_EVENTTYPE, unsigned int, unsigned int)+1040) (BuildId: 5f6aecdaf5cf96000c4ac811b8941803)
08-09 11:52:03.876  7093  7194 F DEBUG   :       #07 pc 00000000000acdaa  /system/lib64/libstagefright.so (android::ACodec::BaseState::onOMXMessage(android::sp<android::AMessage> const&)+378) (BuildId: 5f6aecdaf5cf96000c4ac811b8941803)
08-09 11:52:03.876  7093  7194 F DEBUG   :       #08 pc 00000000000ac0e3  /system/lib64/libstagefright.so (android::ACodec::BaseState::onMessageReceived(android::sp<android::AMessage> const&)+1523) (BuildId: 5f6aecdaf5cf96000c4ac811b8941803)
08-09 11:52:03.876  7093  7194 F DEBUG   :       #09 pc 00000000000b425f  /system/lib64/libstagefright.so (android::ACodec::OutputPortSettingsChangedState::onMessageReceived(android::sp<android::AMessage> const&)+1567) (BuildId: 5f6aecdaf5cf96000c4ac811b8941803)
08-09 11:52:03.876  7093  7194 F DEBUG   :       #10 pc 00000000000d8b87  /system/lib64/libstagefright.so (android::AHierarchicalStateMachine::handleMessage(android::sp<android::AMessage> const&)+279) (BuildId: 5f6aecdaf5cf96000c4ac811b8941803)
08-09 11:52:03.876  7093  7194 F DEBUG   :       #11 pc 00000000000aca11  /system/lib64/libstagefright.so (android::ACodec::BaseState::onOMXMessageList(android::sp<android::AMessage> const&)+385) (BuildId: 5f6aecdaf5cf96000c4ac811b8941803)
08-09 11:52:03.876  7093  7194 F DEBUG   :       #12 pc 00000000000ac15b  /system/lib64/libstagefright.so (android::ACodec::BaseState::onMessageReceived(android::sp<android::AMessage> const&)+1643) (BuildId: 5f6aecdaf5cf96000c4ac811b8941803)
08-09 11:52:03.876  7093  7194 F DEBUG   :       #13 pc 00000000000b425f  /system/lib64/libstagefright.so (android::ACodec::OutputPortSettingsChangedState::onMessageReceived(android::sp<android::AMessage> const&)+1567) (BuildId: 5f6aecdaf5cf96000c4ac811b8941803)
08-09 11:52:03.876  7093  7194 F DEBUG   :       #14 pc 00000000000d8b87  /system/lib64/libstagefright.so (android::AHierarchicalStateMachine::handleMessage(android::sp<android::AMessage> const&)+279) (BuildId: 5f6aecdaf5cf96000c4ac811b8941803)
08-09 11:52:03.876  7093  7194 F DEBUG   :       #15 pc 000000000001c58b  /system/lib64/libstagefright_foundation.so (android::AHandler::deliverMessage(android::sp<android::AMessage> const&)+59) (BuildId: 173f094e6b901645addfbd87e3dec977)
08-09 11:52:03.876  7093  7194 F DEBUG   :       #16 pc 00000000000225ae  /system/lib64/libstagefright_foundation.so (android::AMessage::deliver()+206) (BuildId: 173f094e6b901645addfbd87e3dec977)
08-09 11:52:03.876  7093  7194 F DEBUG   :       #17 pc 000000000001d92d  /system/lib64/libstagefright_foundation.so (android::ALooper::loop()+701) (BuildId: 173f094e6b901645addfbd87e3dec977)
08-09 11:52:03.876  7093  7194 F DEBUG   :       #18 pc 0000000000013e55  /system/lib64/libutils.so (android::Thread::_threadLoop(void*)+325) (BuildId: 056174139c244cde0be9a8d5970636f2)
08-09 11:52:03.876  7093  7194 F DEBUG   :       #19 pc 00000000000e217c  /system/lib64/libandroid_runtime.so (android::AndroidRuntime::javaThreadShell(void*)+140) (BuildId: c7c909995f10e713588a7a9336e6b602)
08-09 11:52:03.876  7093  7194 F DEBUG   :       #20 pc 00000000000ccd3a  /apex/com.android.runtime/lib64/bionic/libc.so (__pthread_start(void*)+58) (BuildId: f8176795d7be7c9d6098611eff6e8f6c)
08-09 11:52:03.876  7093  7194 F DEBUG   :       #21 pc 0000000000060cc7  /apex/com.android.runtime/lib64/bionic/libc.so (__start_thread+55) (BuildId: f8176795d7be7c9d6098611eff6e8f6c)
08-09 11:52:03.941   327   408 E NativeTombstoneManager: Tombstone has invalid selinux label (), ignoring
08-09 11:52:03.942   327   408 E NativeTombstoneManager: Tombstone has invalid selinux label (), ignoring
08-09 11:52:03.959   327  6245 I ActivityManager: Process com.android.systemui (pid 7093) has died: pers PER 
08-09 11:52:03.968   327  4101 D DisplayAreaOrganizerController: Organizer died before sending onDisplayAreaVanished
08-09 11:52:03.969   327  1390 D DisplayAreaOrganizerController: Organizer died before sending onDisplayAreaVanished
08-09 11:52:03.974   327  6245 W ActivityManager: Scheduling restart of crashed service com.android.systemui/.dump.SystemUIAuxiliaryDumpService in 0ms for persistent
08-09 11:52:03.974   327  6245 W ActivityManager: Scheduling restart of crashed service com.android.systemui/.keyguard.KeyguardService in 0ms for persistent
08-09 11:52:03.974   327  6245 W ActivityManager: Scheduling restart of crashed service com.android.systemui/.SystemUIService in 0ms for persistent
08-09 11:52:03.974   327  6245 W ActivityManager: Scheduling restart of crashed service com.android.systemui/.wallpapers.ImageWallpaper in 0ms for persistent
08-09 11:52:03.975   327  6237 I MR2ServiceImpl: unregisterManager | package: com.android.systemui, user: 0, manager: 3
08-09 11:52:03.976   327   693 I WindowManager: WIN DEATH: Window{e441f98 u0 ScreenDecorOverlay}
08-09 11:52:03.981   327  1057 I WindowManager: WIN DEATH: Window{9a349b0 u0 ScreenDecorOverlayBottom}
08-09 11:52:04.008   327   815 D NotificationListeners: Removing active service ComponentInfo{com.android.systemui/com.android.systemui.statusbar.NotificationListener}
08-09 11:52:04.010   327   357 I WindowManager: WIN DEATH: Window{f94d0be u0 NavigationBar0}
08-09 11:52:04.023   327   357 I ActivityTaskManager: Config changes=20000400 {1.0 ?mcc?mnc [en_US] ldltr sw656dp w1214dp h628dp 180dpi lrg long land night finger qwerty/v/v dpad/v winConfig={ mBounds=Rect(0, 0 - 1366, 738) mAppBounds=Rect(0, 0 - 1366, 738) mMaxBounds=Rect(0, 0 - 1366, 738) mDisplayRotation=ROTATION_0 mWindowingMode=fullscreen mDisplayWindowingMode=fullscreen mActivityType=undefined mAlwaysOnTop=undefined mRotation=ROTATION_0} as.4 s.562 fontWeightAdjustment=0}
08-09 11:52:04.062   327   357 I WindowManager: Override config changes=20000400 {1.0 ?mcc?mnc [en_US] ldltr sw656dp w1214dp h628dp 180dpi lrg long land night finger qwerty/v/v dpad/v winConfig={ mBounds=Rect(0, 0 - 1366, 738) mAppBounds=Rect(0, 0 - 1366, 738) mMaxBounds=Rect(0, 0 - 1366, 738) mDisplayRotation=ROTATION_0 mWindowingMode=fullscreen mDisplayWindowingMode=fullscreen mActivityType=undefined mAlwaysOnTop=undefined mRotation=ROTATION_0} as.4 s.562 fontWeightAdjustment=0} for displayId=0
08-09 11:52:04.064   327   357 W WindowManager: Could not report config changes to the window token client.
08-09 11:52:04.068   327  4363 I WindowManager: WIN DEATH: Window{a1e0315 u0 NotificationShade}
08-09 11:52:04.070   327  6243 I WindowManager: WIN DEATH: Window{2911082 u0 StatusBar}
08-09 11:52:04.073   327  6243 I ActivityTaskManager: Config changes=400 {1.0 ?mcc?mnc [en_US] ldltr sw656dp w1214dp h656dp 180dpi lrg long land night finger qwerty/v/v dpad/v winConfig={ mBounds=Rect(0, 0 - 1366, 738) mAppBounds=Rect(0, 0 - 1366, 738) mMaxBounds=Rect(0, 0 - 1366, 738) mDisplayRotation=ROTATION_0 mWindowingMode=fullscreen mDisplayWindowingMode=fullscreen mActivityType=undefined mAlwaysOnTop=undefined mRotation=ROTATION_0} as.4 s.619 fontWeightAdjustment=0}
08-09 11:52:04.085   327  6243 I WindowManager: Override config changes=400 {1.0 ?mcc?mnc [en_US] ldltr sw656dp w1214dp h656dp 180dpi lrg long land night finger qwerty/v/v dpad/v winConfig={ mBounds=Rect(0, 0 - 1366, 738) mAppBounds=Rect(0, 0 - 1366, 738) mMaxBounds=Rect(0, 0 - 1366, 738) mDisplayRotation=ROTATION_0 mWindowingMode=fullscreen mDisplayWindowingMode=fullscreen mActivityType=undefined mAlwaysOnTop=undefined mRotation=ROTATION_0} as.4 s.619 fontWeightAdjustment=0} for displayId=0
08-09 11:52:04.103   327  6243 W WindowManager: Could not report config changes to the window token client.
08-09 11:52:04.119   327   693 I WindowManager: WIN DEATH: Window{6515c31 u0 ShellDropTarget}
08-09 11:52:04.181   327   362 D ActivityTaskManager: Top Process State changed to PROCESS_STATE_TOP_SLEEPING
08-09 11:52:04.187   327   362 W Looper  : Slow dispatch took 188ms android.ui h=android.os.Handler c=com.android.server.policy.keyguard.KeyguardServiceDelegate$1$$ExternalSyntheticLambda0@98b9be9 m=0
08-09 11:52:04.193   327  6245 W ActivityManager: Re-adding persistent process ProcessRecord{311ea96 7093:com.android.systemui/u0a125}
08-09 11:52:04.194   327  6245 D CompatibilityChangeReporter: Compat change id reported: 135634846; UID 10125; state: DISABLED
08-09 11:52:04.194   327  6245 D CompatibilityChangeReporter: Compat change id reported: 177438394; UID 10125; state: DISABLED
08-09 11:52:04.194   327  6245 D CompatibilityChangeReporter: Compat change id reported: 135772972; UID 10125; state: DISABLED
08-09 11:52:04.200   327  6245 D CompatibilityChangeReporter: Compat change id reported: 135754954; UID 10125; state: ENABLED
08-09 11:52:04.200   327   372 D CompatibilityChangeReporter: Compat change id reported: 143937733; UID 10125; state: ENABLED
08-09 11:52:04.214   327   364 W ActivityManager: setHasOverlayUi called on unknown pid: 7093
08-09 11:52:04.216   327   372 I ActivityManager: Start proc 7223:com.android.systemui/u0a125 for restart com.android.systemui
08-09 11:52:04.382  7223  7223 V WindowManagerShell: Adding init callback for DisplayChangeController
08-09 11:52:04.383  7223  7223 V WindowManagerShell: Adding init callback for DisplayController
08-09 11:52:04.385  7223  7223 V WindowManagerShell: Adding init callback for DisplayInsetsController
08-09 11:52:04.386  7223  7223 V WindowManagerShell: Adding init callback for DisplayImeController
08-09 11:52:04.386  7223  7223 V WindowManagerShell: Adding init callback for ShellController
08-09 11:52:04.387  7223  7223 V WindowManagerShell: Adding init callback for DragAndDropController
08-09 11:52:04.393  7223  7223 V WindowManagerShell: Adding init callback for CompatUIController
08-09 11:52:04.395  7223  7223 V WindowManagerShell: Adding init callback for RecentTasksController
08-09 11:52:04.398  7223  7223 V WindowManagerShell: Adding init callback for ShellTaskOrganizer
08-09 11:52:04.429  7223  7223 V WindowManagerShell: Adding init callback for OneHandedController
08-09 11:52:04.439  7223  7223 V WindowManagerShell: Adding init callback for DefaultTransitionHandler
08-09 11:52:04.439  7223  7223 V WindowManagerShell: addHandler: Default
08-09 11:52:04.439  7223  7223 V WindowManagerShell: addHandler: Remote
08-09 11:52:04.439  7223  7223 V WindowManagerShell: Adding init callback for Transitions
08-09 11:52:04.447  7223  7223 V WindowManagerShell: Adding init callback for BubbleController
08-09 11:52:04.452  7223  7223 V WindowManagerShell: Adding init callback for SplitScreenController
08-09 11:52:04.463  7223  7223 V WindowManagerShell: Adding init callback for PipTouchHandler
08-09 11:52:04.463  7223  7223 V WindowManagerShell: Adding init callback for DevicePostureController
08-09 11:52:04.463  7223  7223 V WindowManagerShell: Adding init callback for TabletopModeController
08-09 11:52:04.464  7223  7223 V WindowManagerShell: Adding init callback for PipController
08-09 11:52:04.467  7223  7223 V WindowManagerShell: Adding init callback for FullscreenTaskListener
08-09 11:52:04.468  7223  7223 V WindowManagerShell: Adding init callback for FreeformTaskListener
08-09 11:52:04.473  7223  7223 V WindowManagerShell: Adding init callback for StartingWindowController
08-09 11:52:04.473  7223  7223 V WindowManagerShell: Adding init callback for ProtoLogController
08-09 11:52:04.476  7223  7223 V WindowManagerShell: Adding init callback for KidsModeTaskOrganizer
08-09 11:52:04.489  7223  7223 V WindowManagerShell: Adding init callback for BackAnimationController
08-09 11:52:04.490  7223  7223 V WindowManagerShell: Initializing Shell Components: 24
08-09 11:52:04.492  7223  7223 V WindowManagerShell: 	DisplayChangeController init took 2ms
08-09 11:52:04.502  7223  7223 V WindowManagerShell: 	DisplayController init took 10ms
08-09 11:52:04.503  7223  7223 V WindowManagerShell: 	DisplayInsetsController init took 1ms
08-09 11:52:04.503  7223  7223 V WindowManagerShell: 	DisplayImeController init took 0ms
08-09 11:52:04.503  7223  7223 V WindowManagerShell: Adding dump callback for ShellController
08-09 11:52:04.503  7223  7223 V WindowManagerShell: 	ShellController init took 0ms
08-09 11:52:04.504  7223  7223 V WindowManagerShell: 	DragAndDropController init took 0ms
08-09 11:52:04.504  7223  7223 V WindowManagerShell: Adding command class compatui for CompatUIShellCommandHandler
08-09 11:52:04.504  7223  7223 V WindowManagerShell: 	CompatUIController init took 0ms
08-09 11:52:04.504  7223  7223 V WindowManagerShell: Adding external interface from RecentTasksController with key extra_shell_recent_tasks
08-09 11:52:04.504  7223  7223 V WindowManagerShell: Adding dump callback for RecentTasksController
08-09 11:52:04.505  7223  7223 V WindowManagerShell: 	RecentTasksController init took 1ms
08-09 11:52:04.505  7223  7223 V WindowManagerShell: Adding dump callback for ShellTaskOrganizer
08-09 11:52:04.506  7223  7223 V WindowManagerShell: 	ShellTaskOrganizer init took 1ms
08-09 11:52:04.506  7223  7223 V WindowManagerShell: Adding dump callback for OneHandedController
08-09 11:52:04.511  7223  7223 V WindowManagerShell: Adding external interface from OneHandedController with key extra_shell_one_handed
08-09 11:52:04.512  7223  7223 V WindowManagerShell: 	OneHandedController init took 7ms
08-09 11:52:04.517  7223  7223 V WindowManagerShell: 	DefaultTransitionHandler init took 4ms
08-09 11:52:04.517  7223  7223 V WindowManagerShell: Adding external interface from Transitions with key extra_shell_shell_transitions
08-09 11:52:04.518  7223  7223 V WindowManagerShell: 	Transitions init took 1ms
08-09 11:52:04.520  7223  7223 V WindowManagerShell: Adding dump callback for BubbleController
08-09 11:52:04.520  7223  7223 V WindowManagerShell: 	BubbleController init took 2ms
08-09 11:52:04.520  7223  7223 V WindowManagerShell: Adding dump callback for SplitScreenController
08-09 11:52:04.520  7223  7223 V WindowManagerShell: Adding command class splitscreen for SplitScreenController
08-09 11:52:04.520  7223  7223 V WindowManagerShell: Adding external interface from SplitScreenController with key extra_shell_split_screen
08-09 11:52:04.537  7223  7223 V WindowManagerShell: addHandler: StageCoordinator
08-09 11:52:04.537  7223  7223 V WindowManagerShell: 	SplitScreenController init took 17ms
08-09 11:52:04.554  7223  7223 V WindowManagerShell: 	PipTouchHandler init took 17ms
08-09 11:52:04.554  7223  7223 V WindowManagerShell: 	DevicePostureController init took 0ms
08-09 11:52:04.554  7223  7223 V WindowManagerShell: 	TabletopModeController init took 0ms
08-09 11:52:04.554  7223  7223 V WindowManagerShell: Adding dump callback for PipController
08-09 11:52:04.558  7223  7223 V WindowManagerShell: Adding external interface from PipController with key extra_shell_pip
08-09 11:52:04.558  7223  7223 V WindowManagerShell: 	PipController init took 3ms
08-09 11:52:04.559  7223  7223 V WindowManagerShell: 	FullscreenTaskListener init took 1ms
08-09 11:52:04.559  7223  7223 V WindowManagerShell: 	FreeformTaskListener init took 0ms
08-09 11:52:04.559  7223  7223 V WindowManagerShell: Adding external interface from StartingWindowController with key extra_shell_starting_window
08-09 11:52:04.559  7223  7223 V WindowManagerShell: 	StartingWindowController init took 0ms
08-09 11:52:04.559  7223  7223 V WindowManagerShell: Adding command class protolog for ProtoLogController
08-09 11:52:04.559  7223  7223 V WindowManagerShell: 	ProtoLogController init took 0ms
08-09 11:52:04.559  7223  7223 V WindowManagerShell: Adding dump callback for KidsModeTaskOrganizer
08-09 11:52:04.565  7223  7223 V WindowManagerShell: 	KidsModeTaskOrganizer init took 6ms
08-09 11:52:04.566  7223  7223 D ShellBackPreview: Back animation enabled=false
08-09 11:52:04.566  7223  7223 V WindowManagerShell: Adding external interface from BackAnimationController with key extra_shell_back_animation
08-09 11:52:04.566  7223  7223 V WindowManagerShell: 	BackAnimationController init took 2ms
08-09 11:52:04.578   327   327 W Looper  : Slow dispatch took 3660ms main h=android.service.notification.NotificationListenerService$MyHandler c=null m=1
08-09 11:52:04.578   327   327 W Looper  : Slow delivery took 3660ms main h=android.service.notification.NotificationListenerService$MyHandler c=null m=1
08-09 11:52:04.583   327   327 W WallpaperManagerService: Wallpaper service gone: ComponentInfo{com.android.systemui/com.android.systemui.wallpapers.ImageWallpaper}
08-09 11:52:04.584   327   327 W WallpaperManagerService: Wallpaper service gone: ComponentInfo{com.android.systemui/com.android.systemui.wallpapers.ImageWallpaper}
08-09 11:52:04.590   327   327 W Looper  : Drained
08-09 11:52:04.702   327   327 D TrustManagerService: Removing dead TrustListener.
08-09 11:52:04.708   327  6239 D CompatibilityChangeReporter: Compat change id reported: 157233955; UID 10125; state: ENABLED
08-09 11:52:04.831   327  6244 I MR2ServiceImpl: registerManager | uid: 10125, pid: 7223, package: com.android.systemui, user: 0
08-09 11:52:04.942  7223  7223 V SystemUIBootTiming: DependencyInjection took to complete: 0ms
08-09 11:52:04.945  7223  7223 W ActivityThread: getPackageInfo() called with an older ApplicationInfo than the cached version for package com.android.systemui
08-09 11:52:04.945  7223  7223 W ActivityThread: getPackageInfo() called with an older ApplicationInfo than the cached version for package com.android.systemui
08-09 11:52:04.947  7223  7223 V SystemUIBootTiming: StartServices com.android.keyguard.KeyguardBiometricLockoutLogger took to complete: 0ms
08-09 11:52:04.947  7223  7223 V SystemUIBootTiming: StartServices com.android.systemui.ChooserSelector took to complete: 0ms
08-09 11:52:04.947  7223  7223 V SystemUIBootTiming: StartServices com.android.systemui.LatencyTester took to complete: 0ms
08-09 11:52:04.955  7223  7223 V SystemUIBootTiming: StartServices com.android.systemui.ScreenDecorations took to complete: 8ms
08-09 11:52:04.955  7223  7223 V SystemUIBootTiming: StartServices com.android.systemui.SliceBroadcastRelayHandler took to complete: 0ms
08-09 11:52:04.988   327  6244 D CoreBackPreview: Window{99a08ce u0 ScreenDecorOverlay}: Setting back callback OnBackInvokedCallbackInfo{mCallback=android.window.IOnBackInvokedCallback$Stub$Proxy@bb19efc, mPriority=0}
08-09 11:52:05.020   327  6245 D CoreBackPreview: Window{af7300 u0 ScreenDecorOverlayBottom}: Setting back callback OnBackInvokedCallbackInfo{mCallback=android.window.IOnBackInvokedCallback$Stub$Proxy@daf78a, mPriority=0}
08-09 11:52:05.271  7223  7223 V SystemUIBootTiming: StartServices com.android.systemui.accessibility.SystemActions took to complete: 316ms
08-09 11:52:05.271  7223  7223 V SystemUIBootTiming: StartServices com.android.systemui.accessibility.WindowMagnification took to complete: 0ms
08-09 11:52:05.271  7223  7223 V SystemUIBootTiming: StartServices com.android.systemui.biometrics.AuthController took to complete: 1ms
08-09 11:52:05.271  7223  7223 V SystemUIBootTiming: StartServices com.android.systemui.broadcast.BroadcastDispatcherStartable took to complete: 0ms
08-09 11:52:05.272  7223  7223 V SystemUIBootTiming: StartServices com.android.systemui.clipboardoverlay.ClipboardListener took to complete: 0ms
08-09 11:52:05.272  7223  7223 V SystemUIBootTiming: StartServices com.android.systemui.controls.start.ControlsStartable took to complete: 0ms
08-09 11:52:05.273  7223  7223 V SystemUIBootTiming: StartServices com.android.systemui.dreams.DreamMonitor took to complete: 1ms
08-09 11:52:05.274  7223  7223 V SystemUIBootTiming: StartServices com.android.systemui.flags.FeatureFlagsDebugStartable took to complete: 1ms
08-09 11:52:05.280  7223  7223 V SystemUIBootTiming: StartServices com.android.systemui.globalactions.GlobalActionsComponent took to complete: 6ms
08-09 11:52:05.281  7223  7223 V SystemUIBootTiming: StartServices com.android.systemui.keyboard.KeyboardUI took to complete: 1ms
08-09 11:52:05.287  7223  7223 V SystemUIBootTiming: StartServices com.android.systemui.keyboard.PhysicalKeyboardCoreStartable took to complete: 6ms
08-09 11:52:05.303  7223  7223 V SystemUIBootTiming: StartServices com.android.systemui.keyguard.KeyguardViewMediator took to complete: 16ms
08-09 11:52:05.338  7223  7223 V SystemUIBootTiming: StartServices com.android.systemui.keyguard.data.quickaffordance.MuteQuickAffordanceCoreStartable took to complete: 35ms
08-09 11:52:05.385  7223  7223 V SystemUIBootTiming: StartServices com.android.systemui.keyguard.domain.interactor.KeyguardTransitionCoreStartable took to complete: 47ms
08-09 11:52:05.385  7223  7223 V SystemUIBootTiming: StartServices com.android.systemui.log.SessionTracker took to complete: 0ms
08-09 11:52:05.388  7223  7223 V SystemUIBootTiming: StartServices com.android.systemui.media.RingtonePlayer took to complete: 4ms
08-09 11:52:05.389  7223  7223 V SystemUIBootTiming: StartServices com.android.systemui.media.dialog.MediaOutputSwitcherDialogUI took to complete: 0ms
08-09 11:52:05.389  7223  7223 V SystemUIBootTiming: StartServices com.android.systemui.media.taptotransfer.MediaTttCommandLineHelper took to complete: 0ms
08-09 11:52:05.391  7223  7223 V SystemUIBootTiming: StartServices com.android.systemui.media.taptotransfer.receiver.MediaTttChipControllerReceiver took to complete: 2ms
08-09 11:52:05.397  7223  7223 V SystemUIBootTiming: StartServices com.android.systemui.media.taptotransfer.sender.MediaTttSenderCoordinator took to complete: 6ms
08-09 11:52:05.402  7223  7223 V SystemUIBootTiming: StartServices com.android.systemui.motiontool.MotionToolStartable took to complete: 6ms
08-09 11:52:05.419  7223  7223 V SystemUIBootTiming: StartServices com.android.systemui.power.PowerUI took to complete: 16ms
08-09 11:52:05.419  7223  7223 V SystemUIBootTiming: StartServices com.android.systemui.reardisplay.RearDisplayDialogController took to complete: 0ms
08-09 11:52:05.419  7223  7223 V SystemUIBootTiming: StartServices com.android.systemui.recents.Recents took to complete: 0ms
08-09 11:52:05.419  7223  7223 V SystemUIBootTiming: StartServices com.android.systemui.settings.UserFileManagerImpl took to complete: 0ms
08-09 11:52:05.426  7223  7223 V SystemUIBootTiming: StartServices com.android.systemui.shortcut.ShortcutKeyDispatcher took to complete: 8ms
08-09 11:52:05.429  7223  7223 V SystemUIBootTiming: StartServices com.android.systemui.statusbar.notification.InstantAppNotifier took to complete: 2ms
08-09 11:52:05.429  7223  7223 V SystemUIBootTiming: StartServices com.android.systemui.statusbar.notification.fsi.FsiChromeRepo took to complete: 0ms
08-09 11:52:05.436  7223  7223 V SystemUIBootTiming: StartServices com.android.systemui.statusbar.notification.fsi.FsiChromeViewBinder took to complete: 7ms
08-09 11:52:05.436  7223  7223 V SystemUIBootTiming: StartServices com.android.systemui.statusbar.notification.fsi.FsiChromeViewModelFactory took to complete: 0ms
08-09 11:52:05.438  7223  7223 V SystemUIBootTiming: StartServices com.android.systemui.statusbar.notification.interruption.KeyguardNotificationVisibilityProvider took to complete: 3ms
08-09 11:52:05.443   327  6245 I StatusBarManagerService: registerStatusBar bar=com.android.internal.statusbar.IStatusBar$Stub$Proxy@de3d0e3
08-09 11:52:05.609   327  6245 D CompatibilityChangeReporter: Compat change id reported: 182478738; UID 10125; state: ENABLED
08-09 11:52:05.719   327  6245 D SystemServerTiming: getUserSwitchability-0
08-09 11:52:05.719   327  6245 D SystemServerTiming: TM.isInCall
08-09 11:52:05.720   327  6245 V SystemServerTiming: TM.isInCall took to complete: 0ms
08-09 11:52:05.720   327  6245 D SystemServerTiming: hasUserRestriction-DISALLOW_USER_SWITCH
08-09 11:52:05.720   327  6245 V SystemServerTiming: hasUserRestriction-DISALLOW_USER_SWITCH took to complete: 0ms
08-09 11:52:05.720   327  6245 D SystemServerTiming: getInt-ALLOW_USER_SWITCHING_WHEN_SYSTEM_USER_LOCKED
08-09 11:52:05.720   327  6245 V SystemServerTiming: getInt-ALLOW_USER_SWITCHING_WHEN_SYSTEM_USER_LOCKED took to complete: 0ms
08-09 11:52:05.720   327  6245 D SystemServerTiming: isUserUnlocked-USER_SYSTEM
08-09 11:52:05.720   327  6245 V SystemServerTiming: isUserUnlocked-USER_SYSTEM took to complete: 0ms
08-09 11:52:05.720   327  6245 V SystemServerTiming: getUserSwitchability-0 took to complete: 0ms
08-09 11:52:05.794   327   364 E BLASTSyncEngine: WM sent Transaction to organized, but never received commit callback. Application ANR likely to follow.
08-09 11:52:05.802   327  4363 I ActivityTaskManager: Config changes=20000400 {1.0 ?mcc?mnc [en_US] ldltr sw656dp w1214dp h608dp 180dpi lrg long land night finger qwerty/v/v dpad/v winConfig={ mBounds=Rect(0, 0 - 1366, 738) mAppBounds=Rect(0, 0 - 1366, 684) mMaxBounds=Rect(0, 0 - 1366, 738) mDisplayRotation=ROTATION_0 mWindowingMode=fullscreen mDisplayWindowingMode=fullscreen mActivityType=undefined mAlwaysOnTop=undefined mRotation=ROTATION_0} as.4 s.676 fontWeightAdjustment=0}
08-09 11:52:05.825   327  4363 I WindowManager: Override config changes=20000400 {1.0 ?mcc?mnc [en_US] ldltr sw656dp w1214dp h608dp 180dpi lrg long land night finger qwerty/v/v dpad/v winConfig={ mBounds=Rect(0, 0 - 1366, 738) mAppBounds=Rect(0, 0 - 1366, 684) mMaxBounds=Rect(0, 0 - 1366, 738) mDisplayRotation=ROTATION_0 mWindowingMode=fullscreen mDisplayWindowingMode=fullscreen mActivityType=undefined mAlwaysOnTop=undefined mRotation=ROTATION_0} as.4 s.676 fontWeightAdjustment=0} for displayId=0
08-09 11:52:05.842   327  4363 D CoreBackPreview: Window{c6dcdcc u0 NavigationBar0}: Setting back callback OnBackInvokedCallbackInfo{mCallback=android.window.IOnBackInvokedCallback$Stub$Proxy@7020091, mPriority=0}
08-09 11:52:05.922   327  6243 D CoreBackPreview: Window{c1ca0fb u0 NotificationShade}: Setting back callback OnBackInvokedCallbackInfo{mCallback=android.window.IOnBackInvokedCallback$Stub$Proxy@9471b71, mPriority=0}
08-09 11:52:05.930   327  1380 I ActivityTaskManager: Config changes=400 {1.0 ?mcc?mnc [en_US] ldltr sw656dp w1214dp h580dp 180dpi lrg long land night finger qwerty/v/v dpad/v winConfig={ mBounds=Rect(0, 0 - 1366, 738) mAppBounds=Rect(0, 0 - 1366, 684) mMaxBounds=Rect(0, 0 - 1366, 738) mDisplayRotation=ROTATION_0 mWindowingMode=fullscreen mDisplayWindowingMode=fullscreen mActivityType=undefined mAlwaysOnTop=undefined mRotation=ROTATION_0} as.4 s.734 fontWeightAdjustment=0}
08-09 11:52:05.939   327  1380 I WindowManager: Override config changes=400 {1.0 ?mcc?mnc [en_US] ldltr sw656dp w1214dp h580dp 180dpi lrg long land night finger qwerty/v/v dpad/v winConfig={ mBounds=Rect(0, 0 - 1366, 738) mAppBounds=Rect(0, 0 - 1366, 684) mMaxBounds=Rect(0, 0 - 1366, 738) mDisplayRotation=ROTATION_0 mWindowingMode=fullscreen mDisplayWindowingMode=fullscreen mActivityType=undefined mAlwaysOnTop=undefined mRotation=ROTATION_0} as.4 s.734 fontWeightAdjustment=0} for displayId=0
08-09 11:52:05.952   327   327 W Looper  : Slow dispatch took 1169ms main h=android.service.notification.NotificationListenerService$MyHandler c=null m=1
08-09 11:52:05.952   327   327 W Looper  : Slow delivery took 1170ms main h=android.service.notification.NotificationListenerService$MyHandler c=null m=1
08-09 11:52:05.955   327  1380 D CoreBackPreview: Window{45b8f30 u0 StatusBar}: Setting back callback OnBackInvokedCallbackInfo{mCallback=android.window.IOnBackInvokedCallback$Stub$Proxy@a16b23a, mPriority=0}
08-09 11:52:05.968   327  6239 D ActivityTaskManager: Top Process State changed to PROCESS_STATE_TOP
08-09 11:52:06.079  7223  7223 V SystemUIBootTiming: StartServices com.android.systemui.statusbar.phone.CentralSurfaces took to complete: 640ms
08-09 11:52:06.079  7223  7223 V SystemUIBootTiming: StartServices com.android.systemui.statusbar.phone.KeyguardLiftController took to complete: 0ms
08-09 11:52:06.080  7223  7223 V SystemUIBootTiming: StartServices com.android.systemui.statusbar.pipeline.mobile.data.repository.CarrierConfigCoreStartable took to complete: 1ms
08-09 11:52:06.080  7223  7223 V SystemUIBootTiming: StartServices com.android.systemui.statusbar.pipeline.mobile.ui.MobileUiAdapter took to complete: 0ms
08-09 11:52:06.081  7223  7223 V SystemUIBootTiming: StartServices com.android.systemui.stylus.StylusUsiPowerStartable took to complete: 2ms
08-09 11:52:06.081  7223  7223 V SystemUIBootTiming: StartServices com.android.systemui.temporarydisplay.chipbar.ChipbarCoordinator took to complete: 0ms
08-09 11:52:06.090  7223  7223 V SystemUIBootTiming: StartServices com.android.systemui.theme.ThemeOverlayController took to complete: 9ms
08-09 11:52:06.091  7223  7223 V SystemUIBootTiming: StartServices com.android.systemui.toast.ToastUI took to complete: 0ms
08-09 11:52:06.092   327   327 W Looper  : Drained
08-09 11:52:06.096  7223  7223 V SystemUIBootTiming: StartServices com.android.systemui.usb.StorageNotification took to complete: 5ms
08-09 11:52:06.096  7223  7223 V SystemUIBootTiming: StartServices com.android.systemui.user.ui.dialog.UserSwitcherDialogCoordinator took to complete: 0ms
08-09 11:52:06.102  7223  7223 V SystemUIBootTiming: StartServices com.android.systemui.util.NotificationChannels took to complete: 6ms
08-09 11:52:06.106  7223  7223 V SystemUIBootTiming: StartServices com.android.systemui.util.leak.GarbageMonitor took to complete: 4ms
08-09 11:52:06.107  7223  7223 V SystemUIBootTiming: StartServices com.android.systemui.volume.VolumeUI took to complete: 1ms
08-09 11:52:06.112  7223  7223 V SystemUIBootTiming: StartServices com.android.systemui.wmshell.WMShell took to complete: 5ms
08-09 11:52:06.112  7223  7223 V SystemUIBootTiming: StartServices com.android.systemui.VendorServices took to complete: 0ms
