08-09 12:11:03.197  8911  9025 D FakeWifi: Faking wifi for com.android.vending
08-09 12:11:03.197  8911  9025 D FakeWifi: Faking wifi for com.android.vending
08-09 12:11:03.198  8911  9025 D FakeWifi: Faking wifi for com.android.vending
08-09 12:11:03.198  8911  9025 D FakeWifi: Faking wifi for com.android.vending
08-09 12:11:03.198  8911  9025 D FakeWifi: Faking wifi for com.android.vending
08-09 12:11:03.572  8597  8644 D LocalImageResolver: Couldn't use ImageDecoder for drawable, falling back to non-resized load.
08-09 12:11:03.573  8597  8644 D LocalImageResolver: Couldn't use ImageDecoder for drawable, falling back to non-resized load.
08-09 12:11:05.135  4472  9098 I Finsky:background: [161] DSC::L: Update all listeners for download <16:RUNNING:56%[56%]> in group com.devsisters.ck:MwjtIzqJS4aCel_65UiosQ
08-09 12:11:05.135  4472  9098 I Finsky:background: [161] DSC::L: Updating listener DownloadServiceManagerListener::aqfz@5163067 for download <16:RUNNING:56%[56%]>
08-09 12:11:05.135  4472  9098 I Finsky:background: [161] DS: Received onProgress request_id=16
08-09 12:11:05.135  4472  9098 I Finsky:background: [161] RM: receive resource status onProgress download_request_id=16, group_id=UnityDataAssetPack reason: bulk_update isid: MwjtIzqJS4aCel_65UiosQ, status_code=RESOURCE_STATUS_IN_PROGRESS, legacy_status_code=192, size: 188447601/332028638
08-09 12:11:05.135  4472  9098 I Finsky:background: [161] DSC::L: Updating listener wro@4233c05 for download <16:RUNNING:56%[56%]>
08-09 12:11:05.136  4472  9098 I Finsky:background: [161] DSC::L: Updating listener DownloadServiceManagerListener::ukd@c13eb7c for download <16:RUNNING:56%[56%]>
08-09 12:11:05.136  4472  4559 I Finsky:background: [51] RM: getStatus resourceRequestId=9fb9e231-b8b7-4081-aaf8-317c25f2b8d5 requestId=16 package=com.devsisters.ck artifact=UnityDataAssetPack isid=MwjtIzqJS4aCel_65UiosQ
08-09 12:11:05.137  4472  4559 I Finsky:background: [51] DSC: reviveDownload(16)
08-09 12:11:05.137  4472  4559 I Finsky:background: [51] DS: reviveDownload(request_id=16)
08-09 12:11:05.148  4472  9098 I Finsky:background: [161] DS: DS: onReviveDownload(request_id=16, files_to_download=[UnityDataAssetPack(size:332028638)], context[group_id=com.devsisters.ck:MwjtIzqJS4aCel_65UiosQ], display_data[invisible=false, title=CookieRun: Kingdom], network_restrictions=ANY_NETWORK status=running, bytes_downloaded=188447601, total_bytes=332028638, retry[count=0, next_retry=n/a])
08-09 12:11:05.150  4472  4472 I Finsky:background: [2] RF: onProgress request_id=16 isid=MwjtIzqJS4aCel_65UiosQ
08-09 12:11:05.150  4472  4472 I Finsky:background: [2] RF: resourceStatus for request_id=16 group=com.devsisters.ck artifact=UnityDataAssetPack collectedBytes= 188447601 / 332028638
08-09 12:11:05.150  4472  4472 I Finsky:background: [2] RF: Group=com.devsisters.ck totalBytesDownloaded= 322523836 / 466104873 for 4 artifacts
08-09 12:11:05.153  4472  4472 I Finsky:background: [2] RF: Preventing total bytes update to listeners
08-09 12:11:05.572  8597  8644 D LocalImageResolver: Couldn't use ImageDecoder for drawable, falling back to non-resized load.
08-09 12:11:05.574  8597  8644 D LocalImageResolver: Couldn't use ImageDecoder for drawable, falling back to non-resized load.
08-09 12:11:07.403  8911  8911 W Choreographer: Frame time is 0.196431 ms in the future!  Check that graphics HAL is generating vsync timestamps using the correct timebase.
08-09 12:11:07.403  8597  8597 W Choreographer: Frame time is 0.196982 ms in the future!  Check that graphics HAL is generating vsync timestamps using the correct timebase.
08-09 12:11:11.856  4472  9098 W ding:background: Long monitor contention with owner DownloadService-DownloadOrWrite-3 (9167) at void wwv.l(java.nio.ByteBuffer)(PG:25) waiters=0 in boolean wwv.m() for 3.794s
08-09 12:11:12.221  4472  9508 W ding:background: Long monitor contention with owner DownloadService-DownloadOrWrite-3 (9167) at void wwn.b(cgbm, cgbo, java.nio.ByteBuffer)(PG:102) waiters=0 in void wwn.b(cgbm, cgbo, java.nio.ByteBuffer) for 5.835s
08-09 12:11:12.232  4472  9098 I Finsky:background: [161] DSC::L: Update all listeners for download <16:RUNNING:56%[56%]> in group com.devsisters.ck:MwjtIzqJS4aCel_65UiosQ
08-09 12:11:12.232  4472  9098 I Finsky:background: [161] DSC::L: Updating listener DownloadServiceManagerListener::aqfz@5163067 for download <16:RUNNING:56%[56%]>
08-09 12:11:12.232  4472  9098 I Finsky:background: [161] DS: Received onProgress request_id=16
08-09 12:11:12.232  4472  9098 I Finsky:background: [161] RM: receive resource status onProgress download_request_id=16, group_id=UnityDataAssetPack reason: bulk_update isid: MwjtIzqJS4aCel_65UiosQ, status_code=RESOURCE_STATUS_IN_PROGRESS, legacy_status_code=192, size: 188823907/332028638
08-09 12:11:12.232  4472  9098 I Finsky:background: [161] DSC::L: Updating listener wro@4233c05 for download <16:RUNNING:56%[56%]>
08-09 12:11:12.232  4472  9098 I Finsky:background: [161] DSC::L: Updating listener DownloadServiceManagerListener::ukd@c13eb7c for download <16:RUNNING:56%[56%]>
08-09 12:11:12.233  4472  4552 I Finsky:background: [46] RM: getStatus resourceRequestId=9fb9e231-b8b7-4081-aaf8-317c25f2b8d5 requestId=16 package=com.devsisters.ck artifact=UnityDataAssetPack isid=MwjtIzqJS4aCel_65UiosQ
08-09 12:11:12.233  4472  4552 I Finsky:background: [46] DSC: reviveDownload(16)
08-09 12:11:12.234  4472  4631 I Finsky:background: [59] DS: reviveDownload(request_id=16)
08-09 12:11:12.248  4472  9098 I Finsky:background: [161] DS: DS: onReviveDownload(request_id=16, files_to_download=[UnityDataAssetPack(size:332028638)], context[group_id=com.devsisters.ck:MwjtIzqJS4aCel_65UiosQ], display_data[invisible=false, title=CookieRun: Kingdom], network_restrictions=ANY_NETWORK status=running, bytes_downloaded=188823907, total_bytes=332028638, retry[count=0, next_retry=n/a])
08-09 12:11:12.249  4472  4472 I Finsky:background: [2] RF: onProgress request_id=16 isid=MwjtIzqJS4aCel_65UiosQ
08-09 12:11:12.249  4472  4472 I Finsky:background: [2] RF: resourceStatus for request_id=16 group=com.devsisters.ck artifact=UnityDataAssetPack collectedBytes= 188823907 / 332028638
08-09 12:11:12.249  4472  4472 I Finsky:background: [2] RF: Group=com.devsisters.ck totalBytesDownloaded= 322900142 / 466104873 for 4 artifacts
08-09 12:11:12.250  4472  4472 I Finsky:background: [2] Updated time lastBroadcast=2026-08-09T05:11:03.157Z current=2026-08-09T05:11:12.250Z
08-09 12:11:12.251  4472  4472 I Finsky:background: [2] bytesCompleted/bytesTotal/ratio = 322900142 / 466104873 / 0.692763
08-09 12:11:12.255  4472  9118 I Finsky:background: [167] IV2: onTaskProgress com.devsisters.ck[iid:2] [isid:MwjtIzqJS4aCel_65UiosQ] status:RESOURCE_FETCH_PROGRESS, size: 322900142/466104873
08-09 12:11:12.257  4472  9112 I Finsky:background: [163] IQ: Notifying installation update. [Package:com.devsisters.ck, isid:MwjtIzqJS4aCel_65UiosQ] state:DOWNLOADING, status=DOWNLOADING, status_code=0, reason=bulk_update, tsc=PT14M26.675S, attempt=0
08-09 12:11:12.279  4472  4472 I Finsky:background: [2] PIM: Ignore install package event for: com.devsisters.ck, isid: MwjtIzqJS4aCel_65UiosQ
08-09 12:11:12.281  8911  9027 I Finsky  : [109] Install States emitted for 10 apps
08-09 12:11:12.283   327  6241 D FakeWifi: Faking wifi for com.android.vending
08-09 12:11:12.283   327  6241 D FakeWifi: Faking wifi for com.android.vending
08-09 12:11:12.283  8911  8993 D FakeWifi: Faking wifi for com.android.vending
08-09 12:11:12.283  8911  8993 D FakeWifi: Faking wifi for com.android.vending
08-09 12:11:12.284  8911  8993 D FakeWifi: Faking wifi for com.android.vending
08-09 12:11:12.286  8911  8993 D FakeWifi: Faking wifi for com.android.vending
08-09 12:11:12.286  8911  8993 D FakeWifi: Faking wifi for com.android.vending
08-09 12:11:12.289   327   389 E PackageManager: ERROR: could not load root hash from incremental install
08-09 12:11:12.289   327   389 E PackageManager: ERROR: could not load root hash from incremental install
08-09 12:11:12.289   327   389 E PackageManager: ERROR: could not load root hash from incremental install
08-09 12:11:12.296   327   886 D FakeWifi: Faking wifi for com.android.vending
08-09 12:11:12.296   327   886 D FakeWifi: Faking wifi for com.android.vending
08-09 12:11:12.296  8911  8994 D FakeWifi: Faking wifi for com.android.vending
08-09 12:11:12.297  8911  8994 D FakeWifi: Faking wifi for com.android.vending
08-09 12:11:12.298  8911  8994 D FakeWifi: Faking wifi for com.android.vending
08-09 12:11:12.298  8911  8994 D FakeWifi: Faking wifi for com.android.vending
08-09 12:11:12.298  8911  8994 D FakeWifi: Faking wifi for com.android.vending
08-09 12:11:12.359   327   389 I PackageManager: Integrity check passed for file:///data/app/vmdl2114420665.tmp
08-09 12:11:12.368  8911  8911 I Finsky  : [2] VerifyApps: Install-time verification requested for package com.devsisters.cba, PackageManager id = 2, Verifier id = 38e93ff0-a79c-47b9-9fcd-bbee44b36640
08-09 12:11:12.409  8911  8930 I Finsky  : [37] RECEIVER_PACKAGE_VERIFICATION#logWorkEndAndFinishGoAsync: SUCCESS
08-09 12:11:12.481  8911  9555 I Finsky  : [184] VerifyApps: Anti-malware verification task started for package=com.devsisters.cba
08-09 12:11:12.482  8911  9555 I Finsky  : [184] VerifyApps: Skipping verification. Finsky installation
08-09 12:11:12.482  8911  9555 I Finsky  : [184] VerifyApps: Skipping anti malware verification (preconditions not met). package=com.devsisters.cba
08-09 12:11:12.482  8911  9555 I Finsky  : [184] VerifyApps AdvancedProtection: Verify AP install started
08-09 12:11:12.483  8911  9555 I Finsky  : [184] VerifyApps AdvancedProtection: Allowing install because there are no Advanced Protection users
08-09 12:11:12.510  8911  8911 I Finsky  : [2] VerifyApps AdvancedProtection: Reported Advanced Protection verification result: ALLOW
08-09 12:11:12.518  8911  9555 I Finsky  : [184] Skipping logging for attempted installation. This is a Play Store installation.
08-09 12:11:12.519  8911  9555 I Finsky  : [184] VerifyApps: Returning package verification result id=2, result=ALLOW
08-09 12:11:12.547  8911  8911 I Finsky  : [2] VerifyApps: Install-time verification complete: id=2, package_name=com.devsisters.cba
08-09 12:11:12.688  8597  8644 D LocalImageResolver: Couldn't use ImageDecoder for drawable, falling back to non-resized load.
08-09 12:11:12.690  8597  8644 D LocalImageResolver: Couldn't use ImageDecoder for drawable, falling back to non-resized load.
08-09 12:11:12.756   327   389 W PackageParsing: Unknown element under <manifest>: module at /data/app/vmdl2114420665.tmp/base.apk Binary XML file line #2
08-09 12:11:13.610   327   371 I ActivityManager: Force stopping com.devsisters.cba appid=10145 user=-1: installPackageLI
08-09 12:11:13.616   327   389 I PackageManager: Update package com.devsisters.cba code path from /data/app/~~tAmEzwrhMZKQhTQBLdZB4A==/com.devsisters.cba-Isv9L9ut3BPM0K0grzfaUw== to /data/app/~~jiwUTC3fI2F1iIfSJC_ThQ==/com.devsisters.cba-PUsojFdA63QaneZ6h-y5Og==; Retain data and using new
08-09 12:11:13.637   327   371 I ActivityManager: Killing 9376:com.devsisters.cba/u0a145 (adj 905): stop com.devsisters.cba due to installPackageLI
08-09 12:11:13.647   327   373 I libprocessgroup: Successfully killed process cgroup uid 10145 pid 9376 in 0ms
08-09 12:11:13.767    73    73 I Zygote  : Process 9376 exited due to signal 9 (Killed)
08-09 12:11:13.798   327   389 I PackageManager: Permission ownership changed. Updating all permissions.
08-09 12:11:13.873   327   389 E SELinuxJNI: fileSelabelLookup => SELinux is disabled
08-09 12:11:13.888   327   446 W system_server: Long monitor contention with owner PackageManager (389) at java.util.ArrayList com.android.server.pm.SharedLibrariesImpl.collectSharedLibraryInfos(java.util.List, long[], java.lang.String[][], java.lang.String, java.lang.String, boolean, int, java.util.ArrayList, java.util.Map, java.util.Map)(SharedLibrariesImpl.java:923) waiters=0 in com.android.server.pm.Computer com.android.server.pm.PackageManagerService.snapshotComputer() for 253ms
08-09 12:11:13.912   327   361 W Looper  : Slow dispatch took 110ms android.fg h=android.os.Handler c=<recycled PooledLambda@3fcda43> m=0
08-09 12:11:13.939    31    31 E vold    : Failed to set project id on /data/media/0/Android/obb/com.devsisters.cba/: Operation not supported on transport endpoint
08-09 12:11:13.941    31    31 E vold    : Failed to set flags for /data/media/0/Android/obb/com.devsisters.cba/ to set project id inheritance.: Operation not supported on transport endpoint
08-09 12:11:13.948   327   886 V ActivityManager: Got obituary of 9376:com.devsisters.cba
08-09 12:11:13.969  4472  9098 I Finsky:background: [161] DSC::L: Update all listeners for download <16:RUNNING:58%[58%]> in group com.devsisters.ck:MwjtIzqJS4aCel_65UiosQ
08-09 12:11:13.969  4472  9098 I Finsky:background: [161] DSC::L: Updating listener DownloadServiceManagerListener::aqfz@5163067 for download <16:RUNNING:58%[58%]>
08-09 12:11:13.969  4472  9098 I Finsky:background: [161] DS: Received onProgress request_id=16
08-09 12:11:13.970  4472  9098 I Finsky:background: [161] RM: receive resource status onProgress download_request_id=16, group_id=UnityDataAssetPack reason: bulk_update isid: MwjtIzqJS4aCel_65UiosQ, status_code=RESOURCE_STATUS_IN_PROGRESS, legacy_status_code=192, size: 193662597/332028638
08-09 12:11:13.970  4472  9098 I Finsky:background: [161] DSC::L: Updating listener wro@4233c05 for download <16:RUNNING:58%[58%]>
08-09 12:11:13.970  4472  9098 I Finsky:background: [161] DSC::L: Updating listener DownloadServiceManagerListener::ukd@c13eb7c for download <16:RUNNING:58%[58%]>
08-09 12:11:13.971  4472  4559 I Finsky:background: [51] RM: getStatus resourceRequestId=9fb9e231-b8b7-4081-aaf8-317c25f2b8d5 requestId=16 package=com.devsisters.ck artifact=UnityDataAssetPack isid=MwjtIzqJS4aCel_65UiosQ
08-09 12:11:13.971  4472  4559 I Finsky:background: [51] DSC: reviveDownload(16)
08-09 12:11:13.972  4472  4552 I Finsky:background: [46] DS: reviveDownload(request_id=16)
08-09 12:11:14.000  4472  9098 I Finsky:background: [161] DS: DS: onReviveDownload(request_id=16, files_to_download=[UnityDataAssetPack(size:332028638)], context[group_id=com.devsisters.ck:MwjtIzqJS4aCel_65UiosQ], display_data[invisible=false, title=CookieRun: Kingdom], network_restrictions=ANY_NETWORK status=running, bytes_downloaded=193662597, total_bytes=332028638, retry[count=0, next_retry=n/a])
08-09 12:11:14.013  4472  4472 I Finsky:background: [2] RF: onProgress request_id=16 isid=MwjtIzqJS4aCel_65UiosQ
08-09 12:11:14.013  4472  4472 I Finsky:background: [2] RF: resourceStatus for request_id=16 group=com.devsisters.ck artifact=UnityDataAssetPack collectedBytes= 193662597 / 332028638
08-09 12:11:14.013  4472  4472 I Finsky:background: [2] RF: Group=com.devsisters.ck totalBytesDownloaded= 327738832 / 466104873 for 4 artifacts
08-09 12:11:14.017  4472  4472 I Finsky:background: [2] RF: Preventing total bytes update to listeners
08-09 12:11:14.095   327   389 I PackageDexOptimizer: Running dexopt (dexoptNeeded=-3) on: /data/app/~~jiwUTC3fI2F1iIfSJC_ThQ==/com.devsisters.cba-PUsojFdA63QaneZ6h-y5Og==/base.apk pkg=com.devsisters.cba isa=x86_64 dexoptFlags=boot_complete,profile_guided,public,enable_hidden_api_checks targetFilter=speed-profile oatDir=/data/app/~~jiwUTC3fI2F1iIfSJC_ThQ==/com.devsisters.cba-PUsojFdA63QaneZ6h-y5Og==/oat classLoaderContext=PCL[]{PCL[/system/framework/org.apache.http.legacy.jar]}
08-09 12:11:14.097   128   398 V installd: DexInv: --- BEGIN '/data/app/~~jiwUTC3fI2F1iIfSJC_ThQ==/com.devsisters.cba-PUsojFdA63QaneZ6h-y5Og==/base.apk' ---
08-09 12:11:14.097   128   398 V installd: Running /apex/com.android.art/bin/dex2oat32 in=base.apk out=/data/app/~~jiwUTC3fI2F1iIfSJC_ThQ==/com.devsisters.cba-PUsojFdA63QaneZ6h-y5Og==/oat/x86_64/base.odex
08-09 12:11:14.105  9562  9562 W libprocessgroup: Failed to open /dev/stune/background/tasks: No such file or directory
08-09 12:11:14.105  9562  9562 V libprocessgroup: Applying profile action SetCgroup failed
08-09 12:11:14.105  9562  9562 W libprocessgroup: Failed to open /dev/blkio/background/tasks: No such file or directory
08-09 12:11:14.105  9562  9562 V libprocessgroup: Applying profile action SetCgroup failed
08-09 12:11:14.269  9562  9562 W dex2oat32: Unexpected CPU variant for x86: x86_64.
08-09 12:11:14.269  9562  9562 W dex2oat32: Known variants: atom, sandybridge, silvermont, kabylake, default
08-09 12:11:14.297  9562  9562 I dex2oat32: /apex/com.android.art/bin/dex2oat32 --input-vdex-fd=-1 --output-vdex-fd=9 --dm-fd=13 --profile-file-fd=11 --classpath-dir=/data/app/~~jiwUTC3fI2F1iIfSJC_ThQ==/com.devsisters.cba-PUsojFdA63QaneZ6h-y5Og== --class-loader-context=PCL[]{PCL[/system/framework/org.apache.http.legacy.jar]} --compact-dex-level=none --compiler-filter=speed-profile --compilation-reason=install-dm --max-image-block-size=524288 --resolve-startup-const-strings=true --generate-mini-debug-info
08-09 12:11:14.311  9562  9562 W dex2oat32: ART APEX data files are untrusted.
08-09 12:11:14.423  8597  8644 D LocalImageResolver: Couldn't use ImageDecoder for drawable, falling back to non-resized load.
08-09 12:11:14.425  8597  8644 D LocalImageResolver: Couldn't use ImageDecoder for drawable, falling back to non-resized load.
08-09 12:11:14.586  9562  9562 I dex2oat32: Large app, accepted running with swap.
08-09 12:11:15.788  9562  9565 W dex2oat32: Verification of void com.inka.appsealing.AppSealingAlertDialog$1.run() took 351.877ms (31.26 bytecodes/s) (1032B approximate peak alloc)
08-09 12:11:15.794  9562  9564 W dex2oat32: Verification of void com.inka.appsealing.ANRCollector.collectANRs() took 358.087ms (1834.75 bytecodes/s) (11280B approximate peak alloc)
08-09 12:11:16.366  9562  9564 W dex2oat32: Verification of void androidx.print.PrintHelper$PrintUriAdapter$1.onPostExecute(android.graphics.Bitmap) took 379.006ms (324.53 bytecodes/s) (2552B approximate peak alloc)
08-09 12:11:16.367  9562  9566 W dex2oat32: Verification of void androidx.print.PrintHelper$PrintBitmapAdapter.onLayout(android.print.PrintAttributes, android.print.PrintAttributes, android.os.CancellationSignal, android.print.PrintDocumentAdapter$LayoutResultCallback, android.os.Bundle) took 380.768ms (81.41 bytecodes/s) (1168B approximate peak alloc)
08-09 12:11:16.368  9562  9565 W dex2oat32: Verification of java.lang.Throwable androidx.print.PrintHelper$1.doInBackground(java.lang.Void[]) took 380.195ms (583.91 bytecodes/s) (4016B approximate peak alloc)
08-09 12:11:16.387  4472  9098 I Finsky:background: [161] DSC::L: Update all listeners for download <16:RUNNING:58%[58%]> in group com.devsisters.ck:MwjtIzqJS4aCel_65UiosQ
08-09 12:11:16.387  4472  9098 I Finsky:background: [161] DSC::L: Updating listener DownloadServiceManagerListener::aqfz@5163067 for download <16:RUNNING:58%[58%]>
08-09 12:11:16.387  4472  9098 I Finsky:background: [161] DS: Received onProgress request_id=16
08-09 12:11:16.387  4472  9098 I Finsky:background: [161] RM: receive resource status onProgress download_request_id=16, group_id=UnityDataAssetPack reason: bulk_update isid: MwjtIzqJS4aCel_65UiosQ, status_code=RESOURCE_STATUS_IN_PROGRESS, legacy_status_code=192, size: 195410520/332028638
08-09 12:11:16.390  4472  9098 I Finsky:background: [161] DSC::L: Updating listener wro@4233c05 for download <16:RUNNING:58%[58%]>
08-09 12:11:16.390  4472  9098 I Finsky:background: [161] DSC::L: Updating listener DownloadServiceManagerListener::ukd@c13eb7c for download <16:RUNNING:58%[58%]>
08-09 12:11:16.398  4472  4559 I Finsky:background: [51] RM: getStatus resourceRequestId=9fb9e231-b8b7-4081-aaf8-317c25f2b8d5 requestId=16 package=com.devsisters.ck artifact=UnityDataAssetPack isid=MwjtIzqJS4aCel_65UiosQ
08-09 12:11:16.398  4472  4559 I Finsky:background: [51] DSC: reviveDownload(16)
08-09 12:11:16.400  4472  4552 I Finsky:background: [46] DS: reviveDownload(request_id=16)
08-09 12:11:16.424  4472  9098 I Finsky:background: [161] DS: DS: onReviveDownload(request_id=16, files_to_download=[UnityDataAssetPack(size:332028638)], context[group_id=com.devsisters.ck:MwjtIzqJS4aCel_65UiosQ], display_data[invisible=false, title=CookieRun: Kingdom], network_restrictions=ANY_NETWORK status=running, bytes_downloaded=195410520, total_bytes=332028638, retry[count=0, next_retry=n/a])
08-09 12:11:16.436  4472  4472 I Finsky:background: [2] RF: onProgress request_id=16 isid=MwjtIzqJS4aCel_65UiosQ
08-09 12:11:16.436  4472  4472 I Finsky:background: [2] RF: resourceStatus for request_id=16 group=com.devsisters.ck artifact=UnityDataAssetPack collectedBytes= 195410520 / 332028638
08-09 12:11:16.436  4472  4472 I Finsky:background: [2] RF: Group=com.devsisters.ck totalBytesDownloaded= 329486755 / 466104873 for 4 artifacts
08-09 12:11:16.439  4472  4472 I Finsky:background: [2] Updated time lastBroadcast=2026-08-09T05:11:12.250Z current=2026-08-09T05:11:16.439Z
08-09 12:11:16.440  4472  4472 I Finsky:background: [2] bytesCompleted/bytesTotal/ratio = 329486755 / 466104873 / 0.706894
08-09 12:11:16.441  4472  9118 I Finsky:background: [167] IV2: onTaskProgress com.devsisters.ck[iid:2] [isid:MwjtIzqJS4aCel_65UiosQ] status:RESOURCE_FETCH_PROGRESS, size: 329486755/466104873
08-09 12:11:16.447  4472  9112 I Finsky:background: [163] IQ: Notifying installation update. [Package:com.devsisters.ck, isid:MwjtIzqJS4aCel_65UiosQ] state:DOWNLOADING, status=DOWNLOADING, status_code=0, reason=bulk_update, tsc=PT14M30.865S, attempt=0
08-09 12:11:16.841  9562  9564 W dex2oat32: Verification of android.graphics.PorterDuff$Mode androidx.vectordrawable.graphics.drawable.VectorDrawableCompat.parseTintModeCompat(int, android.graphics.PorterDuff$Mode) took 389.759ms (107.76 bytecodes/s) (1296B approximate peak alloc)
08-09 12:11:16.846  9562  9562 W dex2oat32: Verification of void com.android.installreferrer.api.InstallReferrerClientImpl.startConnection(com.android.installreferrer.api.InstallReferrerStateListener) took 358.388ms (499.46 bytecodes/s) (2848B approximate peak alloc)
08-09 12:11:16.850  9562  9566 W dex2oat32: Verification of void com.android.billingclient.api.BillingClientImpl.zzbi(com.android.billingclient.api.BillingClientStateListener, int) took 364.645ms (839.17 bytecodes/s) (5064B approximate peak alloc)
08-09 12:11:16.857  8597  8644 D LocalImageResolver: Couldn't use ImageDecoder for drawable, falling back to non-resized load.
08-09 12:11:16.871  4472  4472 I Finsky:background: [2] PIM: Ignore install package event for: com.devsisters.ck, isid: MwjtIzqJS4aCel_65UiosQ
08-09 12:11:16.883  8911  9025 I Finsky  : [110] Install States emitted for 10 apps
08-09 12:11:16.891   327   886 D FakeWifi: Faking wifi for com.android.vending
08-09 12:11:16.891   327   886 D FakeWifi: Faking wifi for com.android.vending
08-09 12:11:16.892  8911  9025 D FakeWifi: Faking wifi for com.android.vending
08-09 12:11:16.894  8911  9025 D FakeWifi: Faking wifi for com.android.vending
08-09 12:11:16.894  8911  9025 D FakeWifi: Faking wifi for com.android.vending
08-09 12:11:16.895  8911  9025 D FakeWifi: Faking wifi for com.android.vending
08-09 12:11:16.895  8911  9025 D FakeWifi: Faking wifi for com.android.vending
08-09 12:11:16.955  8597  8644 D LocalImageResolver: Couldn't use ImageDecoder for drawable, falling back to non-resized load.
08-09 12:11:17.319  9562  9562 W dex2oat32: Verification of void com.google.android.gms.auth.api.proxy.ProxyRequest$Builder.<init>(java.lang.String) took 232.026ms (284.45 bytecodes/s) (1704B approximate peak alloc)
08-09 12:11:17.350   327   886 D FakeWifi: Faking wifi for com.android.vending
08-09 12:11:17.352   327   886 D FakeWifi: Faking wifi for com.android.vending
08-09 12:11:17.353  8911  8994 D FakeWifi: Faking wifi for com.android.vending
08-09 12:11:17.356  8911  8994 D FakeWifi: Faking wifi for com.android.vending
08-09 12:11:17.359  8911  8994 D FakeWifi: Faking wifi for com.android.vending
08-09 12:11:17.368  8911  8994 D FakeWifi: Faking wifi for com.android.vending
08-09 12:11:17.368  8911  8994 D FakeWifi: Faking wifi for com.android.vending
08-09 12:11:17.936  8911  8911 W Choreographer: Frame time is 0.255967 ms in the future!  Check that graphics HAL is generating vsync timestamps using the correct timebase.
08-09 12:11:18.119  9562  9566 W dex2oat32: Accessing hidden method Landroid/window/BackEvent;-><init>(FFFI)V (blocked, linking, denied)
08-09 12:11:18.119  9562  9566 W dex2oat32: Accessing hidden method Landroid/window/BackEvent;->getProgress()F (blocked, linking, denied)
08-09 12:11:18.119  9562  9566 W dex2oat32: Accessing hidden method Landroid/window/BackEvent;->getSwipeEdge()I (blocked, linking, denied)
08-09 12:11:18.120  9562  9566 W dex2oat32: Accessing hidden method Landroid/window/BackEvent;->getTouchX()F (blocked, linking, denied)
08-09 12:11:18.120  9562  9566 W dex2oat32: Accessing hidden method Landroid/window/BackEvent;->getTouchY()F (blocked, linking, denied)
08-09 12:11:18.441  9562  9566 W dex2oat32: Method boolean androidx.compose.runtime.snapshots.SnapshotStateList.conditionalUpdate(boolean, kotlin.jvm.functions.Function1) failed lock verification and will run slower.
08-09 12:11:18.441  9562  9566 W dex2oat32: Common causes for lock verification issues are non-optimized dex code
08-09 12:11:18.441  9562  9566 W dex2oat32: and incorrect proguard optimizations.
08-09 12:11:18.441  9562  9566 W dex2oat32: Method boolean androidx.compose.runtime.snapshots.SnapshotStateList.conditionalUpdate$default(androidx.compose.runtime.snapshots.SnapshotStateList, boolean, kotlin.jvm.functions.Function1, int, java.lang.Object) failed lock verification and will run slower.
08-09 12:11:18.441  9562  9564 W dex2oat32: Method java.lang.Object androidx.compose.runtime.snapshots.SnapshotStateMap.mutate(kotlin.jvm.functions.Function1) failed lock verification and will run slower.
08-09 12:11:18.442  9562  9564 W dex2oat32: Method void androidx.compose.runtime.snapshots.SnapshotStateMap.update(kotlin.jvm.functions.Function1) failed lock verification and will run slower.
08-09 12:11:18.442  9562  9566 W dex2oat32: Method java.lang.Object androidx.compose.runtime.snapshots.SnapshotStateList.mutate(kotlin.jvm.functions.Function1) failed lock verification and will run slower.
08-09 12:11:18.442  9562  9566 W dex2oat32: Method void androidx.compose.runtime.snapshots.SnapshotStateList.update(boolean, kotlin.jvm.functions.Function1) failed lock verification and will run slower.
08-09 12:11:18.442  9562  9566 W dex2oat32: Method void androidx.compose.runtime.snapshots.SnapshotStateList.update$default(androidx.compose.runtime.snapshots.SnapshotStateList, boolean, kotlin.jvm.functions.Function1, int, java.lang.Object) failed lock verification and will run slower.
08-09 12:11:18.442  9562  9564 W dex2oat32: Method boolean androidx.compose.runtime.snapshots.SnapshotStateMap.removeIf$runtime_release(kotlin.jvm.functions.Function1) failed lock verification and will run slower.
08-09 12:11:18.719  9562  9564 W dex2oat32: Accessing hidden method Landroid/service/quicksettings/TileService;->startActivityAndCollapse(Landroid/app/PendingIntent;)V (blocked, linking, denied)
08-09 12:11:18.821  4472  9508 W ding:background: Long monitor contention with owner DownloadService-DownloadOrWrite-3 (9167) at void wwn.b(cgbm, cgbo, java.nio.ByteBuffer)(PG:102) waiters=0 in void wwn.b(cgbm, cgbo, java.nio.ByteBuffer) for 410ms
08-09 12:11:19.237  4472  9098 I Finsky:background: [161] DSC::L: Update all listeners for download <16:RUNNING:59%[59%]> in group com.devsisters.ck:MwjtIzqJS4aCel_65UiosQ
08-09 12:11:19.237  4472  9098 I Finsky:background: [161] DSC::L: Updating listener DownloadServiceManagerListener::aqfz@5163067 for download <16:RUNNING:59%[59%]>
08-09 12:11:19.237  4472  9098 I Finsky:background: [161] DS: Received onProgress request_id=16
08-09 12:11:19.237  4472  9098 I Finsky:background: [161] RM: receive resource status onProgress download_request_id=16, group_id=UnityDataAssetPack reason: bulk_update isid: MwjtIzqJS4aCel_65UiosQ, status_code=RESOURCE_STATUS_IN_PROGRESS, legacy_status_code=192, size: 196150404/332028638
08-09 12:11:19.238  4472  9098 I Finsky:background: [161] DSC::L: Updating listener wro@4233c05 for download <16:RUNNING:59%[59%]>
08-09 12:11:19.238  4472  9098 I Finsky:background: [161] DSC::L: Updating listener DownloadServiceManagerListener::ukd@c13eb7c for download <16:RUNNING:59%[59%]>
08-09 12:11:19.240  4472  4559 I Finsky:background: [51] RM: getStatus resourceRequestId=9fb9e231-b8b7-4081-aaf8-317c25f2b8d5 requestId=16 package=com.devsisters.ck artifact=UnityDataAssetPack isid=MwjtIzqJS4aCel_65UiosQ
08-09 12:11:19.240  4472  4559 I Finsky:background: [51] DSC: reviveDownload(16)
08-09 12:11:19.240  4472  4559 I Finsky:background: [51] DS: reviveDownload(request_id=16)
08-09 12:11:19.249  4472  9098 I Finsky:background: [161] DS: DS: onReviveDownload(request_id=16, files_to_download=[UnityDataAssetPack(size:332028638)], context[group_id=com.devsisters.ck:MwjtIzqJS4aCel_65UiosQ], display_data[invisible=false, title=CookieRun: Kingdom], network_restrictions=ANY_NETWORK status=running, bytes_downloaded=196150404, total_bytes=332028638, retry[count=0, next_retry=n/a])
08-09 12:11:19.250  4472  4472 I Finsky:background: [2] RF: onProgress request_id=16 isid=MwjtIzqJS4aCel_65UiosQ
08-09 12:11:19.251  4472  4472 I Finsky:background: [2] RF: resourceStatus for request_id=16 group=com.devsisters.ck artifact=UnityDataAssetPack collectedBytes= 196150404 / 332028638
08-09 12:11:19.251  4472  4472 I Finsky:background: [2] RF: Group=com.devsisters.ck totalBytesDownloaded= 330226639 / 466104873 for 4 artifacts
08-09 12:11:19.253  4472  4472 I Finsky:background: [2] Updated time lastBroadcast=2026-08-09T05:11:16.439Z current=2026-08-09T05:11:19.253Z
08-09 12:11:19.254  4472  4472 I Finsky:background: [2] bytesCompleted/bytesTotal/ratio = 330226639 / 466104873 / 0.708481
08-09 12:11:19.255  4472  9118 I Finsky:background: [167] IV2: onTaskProgress com.devsisters.ck[iid:2] [isid:MwjtIzqJS4aCel_65UiosQ] status:RESOURCE_FETCH_PROGRESS, size: 330226639/466104873
08-09 12:11:19.262  4472  9112 I Finsky:background: [163] IQ: Notifying installation update. [Package:com.devsisters.ck, isid:MwjtIzqJS4aCel_65UiosQ] state:DOWNLOADING, status=DOWNLOADING, status_code=0, reason=bulk_update, tsc=PT14M33.68S, attempt=0
08-09 12:11:19.681  4472  4472 I Finsky:background: [2] PIM: Ignore install package event for: com.devsisters.ck, isid: MwjtIzqJS4aCel_65UiosQ
08-09 12:11:19.683  8911  8993 I Finsky  : [89] Install States emitted for 10 apps
08-09 12:11:19.688   327   886 D FakeWifi: Faking wifi for com.android.vending
08-09 12:11:19.688   327   886 D FakeWifi: Faking wifi for com.android.vending
08-09 12:11:19.688  8597  8644 D LocalImageResolver: Couldn't use ImageDecoder for drawable, falling back to non-resized load.
08-09 12:11:19.688  8911  8994 D FakeWifi: Faking wifi for com.android.vending
08-09 12:11:19.688  8911  8994 D FakeWifi: Faking wifi for com.android.vending
08-09 12:11:19.688  8911  8994 D FakeWifi: Faking wifi for com.android.vending
08-09 12:11:19.688  8911  8994 D FakeWifi: Faking wifi for com.android.vending
08-09 12:11:19.688  8911  8994 D FakeWifi: Faking wifi for com.android.vending
08-09 12:11:19.689  8597  8644 D LocalImageResolver: Couldn't use ImageDecoder for drawable, falling back to non-resized load.
08-09 12:11:19.696   327  4412 D FakeWifi: Faking wifi for com.android.vending
08-09 12:11:19.696   327  4412 D FakeWifi: Faking wifi for com.android.vending
08-09 12:11:19.696  8911  8993 D FakeWifi: Faking wifi for com.android.vending
08-09 12:11:19.696  8911  8993 D FakeWifi: Faking wifi for com.android.vending
08-09 12:11:19.696  8911  8993 D FakeWifi: Faking wifi for com.android.vending
08-09 12:11:19.696  8911  8993 D FakeWifi: Faking wifi for com.android.vending
08-09 12:11:19.696  8911  8993 D FakeWifi: Faking wifi for com.android.vending
08-09 12:11:20.909  9562  9562 W dex2oat32: Compilation of java.lang.Object com.appsflyer.internal.AFg1rSDK.getCurrencyIso4217Code(java.lang.Object[]) took 336.396ms
08-09 12:11:21.380  4472  9167 W ding:background: Long monitor contention with owner DownloadService-DownloadOrWrite-13 (9508) at void wwn.b(cgbm, cgbo, java.nio.ByteBuffer)(PG:102) waiters=0 in void wwn.b(cgbm, cgbo, java.nio.ByteBuffer) for 868ms
08-09 12:11:21.382  9562  9566 W dex2oat32: Compilation of void com.google.android.datatransport.runtime.scheduling.jobscheduling.JobInfoSchedulerService.<init>() took 274.809ms
08-09 12:11:21.382  9562  9565 W dex2oat32: Compilation of void com.google.android.datatransport.runtime.scheduling.jobscheduling.SchedulerConfig.populateFlags(android.app.job.JobInfo$Builder, java.util.Set) took 268.343ms
08-09 12:11:21.383  9562  9564 W dex2oat32: Compilation of void com.devplay.push.PushManager.createNotificationChannel(android.content.Context, com.devplay.push.PushManager$ChannelInfo) took 422.283ms
08-09 12:11:21.390  9562  9562 W dex2oat32: Compilation of void com.google.android.datatransport.runtime.scheduling.jobscheduling.JobInfoScheduler.schedule(com.google.android.datatransport.runtime.TransportContext, int, boolean) took 276.837ms
08-09 12:11:21.391  4472  9098 I Finsky:background: [161] DSC::L: Update all listeners for download <16:RUNNING:59%[59%]> in group com.devsisters.ck:MwjtIzqJS4aCel_65UiosQ
08-09 12:11:21.401  4472  9098 I Finsky:background: [161] DSC::L: Updating listener DownloadServiceManagerListener::aqfz@5163067 for download <16:RUNNING:59%[59%]>
08-09 12:11:21.401  4472  9098 I Finsky:background: [161] DS: Received onProgress request_id=16
08-09 12:11:21.403  4472  9098 I Finsky:background: [161] RM: receive resource status onProgress download_request_id=16, group_id=UnityDataAssetPack reason: bulk_update isid: MwjtIzqJS4aCel_65UiosQ, status_code=RESOURCE_STATUS_IN_PROGRESS, legacy_status_code=192, size: 197622816/332028638
08-09 12:11:21.408  4472  9098 I Finsky:background: [161] DSC::L: Updating listener wro@4233c05 for download <16:RUNNING:59%[59%]>
08-09 12:11:21.408  4472  9098 I Finsky:background: [161] DSC::L: Updating listener DownloadServiceManagerListener::ukd@c13eb7c for download <16:RUNNING:59%[59%]>
08-09 12:11:21.421  4472  4631 I Finsky:background: [59] RM: getStatus resourceRequestId=9fb9e231-b8b7-4081-aaf8-317c25f2b8d5 requestId=16 package=com.devsisters.ck artifact=UnityDataAssetPack isid=MwjtIzqJS4aCel_65UiosQ
08-09 12:11:21.421  4472  4631 I Finsky:background: [59] DSC: reviveDownload(16)
08-09 12:11:21.423  4472  4552 I Finsky:background: [46] DS: reviveDownload(request_id=16)
08-09 12:11:21.432  4472  9098 I Finsky:background: [161] DS: DS: onReviveDownload(request_id=16, files_to_download=[UnityDataAssetPack(size:332028638)], context[group_id=com.devsisters.ck:MwjtIzqJS4aCel_65UiosQ], display_data[invisible=false, title=CookieRun: Kingdom], network_restrictions=ANY_NETWORK status=running, bytes_downloaded=197622816, total_bytes=332028638, retry[count=0, next_retry=n/a])
08-09 12:11:21.458  4472  4472 I Finsky:background: [2] RF: onProgress request_id=16 isid=MwjtIzqJS4aCel_65UiosQ
08-09 12:11:21.458  4472  4472 I Finsky:background: [2] RF: resourceStatus for request_id=16 group=com.devsisters.ck artifact=UnityDataAssetPack collectedBytes= 197622816 / 332028638
08-09 12:11:21.458  4472  4472 I Finsky:background: [2] RF: Group=com.devsisters.ck totalBytesDownloaded= 331699051 / 466104873 for 4 artifacts
08-09 12:11:21.461  4472  4472 I Finsky:background: [2] Updated time lastBroadcast=2026-08-09T05:11:19.253Z current=2026-08-09T05:11:21.461Z
08-09 12:11:21.462  4472  4472 I Finsky:background: [2] bytesCompleted/bytesTotal/ratio = 331699051 / 466104873 / 0.711640
08-09 12:11:21.464  4472  9118 I Finsky:background: [167] IV2: onTaskProgress com.devsisters.ck[iid:2] [isid:MwjtIzqJS4aCel_65UiosQ] status:RESOURCE_FETCH_PROGRESS, size: 331699051/466104873
08-09 12:11:21.476  4472  9112 I Finsky:background: [163] IQ: Notifying installation update. [Package:com.devsisters.ck, isid:MwjtIzqJS4aCel_65UiosQ] state:DOWNLOADING, status=DOWNLOADING, status_code=0, reason=bulk_update, tsc=PT14M35.894S, attempt=0
08-09 12:11:21.624  9562  9565 W dex2oat32: Compilation of void com.google.android.gms.common.api.internal.zabo.zaJ() took 107.577ms
08-09 12:11:21.635  4472  4472 I Finsky:background: [2] PIM: Ignore install package event for: com.devsisters.ck, isid: MwjtIzqJS4aCel_65UiosQ
08-09 12:11:21.650  9562  9566 W dex2oat32: Compilation of boolean com.google.android.gms.common.api.internal.GoogleApiManager.handleMessage(android.os.Message) took 152.295ms
08-09 12:11:21.651  8911  9025 I Finsky  : [110] Install States emitted for 10 apps
08-09 12:11:21.674   327  4412 D FakeWifi: Faking wifi for com.android.vending
08-09 12:11:21.674   327  4412 D FakeWifi: Faking wifi for com.android.vending
08-09 12:11:21.682  8911  9027 D FakeWifi: Faking wifi for com.android.vending
08-09 12:11:21.683  8911  9027 D FakeWifi: Faking wifi for com.android.vending
08-09 12:11:21.898  8597  8644 D LocalImageResolver: Couldn't use ImageDecoder for drawable, falling back to non-resized load.
08-09 12:11:21.900  8597  8644 D LocalImageResolver: Couldn't use ImageDecoder for drawable, falling back to non-resized load.
08-09 12:11:22.070  8911  9027 D FakeWifi: Faking wifi for com.android.vending
08-09 12:11:22.070  8911  9027 D FakeWifi: Faking wifi for com.android.vending
08-09 12:11:22.070  8911  9027 D FakeWifi: Faking wifi for com.android.vending
08-09 12:11:22.073   327  6245 D FakeWifi: Faking wifi for com.android.vending
08-09 12:11:22.073   327  6245 D FakeWifi: Faking wifi for com.android.vending
08-09 12:11:22.073  8911  9027 D FakeWifi: Faking wifi for com.android.vending
08-09 12:11:22.073  8911  9027 D FakeWifi: Faking wifi for com.android.vending
08-09 12:11:22.073  8911  9027 D FakeWifi: Faking wifi for com.android.vending
08-09 12:11:22.073  8911  9027 D FakeWifi: Faking wifi for com.android.vending
08-09 12:11:22.074  8911  9027 D FakeWifi: Faking wifi for com.android.vending
08-09 12:11:22.093   713   722 I id.ext.services: Background young concurrent copying GC freed 16687(753KB) AllocSpace objects, 0(0B) LOS objects, 3% free, 25MB/25MB, paused 103us,22us total 645.111ms
08-09 12:11:22.619  8911  8911 W Choreographer: Frame time is 0.302817 ms in the future!  Check that graphics HAL is generating vsync timestamps using the correct timebase.
08-09 12:11:22.951  9562  9564 W dex2oat32: Compilation of boolean kotlin.UByte$$ExternalSyntheticBackport0.m(java.util.concurrent.atomic.AtomicReferenceArray, int, java.lang.Object, java.lang.Object) took 368.395ms
08-09 12:11:22.951  9562  9566 W dex2oat32: Compilation of void kotlinx.coroutines.channels.ChannelSegment.setElementLazy(int, java.lang.Object) took 192.044ms
08-09 12:11:22.951  9562  9562 W dex2oat32: Compilation of void com.unity3d.player.a.f.onDetachedFromWindow() took 400.515ms
08-09 12:11:22.952  9562  9565 W dex2oat32: Compilation of void kotlinx.coroutines.channels.BufferedChannel.cancelSuspendedReceiveRequests(kotlinx.coroutines.channels.ChannelSegment, long) took 207.250ms
08-09 12:11:22.958  4472  9167 W ding:background: Long monitor contention with owner DownloadService-DownloadOrWrite-13 (9508) at void wwn.b(cgbm, cgbo, java.nio.ByteBuffer)(PG:102) waiters=0 in void wwn.b(cgbm, cgbo, java.nio.ByteBuffer) for 416ms
08-09 12:11:23.120  8911  8911 W Choreographer: Frame time is 0.133894 ms in the future!  Check that graphics HAL is generating vsync timestamps using the correct timebase.
08-09 12:11:23.372  4472  9098 I Finsky:background: [161] DSC::L: Update all listeners for download <16:RUNNING:59%[59%]> in group com.devsisters.ck:MwjtIzqJS4aCel_65UiosQ
08-09 12:11:23.373  4472  9098 I Finsky:background: [161] DSC::L: Updating listener DownloadServiceManagerListener::aqfz@5163067 for download <16:RUNNING:59%[59%]>
08-09 12:11:23.374  4472  9098 I Finsky:background: [161] DS: Received onProgress request_id=16
08-09 12:11:23.374  4472  9098 I Finsky:background: [161] RM: receive resource status onProgress download_request_id=16, group_id=UnityDataAssetPack reason: bulk_update isid: MwjtIzqJS4aCel_65UiosQ, status_code=RESOURCE_STATUS_IN_PROGRESS, legacy_status_code=192, size: 199058402/332028638
08-09 12:11:23.374  4472  9098 I Finsky:background: [161] DSC::L: Updating listener wro@4233c05 for download <16:RUNNING:59%[59%]>
08-09 12:11:23.374  4472  9098 I Finsky:background: [161] DSC::L: Updating listener DownloadServiceManagerListener::ukd@c13eb7c for download <16:RUNNING:59%[59%]>
08-09 12:11:23.378  4472  4559 I Finsky:background: [51] RM: getStatus resourceRequestId=9fb9e231-b8b7-4081-aaf8-317c25f2b8d5 requestId=16 package=com.devsisters.ck artifact=UnityDataAssetPack isid=MwjtIzqJS4aCel_65UiosQ
08-09 12:11:23.378  4472  4559 I Finsky:background: [51] DSC: reviveDownload(16)
08-09 12:11:23.383  4472  4559 I Finsky:background: [51] DS: reviveDownload(request_id=16)
08-09 12:11:23.398  4472  9098 I Finsky:background: [161] DS: DS: onReviveDownload(request_id=16, files_to_download=[UnityDataAssetPack(size:332028638)], context[group_id=com.devsisters.ck:MwjtIzqJS4aCel_65UiosQ], display_data[invisible=false, title=CookieRun: Kingdom], network_restrictions=ANY_NETWORK status=running, bytes_downloaded=199058402, total_bytes=332028638, retry[count=0, next_retry=n/a])
08-09 12:11:23.410  4472  4472 I Finsky:background: [2] RF: onProgress request_id=16 isid=MwjtIzqJS4aCel_65UiosQ
08-09 12:11:23.410  4472  4472 I Finsky:background: [2] RF: resourceStatus for request_id=16 group=com.devsisters.ck artifact=UnityDataAssetPack collectedBytes= 199058402 / 332028638
08-09 12:11:23.412  4472  4472 I Finsky:background: [2] RF: Group=com.devsisters.ck totalBytesDownloaded= 333134637 / 466104873 for 4 artifacts
08-09 12:11:23.420  4472  4472 I Finsky:background: [2] RF: Preventing total bytes update to listeners
08-09 12:11:23.837  8597  8644 D LocalImageResolver: Couldn't use ImageDecoder for drawable, falling back to non-resized load.
08-09 12:11:23.838  8597  8644 D LocalImageResolver: Couldn't use ImageDecoder for drawable, falling back to non-resized load.
08-09 12:11:24.188  9562  9562 I dex2oat32: Explicit concurrent copying GC freed 124168(20MB) AllocSpace objects, 0(0B) LOS objects, 55% free, 1216KB/2752KB, paused 23us,9us total 18.817ms
08-09 12:11:24.219  8911  8911 W Choreographer: Frame time is 0.192931 ms in the future!  Check that graphics HAL is generating vsync timestamps using the correct timebase.
08-09 12:11:25.035  4472  9167 W ding:background: Long monitor contention with owner DownloadService-DownloadOrWrite-4 (9174) at void wwn.b(cgbm, cgbo, java.nio.ByteBuffer)(PG:102) waiters=0 in void wwn.b(cgbm, cgbo, java.nio.ByteBuffer) for 490ms
08-09 12:11:25.062  4472  9098 I Finsky:background: [161] DSC::L: Update all listeners for download <16:RUNNING:60%[60%]> in group com.devsisters.ck:MwjtIzqJS4aCel_65UiosQ
08-09 12:11:25.062  4472  9098 I Finsky:background: [161] DSC::L: Updating listener DownloadServiceManagerListener::aqfz@5163067 for download <16:RUNNING:60%[60%]>
08-09 12:11:25.062  4472  9098 I Finsky:background: [161] DS: Received onProgress request_id=16
08-09 12:11:25.062  4472  9098 I Finsky:background: [161] RM: receive resource status onProgress download_request_id=16, group_id=UnityDataAssetPack reason: bulk_update isid: MwjtIzqJS4aCel_65UiosQ, status_code=RESOURCE_STATUS_IN_PROGRESS, legacy_status_code=192, size: 200628792/332028638
08-09 12:11:25.064  4472  9098 I Finsky:background: [161] DSC::L: Updating listener wro@4233c05 for download <16:RUNNING:60%[60%]>
08-09 12:11:25.065  4472  4552 I Finsky:background: [46] RM: getStatus resourceRequestId=9fb9e231-b8b7-4081-aaf8-317c25f2b8d5 requestId=16 package=com.devsisters.ck artifact=UnityDataAssetPack isid=MwjtIzqJS4aCel_65UiosQ
08-09 12:11:25.065  4472  4552 I Finsky:background: [46] DSC: reviveDownload(16)
08-09 12:11:25.066  4472  4552 I Finsky:background: [46] DS: reviveDownload(request_id=16)
08-09 12:11:25.066  4472  9098 I Finsky:background: [161] DSC::L: Updating listener DownloadServiceManagerListener::ukd@c13eb7c for download <16:RUNNING:60%[60%]>
08-09 12:11:25.087  4472  9098 I Finsky:background: [161] DS: DS: onReviveDownload(request_id=16, files_to_download=[UnityDataAssetPack(size:332028638)], context[group_id=com.devsisters.ck:MwjtIzqJS4aCel_65UiosQ], display_data[invisible=false, title=CookieRun: Kingdom], network_restrictions=ANY_NETWORK status=running, bytes_downloaded=200628792, total_bytes=332028638, retry[count=0, next_retry=n/a])
08-09 12:11:25.094  4472  4472 I Finsky:background: [2] RF: onProgress request_id=16 isid=MwjtIzqJS4aCel_65UiosQ
08-09 12:11:25.094  4472  4472 I Finsky:background: [2] RF: resourceStatus for request_id=16 group=com.devsisters.ck artifact=UnityDataAssetPack collectedBytes= 200628792 / 332028638
08-09 12:11:25.094  4472  4472 I Finsky:background: [2] RF: Group=com.devsisters.ck totalBytesDownloaded= 334705027 / 466104873 for 4 artifacts
08-09 12:11:25.096  4472  4472 I Finsky:background: [2] Updated time lastBroadcast=2026-08-09T05:11:21.462Z current=2026-08-09T05:11:25.095Z
08-09 12:11:25.099  4472  4472 I Finsky:background: [2] bytesCompleted/bytesTotal/ratio = 334705027 / 466104873 / 0.718090
08-09 12:11:25.104  4472  9118 I Finsky:background: [167] IV2: onTaskProgress com.devsisters.ck[iid:2] [isid:MwjtIzqJS4aCel_65UiosQ] status:RESOURCE_FETCH_PROGRESS, size: 334705027/466104873
08-09 12:11:25.106  4472  9112 I Finsky:background: [163] IQ: Notifying installation update. [Package:com.devsisters.ck, isid:MwjtIzqJS4aCel_65UiosQ] state:DOWNLOADING, status=DOWNLOADING, status_code=0, reason=bulk_update, tsc=PT14M39.524S, attempt=0
08-09 12:11:25.138  4472  4472 I Finsky:background: [2] PIM: Ignore install package event for: com.devsisters.ck, isid: MwjtIzqJS4aCel_65UiosQ
08-09 12:11:25.150  8911  9027 I Finsky  : [109] Install States emitted for 10 apps
08-09 12:11:25.156   327   815 D FakeWifi: Faking wifi for com.android.vending
08-09 12:11:25.156   327   815 D FakeWifi: Faking wifi for com.android.vending
08-09 12:11:25.157  8911  8994 D FakeWifi: Faking wifi for com.android.vending
08-09 12:11:25.158  8911  8994 D FakeWifi: Faking wifi for com.android.vending
08-09 12:11:25.158  8911  8994 D FakeWifi: Faking wifi for com.android.vending
08-09 12:11:25.158  8911  8994 D FakeWifi: Faking wifi for com.android.vending
08-09 12:11:25.158  8911  8994 D FakeWifi: Faking wifi for com.android.vending
08-09 12:11:25.174   327  3961 D FakeWifi: Faking wifi for com.android.vending
08-09 12:11:25.177   327  3961 D FakeWifi: Faking wifi for com.android.vending
08-09 12:11:25.183  8911  8994 D FakeWifi: Faking wifi for com.android.vending
08-09 12:11:25.183  8911  8994 D FakeWifi: Faking wifi for com.android.vending
08-09 12:11:25.184  8911  8994 D FakeWifi: Faking wifi for com.android.vending
08-09 12:11:25.184  8911  8994 D FakeWifi: Faking wifi for com.android.vending
08-09 12:11:25.184  8911  8994 D FakeWifi: Faking wifi for com.android.vending
08-09 12:11:25.521  8597  8644 D LocalImageResolver: Couldn't use ImageDecoder for drawable, falling back to non-resized load.
08-09 12:11:25.522  8597  8644 D LocalImageResolver: Couldn't use ImageDecoder for drawable, falling back to non-resized load.
08-09 12:11:25.746  9562  9562 I dex2oat32: dex2oat took 11.479s (13.855s cpu) (threads: 4) arena alloc=2497KB (2557384B) java alloc=1216KB (1245760B) native alloc=27MB (29237440B) free=8164KB (8360176B) swap=16MB (16777216B)
08-09 12:11:25.785   128   398 V installd: DexInv: --- END '/data/app/~~jiwUTC3fI2F1iIfSJC_ThQ==/com.devsisters.cba-PUsojFdA63QaneZ6h-y5Og==/base.apk' (success) ---
08-09 12:11:25.903   327   389 I ActivityManager: Force stopping com.devsisters.cba appid=10145 user=0: pkg removed
08-09 12:11:25.939   327   389 I ActivityManager: Force stopping com.devsisters.cba appid=10145 user=0: pkg removed
08-09 12:11:25.977  1239  1239 I MediaProvider: Invalidating LocalCallingIdentity cache for package com.devsisters.cba. Reason: package android.intent.action.PACKAGE_REMOVED
08-09 12:11:26.002  1239  1239 W MediaProvider: WorkProfileOwnerApps cache is empty
08-09 12:11:26.032  4472  4472 I Finsky:background: [2] alti - Received: android.intent.action.PACKAGE_REMOVED, [uo1PewaqOUeB4JjY5sPD4M49Smmt0K0cuwm8u-pd-xs]
08-09 12:11:26.087  8911  8911 I Finsky  : [2] alts - Received: android.intent.action.PACKAGE_REMOVED, [uo1PewaqOUeB4JjY5sPD4M49Smmt0K0cuwm8u-pd-xs]
08-09 12:11:26.095   327   371 W BroadcastQueue: Background execution not allowed: receiving Intent { act=android.intent.action.PACKAGE_REMOVED dat=package: flg=0x4000010 (has extras) } to com.android.vending/com.google.android.finsky.packagemonitor.impl.PackageMonitorReceiverImpl$RegisteredReceiver
08-09 12:11:26.095   327   371 W BroadcastQueue: Background execution not allowed: receiving Intent { act=android.intent.action.PACKAGE_REMOVED dat=package: flg=0x4000010 (has extras) } to com.android.vending/com.google.android.finsky.packagemonitor.backgroundimpl.BackgroundPackageMonitorReceiverImpl$RegisteredReceiver
08-09 12:11:26.096   327   371 W BroadcastQueue: Background execution not allowed: receiving Intent { act=android.intent.action.PACKAGE_REMOVED dat=package: flg=0x4000010 (has extras) } to com.google.android.gms/.chimera.GmsIntentOperationService$PersistentTrustedReceiver
08-09 12:11:26.096   327   371 W BroadcastQueue: Background execution not allowed: receiving Intent { act=android.intent.action.PACKAGE_REMOVED dat=package: flg=0x4000010 (has extras) } to com.google.android.googlequicksearchbox/com.google.android.apps.gsa.googlequicksearchbox.GelStubAppWatcher
08-09 12:11:26.136  4472  4472 I Finsky:background: [2] alti - Received: android.intent.action.PACKAGE_REMOVED, [uo1PewaqOUeB4JjY5sPD4M49Smmt0K0cuwm8u-pd-xs]
08-09 12:11:26.152   661   661 E SmsApplication: Package not found: com.android.bluetooth
